[INFO] fetching crate firecrawl 2.21.5...
[INFO] testing firecrawl-2.21.5 against 1.99.0-beta.8+cargoflags=--release for beta-release-1.100-2
[INFO] extracting crate firecrawl 2.21.5 into /workspace/builds/worker-0-tc1/source
[INFO] started tweaking crates.io crate firecrawl 2.21.5
[INFO] removed 0 missing examples
[INFO] removed 0 missing tests
[INFO] finished tweaking crates.io crate firecrawl 2.21.5
[INFO] tweaked toml for crates.io crate firecrawl 2.21.5 written to /workspace/builds/worker-0-tc1/source/Cargo.toml
[INFO] validating manifest of crates.io crate firecrawl 2.21.5 on toolchain 1.99.0-beta.8
[INFO] running `Command { std: CARGO_HOME="/workspace/cargo-home" RUSTUP_HOME="/workspace/rustup-home" "/workspace/cargo-home/bin/cargo" "+1.99.0-beta.8" "metadata" "--manifest-path" "Cargo.toml" "--no-deps", kill_on_drop: false }`
[INFO] crate crates.io crate firecrawl 2.21.5 already has a lockfile, it will not be regenerated
[INFO] running `Command { std: CARGO_HOME="/workspace/cargo-home" RUSTUP_HOME="/workspace/rustup-home" "/workspace/cargo-home/bin/cargo" "+1.99.0-beta.8" "fetch" "--manifest-path" "Cargo.toml", kill_on_drop: false }`
[INFO] [stderr]     Updating crates.io index
[INFO] [stderr]  Downloading crates ...
[INFO] [stderr]   Downloaded cfg-if v1.0.1
[INFO] [stderr]   Downloaded bitflags v2.9.1
[INFO] [stderr]   Downloaded proc-macro2 v1.0.97
[INFO] [stderr]   Downloaded wit-bindgen-rt v0.39.0
[INFO] [stderr]   Downloaded time-core v0.1.4
[INFO] [stderr]   Downloaded percent-encoding v2.3.1
[INFO] [stderr]   Downloaded potential_utf v0.1.2
[INFO] [stderr]   Downloaded ref-cast v1.0.24
[INFO] [stderr]   Downloaded ref-cast-impl v1.0.24
[INFO] [stderr]   Downloaded deranged v0.4.0
[INFO] [stderr]   Downloaded form_urlencoded v1.2.1
[INFO] [stderr]   Downloaded time-macros v0.2.22
[INFO] [stderr]   Downloaded mockito v1.7.0
[INFO] [stderr]   Downloaded tempfile v3.20.0
[INFO] [stderr]   Downloaded colored v3.0.0
[INFO] [stderr]   Downloaded serde_with_macros v3.14.0
[INFO] [stderr]   Downloaded url v2.5.4
[INFO] [stderr]   Downloaded schemars v1.0.4
[INFO] [stderr]   Downloaded indexmap v2.10.0
[INFO] [stderr]   Downloaded io-uring v0.7.9
[INFO] [stderr]   Downloaded rand v0.9.3
[INFO] [stderr]   Downloaded serde_json v1.0.142
[INFO] [stderr]   Downloaded cc v1.2.32
[INFO] [stderr]   Downloaded wasi v0.14.2+wasi-0.2.4
[INFO] [stderr]   Downloaded hyper v1.6.0
[INFO] [stderr]   Downloaded time v0.3.41
[INFO] [stderr]   Downloaded idna v1.0.3
[INFO] [stderr]   Downloaded serde_with v3.14.0
[INFO] [stderr]   Downloaded syn v2.0.104
[INFO] running `Command { std: "docker" "create" "-v" "/var/lib/crater-agent-workspace/builds/worker-0-tc1/source:/opt/rustwide/workdir:ro,Z" "-v" "/var/lib/crater-agent-workspace/builds/worker-0-tc1/target:/opt/rustwide/target:rw,Z" "-v" "/var/lib/crater-agent-workspace/cargo-home:/opt/rustwide/cargo-home:ro,Z" "-v" "/var/lib/crater-agent-workspace/rustup-home:/opt/rustwide/rustup-home:ro,Z" "-m" "1610612736" "--network" "none" "ghcr.io/rust-lang/crates-build-env/linux@sha256:77db811e55d90add9212f6832c23229e3de5f1c1f9905e8cb07319ea15df73ac" "sleep" "infinity", kill_on_drop: false }`
[INFO] [stdout] 477d4f32adb21aae2e2ba259be5a69a446819854ac19ec638276a1e51b1501fa
[INFO] running `Command { std: "docker" "start" "477d4f32adb21aae2e2ba259be5a69a446819854ac19ec638276a1e51b1501fa", kill_on_drop: false }`
[INFO] running `Command { std: "docker" "inspect" "477d4f32adb21aae2e2ba259be5a69a446819854ac19ec638276a1e51b1501fa", kill_on_drop: false }`
[INFO] running `Command { std: "docker" "exec" "-e" "SOURCE_DIR=/opt/rustwide/workdir" "-e" "CARGO_HOME=/opt/rustwide/cargo-home" "-e" "RUSTUP_HOME=/opt/rustwide/rustup-home" "-e" "CARGO_TARGET_DIR=/opt/rustwide/target" "-w" "/opt/rustwide/workdir" "--user" "0:0" "477d4f32adb21aae2e2ba259be5a69a446819854ac19ec638276a1e51b1501fa" "/opt/rustwide/cargo-home/bin/cargo" "+1.99.0-beta.8" "metadata" "--no-deps" "--format-version=1", kill_on_drop: false }`
[INFO] running `Command { std: "docker" "inspect" "477d4f32adb21aae2e2ba259be5a69a446819854ac19ec638276a1e51b1501fa", kill_on_drop: false }`
[INFO] running `Command { std: "docker" "exec" "-e" "SOURCE_DIR=/opt/rustwide/workdir" "-e" "CARGO_HOME=/opt/rustwide/cargo-home" "-e" "RUSTUP_HOME=/opt/rustwide/rustup-home" "-e" "CARGO_TARGET_DIR=/opt/rustwide/target" "-e" "CARGO_INCREMENTAL=0" "-e" "RUST_BACKTRACE=full" "-e" "RUSTFLAGS=--cap-lints=warn" "-e" "RUSTDOCFLAGS=--cap-lints=warn" "-w" "/opt/rustwide/workdir" "--user" "0:0" "477d4f32adb21aae2e2ba259be5a69a446819854ac19ec638276a1e51b1501fa" "/opt/rustwide/cargo-home/bin/cargo" "+1.99.0-beta.8" "build" "--frozen" "--message-format=json" "--release", kill_on_drop: false }`
[INFO] [stderr]    Compiling proc-macro2 v1.0.97
[INFO] [stderr]    Compiling unicode-ident v1.0.18
[INFO] [stderr]    Compiling libc v0.2.175
[INFO] [stderr]    Compiling stable_deref_trait v1.2.0
[INFO] [stderr]    Compiling bytes v1.10.1
[INFO] [stderr]    Compiling pin-project-lite v0.2.16
[INFO] [stderr]    Compiling futures-core v0.3.31
[INFO] [stderr]    Compiling itoa v1.0.15
[INFO] [stderr]    Compiling cc v1.2.32
[INFO] [stderr]    Compiling pkg-config v0.3.32
[INFO] [stderr]    Compiling vcpkg v0.2.15
[INFO] [stderr]    Compiling smallvec v1.15.1
[INFO] [stderr]    Compiling cfg-if v1.0.1
[INFO] [stderr]    Compiling writeable v0.6.1
[INFO] [stderr]    Compiling litemap v0.8.0
[INFO] [stderr]    Compiling once_cell v1.21.3
[INFO] [stderr]    Compiling pin-utils v0.1.0
[INFO] [stderr]    Compiling http v1.3.1
[INFO] [stderr]    Compiling icu_normalizer_data v2.0.0
[INFO] [stderr]    Compiling quote v1.0.40
[INFO] [stderr]    Compiling futures-task v0.3.31
[INFO] [stderr]    Compiling icu_properties_data v2.0.1
[INFO] [stderr]    Compiling futures-util v0.3.31
[INFO] [stderr]    Compiling syn v2.0.104
[INFO] [stderr]    Compiling tracing-core v0.1.34
[INFO] [stderr]    Compiling futures-sink v0.3.31
[INFO] [stderr]    Compiling mio v1.0.4
[INFO] [stderr]    Compiling socket2 v0.6.0
[INFO] [stderr]    Compiling serde v1.0.219
[INFO] [stderr]    Compiling openssl v0.10.80
[INFO] [stderr]    Compiling percent-encoding v2.3.1
[INFO] [stderr]    Compiling tokio v1.47.1
[INFO] [stderr]    Compiling bitflags v2.9.1
[INFO] [stderr]    Compiling openssl-sys v0.9.116
[INFO] [stderr]    Compiling http-body v1.0.1
[INFO] [stderr]    Compiling equivalent v1.0.2
[INFO] [stderr]    Compiling hashbrown v0.15.5
[INFO] [stderr]    Compiling httparse v1.10.1
[INFO] [stderr]    Compiling foreign-types-shared v0.1.1
[INFO] [stderr]    Compiling foreign-types v0.3.2
[INFO] [stderr]    Compiling tracing v0.1.41
[INFO] [stderr]    Compiling atomic-waker v1.1.2
[INFO] [stderr]    Compiling native-tls v0.2.14
[INFO] [stderr]    Compiling slab v0.4.11
[INFO] [stderr]    Compiling try-lock v0.2.5
[INFO] [stderr]    Compiling fnv v1.0.7
[INFO] [stderr]    Compiling tower-service v0.3.3
[INFO] [stderr]    Compiling want v0.3.1
[INFO] [stderr]    Compiling indexmap v2.10.0
[INFO] [stderr]    Compiling futures-channel v0.3.31
[INFO] [stderr]    Compiling unicase v2.9.0
[INFO] [stderr]    Compiling log v0.4.27
[INFO] [stderr]    Compiling openssl-probe v0.1.6
[INFO] [stderr]    Compiling mime_guess v2.0.5
[INFO] [stderr]    Compiling form_urlencoded v1.2.1
[INFO] [stderr]    Compiling sync_wrapper v1.0.2
[INFO] [stderr]    Compiling serde_json v1.0.142
[INFO] [stderr]    Compiling tower-layer v0.3.3
[INFO] [stderr]    Compiling ryu v1.0.20
[INFO] [stderr]    Compiling ipnet v2.11.0
[INFO] [stderr]    Compiling getrandom v0.4.3
[INFO] [stderr]    Compiling http-body-util v0.1.3
[INFO] [stderr]    Compiling mime v0.3.17
[INFO] [stderr]    Compiling zeroize v1.8.1
[INFO] [stderr]    Compiling memchr v2.7.5
[INFO] [stderr]    Compiling iri-string v0.7.8
[INFO] [stderr]    Compiling rustls-pki-types v1.12.0
[INFO] [stderr]    Compiling encoding_rs v0.8.35
[INFO] [stderr]    Compiling uuid v1.26.1
[INFO] [stderr]    Compiling synstructure v0.13.2
[INFO] [stderr]    Compiling darling_core v0.20.11
[INFO] [stderr]    Compiling tokio-util v0.7.16
[INFO] [stderr]    Compiling tower v0.5.2
[INFO] [stderr]    Compiling zerofrom-derive v0.1.6
[INFO] [stderr]    Compiling yoke-derive v0.8.0
[INFO] [stderr]    Compiling zerovec-derive v0.11.1
[INFO] [stderr]    Compiling displaydoc v0.2.5
[INFO] [stderr]    Compiling zerofrom v0.1.6
[INFO] [stderr]    Compiling serde_derive v1.0.219
[INFO] [stderr]    Compiling yoke v0.8.0
[INFO] [stderr]    Compiling openssl-macros v0.1.1
[INFO] [stderr]    Compiling h2 v0.4.12
[INFO] [stderr]    Compiling zerovec v0.11.4
[INFO] [stderr]    Compiling tower-http v0.6.6
[INFO] [stderr]    Compiling zerotrie v0.2.2
[INFO] [stderr]    Compiling darling_macro v0.20.11
[INFO] [stderr]    Compiling darling v0.20.11
[INFO] [stderr]    Compiling serde_with_macros v3.14.0
[INFO] [stderr]    Compiling thiserror-impl v1.0.69
[INFO] [stderr]    Compiling tinystr v0.8.1
[INFO] [stderr]    Compiling potential_utf v0.1.2
[INFO] [stderr]    Compiling icu_collections v2.0.0
[INFO] [stderr]    Compiling icu_locale_core v2.0.0
[INFO] [stderr]    Compiling thiserror v1.0.69
[INFO] [stderr]    Compiling icu_provider v2.0.0
[INFO] [stderr]    Compiling icu_normalizer v2.0.0
[INFO] [stderr]    Compiling icu_properties v2.0.1
[INFO] [stderr]    Compiling hyper v1.6.0
[INFO] [stderr]    Compiling idna_adapter v1.2.1
[INFO] [stderr]    Compiling idna v1.0.3
[INFO] [stderr]    Compiling hyper-util v0.1.16
[INFO] [stderr]    Compiling tokio-native-tls v0.3.1
[INFO] [stderr]    Compiling url v2.5.4
[INFO] [stderr]    Compiling serde_urlencoded v0.7.1
[INFO] [stderr]    Compiling serde_with v3.14.0
[INFO] [stderr]    Compiling hyper-tls v0.6.0
[INFO] [stderr]    Compiling reqwest v0.12.23
[INFO] [stderr]    Compiling firecrawl v2.21.5 (/opt/rustwide/workdir)
[INFO] [stderr]     Finished `release` profile [optimized] target(s) in 2m 20s
[INFO] running `Command { std: "docker" "inspect" "477d4f32adb21aae2e2ba259be5a69a446819854ac19ec638276a1e51b1501fa", kill_on_drop: false }`
[INFO] running `Command { std: "docker" "exec" "-e" "SOURCE_DIR=/opt/rustwide/workdir" "-e" "CARGO_HOME=/opt/rustwide/cargo-home" "-e" "RUSTUP_HOME=/opt/rustwide/rustup-home" "-e" "CARGO_TARGET_DIR=/opt/rustwide/target" "-e" "CARGO_INCREMENTAL=0" "-e" "RUST_BACKTRACE=full" "-e" "RUSTFLAGS=--cap-lints=warn" "-e" "RUSTDOCFLAGS=--cap-lints=warn" "-w" "/opt/rustwide/workdir" "--user" "0:0" "477d4f32adb21aae2e2ba259be5a69a446819854ac19ec638276a1e51b1501fa" "/opt/rustwide/cargo-home/bin/cargo" "+1.99.0-beta.8" "test" "--frozen" "--no-run" "--message-format=json" "--release", kill_on_drop: false }`
[INFO] [stderr]    Compiling autocfg v1.5.0
[INFO] [stderr]    Compiling parking_lot_core v0.9.11
[INFO] [stderr]    Compiling signal-hook-registry v1.4.6
[INFO] [stderr]    Compiling tokio-macros v2.5.0
[INFO] [stderr]    Compiling getrandom v0.3.3
[INFO] [stderr]    Compiling httpdate v1.0.3
[INFO] [stderr]    Compiling zerocopy v0.8.26
[INFO] [stderr]    Compiling aho-corasick v1.1.3
[INFO] [stderr]    Compiling regex-syntax v0.8.5
[INFO] [stderr]    Compiling assert-json-diff v2.0.2
[INFO] [stderr]    Compiling rand_core v0.9.3
[INFO] [stderr]    Compiling lock_api v0.4.13
[INFO] [stderr]    Compiling similar v2.7.0
[INFO] [stderr]    Compiling colored v3.0.0
[INFO] [stderr]    Compiling parking_lot v0.12.4
[INFO] [stderr]    Compiling tokio v1.47.1
[INFO] [stderr]    Compiling ppv-lite86 v0.2.21
[INFO] [stderr]    Compiling regex-automata v0.4.9
[INFO] [stderr]    Compiling rand_chacha v0.9.0
[INFO] [stderr]    Compiling rand v0.9.3
[INFO] [stderr]    Compiling tokio-util v0.7.16
[INFO] [stderr]    Compiling tokio-native-tls v0.3.1
[INFO] [stderr]    Compiling tower v0.5.2
[INFO] [stderr]    Compiling tower-http v0.6.6
[INFO] [stderr]    Compiling h2 v0.4.12
[INFO] [stderr]    Compiling regex v1.11.1
[INFO] [stderr]    Compiling hyper v1.6.0
[INFO] [stderr]    Compiling hyper-util v0.1.16
[INFO] [stderr]    Compiling hyper-tls v0.6.0
[INFO] [stderr]    Compiling mockito v1.7.0
[INFO] [stderr]    Compiling reqwest v0.12.23
[INFO] [stderr]    Compiling firecrawl v2.21.5 (/opt/rustwide/workdir)
[INFO] [stderr]     Finished `release` profile [optimized] target(s) in 3m 49s
[INFO] running `Command { std: "docker" "inspect" "477d4f32adb21aae2e2ba259be5a69a446819854ac19ec638276a1e51b1501fa", kill_on_drop: false }`
[INFO] running `Command { std: "docker" "exec" "-e" "SOURCE_DIR=/opt/rustwide/workdir" "-e" "CARGO_HOME=/opt/rustwide/cargo-home" "-e" "RUSTUP_HOME=/opt/rustwide/rustup-home" "-e" "CARGO_TARGET_DIR=/opt/rustwide/target" "-e" "CARGO_INCREMENTAL=0" "-e" "RUST_BACKTRACE=full" "-e" "RUSTFLAGS=--cap-lints=warn" "-e" "RUSTDOCFLAGS=--cap-lints=warn" "-w" "/opt/rustwide/workdir" "--user" "0:0" "477d4f32adb21aae2e2ba259be5a69a446819854ac19ec638276a1e51b1501fa" "/opt/rustwide/cargo-home/bin/cargo" "+1.99.0-beta.8" "test" "--frozen" "--release", kill_on_drop: false }`
[INFO] [stderr]     Finished `release` profile [optimized] target(s) in 0.28s
[INFO] [stderr]      Running unittests src/lib.rs (/opt/rustwide/target/release/deps/firecrawl-b38de31bac485110)
[INFO] [stdout] 
[INFO] [stdout] running 102 tests
[INFO] [stdout] test agent::tests::test_agent_sync_with_mock ... ok
[INFO] [stdout] test agent::tests::test_get_agent_trace_with_live_view ... ok
[INFO] [stdout] test agent::tests::test_get_agent_snapshot_with_mock ... ok
[INFO] [stdout] test agent::tests::test_cancel_agent_with_mock ... ok
[INFO] [stdout] test agent::tests::test_agent_with_schema ... ok
[INFO] [stdout] test agent::tests::test_get_agent_status_with_mock ... ok
[INFO] [stdout] test agent::tests::test_agent_with_model_option ... ok
[INFO] [stdout] test agent::tests::test_get_agent_status_with_exchange_and_pending_approval ... ok
[INFO] [stdout] test agent::tests::test_start_agent_omits_unset_exchange_fields ... ok
[INFO] [stdout] test agent::tests::test_get_agent_trace_with_mock ... ok
[INFO] [stdout] test agent::tests::test_list_agents_with_mock ... ok
[INFO] [stdout] test agent::tests::test_start_agent_injects_sdk_origin ... ok
[INFO] [stdout] test agent::tests::test_list_agents_with_before ... ok
[INFO] [stdout] test agent::tests::test_start_agent_sends_thread_mode_and_exchange ... ok
[INFO] [stdout] test agent::tests::test_trace_events_deserialize_every_type ... ok
[INFO] [stdout] test agent::tests::test_start_agent_preserves_custom_origin ... ok
[INFO] [stdout] test agent::tests::test_start_agent_sends_effort ... ok
[INFO] [stdout] test batch_scrape::tests::test_get_batch_scrape_status_pins_next_to_api_origin ... ok
[INFO] [stdout] test batch_scrape::tests::test_get_batch_scrape_errors ... ok
[INFO] [stdout] test agent::tests::test_start_agent_with_mock ... ok
[INFO] [stdout] test batch_scrape::tests::test_batch_scrape_sync ... ok
[INFO] [stdout] test batch_scrape::tests::test_batch_scrape_with_invalid_urls ... ok
[INFO] [stdout] test batch_scrape::tests::test_get_batch_scrape_status_accepts_negative_credits_used ... ok
[INFO] [stdout] test batch_scrape::tests::test_get_batch_scrape_status_with_mock ... ok
[INFO] [stdout] test batch_scrape::tests::test_start_batch_scrape_injects_sdk_origin ... ok
[INFO] [stdout] test batch_scrape::tests::test_start_batch_scrape_with_mock ... ok
[INFO] [stdout] test client::tests::test_new_client ... ok
[INFO] [stdout] test client::tests::test_new_selfhosted_client ... ok
[INFO] [stdout] test client::tests::test_new_client_allows_no_api_key_for_cloud_keyless ... ok
[INFO] [stdout] test client::tests::test_pin_to_api_origin ... ok
[INFO] [stdout] test client::tests::test_pin_to_api_origin_rejects_relative_api_url ... ok
[INFO] [stdout] test client::tests::test_pin_to_api_origin_keeps_self_hosted_port ... ok
[INFO] [stdout] test client::tests::test_pin_to_api_origin_reports_malformed_next_as_response_error ... ok
[INFO] [stdout] test client::tests::test_url_builder ... ok
[INFO] [stdout] test crawl::tests::test_get_crawl_errors_with_mock ... ok
[INFO] [stdout] test crawl::tests::test_cancel_crawl_with_mock ... ok
[INFO] [stdout] test crawl::tests::test_crawl_with_options ... ok
[INFO] [stdout] test client::tests::test_new_client_allows_empty_api_key_for_cloud_keyless ... ok
[INFO] [stdout] test client::tests::test_selfhosted_without_api_key ... ok
[INFO] [stdout] test crawl::tests::test_get_crawl_status_accepts_negative_credits_used ... ok
[INFO] [stdout] test crawl::tests::test_get_crawl_status_pins_next_to_api_origin ... ok
[INFO] [stdout] test crawl::tests::test_get_crawl_status_with_mock ... ok
[INFO] [stdout] test map::tests::test_map_injects_sdk_origin ... ok
[INFO] [stdout] test crawl::tests::test_start_crawl_injects_sdk_origin ... ok
[INFO] [stdout] test monitor::tests::search_target_result_deserializes_from_wire_format ... ok
[INFO] [stdout] test monitor::tests::search_target_round_trips ... ok
[INFO] [stdout] test monitor::tests::search_target_serializes_to_camel_case_wire_format ... ok
[INFO] [stdout] test crawl::tests::test_start_crawl_with_mock ... ok
[INFO] [stdout] test map::tests::test_map_error_response ... ok
[INFO] [stdout] test map::tests::test_map_urls ... ok
[INFO] [stdout] test map::tests::test_map_with_mock ... ok
[INFO] [stdout] test monitor::tests::test_get_monitor_check_pins_next_to_api_origin ... ok
[INFO] [stdout] test map::tests::test_map_with_search_filter ... ok
[INFO] [stdout] test parse::tests::test_parse_file_from_missing_path ... ok
[INFO] [stdout] test parse::tests::test_get_parse_formats ... ok
[INFO] [stdout] test map::tests::test_map_with_options ... ok
[INFO] [stdout] test parse::tests::test_get_parse_formats_tolerates_unknown_kind_and_fields ... ok
[INFO] [stdout] test scrape::tests::test_alexandria_transport_timeout ... ok
[INFO] [stdout] test parse::tests::test_get_parse_formats_server_error ... ok
[INFO] [stdout] test client::tests::test_url_normalization_trailing_slash ... ok
[INFO] [stdout] test parse::tests::test_parse_injects_sdk_origin ... ok
[INFO] [stdout] test scrape::tests::test_pdf_parser_serializes_blocks ... ok
[INFO] [stdout] test scrape::tests::test_query_format_serializes_mode ... ok
[INFO] [stdout] test parse::tests::test_parse_error_response ... ok
[INFO] [stdout] test scrape::tests::test_question_and_highlights_formats_serialize ... ok
[INFO] [stdout] test parse::tests::test_parse_rejects_empty_bytes ... ok
[INFO] [stdout] test scrape::tests::test_scrape_options_serializes_domain_tools ... ok
[INFO] [stdout] test scrape::tests::test_scrape_options_serializes_redact_pii ... ok
[INFO] [stdout] test parse::tests::test_get_parse_formats_unauthorized ... ok
[INFO] [stdout] test scrape::tests::test_interact_with_prompt ... ok
[INFO] [stdout] test parse::tests::test_parse_with_mock ... ok
[INFO] [stdout] test search::tests::serializes_country_option ... ok
[INFO] [stdout] test search::tests::serializes_highlights_option ... ok
[INFO] [stdout] test scrape::tests::test_scrape_error_response ... ok
[INFO] [stdout] test scrape::tests::test_interact_error_response ... ok
[INFO] [stdout] test scrape::tests::test_scrape_with_mock ... ok
[INFO] [stdout] test scrape::tests::test_interact_with_mock ... ok
[INFO] [stdout] test scrape::tests::test_scrape_with_options ... ok
[INFO] [stdout] test serde_helpers::tests::test_array_value ... ok
[INFO] [stdout] test serde_helpers::tests::test_empty_array ... ok
[INFO] [stdout] test scrape::tests::test_stop_interaction_with_mock ... ok
[INFO] [stdout] test serde_helpers::tests::test_null_value ... ok
[INFO] [stdout] test scrape::tests::test_scrape_with_schema ... ok
[INFO] [stdout] test serde_helpers::tests::test_serialization_roundtrip ... ok
[INFO] [stdout] test serde_helpers::tests::test_missing_field ... ok
[INFO] [stdout] test serde_helpers::tests::test_string_value ... ok
[INFO] [stdout] test types::tests::test_agent_model_round_trips_every_known_model ... ok
[INFO] [stdout] test serde_helpers::tests::test_single_element_array ... ok
[INFO] [stdout] test types::tests::test_document_metadata_provider ... ok
[INFO] [stdout] test types::tests::test_document_metadata_provider_absent_or_other_shape ... ok
[INFO] [stdout] test types::tests::test_agent_model_unknown_degrades_instead_of_failing_the_parse ... ok
[INFO] [stdout] test types::tests::test_agent_effort_unknown_degrades_instead_of_failing_the_parse ... ok
[INFO] [stdout] test search::tests::test_search_and_scrape ... ok
[INFO] [stdout] test types::tests::test_document_with_pages ... ok
[INFO] [stdout] test types::tests::test_document_with_blocks ... ok
[INFO] [stdout] test types::tests::test_document_with_menu ... ok
[INFO] [stdout] test types::tests::test_format_menu_round_trip ... ok
[INFO] [stdout] test search::tests::test_search_error_response ... ok
[INFO] [stdout] test search::tests::test_search_with_mock ... ok
[INFO] [stdout] test types::tests::test_full_document_with_array_metadata ... ok
[INFO] [stdout] test search::tests::test_search_mixed_results_deserialization ... ok
[INFO] [stdout] test search::tests::test_search_with_options ... ok
[INFO] [stdout] 
[INFO] [stdout] test result: ok. 102 passed; 0 failed; 0 ignored; 0 measured; 0 filtered out; finished in 1.86s
[INFO] [stdout] 
[INFO] [stderr]      Running tests/audit_metadata.rs (/opt/rustwide/target/release/deps/audit_metadata-2cc10d1bffc213c8)
[INFO] [stdout] 
[INFO] [stdout] running 1 test
[INFO] [stdout] test serializes_audit_metadata_across_request_options ... ok
[INFO] [stdout] 
[INFO] [stdout] test result: ok. 1 passed; 0 failed; 0 ignored; 0 measured; 0 filtered out; finished in 0.00s
[INFO] [stdout] 
[INFO] [stderr]      Running tests/tools.rs (/opt/rustwide/target/release/deps/tools-f56c2a69896680b6)
[INFO] [stdout] 
[INFO] [stdout] running 2 tests
[INFO] [stdout] test compact_discovery_models ... ok
[INFO] [stdout] test unified_contracts_and_execution_identity ... ok
[INFO] [stderr]      Running tests/v2_e2e.rs (/opt/rustwide/target/release/deps/v2_e2e-5d4061ae31c4c596)
[INFO] [stdout] 
[INFO] [stdout] test result: ok. 2 passed; 0 failed; 0 ignored; 0 measured; 0 filtered out; finished in 0.10s
[INFO] [stdout] 
[INFO] [stdout] 
[INFO] [stdout] running 16 tests
[INFO] [stdout] test test_agent_async ... ignored, Requires API access
[INFO] [stdout] test test_agent_with_schema ... ignored, Requires API access
[INFO] [stdout] test test_batch_scrape_async ... ignored, Requires API access
[INFO] [stdout] test test_batch_scrape_sync ... ignored, Requires API access
[INFO] [stdout] test test_crawl_async ... ignored, Requires API access
[INFO] [stdout] test test_crawl_sync ... ignored, Requires API access
[INFO] [stdout] test test_get_parse_formats ... ignored, Requires API access
[INFO] [stdout] test test_map ... ignored, Requires API access
[INFO] [stdout] test test_map_with_options ... ignored, Requires API access
[INFO] [stdout] test test_parse ... ignored, Requires API access
[INFO] [stdout] test test_scrape ... ignored, Requires API access
[INFO] [stdout] test test_scrape_with_options ... ignored, Requires API access
[INFO] [stdout] test test_scrape_with_schema ... ignored, Requires API access
[INFO] [stdout] test test_search ... ignored, Requires API access
[INFO] [stdout] test test_search_with_options ... ignored, Requires API access
[INFO] [stdout] test test_client_creation ... FAILED
[INFO] [stdout] 
[INFO] [stdout] failures:
[INFO] [stdout] 
[INFO] [stdout] ---- test_client_creation stdout ----
[INFO] [stdout] 
[INFO] [stdout] thread 'test_client_creation' (2830) panicked at tests/v2_e2e.rs:337:5:
[INFO] [stdout] assertion failed: cloud_no_key.is_err()
[INFO] [stdout] stack backtrace:
[INFO] [stdout]    0:     0x60ecc6ff0101 - <<std[70759c8f55707aa4]::sys::backtrace::BacktraceLock>::print::DisplayBacktrace as core[df12db4294e9bfd3]::fmt::Display>::fmt
[INFO] [stdout]    1:     0x60ecc70062ea - core[df12db4294e9bfd3]::fmt::write
[INFO] [stdout]    2:     0x60ecc6ff4cbc - <alloc[2182bb758b4b3781]::vec::Vec<u8> as core[df12db4294e9bfd3]::io::write::Write>::write_fmt
[INFO] [stdout]    3:     0x60ecc6fcb1e6 - std[70759c8f55707aa4]::panicking::default_hook::{closure#0}
[INFO] [stdout]    4:     0x60ecc6fe7f89 - std[70759c8f55707aa4]::panicking::default_hook
[INFO] [stdout]    5:     0x60ecc6e21d20 - test[9d35eded1c95d3be]::test_main_inner::<test[9d35eded1c95d3be]::test_main_static::{closure#0}>::{closure#0}
[INFO] [stdout]    6:     0x60ecc6fe82b2 - std[70759c8f55707aa4]::panicking::panic_with_hook
[INFO] [stdout]    7:     0x60ecc6fcb2c4 - std[70759c8f55707aa4]::panicking::panic_handler::{closure#0}
[INFO] [stdout]    8:     0x60ecc6fc3f39 - std[70759c8f55707aa4]::sys::backtrace::__rust_end_short_backtrace::<std[70759c8f55707aa4]::panicking::panic_handler::{closure#0}, !>
[INFO] [stdout]    9:     0x60ecc6fcc07d - __rustc[8fa7c3cbc660c2b3]::rust_begin_unwind
[INFO] [stderr] error: test failed, to rerun pass `--test v2_e2e`
[INFO] [stdout]   10:     0x60ecc7006a4c - core[df12db4294e9bfd3]::panicking::panic_fmt
[INFO] [stdout]   11:     0x60ecc7006a12 - core[df12db4294e9bfd3]::panicking::panic
[INFO] [stdout]   12:     0x60ecc6dde796 - <v2_e2e[61dd159c0a150a68]::test_client_creation::{closure#0} as core[df12db4294e9bfd3]::ops::function::FnOnce<()>>::call_once
[INFO] [stdout]   13:     0x60ecc6e1500b - test[9d35eded1c95d3be]::__rust_begin_short_backtrace::<core[df12db4294e9bfd3]::result::Result<(), alloc[2182bb758b4b3781]::string::String>, fn() -> core[df12db4294e9bfd3]::result::Result<(), alloc[2182bb758b4b3781]::string::String>>
[INFO] [stdout]   14:     0x60ecc6e22675 - test[9d35eded1c95d3be]::run_test::{closure#0}
[INFO] [stdout]   15:     0x60ecc6e1bf34 - std[70759c8f55707aa4]::sys::backtrace::__rust_begin_short_backtrace::<test[9d35eded1c95d3be]::run_test::{closure#1}, ()>
[INFO] [stdout]   16:     0x60ecc6e257d2 - <std[70759c8f55707aa4]::thread::lifecycle::spawn_unchecked<test[9d35eded1c95d3be]::run_test::{closure#1}, ()>::{closure#1} as core[df12db4294e9bfd3]::ops::function::FnOnce<()>>::call_once::{shim:vtable#0}
[INFO] [stdout]   17:     0x60ecc6fef629 - <std[70759c8f55707aa4]::sys::thread::unix::Thread>::new::thread_start
[INFO] [stdout]   18:     0x7dd453fb3dfa - <unknown>
[INFO] [stdout]   19:     0x7dd4540473d4 - clone
[INFO] [stdout]   20:                0x0 - <unknown>
[INFO] [stdout] 
[INFO] [stdout] 
[INFO] [stdout] failures:
[INFO] [stdout]     test_client_creation
[INFO] [stdout] 
[INFO] [stdout] test result: FAILED. 0 passed; 1 failed; 15 ignored; 0 measured; 0 filtered out; finished in 0.12s
[INFO] [stdout] 
[INFO] running `Command { std: "docker" "inspect" "477d4f32adb21aae2e2ba259be5a69a446819854ac19ec638276a1e51b1501fa", kill_on_drop: false }`
[INFO] running `Command { std: "docker" "rm" "-f" "477d4f32adb21aae2e2ba259be5a69a446819854ac19ec638276a1e51b1501fa", kill_on_drop: false }`
[INFO] [stdout] 477d4f32adb21aae2e2ba259be5a69a446819854ac19ec638276a1e51b1501fa
