[INFO] fetching crate firecrawl-sdk 0.5.1...
[INFO] testing firecrawl-sdk-0.5.1 against 1.99.0-beta.8+cargoflags=--release for beta-release-1.100-2
[INFO] extracting crate firecrawl-sdk 0.5.1 into /workspace/builds/worker-4-tc1/source
[INFO] started tweaking crates.io crate firecrawl-sdk 0.5.1
[INFO] removed 0 missing examples
[INFO] removed 0 missing tests
[INFO] finished tweaking crates.io crate firecrawl-sdk 0.5.1
[INFO] tweaked toml for crates.io crate firecrawl-sdk 0.5.1 written to /workspace/builds/worker-4-tc1/source/Cargo.toml
[INFO] validating manifest of crates.io crate firecrawl-sdk 0.5.1 on toolchain 1.99.0-beta.8
[INFO] running `Command { std: CARGO_HOME="/workspace/cargo-home" RUSTUP_HOME="/workspace/rustup-home" "/workspace/cargo-home/bin/cargo" "+1.99.0-beta.8" "metadata" "--manifest-path" "Cargo.toml" "--no-deps", kill_on_drop: false }`
[INFO] crate crates.io crate firecrawl-sdk 0.5.1 already has a lockfile, it will not be regenerated
[INFO] running `Command { std: CARGO_HOME="/workspace/cargo-home" RUSTUP_HOME="/workspace/rustup-home" "/workspace/cargo-home/bin/cargo" "+1.99.0-beta.8" "fetch" "--manifest-path" "Cargo.toml", kill_on_drop: false }`
[INFO] [stderr]     Updating crates.io index
[INFO] [stderr]  Downloading crates ...
[INFO] [stderr]   Downloaded compression-codecs v0.4.38
[INFO] [stderr]   Downloaded async-claude v0.15.1
[INFO] [stderr]   Downloaded compression-core v0.4.32
[INFO] [stderr]   Downloaded async-compression v0.4.42
[INFO] running `Command { std: "docker" "create" "-v" "/var/lib/crater-agent-workspace/builds/worker-4-tc1/source:/opt/rustwide/workdir:ro,Z" "-v" "/var/lib/crater-agent-workspace/builds/worker-4-tc1/target:/opt/rustwide/target:rw,Z" "-v" "/var/lib/crater-agent-workspace/cargo-home:/opt/rustwide/cargo-home:ro,Z" "-v" "/var/lib/crater-agent-workspace/rustup-home:/opt/rustwide/rustup-home:ro,Z" "-m" "1610612736" "--network" "none" "ghcr.io/rust-lang/crates-build-env/linux@sha256:77db811e55d90add9212f6832c23229e3de5f1c1f9905e8cb07319ea15df73ac" "sleep" "infinity", kill_on_drop: false }`
[INFO] [stdout] f844ef1f276c3e289e81ed7901bdd1e228fa6f45f2a2219d45dc2da9e2d148f4
[INFO] running `Command { std: "docker" "start" "f844ef1f276c3e289e81ed7901bdd1e228fa6f45f2a2219d45dc2da9e2d148f4", kill_on_drop: false }`
[INFO] running `Command { std: "docker" "inspect" "f844ef1f276c3e289e81ed7901bdd1e228fa6f45f2a2219d45dc2da9e2d148f4", kill_on_drop: false }`
[INFO] running `Command { std: "docker" "exec" "-e" "SOURCE_DIR=/opt/rustwide/workdir" "-e" "CARGO_HOME=/opt/rustwide/cargo-home" "-e" "RUSTUP_HOME=/opt/rustwide/rustup-home" "-e" "CARGO_TARGET_DIR=/opt/rustwide/target" "-w" "/opt/rustwide/workdir" "--user" "0:0" "f844ef1f276c3e289e81ed7901bdd1e228fa6f45f2a2219d45dc2da9e2d148f4" "/opt/rustwide/cargo-home/bin/cargo" "+1.99.0-beta.8" "metadata" "--no-deps" "--format-version=1", kill_on_drop: false }`
[INFO] running `Command { std: "docker" "inspect" "f844ef1f276c3e289e81ed7901bdd1e228fa6f45f2a2219d45dc2da9e2d148f4", kill_on_drop: false }`
[INFO] running `Command { std: "docker" "exec" "-e" "SOURCE_DIR=/opt/rustwide/workdir" "-e" "CARGO_HOME=/opt/rustwide/cargo-home" "-e" "RUSTUP_HOME=/opt/rustwide/rustup-home" "-e" "CARGO_TARGET_DIR=/opt/rustwide/target" "-e" "CARGO_INCREMENTAL=0" "-e" "RUST_BACKTRACE=full" "-e" "RUSTFLAGS=--cap-lints=warn" "-e" "RUSTDOCFLAGS=--cap-lints=warn" "-w" "/opt/rustwide/workdir" "--user" "0:0" "f844ef1f276c3e289e81ed7901bdd1e228fa6f45f2a2219d45dc2da9e2d148f4" "/opt/rustwide/cargo-home/bin/cargo" "+1.99.0-beta.8" "build" "--frozen" "--message-format=json" "--release", kill_on_drop: false }`
[INFO] [stderr]    Compiling quote v1.0.46
[INFO] [stderr]    Compiling bytes v1.12.0
[INFO] [stderr]    Compiling libc v0.2.186
[INFO] [stderr]    Compiling writeable v0.6.3
[INFO] [stderr]    Compiling litemap v0.8.2
[INFO] [stderr]    Compiling aws-lc-rs v1.17.1
[INFO] [stderr]    Compiling memchr v2.8.2
[INFO] [stderr]    Compiling icu_properties_data v2.2.0
[INFO] [stderr]    Compiling icu_normalizer_data v2.2.0
[INFO] [stderr]    Compiling rustls-pki-types v1.15.0
[INFO] [stderr]    Compiling jobserver v0.1.34
[INFO] [stderr]    Compiling serde_core v1.0.228
[INFO] [stderr]    Compiling simd-adler32 v0.3.9
[INFO] [stderr]    Compiling rustls v0.23.41
[INFO] [stderr]    Compiling compression-core v0.4.32
[INFO] [stderr]    Compiling serde_json v1.0.150
[INFO] [stderr]    Compiling log v0.4.33
[INFO] [stderr]    Compiling bitflags v2.13.0
[INFO] [stderr]    Compiling miniz_oxide v0.8.9
[INFO] [stderr]    Compiling syn v2.0.118
[INFO] [stderr]    Compiling cc v1.2.65
[INFO] [stderr]    Compiling rustls-native-certs v0.8.4
[INFO] [stderr]    Compiling flate2 v1.1.9
[INFO] [stderr]    Compiling http v1.4.2
[INFO] [stderr]    Compiling futures-util v0.3.32
[INFO] [stderr]    Compiling parking_lot_core v0.9.12
[INFO] [stderr]    Compiling errno v0.3.14
[INFO] [stderr]    Compiling mio v1.2.1
[INFO] [stderr]    Compiling socket2 v0.6.4
[INFO] [stderr]    Compiling compression-codecs v0.4.38
[INFO] [stderr]    Compiling signal-hook-registry v1.4.8
[INFO] [stderr]    Compiling cmake v0.1.58
[INFO] [stderr]    Compiling parking_lot v0.12.5
[INFO] [stderr]    Compiling aws-lc-sys v0.42.0
[INFO] [stderr]    Compiling http-body v1.0.1
[INFO] [stderr]    Compiling http-body-util v0.1.3
[INFO] [stderr]    Compiling synstructure v0.13.2
[INFO] [stderr]    Compiling darling_core v0.23.0
[INFO] [stderr]    Compiling zerovec-derive v0.11.3
[INFO] [stderr]    Compiling displaydoc v0.2.6
[INFO] [stderr]    Compiling tokio-macros v2.7.0
[INFO] [stderr]    Compiling zerofrom-derive v0.1.7
[INFO] [stderr]    Compiling yoke-derive v0.8.2
[INFO] [stderr]    Compiling serde_derive v1.0.228
[INFO] [stderr]    Compiling thiserror-impl v2.0.18
[INFO] [stderr]    Compiling tokio v1.52.3
[INFO] [stderr]    Compiling zerofrom v0.1.8
[INFO] [stderr]    Compiling yoke v0.8.3
[INFO] [stderr]    Compiling darling_macro v0.23.0
[INFO] [stderr]    Compiling zerovec v0.11.6
[INFO] [stderr]    Compiling zerotrie v0.2.4
[INFO] [stderr]    Compiling darling v0.23.0
[INFO] [stderr]    Compiling serde_with_macros v3.21.0
[INFO] [stderr]    Compiling thiserror v2.0.18
[INFO] [stderr]    Compiling serde_with v3.21.0
[INFO] [stderr]    Compiling tinystr v0.8.3
[INFO] [stderr]    Compiling potential_utf v0.1.5
[INFO] [stderr]    Compiling icu_collections v2.2.0
[INFO] [stderr]    Compiling icu_locale_core v2.2.0
[INFO] [stderr]    Compiling serde v1.0.228
[INFO] [stderr]    Compiling icu_provider v2.2.0
[INFO] [stderr]    Compiling icu_normalizer v2.2.0
[INFO] [stderr]    Compiling icu_properties v2.2.0
[INFO] [stderr]    Compiling idna_adapter v1.2.2
[INFO] [stderr]    Compiling idna v1.1.0
[INFO] [stderr]    Compiling url v2.5.8
[INFO] [stderr]    Compiling tokio-util v0.7.18
[INFO] [stderr]    Compiling async-compression v0.4.42
[INFO] [stderr]    Compiling tower v0.5.3
[INFO] [stderr]    Compiling h2 v0.4.15
[INFO] [stderr]    Compiling tower-http v0.6.11
[INFO] [stderr]    Compiling hyper v1.10.1
[INFO] [stderr]    Compiling hyper-util v0.1.20
[INFO] [stderr]    Compiling rustls-webpki v0.103.13
[INFO] [stderr]    Compiling tokio-rustls v0.26.4
[INFO] [stderr]    Compiling rustls-platform-verifier v0.7.0
[INFO] [stderr]    Compiling hyper-rustls v0.27.9
[INFO] [stderr]    Compiling reqwest v0.13.4
[INFO] [stderr]    Compiling firecrawl-sdk v0.5.1 (/opt/rustwide/workdir)
[INFO] [stdout] warning: unused variable: `client`
[INFO] [stdout]   --> src/lib.rs:51:9
[INFO] [stdout]    |
[INFO] [stdout] 51 |         client: Client,
[INFO] [stdout]    |         ^^^^^^ help: if this is intentional, prefix it with an underscore: `_client`
[INFO] [stdout]    |
[INFO] [stdout]    = note: `#[warn(unused_variables)]` (part of `#[warn(unused)]`) on by default
[INFO] [stdout] 
[INFO] [stdout] 
[INFO] [stderr]     Finished `release` profile [optimized] target(s) in 2m 11s
[INFO] running `Command { std: "docker" "inspect" "f844ef1f276c3e289e81ed7901bdd1e228fa6f45f2a2219d45dc2da9e2d148f4", kill_on_drop: false }`
[INFO] running `Command { std: "docker" "exec" "-e" "SOURCE_DIR=/opt/rustwide/workdir" "-e" "CARGO_HOME=/opt/rustwide/cargo-home" "-e" "RUSTUP_HOME=/opt/rustwide/rustup-home" "-e" "CARGO_TARGET_DIR=/opt/rustwide/target" "-e" "CARGO_INCREMENTAL=0" "-e" "RUST_BACKTRACE=full" "-e" "RUSTFLAGS=--cap-lints=warn" "-e" "RUSTDOCFLAGS=--cap-lints=warn" "-w" "/opt/rustwide/workdir" "--user" "0:0" "f844ef1f276c3e289e81ed7901bdd1e228fa6f45f2a2219d45dc2da9e2d148f4" "/opt/rustwide/cargo-home/bin/cargo" "+1.99.0-beta.8" "test" "--frozen" "--no-run" "--message-format=json" "--release", kill_on_drop: false }`
[INFO] [stderr]    Compiling serde_json v1.0.150
[INFO] [stderr]    Compiling serde v1.0.228
[INFO] [stderr]    Compiling ref-cast v1.0.25
[INFO] [stderr]    Compiling serde_derive_internals v0.29.1
[INFO] [stderr]    Compiling ref-cast-impl v1.0.25
[INFO] [stderr]    Compiling anyhow v1.0.103
[INFO] [stderr]    Compiling dyn-clone v1.0.20
[INFO] [stderr]    Compiling dotenvy v0.15.7
[INFO] [stderr]    Compiling schemars_derive v1.2.1
[INFO] [stderr]    Compiling reqwest v0.13.4
[INFO] [stderr]    Compiling schemars v1.2.1
[INFO] [stderr]    Compiling async-claude v0.15.1
[INFO] [stderr]    Compiling firecrawl-sdk v0.5.1 (/opt/rustwide/workdir)
[INFO] [stdout] warning: unused variable: `client`
[INFO] [stdout]   --> src/lib.rs:51:9
[INFO] [stdout]    |
[INFO] [stdout] 51 |         client: Client,
[INFO] [stdout]    |         ^^^^^^ help: if this is intentional, prefix it with an underscore: `_client`
[INFO] [stdout]    |
[INFO] [stdout]    = note: `#[warn(unused_variables)]` (part of `#[warn(unused)]`) on by default
[INFO] [stdout] 
[INFO] [stdout] 
[INFO] [stdout] warning: unused variable: `client`
[INFO] [stdout]   --> src/lib.rs:51:9
[INFO] [stdout]    |
[INFO] [stdout] 51 |         client: Client,
[INFO] [stdout]    |         ^^^^^^ help: if this is intentional, prefix it with an underscore: `_client`
[INFO] [stdout]    |
[INFO] [stdout]    = note: `#[warn(unused_variables)]` (part of `#[warn(unused)]`) on by default
[INFO] [stdout] 
[INFO] [stdout] 
[INFO] [stderr]     Finished `release` profile [optimized] target(s) in 25.44s
[INFO] running `Command { std: "docker" "inspect" "f844ef1f276c3e289e81ed7901bdd1e228fa6f45f2a2219d45dc2da9e2d148f4", kill_on_drop: false }`
[INFO] running `Command { std: "docker" "exec" "-e" "SOURCE_DIR=/opt/rustwide/workdir" "-e" "CARGO_HOME=/opt/rustwide/cargo-home" "-e" "RUSTUP_HOME=/opt/rustwide/rustup-home" "-e" "CARGO_TARGET_DIR=/opt/rustwide/target" "-e" "CARGO_INCREMENTAL=0" "-e" "RUST_BACKTRACE=full" "-e" "RUSTFLAGS=--cap-lints=warn" "-e" "RUSTDOCFLAGS=--cap-lints=warn" "-w" "/opt/rustwide/workdir" "--user" "0:0" "f844ef1f276c3e289e81ed7901bdd1e228fa6f45f2a2219d45dc2da9e2d148f4" "/opt/rustwide/cargo-home/bin/cargo" "+1.99.0-beta.8" "test" "--frozen" "--release", kill_on_drop: false }`
[INFO] [stderr] warning: unused variable: `client`
[INFO] [stderr]   --> src/lib.rs:51:9
[INFO] [stderr]    |
[INFO] [stderr] 51 |         client: Client,
[INFO] [stderr]    |         ^^^^^^ help: if this is intentional, prefix it with an underscore: `_client`
[INFO] [stderr]    |
[INFO] [stderr]    = note: `#[warn(unused_variables)]` (part of `#[warn(unused)]`) on by default
[INFO] [stderr] 
[INFO] [stderr] warning: `firecrawl-sdk` (lib) generated 1 warning (run `cargo fix --lib -p firecrawl-sdk` to apply 1 suggestion)
[INFO] [stderr] warning: `firecrawl-sdk` (lib test) generated 1 warning (1 duplicate)
[INFO] [stderr]     Finished `release` profile [optimized] target(s) in 0.22s
[INFO] [stderr]      Running unittests src/lib.rs (/opt/rustwide/target/release/deps/firecrawl_sdk-0904be488e3f7be4)
[INFO] [stdout] 
[INFO] [stdout] running 9 tests
[INFO] [stdout] test batch_scrape::tests::test_batch_scrape_options_to_scrape_options ... ok
[INFO] [stdout] test map::tests::test_map_response_deserialization ... ok
[INFO] [stdout] test scrape::tests::test_scrape_request_body_deserialization ... ok
[INFO] [stdout] test search::tests::test_search_request_deserialization ... ok
[INFO] [stdout] test batch_scrape::tests::test_batch_scrape_request_serialization ... ok
[INFO] [stdout] test scrape::tests::test_json_options_deserialization ... ok
[INFO] [stdout] test map::tests::test_map_options_deserialization ... ok
[INFO] [stdout] test map::tests::test_map_request_deserialization ... ok
[INFO] [stdout] test scrape::tests::test_action_deserialization ... ok
[INFO] [stdout] 
[INFO] [stdout] test result: ok. 9 passed; 0 failed; 0 ignored; 0 measured; 0 filtered out; finished in 0.00s
[INFO] [stdout] 
[INFO] [stderr]      Running tests/e2e_with_auth.rs (/opt/rustwide/target/release/deps/e2e_with_auth-90c99b80329f02a7)
[INFO] [stdout] 
[INFO] [stdout] running 6 tests
[INFO] [stdout] test test_successful_response_for_valid_scrape_with_pdf_file_without_explicit_extension ... FAILED
[INFO] [stdout] test test_llm_extraction ... FAILED
[INFO] [stdout] test test_scrape_url_e2e ... FAILED
[INFO] [stdout] test test_successful_response_with_valid_api_key_and_include_html ... FAILED
[INFO] [stdout] test test_successful_response_for_valid_scrape_with_pdf_file ... FAILED
[INFO] [stdout] test test_api_key_requirements ... ok
[INFO] [stderr] error: test failed, to rerun pass `--test e2e_with_auth`
[INFO] [stdout] 
[INFO] [stdout] failures:
[INFO] [stdout] 
[INFO] [stdout] ---- test_successful_response_for_valid_scrape_with_pdf_file_without_explicit_extension stdout ----
[INFO] [stdout] 
[INFO] [stdout] thread 'test_successful_response_for_valid_scrape_with_pdf_file_without_explicit_extension' (3278) panicked at tests/e2e_with_auth.rs:76:39:
[INFO] [stdout] called `Result::unwrap()` on an `Err` value: NotPresent
[INFO] [stdout] stack backtrace:
[INFO] [stdout]    0:     0x643d4c67bea1 - <<std[70759c8f55707aa4]::sys::backtrace::BacktraceLock>::print::DisplayBacktrace as core[df12db4294e9bfd3]::fmt::Display>::fmt
[INFO] [stdout]    1:     0x643d4c69268a - core[df12db4294e9bfd3]::fmt::write
[INFO] [stdout]    2:     0x643d4c680e5c - <alloc[2182bb758b4b3781]::vec::Vec<u8> as core[df12db4294e9bfd3]::io::write::Write>::write_fmt
[INFO] [stdout]    3:     0x643d4c656526 - std[70759c8f55707aa4]::panicking::default_hook::{closure#0}
[INFO] [stdout]    4:     0x643d4c673529 - std[70759c8f55707aa4]::panicking::default_hook
[INFO] [stdout]    5:     0x643d4c210060 - test[9d35eded1c95d3be]::test_main_inner::<test[9d35eded1c95d3be]::test_main_static::{closure#0}>::{closure#0}
[INFO] [stdout]    6:     0x643d4c673852 - std[70759c8f55707aa4]::panicking::panic_with_hook
[INFO] [stdout]    7:     0x643d4c6565d2 - std[70759c8f55707aa4]::panicking::panic_handler::{closure#0}
[INFO] [stdout]    8:     0x643d4c64ef99 - std[70759c8f55707aa4]::sys::backtrace::__rust_end_short_backtrace::<std[70759c8f55707aa4]::panicking::panic_handler::{closure#0}, !>
[INFO] [stdout]    9:     0x643d4c65745d - __rustc[8fa7c3cbc660c2b3]::rust_begin_unwind
[INFO] [stdout]   10:     0x643d4c692dec - core[df12db4294e9bfd3]::panicking::panic_fmt
[INFO] [stdout]   11:     0x643d4c692bc2 - core[df12db4294e9bfd3]::result::unwrap_failed
[INFO] [stdout]   12:     0x643d4c1ec294 - e2e_with_auth[47c0b612c895daca]::test_successful_response_for_valid_scrape_with_pdf_file_without_explicit_extension::{closure#0}
[INFO] [stdout]   13:     0x643d4c1f1263 - <tokio[ddbccf54e09f199c]::runtime::scheduler::current_thread::Context>::enter::<core[df12db4294e9bfd3]::task::poll::Poll<()>, <tokio[ddbccf54e09f199c]::runtime::scheduler::current_thread::CoreGuard>::block_on<core[df12db4294e9bfd3]::pin::Pin<&mut core[df12db4294e9bfd3]::pin::Pin<&mut dyn core[df12db4294e9bfd3]::future::future::Future<Output = ()>>>>::{closure#0}::{closure#0}>
[INFO] [stdout]   14:     0x643d4c1fc7d9 - <std[70759c8f55707aa4]::thread::local::LocalKey<tokio[ddbccf54e09f199c]::runtime::context::Context>>::with::<tokio[ddbccf54e09f199c]::runtime::context::set_scheduler<(alloc[2182bb758b4b3781]::boxed::Box<tokio[ddbccf54e09f199c]::runtime::scheduler::current_thread::Core>, core[df12db4294e9bfd3]::option::Option<()>), <tokio[ddbccf54e09f199c]::runtime::scheduler::current_thread::CoreGuard>::enter<<tokio[ddbccf54e09f199c]::runtime::scheduler::current_thread::CoreGuard>::block_on<core[df12db4294e9bfd3]::pin::Pin<&mut core[df12db4294e9bfd3]::pin::Pin<&mut dyn core[df12db4294e9bfd3]::future::future::Future<Output = ()>>>>::{closure#0}, core[df12db4294e9bfd3]::option::Option<()>>::{closure#0}>::{closure#0}, (alloc[2182bb758b4b3781]::boxed::Box<tokio[ddbccf54e09f199c]::runtime::scheduler::current_thread::Core>, core[df12db4294e9bfd3]::option::Option<()>)>
[INFO] [stdout]   15:     0x643d4c1f1597 - <tokio[ddbccf54e09f199c]::runtime::scheduler::current_thread::CoreGuard>::block_on::<core[df12db4294e9bfd3]::pin::Pin<&mut core[df12db4294e9bfd3]::pin::Pin<&mut dyn core[df12db4294e9bfd3]::future::future::Future<Output = ()>>>>
[INFO] [stdout]   16:     0x643d4c20107d - tokio[ddbccf54e09f199c]::runtime::context::runtime::enter_runtime::<<tokio[ddbccf54e09f199c]::runtime::scheduler::current_thread::CurrentThread>::block_on<core[df12db4294e9bfd3]::pin::Pin<&mut dyn core[df12db4294e9bfd3]::future::future::Future<Output = ()>>>::{closure#0}, ()>
[INFO] [stdout]   17:     0x643d4c2000ce - <tokio[ddbccf54e09f199c]::runtime::runtime::Runtime>::block_on::<core[df12db4294e9bfd3]::pin::Pin<&mut dyn core[df12db4294e9bfd3]::future::future::Future<Output = ()>>>
[INFO] [stdout]   18:     0x643d4c1ee66e - <e2e_with_auth[47c0b612c895daca]::test_successful_response_for_valid_scrape_with_pdf_file_without_explicit_extension::{closure#0} as core[df12db4294e9bfd3]::ops::function::FnOnce<()>>::call_once
[INFO] [stdout]   19:     0x643d4c20334b - test[9d35eded1c95d3be]::__rust_begin_short_backtrace::<core[df12db4294e9bfd3]::result::Result<(), alloc[2182bb758b4b3781]::string::String>, fn() -> core[df12db4294e9bfd3]::result::Result<(), alloc[2182bb758b4b3781]::string::String>>
[INFO] [stdout]   20:     0x643d4c2109b5 - test[9d35eded1c95d3be]::run_test::{closure#0}
[INFO] [stdout]   21:     0x643d4c20a274 - std[70759c8f55707aa4]::sys::backtrace::__rust_begin_short_backtrace::<test[9d35eded1c95d3be]::run_test::{closure#1}, ()>
[INFO] [stdout]   22:     0x643d4c213b12 - <std[70759c8f55707aa4]::thread::lifecycle::spawn_unchecked<test[9d35eded1c95d3be]::run_test::{closure#1}, ()>::{closure#1} as core[df12db4294e9bfd3]::ops::function::FnOnce<()>>::call_once::{shim:vtable#0}
[INFO] [stdout]   23:     0x643d4c67b3c9 - <std[70759c8f55707aa4]::sys::thread::unix::Thread>::new::thread_start
[INFO] [stdout]   24:     0x7f3932350dfa - <unknown>
[INFO] [stdout]   25:     0x7f39323e43d4 - clone
[INFO] [stdout]   26:                0x0 - <unknown>
[INFO] [stdout] 
[INFO] [stdout] ---- test_llm_extraction stdout ----
[INFO] [stdout] 
[INFO] [stdout] thread 'test_llm_extraction' (3275) panicked at tests/e2e_with_auth.rs:108:39:
[INFO] [stdout] called `Result::unwrap()` on an `Err` value: NotPresent
[INFO] [stdout] stack backtrace:
[INFO] [stdout]    0:     0x643d4c67bea1 - <<std[70759c8f55707aa4]::sys::backtrace::BacktraceLock>::print::DisplayBacktrace as core[df12db4294e9bfd3]::fmt::Display>::fmt
[INFO] [stdout]    1:     0x643d4c69268a - core[df12db4294e9bfd3]::fmt::write
[INFO] [stdout]    2:     0x643d4c680e5c - <alloc[2182bb758b4b3781]::vec::Vec<u8> as core[df12db4294e9bfd3]::io::write::Write>::write_fmt
[INFO] [stdout]    3:     0x643d4c656526 - std[70759c8f55707aa4]::panicking::default_hook::{closure#0}
[INFO] [stdout]    4:     0x643d4c673529 - std[70759c8f55707aa4]::panicking::default_hook
[INFO] [stdout]    5:     0x643d4c210060 - test[9d35eded1c95d3be]::test_main_inner::<test[9d35eded1c95d3be]::test_main_static::{closure#0}>::{closure#0}
[INFO] [stdout]    6:     0x643d4c673852 - std[70759c8f55707aa4]::panicking::panic_with_hook
[INFO] [stdout]    7:     0x643d4c6565d2 - std[70759c8f55707aa4]::panicking::panic_handler::{closure#0}
[INFO] [stdout]    8:     0x643d4c64ef99 - std[70759c8f55707aa4]::sys::backtrace::__rust_end_short_backtrace::<std[70759c8f55707aa4]::panicking::panic_handler::{closure#0}, !>
[INFO] [stdout]    9:     0x643d4c65745d - __rustc[8fa7c3cbc660c2b3]::rust_begin_unwind
[INFO] [stdout]   10:     0x643d4c692dec - core[df12db4294e9bfd3]::panicking::panic_fmt
[INFO] [stdout]   11:     0x643d4c692bc2 - core[df12db4294e9bfd3]::result::unwrap_failed
[INFO] [stdout]   12:     0x643d4c1e93df - e2e_with_auth[47c0b612c895daca]::test_llm_extraction::{closure#0}
[INFO] [stdout]   13:     0x643d4c1f1263 - <tokio[ddbccf54e09f199c]::runtime::scheduler::current_thread::Context>::enter::<core[df12db4294e9bfd3]::task::poll::Poll<()>, <tokio[ddbccf54e09f199c]::runtime::scheduler::current_thread::CoreGuard>::block_on<core[df12db4294e9bfd3]::pin::Pin<&mut core[df12db4294e9bfd3]::pin::Pin<&mut dyn core[df12db4294e9bfd3]::future::future::Future<Output = ()>>>>::{closure#0}::{closure#0}>
[INFO] [stdout]   14:     0x643d4c1fc7d9 - <std[70759c8f55707aa4]::thread::local::LocalKey<tokio[ddbccf54e09f199c]::runtime::context::Context>>::with::<tokio[ddbccf54e09f199c]::runtime::context::set_scheduler<(alloc[2182bb758b4b3781]::boxed::Box<tokio[ddbccf54e09f199c]::runtime::scheduler::current_thread::Core>, core[df12db4294e9bfd3]::option::Option<()>), <tokio[ddbccf54e09f199c]::runtime::scheduler::current_thread::CoreGuard>::enter<<tokio[ddbccf54e09f199c]::runtime::scheduler::current_thread::CoreGuard>::block_on<core[df12db4294e9bfd3]::pin::Pin<&mut core[df12db4294e9bfd3]::pin::Pin<&mut dyn core[df12db4294e9bfd3]::future::future::Future<Output = ()>>>>::{closure#0}, core[df12db4294e9bfd3]::option::Option<()>>::{closure#0}>::{closure#0}, (alloc[2182bb758b4b3781]::boxed::Box<tokio[ddbccf54e09f199c]::runtime::scheduler::current_thread::Core>, core[df12db4294e9bfd3]::option::Option<()>)>
[INFO] [stdout]   15:     0x643d4c1f1597 - <tokio[ddbccf54e09f199c]::runtime::scheduler::current_thread::CoreGuard>::block_on::<core[df12db4294e9bfd3]::pin::Pin<&mut core[df12db4294e9bfd3]::pin::Pin<&mut dyn core[df12db4294e9bfd3]::future::future::Future<Output = ()>>>>
[INFO] [stdout]   16:     0x643d4c20107d - tokio[ddbccf54e09f199c]::runtime::context::runtime::enter_runtime::<<tokio[ddbccf54e09f199c]::runtime::scheduler::current_thread::CurrentThread>::block_on<core[df12db4294e9bfd3]::pin::Pin<&mut dyn core[df12db4294e9bfd3]::future::future::Future<Output = ()>>>::{closure#0}, ()>
[INFO] [stdout]   17:     0x643d4c2000ce - <tokio[ddbccf54e09f199c]::runtime::runtime::Runtime>::block_on::<core[df12db4294e9bfd3]::pin::Pin<&mut dyn core[df12db4294e9bfd3]::future::future::Future<Output = ()>>>
[INFO] [stdout]   18:     0x643d4c1ed81e - <e2e_with_auth[47c0b612c895daca]::test_llm_extraction::{closure#0} as core[df12db4294e9bfd3]::ops::function::FnOnce<()>>::call_once
[INFO] [stdout]   19:     0x643d4c20334b - test[9d35eded1c95d3be]::__rust_begin_short_backtrace::<core[df12db4294e9bfd3]::result::Result<(), alloc[2182bb758b4b3781]::string::String>, fn() -> core[df12db4294e9bfd3]::result::Result<(), alloc[2182bb758b4b3781]::string::String>>
[INFO] [stdout]   20:     0x643d4c2109b5 - test[9d35eded1c95d3be]::run_test::{closure#0}
[INFO] [stdout]   21:     0x643d4c20a274 - std[70759c8f55707aa4]::sys::backtrace::__rust_begin_short_backtrace::<test[9d35eded1c95d3be]::run_test::{closure#1}, ()>
[INFO] [stdout]   22:     0x643d4c213b12 - <std[70759c8f55707aa4]::thread::lifecycle::spawn_unchecked<test[9d35eded1c95d3be]::run_test::{closure#1}, ()>::{closure#1} as core[df12db4294e9bfd3]::ops::function::FnOnce<()>>::call_once::{shim:vtable#0}
[INFO] [stdout]   23:     0x643d4c67b3c9 - <std[70759c8f55707aa4]::sys::thread::unix::Thread>::new::thread_start
[INFO] [stdout]   24:     0x7f3932350dfa - <unknown>
[INFO] [stdout]   25:     0x7f39323e43d4 - clone
[INFO] [stdout]   26:                0x0 - <unknown>
[INFO] [stdout] 
[INFO] [stdout] ---- test_scrape_url_e2e stdout ----
[INFO] [stdout] 
[INFO] [stdout] thread 'test_scrape_url_e2e' (3276) panicked at tests/e2e_with_auth.rs:25:39:
[INFO] [stdout] called `Result::unwrap()` on an `Err` value: NotPresent
[INFO] [stdout] stack backtrace:
[INFO] [stdout]    0:     0x643d4c67bea1 - <<std[70759c8f55707aa4]::sys::backtrace::BacktraceLock>::print::DisplayBacktrace as core[df12db4294e9bfd3]::fmt::Display>::fmt
[INFO] [stdout]    1:     0x643d4c69268a - core[df12db4294e9bfd3]::fmt::write
[INFO] [stdout]    2:     0x643d4c680e5c - <alloc[2182bb758b4b3781]::vec::Vec<u8> as core[df12db4294e9bfd3]::io::write::Write>::write_fmt
[INFO] [stdout]    3:     0x643d4c656526 - std[70759c8f55707aa4]::panicking::default_hook::{closure#0}
[INFO] [stdout]    4:     0x643d4c673529 - std[70759c8f55707aa4]::panicking::default_hook
[INFO] [stdout]    5:     0x643d4c210060 - test[9d35eded1c95d3be]::test_main_inner::<test[9d35eded1c95d3be]::test_main_static::{closure#0}>::{closure#0}
[INFO] [stdout]    6:     0x643d4c673852 - std[70759c8f55707aa4]::panicking::panic_with_hook
[INFO] [stdout]    7:     0x643d4c6565d2 - std[70759c8f55707aa4]::panicking::panic_handler::{closure#0}
[INFO] [stdout]    8:     0x643d4c64ef99 - std[70759c8f55707aa4]::sys::backtrace::__rust_end_short_backtrace::<std[70759c8f55707aa4]::panicking::panic_handler::{closure#0}, !>
[INFO] [stdout]    9:     0x643d4c65745d - __rustc[8fa7c3cbc660c2b3]::rust_begin_unwind
[INFO] [stdout]   10:     0x643d4c692dec - core[df12db4294e9bfd3]::panicking::panic_fmt
[INFO] [stdout]   11:     0x643d4c692bc2 - core[df12db4294e9bfd3]::result::unwrap_failed
[INFO] [stdout]   12:     0x643d4c1ea254 - e2e_with_auth[47c0b612c895daca]::test_scrape_url_e2e::{closure#0}
[INFO] [stdout]   13:     0x643d4c1f1263 - <tokio[ddbccf54e09f199c]::runtime::scheduler::current_thread::Context>::enter::<core[df12db4294e9bfd3]::task::poll::Poll<()>, <tokio[ddbccf54e09f199c]::runtime::scheduler::current_thread::CoreGuard>::block_on<core[df12db4294e9bfd3]::pin::Pin<&mut core[df12db4294e9bfd3]::pin::Pin<&mut dyn core[df12db4294e9bfd3]::future::future::Future<Output = ()>>>>::{closure#0}::{closure#0}>
[INFO] [stdout]   14:     0x643d4c1fc7d9 - <std[70759c8f55707aa4]::thread::local::LocalKey<tokio[ddbccf54e09f199c]::runtime::context::Context>>::with::<tokio[ddbccf54e09f199c]::runtime::context::set_scheduler<(alloc[2182bb758b4b3781]::boxed::Box<tokio[ddbccf54e09f199c]::runtime::scheduler::current_thread::Core>, core[df12db4294e9bfd3]::option::Option<()>), <tokio[ddbccf54e09f199c]::runtime::scheduler::current_thread::CoreGuard>::enter<<tokio[ddbccf54e09f199c]::runtime::scheduler::current_thread::CoreGuard>::block_on<core[df12db4294e9bfd3]::pin::Pin<&mut core[df12db4294e9bfd3]::pin::Pin<&mut dyn core[df12db4294e9bfd3]::future::future::Future<Output = ()>>>>::{closure#0}, core[df12db4294e9bfd3]::option::Option<()>>::{closure#0}>::{closure#0}, (alloc[2182bb758b4b3781]::boxed::Box<tokio[ddbccf54e09f199c]::runtime::scheduler::current_thread::Core>, core[df12db4294e9bfd3]::option::Option<()>)>
[INFO] [stdout]   15:     0x643d4c1f1597 - <tokio[ddbccf54e09f199c]::runtime::scheduler::current_thread::CoreGuard>::block_on::<core[df12db4294e9bfd3]::pin::Pin<&mut core[df12db4294e9bfd3]::pin::Pin<&mut dyn core[df12db4294e9bfd3]::future::future::Future<Output = ()>>>>
[INFO] [stdout]   16:     0x643d4c20107d - tokio[ddbccf54e09f199c]::runtime::context::runtime::enter_runtime::<<tokio[ddbccf54e09f199c]::runtime::scheduler::current_thread::CurrentThread>::block_on<core[df12db4294e9bfd3]::pin::Pin<&mut dyn core[df12db4294e9bfd3]::future::future::Future<Output = ()>>>::{closure#0}, ()>
[INFO] [stdout]   17:     0x643d4c2000ce - <tokio[ddbccf54e09f199c]::runtime::runtime::Runtime>::block_on::<core[df12db4294e9bfd3]::pin::Pin<&mut dyn core[df12db4294e9bfd3]::future::future::Future<Output = ()>>>
[INFO] [stdout]   18:     0x643d4c1eda0e - <e2e_with_auth[47c0b612c895daca]::test_scrape_url_e2e::{closure#0} as core[df12db4294e9bfd3]::ops::function::FnOnce<()>>::call_once
[INFO] [stdout]   19:     0x643d4c20334b - test[9d35eded1c95d3be]::__rust_begin_short_backtrace::<core[df12db4294e9bfd3]::result::Result<(), alloc[2182bb758b4b3781]::string::String>, fn() -> core[df12db4294e9bfd3]::result::Result<(), alloc[2182bb758b4b3781]::string::String>>
[INFO] [stdout]   20:     0x643d4c2109b5 - test[9d35eded1c95d3be]::run_test::{closure#0}
[INFO] [stdout]   21:     0x643d4c20a274 - std[70759c8f55707aa4]::sys::backtrace::__rust_begin_short_backtrace::<test[9d35eded1c95d3be]::run_test::{closure#1}, ()>
[INFO] [stdout]   22:     0x643d4c213b12 - <std[70759c8f55707aa4]::thread::lifecycle::spawn_unchecked<test[9d35eded1c95d3be]::run_test::{closure#1}, ()>::{closure#1} as core[df12db4294e9bfd3]::ops::function::FnOnce<()>>::call_once::{shim:vtable#0}
[INFO] [stdout]   23:     0x643d4c67b3c9 - <std[70759c8f55707aa4]::sys::thread::unix::Thread>::new::thread_start
[INFO] [stdout]   24:     0x7f3932350dfa - <unknown>
[INFO] [stdout]   25:     0x7f39323e43d4 - clone
[INFO] [stdout]   26:                0x0 - <unknown>
[INFO] [stdout] 
[INFO] [stdout] ---- test_successful_response_with_valid_api_key_and_include_html stdout ----
[INFO] [stdout] 
[INFO] [stdout] thread 'test_successful_response_with_valid_api_key_and_include_html' (3279) panicked at tests/e2e_with_auth.rs:39:39:
[INFO] [stdout] called `Result::unwrap()` on an `Err` value: NotPresent
[INFO] [stdout] stack backtrace:
[INFO] [stdout]    0:     0x643d4c67bea1 - <<std[70759c8f55707aa4]::sys::backtrace::BacktraceLock>::print::DisplayBacktrace as core[df12db4294e9bfd3]::fmt::Display>::fmt
[INFO] [stdout]    1:     0x643d4c69268a - core[df12db4294e9bfd3]::fmt::write
[INFO] [stdout]    2:     0x643d4c680e5c - <alloc[2182bb758b4b3781]::vec::Vec<u8> as core[df12db4294e9bfd3]::io::write::Write>::write_fmt
[INFO] [stdout]    3:     0x643d4c656526 - std[70759c8f55707aa4]::panicking::default_hook::{closure#0}
[INFO] [stdout]    4:     0x643d4c673529 - std[70759c8f55707aa4]::panicking::default_hook
[INFO] [stdout]    5:     0x643d4c210060 - test[9d35eded1c95d3be]::test_main_inner::<test[9d35eded1c95d3be]::test_main_static::{closure#0}>::{closure#0}
[INFO] [stdout]    6:     0x643d4c673852 - std[70759c8f55707aa4]::panicking::panic_with_hook
[INFO] [stdout]    7:     0x643d4c6565d2 - std[70759c8f55707aa4]::panicking::panic_handler::{closure#0}
[INFO] [stdout]    8:     0x643d4c64ef99 - std[70759c8f55707aa4]::sys::backtrace::__rust_end_short_backtrace::<std[70759c8f55707aa4]::panicking::panic_handler::{closure#0}, !>
[INFO] [stdout]    9:     0x643d4c65745d - __rustc[8fa7c3cbc660c2b3]::rust_begin_unwind
[INFO] [stdout]   10:     0x643d4c692dec - core[df12db4294e9bfd3]::panicking::panic_fmt
[INFO] [stdout]   11:     0x643d4c692bc2 - core[df12db4294e9bfd3]::result::unwrap_failed
[INFO] [stdout]   12:     0x643d4c1eb7db - e2e_with_auth[47c0b612c895daca]::test_successful_response_with_valid_api_key_and_include_html::{closure#0}
[INFO] [stdout]   13:     0x643d4c1f1263 - <tokio[ddbccf54e09f199c]::runtime::scheduler::current_thread::Context>::enter::<core[df12db4294e9bfd3]::task::poll::Poll<()>, <tokio[ddbccf54e09f199c]::runtime::scheduler::current_thread::CoreGuard>::block_on<core[df12db4294e9bfd3]::pin::Pin<&mut core[df12db4294e9bfd3]::pin::Pin<&mut dyn core[df12db4294e9bfd3]::future::future::Future<Output = ()>>>>::{closure#0}::{closure#0}>
[INFO] [stdout]   14:     0x643d4c1fc7d9 - <std[70759c8f55707aa4]::thread::local::LocalKey<tokio[ddbccf54e09f199c]::runtime::context::Context>>::with::<tokio[ddbccf54e09f199c]::runtime::context::set_scheduler<(alloc[2182bb758b4b3781]::boxed::Box<tokio[ddbccf54e09f199c]::runtime::scheduler::current_thread::Core>, core[df12db4294e9bfd3]::option::Option<()>), <tokio[ddbccf54e09f199c]::runtime::scheduler::current_thread::CoreGuard>::enter<<tokio[ddbccf54e09f199c]::runtime::scheduler::current_thread::CoreGuard>::block_on<core[df12db4294e9bfd3]::pin::Pin<&mut core[df12db4294e9bfd3]::pin::Pin<&mut dyn core[df12db4294e9bfd3]::future::future::Future<Output = ()>>>>::{closure#0}, core[df12db4294e9bfd3]::option::Option<()>>::{closure#0}>::{closure#0}, (alloc[2182bb758b4b3781]::boxed::Box<tokio[ddbccf54e09f199c]::runtime::scheduler::current_thread::Core>, core[df12db4294e9bfd3]::option::Option<()>)>
[INFO] [stdout]   15:     0x643d4c1f1597 - <tokio[ddbccf54e09f199c]::runtime::scheduler::current_thread::CoreGuard>::block_on::<core[df12db4294e9bfd3]::pin::Pin<&mut core[df12db4294e9bfd3]::pin::Pin<&mut dyn core[df12db4294e9bfd3]::future::future::Future<Output = ()>>>>
[INFO] [stdout]   16:     0x643d4c20107d - tokio[ddbccf54e09f199c]::runtime::context::runtime::enter_runtime::<<tokio[ddbccf54e09f199c]::runtime::scheduler::current_thread::CurrentThread>::block_on<core[df12db4294e9bfd3]::pin::Pin<&mut dyn core[df12db4294e9bfd3]::future::future::Future<Output = ()>>>::{closure#0}, ()>
[INFO] [stdout]   17:     0x643d4c2000ce - <tokio[ddbccf54e09f199c]::runtime::runtime::Runtime>::block_on::<core[df12db4294e9bfd3]::pin::Pin<&mut dyn core[df12db4294e9bfd3]::future::future::Future<Output = ()>>>
[INFO] [stdout]   18:     0x643d4c1ee47e - <e2e_with_auth[47c0b612c895daca]::test_successful_response_with_valid_api_key_and_include_html::{closure#0} as core[df12db4294e9bfd3]::ops::function::FnOnce<()>>::call_once
[INFO] [stdout]   19:     0x643d4c20334b - test[9d35eded1c95d3be]::__rust_begin_short_backtrace::<core[df12db4294e9bfd3]::result::Result<(), alloc[2182bb758b4b3781]::string::String>, fn() -> core[df12db4294e9bfd3]::result::Result<(), alloc[2182bb758b4b3781]::string::String>>
[INFO] [stdout]   20:     0x643d4c2109b5 - test[9d35eded1c95d3be]::run_test::{closure#0}
[INFO] [stdout]   21:     0x643d4c20a274 - std[70759c8f55707aa4]::sys::backtrace::__rust_begin_short_backtrace::<test[9d35eded1c95d3be]::run_test::{closure#1}, ()>
[INFO] [stdout]   22:     0x643d4c213b12 - <std[70759c8f55707aa4]::thread::lifecycle::spawn_unchecked<test[9d35eded1c95d3be]::run_test::{closure#1}, ()>::{closure#1} as core[df12db4294e9bfd3]::ops::function::FnOnce<()>>::call_once::{shim:vtable#0}
[INFO] [stdout]   23:     0x643d4c67b3c9 - <std[70759c8f55707aa4]::sys::thread::unix::Thread>::new::thread_start
[INFO] [stdout]   24:     0x7f3932350dfa - <unknown>
[INFO] [stdout]   25:     0x7f39323e43d4 - clone
[INFO] [stdout]   26:                0x0 - <unknown>
[INFO] [stdout] 
[INFO] [stdout] ---- test_successful_response_for_valid_scrape_with_pdf_file stdout ----
[INFO] [stdout] 
[INFO] [stdout] thread 'test_successful_response_for_valid_scrape_with_pdf_file' (3277) panicked at tests/e2e_with_auth.rs:59:39:
[INFO] [stdout] called `Result::unwrap()` on an `Err` value: NotPresent
[INFO] [stdout] stack backtrace:
[INFO] [stdout]    0:     0x643d4c67bea1 - <<std[70759c8f55707aa4]::sys::backtrace::BacktraceLock>::print::DisplayBacktrace as core[df12db4294e9bfd3]::fmt::Display>::fmt
[INFO] [stdout]    1:     0x643d4c69268a - core[df12db4294e9bfd3]::fmt::write
[INFO] [stdout]    2:     0x643d4c680e5c - <alloc[2182bb758b4b3781]::vec::Vec<u8> as core[df12db4294e9bfd3]::io::write::Write>::write_fmt
[INFO] [stdout]    3:     0x643d4c656526 - std[70759c8f55707aa4]::panicking::default_hook::{closure#0}
[INFO] [stdout]    4:     0x643d4c673529 - std[70759c8f55707aa4]::panicking::default_hook
[INFO] [stdout]    5:     0x643d4c210060 - test[9d35eded1c95d3be]::test_main_inner::<test[9d35eded1c95d3be]::test_main_static::{closure#0}>::{closure#0}
[INFO] [stdout]    6:     0x643d4c673852 - std[70759c8f55707aa4]::panicking::panic_with_hook
[INFO] [stdout]    7:     0x643d4c6565d2 - std[70759c8f55707aa4]::panicking::panic_handler::{closure#0}
[INFO] [stdout]    8:     0x643d4c64ef99 - std[70759c8f55707aa4]::sys::backtrace::__rust_end_short_backtrace::<std[70759c8f55707aa4]::panicking::panic_handler::{closure#0}, !>
[INFO] [stdout]    9:     0x643d4c65745d - __rustc[8fa7c3cbc660c2b3]::rust_begin_unwind
[INFO] [stdout]   10:     0x643d4c692dec - core[df12db4294e9bfd3]::panicking::panic_fmt
[INFO] [stdout]   11:     0x643d4c692bc2 - core[df12db4294e9bfd3]::result::unwrap_failed
[INFO] [stdout]   12:     0x643d4c1eac94 - e2e_with_auth[47c0b612c895daca]::test_successful_response_for_valid_scrape_with_pdf_file::{closure#0}
[INFO] [stdout]   13:     0x643d4c1f1263 - <tokio[ddbccf54e09f199c]::runtime::scheduler::current_thread::Context>::enter::<core[df12db4294e9bfd3]::task::poll::Poll<()>, <tokio[ddbccf54e09f199c]::runtime::scheduler::current_thread::CoreGuard>::block_on<core[df12db4294e9bfd3]::pin::Pin<&mut core[df12db4294e9bfd3]::pin::Pin<&mut dyn core[df12db4294e9bfd3]::future::future::Future<Output = ()>>>>::{closure#0}::{closure#0}>
[INFO] [stdout]   14:     0x643d4c1fc7d9 - <std[70759c8f55707aa4]::thread::local::LocalKey<tokio[ddbccf54e09f199c]::runtime::context::Context>>::with::<tokio[ddbccf54e09f199c]::runtime::context::set_scheduler<(alloc[2182bb758b4b3781]::boxed::Box<tokio[ddbccf54e09f199c]::runtime::scheduler::current_thread::Core>, core[df12db4294e9bfd3]::option::Option<()>), <tokio[ddbccf54e09f199c]::runtime::scheduler::current_thread::CoreGuard>::enter<<tokio[ddbccf54e09f199c]::runtime::scheduler::current_thread::CoreGuard>::block_on<core[df12db4294e9bfd3]::pin::Pin<&mut core[df12db4294e9bfd3]::pin::Pin<&mut dyn core[df12db4294e9bfd3]::future::future::Future<Output = ()>>>>::{closure#0}, core[df12db4294e9bfd3]::option::Option<()>>::{closure#0}>::{closure#0}, (alloc[2182bb758b4b3781]::boxed::Box<tokio[ddbccf54e09f199c]::runtime::scheduler::current_thread::Core>, core[df12db4294e9bfd3]::option::Option<()>)>
[INFO] [stdout]   15:     0x643d4c1f1597 - <tokio[ddbccf54e09f199c]::runtime::scheduler::current_thread::CoreGuard>::block_on::<core[df12db4294e9bfd3]::pin::Pin<&mut core[df12db4294e9bfd3]::pin::Pin<&mut dyn core[df12db4294e9bfd3]::future::future::Future<Output = ()>>>>
[INFO] [stdout]   16:     0x643d4c20107d - tokio[ddbccf54e09f199c]::runtime::context::runtime::enter_runtime::<<tokio[ddbccf54e09f199c]::runtime::scheduler::current_thread::CurrentThread>::block_on<core[df12db4294e9bfd3]::pin::Pin<&mut dyn core[df12db4294e9bfd3]::future::future::Future<Output = ()>>>::{closure#0}, ()>
[INFO] [stdout]   17:     0x643d4c2000ce - <tokio[ddbccf54e09f199c]::runtime::runtime::Runtime>::block_on::<core[df12db4294e9bfd3]::pin::Pin<&mut dyn core[df12db4294e9bfd3]::future::future::Future<Output = ()>>>
[INFO] [stdout]   18:     0x643d4c1ee29e - <e2e_with_auth[47c0b612c895daca]::test_successful_response_for_valid_scrape_with_pdf_file::{closure#0} as core[df12db4294e9bfd3]::ops::function::FnOnce<()>>::call_once
[INFO] [stdout]   19:     0x643d4c20334b - test[9d35eded1c95d3be]::__rust_begin_short_backtrace::<core[df12db4294e9bfd3]::result::Result<(), alloc[2182bb758b4b3781]::string::String>, fn() -> core[df12db4294e9bfd3]::result::Result<(), alloc[2182bb758b4b3781]::string::String>>
[INFO] [stdout]   20:     0x643d4c2109b5 - test[9d35eded1c95d3be]::run_test::{closure#0}
[INFO] [stdout]   21:     0x643d4c20a274 - std[70759c8f55707aa4]::sys::backtrace::__rust_begin_short_backtrace::<test[9d35eded1c95d3be]::run_test::{closure#1}, ()>
[INFO] [stdout]   22:     0x643d4c213b12 - <std[70759c8f55707aa4]::thread::lifecycle::spawn_unchecked<test[9d35eded1c95d3be]::run_test::{closure#1}, ()>::{closure#1} as core[df12db4294e9bfd3]::ops::function::FnOnce<()>>::call_once::{shim:vtable#0}
[INFO] [stdout]   23:     0x643d4c67b3c9 - <std[70759c8f55707aa4]::sys::thread::unix::Thread>::new::thread_start
[INFO] [stdout]   24:     0x7f3932350dfa - <unknown>
[INFO] [stdout]   25:     0x7f39323e43d4 - clone
[INFO] [stdout]   26:                0x0 - <unknown>
[INFO] [stdout] 
[INFO] [stdout] 
[INFO] [stdout] failures:
[INFO] [stdout]     test_llm_extraction
[INFO] [stdout]     test_scrape_url_e2e
[INFO] [stdout]     test_successful_response_for_valid_scrape_with_pdf_file
[INFO] [stdout]     test_successful_response_for_valid_scrape_with_pdf_file_without_explicit_extension
[INFO] [stdout]     test_successful_response_with_valid_api_key_and_include_html
[INFO] [stdout] 
[INFO] [stdout] test result: FAILED. 1 passed; 5 failed; 0 ignored; 0 measured; 0 filtered out; finished in 0.13s
[INFO] [stdout] 
[INFO] running `Command { std: "docker" "inspect" "f844ef1f276c3e289e81ed7901bdd1e228fa6f45f2a2219d45dc2da9e2d148f4", kill_on_drop: false }`
[INFO] running `Command { std: "docker" "rm" "-f" "f844ef1f276c3e289e81ed7901bdd1e228fa6f45f2a2219d45dc2da9e2d148f4", kill_on_drop: false }`
[INFO] [stdout] f844ef1f276c3e289e81ed7901bdd1e228fa6f45f2a2219d45dc2da9e2d148f4
