[INFO] fetching crate fips204_rs 1.0.1...
[INFO] testing fips204_rs-1.0.1 against 1.100.0-beta.1+cargoflags=--release for beta-release-1.100-2
[INFO] extracting crate fips204_rs 1.0.1 into /workspace/builds/worker-5-tc2/source
[INFO] started tweaking crates.io crate fips204_rs 1.0.1
[INFO] removed 0 missing tests
[INFO] finished tweaking crates.io crate fips204_rs 1.0.1
[INFO] tweaked toml for crates.io crate fips204_rs 1.0.1 written to /workspace/builds/worker-5-tc2/source/Cargo.toml
[INFO] validating manifest of crates.io crate fips204_rs 1.0.1 on toolchain 1.100.0-beta.1
[INFO] running `Command { std: CARGO_HOME="/workspace/cargo-home" RUSTUP_HOME="/workspace/rustup-home" "/workspace/cargo-home/bin/cargo" "+1.100.0-beta.1" "metadata" "--manifest-path" "Cargo.toml" "--no-deps", kill_on_drop: false }`
[INFO] crate crates.io crate fips204_rs 1.0.1 already has a lockfile, it will not be regenerated
[INFO] running `Command { std: CARGO_HOME="/workspace/cargo-home" RUSTUP_HOME="/workspace/rustup-home" "/workspace/cargo-home/bin/cargo" "+1.100.0-beta.1" "fetch" "--manifest-path" "Cargo.toml", kill_on_drop: false }`
[INFO] running `Command { std: "docker" "create" "-v" "/var/lib/crater-agent-workspace/builds/worker-5-tc2/source:/opt/rustwide/workdir:ro,Z" "-v" "/var/lib/crater-agent-workspace/builds/worker-5-tc2/target:/opt/rustwide/target:rw,Z" "-v" "/var/lib/crater-agent-workspace/cargo-home:/opt/rustwide/cargo-home:ro,Z" "-v" "/var/lib/crater-agent-workspace/rustup-home:/opt/rustwide/rustup-home:ro,Z" "-m" "1610612736" "--network" "none" "ghcr.io/rust-lang/crates-build-env/linux@sha256:77db811e55d90add9212f6832c23229e3de5f1c1f9905e8cb07319ea15df73ac" "sleep" "infinity", kill_on_drop: false }`
[INFO] [stdout] 755c1a27d89c35f084464306c324c1ab6beb1a539184b3d5bea16de94ed4a47b
[INFO] running `Command { std: "docker" "start" "755c1a27d89c35f084464306c324c1ab6beb1a539184b3d5bea16de94ed4a47b", kill_on_drop: false }`
[INFO] running `Command { std: "docker" "inspect" "755c1a27d89c35f084464306c324c1ab6beb1a539184b3d5bea16de94ed4a47b", kill_on_drop: false }`
[INFO] running `Command { std: "docker" "exec" "-e" "SOURCE_DIR=/opt/rustwide/workdir" "-e" "CARGO_HOME=/opt/rustwide/cargo-home" "-e" "RUSTUP_HOME=/opt/rustwide/rustup-home" "-e" "CARGO_TARGET_DIR=/opt/rustwide/target" "-w" "/opt/rustwide/workdir" "--user" "0:0" "755c1a27d89c35f084464306c324c1ab6beb1a539184b3d5bea16de94ed4a47b" "/opt/rustwide/cargo-home/bin/cargo" "+1.100.0-beta.1" "metadata" "--no-deps" "--format-version=1", kill_on_drop: false }`
[INFO] running `Command { std: "docker" "inspect" "755c1a27d89c35f084464306c324c1ab6beb1a539184b3d5bea16de94ed4a47b", kill_on_drop: false }`
[INFO] running `Command { std: "docker" "exec" "-e" "SOURCE_DIR=/opt/rustwide/workdir" "-e" "CARGO_HOME=/opt/rustwide/cargo-home" "-e" "RUSTUP_HOME=/opt/rustwide/rustup-home" "-e" "CARGO_TARGET_DIR=/opt/rustwide/target" "-e" "CARGO_INCREMENTAL=0" "-e" "RUST_BACKTRACE=full" "-e" "RUSTFLAGS=--cap-lints=warn" "-e" "RUSTDOCFLAGS=--cap-lints=warn" "-w" "/opt/rustwide/workdir" "--user" "0:0" "755c1a27d89c35f084464306c324c1ab6beb1a539184b3d5bea16de94ed4a47b" "/opt/rustwide/cargo-home/bin/cargo" "+1.100.0-beta.1" "build" "--frozen" "--message-format=json" "--release", kill_on_drop: false }`
[INFO] [stderr]    Compiling typenum v1.19.0
[INFO] [stderr]    Compiling version_check v0.9.5
[INFO] [stderr]    Compiling proc-macro2 v1.0.101
[INFO] [stderr]    Compiling unicode-ident v1.0.19
[INFO] [stderr]    Compiling quote v1.0.41
[INFO] [stderr]    Compiling libc v0.2.177
[INFO] [stderr]    Compiling cfg-if v1.0.3
[INFO] [stderr]    Compiling cpufeatures v0.2.17
[INFO] [stderr]    Compiling keccak v0.1.5
[INFO] [stderr]    Compiling generic-array v0.14.7
[INFO] [stderr]    Compiling syn v2.0.106
[INFO] [stderr]    Compiling getrandom v0.2.16
[INFO] [stderr]    Compiling rand_core v0.6.4
[INFO] [stderr]    Compiling crypto-common v0.1.6
[INFO] [stderr]    Compiling block-buffer v0.10.4
[INFO] [stderr]    Compiling digest v0.10.7
[INFO] [stderr]    Compiling sha3 v0.10.8
[INFO] [stderr]    Compiling sha2 v0.10.9
[INFO] [stderr]    Compiling zeroize_derive v1.4.2
[INFO] [stderr]    Compiling zeroize v1.8.2
[INFO] [stderr]    Compiling fips204_rs v1.0.1 (/opt/rustwide/workdir)
[INFO] [stderr]     Finished `release` profile [optimized] target(s) in 15.30s
[INFO] running `Command { std: "docker" "inspect" "755c1a27d89c35f084464306c324c1ab6beb1a539184b3d5bea16de94ed4a47b", kill_on_drop: false }`
[INFO] running `Command { std: "docker" "exec" "-e" "SOURCE_DIR=/opt/rustwide/workdir" "-e" "CARGO_HOME=/opt/rustwide/cargo-home" "-e" "RUSTUP_HOME=/opt/rustwide/rustup-home" "-e" "CARGO_TARGET_DIR=/opt/rustwide/target" "-e" "CARGO_INCREMENTAL=0" "-e" "RUST_BACKTRACE=full" "-e" "RUSTFLAGS=--cap-lints=warn" "-e" "RUSTDOCFLAGS=--cap-lints=warn" "-w" "/opt/rustwide/workdir" "--user" "0:0" "755c1a27d89c35f084464306c324c1ab6beb1a539184b3d5bea16de94ed4a47b" "/opt/rustwide/cargo-home/bin/cargo" "+1.100.0-beta.1" "test" "--frozen" "--no-run" "--message-format=json" "--release", kill_on_drop: false }`
[INFO] [stderr]    Compiling autocfg v1.5.0
[INFO] [stderr]    Compiling zerocopy v0.8.27
[INFO] [stderr]    Compiling crossbeam-utils v0.8.21
[INFO] [stderr]    Compiling serde_core v1.0.228
[INFO] [stderr]    Compiling memchr v2.7.6
[INFO] [stderr]    Compiling serde v1.0.228
[INFO] [stderr]    Compiling zerocopy-derive v0.8.27
[INFO] [stderr]    Compiling serde_derive v1.0.228
[INFO] [stderr]    Compiling getrandom v0.2.16
[INFO] [stderr]    Compiling serde_json v1.0.145
[INFO] [stderr]    Compiling either v1.15.0
[INFO] [stderr]    Compiling indexmap v1.9.3
[INFO] [stderr]    Compiling num-traits v0.2.19
[INFO] [stderr]    Compiling rayon-core v1.13.0
[INFO] [stderr]    Compiling aho-corasick v1.1.3
[INFO] [stderr]    Compiling rand_core v0.6.4
[INFO] [stderr]    Compiling ciborium-io v0.2.2
[INFO] [stderr]    Compiling itoa v1.0.15
[INFO] [stderr]    Compiling crossbeam-epoch v0.9.18
[INFO] [stderr]    Compiling regex-syntax v0.8.8
[INFO] [stderr]    Compiling plotters-backend v0.3.7
[INFO] [stderr]    Compiling crossbeam-deque v0.8.6
[INFO] [stderr]    Compiling os_str_bytes v6.6.1
[INFO] [stderr]    Compiling ryu v1.0.20
[INFO] [stderr]    Compiling hashbrown v0.12.3
[INFO] [stderr]    Compiling clap_lex v0.2.4
[INFO] [stderr]    Compiling plotters-svg v0.3.7
[INFO] [stderr]    Compiling itertools v0.10.5
[INFO] [stderr]    Compiling textwrap v0.16.2
[INFO] [stderr]    Compiling same-file v1.0.6
[INFO] [stderr]    Compiling bitflags v1.3.2
[INFO] [stderr]    Compiling cast v0.3.0
[INFO] [stderr]    Compiling clap v3.2.25
[INFO] [stderr]    Compiling regex-automata v0.4.13
[INFO] [stderr]    Compiling criterion-plot v0.5.0
[INFO] [stderr]    Compiling half v2.7.0
[INFO] [stderr]    Compiling ciborium-ll v0.2.2
[INFO] [stderr]    Compiling ppv-lite86 v0.2.21
[INFO] [stderr]    Compiling walkdir v2.5.0
[INFO] [stderr]    Compiling plotters v0.3.7
[INFO] [stderr]    Compiling rand_chacha v0.3.1
[INFO] [stderr]    Compiling rayon v1.11.0
[INFO] [stderr]    Compiling atty v0.2.14
[INFO] [stderr]    Compiling oorandom v11.1.5
[INFO] [stderr]    Compiling anes v0.1.6
[INFO] [stderr]    Compiling ciborium v0.2.2
[INFO] [stderr]    Compiling tinytemplate v1.2.1
[INFO] [stderr]    Compiling lazy_static v1.5.0
[INFO] [stderr]    Compiling rand v0.8.5
[INFO] [stderr]    Compiling hex v0.4.3
[INFO] [stderr]    Compiling fips204_rs v1.0.1 (/opt/rustwide/workdir)
[INFO] [stderr]    Compiling regex v1.12.2
[INFO] [stderr]    Compiling criterion v0.4.0
[INFO] [stderr]     Finished `release` profile [optimized] target(s) in 1m 21s
[INFO] running `Command { std: "docker" "inspect" "755c1a27d89c35f084464306c324c1ab6beb1a539184b3d5bea16de94ed4a47b", kill_on_drop: false }`
[INFO] running `Command { std: "docker" "exec" "-e" "SOURCE_DIR=/opt/rustwide/workdir" "-e" "CARGO_HOME=/opt/rustwide/cargo-home" "-e" "RUSTUP_HOME=/opt/rustwide/rustup-home" "-e" "CARGO_TARGET_DIR=/opt/rustwide/target" "-e" "CARGO_INCREMENTAL=0" "-e" "RUST_BACKTRACE=full" "-e" "RUSTFLAGS=--cap-lints=warn" "-e" "RUSTDOCFLAGS=--cap-lints=warn" "-w" "/opt/rustwide/workdir" "--user" "0:0" "755c1a27d89c35f084464306c324c1ab6beb1a539184b3d5bea16de94ed4a47b" "/opt/rustwide/cargo-home/bin/cargo" "+1.100.0-beta.1" "test" "--frozen" "--release", kill_on_drop: false }`
[INFO] [stderr]     Finished `release` profile [optimized] target(s) in 0.11s
[INFO] [stderr]      Running unittests src/lib.rs (/opt/rustwide/target/release/build/fips204_rs/a47318b3848b6202/out/fips204_rs-a47318b3848b6202)
[INFO] [stdout] 
[INFO] [stdout] running 34 tests
[INFO] [stdout] test conversion::tests::test_bit_pack_a_range - should panic ... FAILED
[INFO] [stdout] test conversion::tests::test_bit_pack_b_range - should panic ... FAILED
[INFO] [stdout] test conversion::tests::test_bit_unpack_validation1 - should panic ... ok
[INFO] [stdout] test conversion::tests::test_coef_from_half_byte1 ... ok
[INFO] [stdout] test conversion::tests::test_coef_from_half_byte2 ... ok
[INFO] [stdout] test conversion::tests::test_coef_from_half_byte_validation1 - should panic ... FAILED
[INFO] [stdout] test conversion::tests::test_coef_from_half_byte_validation2 - should panic ... FAILED
[INFO] [stdout] test conversion::tests::test_bit_pack_w_range - should panic ... FAILED
[INFO] [stdout] test conversion::tests::test_coef_from_three_bytes3 ... ok
[INFO] [stdout] test conversion::tests::test_simple_bit_pack_b_range - should panic ... FAILED
[INFO] [stdout] test conversion::tests::test_simple_bit_pack_output_size - should panic ... FAILED
[INFO] [stdout] test conversion::tests::test_simple_bit_pack_roundtrip ... ok
[INFO] [stdout] test conversion::tests::test_simple_bit_pack_validation1 ... ok
[INFO] [stdout] test conversion::tests::test_coef_from_three_bytes1 ... ok
[INFO] [stdout] test conversion::tests::test_simple_bit_pack_w_range - should panic ... FAILED
[INFO] [stdout] test conversion::tests::test_hint_bit_unpack_omega_k_range - should panic ... FAILED
[INFO] [stdout] test conversion::tests::test_hint_bit_pack_omega_k_range - should panic ... FAILED
[INFO] [stdout] test conversion::tests::test_coef_from_three_bytes2 ... ok
[INFO] [stdout] test conversion::tests::test_coef_from_half_byte_validation3 ... ok
[INFO] [stdout] test conversion::tests::test_simple_bit_unpack_b_range - should panic ... FAILED
[INFO] [stdout] test conversion::tests::test_simple_bit_unpack_input_size - should panic ... FAILED
[INFO] [stdout] test encodings::tests::test_pk_encode_decode_roundtrip1 ... ok
[INFO] [stdout] test conversion::tests::test_hint_bit_pack_h_range - should panic ... FAILED
[INFO] [stdout] test encodings::tests::test_pk_encode_decode_roundtrip2 ... ok
[INFO] [stdout] test encodings::tests::test_pk_encode_decode_roundtrip3 ... ok
[INFO] [stdout] test encodings::tests::test_sig_roundtrip ... ok
[INFO] [stdout] test conversion::tests::test_simple_bit_unpack_validation1 - should panic ... ok
[INFO] [stdout] test helpers::tests::check_zeta ... ok
[INFO] [stdout] test helpers::tests::test_partial_reduce64b ... ok
[INFO] [stdout] test encodings::tests::test_sk_encode_decode_roundtrip1 ... ok
[INFO] [stdout] test conversion::tests::test_coef_from_three_bytes4 - should panic ... ok
[INFO] [stdout] test tests::ml_dsa_44_smoke_test ... ok
[INFO] [stdout] test tests::ml_dsa_65_smoke_test ... ok
[INFO] [stdout] test tests::ml_dsa_87_smoke_test ... ok
[INFO] [stdout] 
[INFO] [stdout] failures:
[INFO] [stdout] 
[INFO] [stdout] ---- conversion::tests::test_bit_pack_a_range stdout ----
[INFO] [stdout] note: test did not panic as expected at src/conversion.rs:564:8
[INFO] [stdout] ---- conversion::tests::test_bit_pack_b_range stdout ----
[INFO] [stdout] note: test did not panic as expected at src/conversion.rs:572:8
[INFO] [stdout] ---- conversion::tests::test_coef_from_half_byte_validation1 stdout ----
[INFO] [stdout] note: test did not panic as expected at src/conversion.rs:473:8
[INFO] [stdout] ---- conversion::tests::test_coef_from_half_byte_validation2 stdout ----
[INFO] [stdout] note: test did not panic as expected at src/conversion.rs:482:8
[INFO] [stdout] ---- conversion::tests::test_bit_pack_w_range stdout ----
[INFO] [stdout] 
[INFO] [stdout] thread 'conversion::tests::test_bit_pack_w_range' (1047) panicked at src/conversion.rs:174:13:
[INFO] [stdout] index out of bounds: the len is 32 but the index is 32
[INFO] [stdout] stack backtrace:
[INFO] [stdout]    0:     0x5643e9dbd157 - <<std[617be2ca0a6fd877]::sys::backtrace::BacktraceLock>::print::DisplayBacktrace as core[a373ad73a504971]::fmt::Display>::fmt
[INFO] [stdout]    1:     0x5643e9d9e6f4 - core[a373ad73a504971]::fmt::write
[INFO] [stdout]    2:     0x5643e9dbc71b - <alloc[2e1b2a31b91974c5]::vec::Vec<u8> as core[a373ad73a504971]::io::write::Write>::write_fmt
[INFO] [stdout]    3:     0x5643e9dbc319 - std[617be2ca0a6fd877]::panicking::default_hook::{closure#0}
[INFO] [stdout]    4:     0x5643e9dbbf9a - std[617be2ca0a6fd877]::panicking::default_hook
[INFO] [stdout]    5:     0x5643e9dbbacb - std[617be2ca0a6fd877]::panicking::panic_with_hook
[INFO] [stdout]    6:     0x5643e9de1891 - std[617be2ca0a6fd877]::panicking::panic_handler::{closure#0}
[INFO] [stdout]    7:     0x5643e9de1849 - std[617be2ca0a6fd877]::sys::backtrace::__rust_end_short_backtrace::<std[617be2ca0a6fd877]::panicking::panic_handler::{closure#0}, !>
[INFO] [stdout]    8:     0x5643e9de1d3c - __rustc[ea4f61d10b84890b]::rust_begin_unwind
[INFO] [stdout]    9:     0x5643e9d9e58b - core[a373ad73a504971]::panicking::panic_fmt
[INFO] [stdout]   10:     0x5643e9d9f90d - core[a373ad73a504971]::panicking::panic_bounds_check
[INFO] [stdout]   11:     0x5643e9d8c30e - fips204_rs[7f2caeec3caeb79f]::conversion::bit_pack
[INFO] [stdout]   12:     0x5643e9d9a554 - <fips204_rs[7f2caeec3caeb79f]::conversion::tests::test_bit_pack_w_range::{closure#0} as core[a373ad73a504971]::ops::function::FnOnce<()>>::call_once
[INFO] [stdout]   13:     0x5643e9df88ab - test[aada8e7e76ba119b]::__rust_begin_short_backtrace::<core[a373ad73a504971]::result::Result<(), alloc[2e1b2a31b91974c5]::string::String>, fn() -> core[a373ad73a504971]::result::Result<(), alloc[2e1b2a31b91974c5]::string::String>>
[INFO] [stdout]   14:     0x5643e9df3f82 - test[aada8e7e76ba119b]::run_test::{closure#0}
[INFO] [stdout]   15:     0x5643e9df3a2c - std[617be2ca0a6fd877]::sys::backtrace::__rust_begin_short_backtrace::<test[aada8e7e76ba119b]::run_test::{closure#1}, ()>
[INFO] [stdout]   16:     0x5643e9e1283c - <std[617be2ca0a6fd877]::thread::lifecycle::spawn_unchecked<test[aada8e7e76ba119b]::run_test::{closure#1}, ()>::{closure#1} as core[a373ad73a504971]::ops::function::FnOnce<()>>::call_once::{shim:vtable#0}
[INFO] [stdout]   17:     0x5643e9de3458 - <std[617be2ca0a6fd877]::sys::thread::unix::Thread>::new::thread_start
[INFO] [stdout]   18:     0x75cb6082adfa - <unknown>
[INFO] [stdout]   19:     0x75cb608be3d4 - clone
[INFO] [stdout]   20:                0x0 - <unknown>
[INFO] [stdout] note: panic did not contain expected string
[INFO] [stdout]       panic message: "index out of bounds: the len is 32 but the index is 32"
[INFO] [stdout]  expected substring: "Alg 17: w out of range"
[INFO] [stdout] ---- conversion::tests::test_simple_bit_pack_b_range stdout ----
[INFO] [stdout] note: test did not panic as expected at src/conversion.rs:539:8
[INFO] [stdout] ---- conversion::tests::test_simple_bit_pack_output_size stdout ----
[INFO] [stdout] note: test did not panic as expected at src/conversion.rs:556:8
[INFO] [stdout] ---- conversion::tests::test_simple_bit_pack_w_range stdout ----
[INFO] [stdout] 
[INFO] [stdout] thread 'conversion::tests::test_simple_bit_pack_w_range' (1065) panicked at src/conversion.rs:174:13:
[INFO] [stdout] index out of bounds: the len is 32 but the index is 32
[INFO] [stdout] stack backtrace:
[INFO] [stdout]    0:     0x5643e9dbd157 - <<std[617be2ca0a6fd877]::sys::backtrace::BacktraceLock>::print::DisplayBacktrace as core[a373ad73a504971]::fmt::Display>::fmt
[INFO] [stdout]    1:     0x5643e9d9e6f4 - core[a373ad73a504971]::fmt::write
[INFO] [stdout]    2:     0x5643e9dbc71b - <alloc[2e1b2a31b91974c5]::vec::Vec<u8> as core[a373ad73a504971]::io::write::Write>::write_fmt
[INFO] [stdout]    3:     0x5643e9dbc319 - std[617be2ca0a6fd877]::panicking::default_hook::{closure#0}
[INFO] [stdout]    4:     0x5643e9dbbf9a - std[617be2ca0a6fd877]::panicking::default_hook
[INFO] [stdout]    5:     0x5643e9dbbacb - std[617be2ca0a6fd877]::panicking::panic_with_hook
[INFO] [stdout]    6:     0x5643e9de1891 - std[617be2ca0a6fd877]::panicking::panic_handler::{closure#0}
[INFO] [stdout]    7:     0x5643e9de1849 - std[617be2ca0a6fd877]::sys::backtrace::__rust_end_short_backtrace::<std[617be2ca0a6fd877]::panicking::panic_handler::{closure#0}, !>
[INFO] [stdout]    8:     0x5643e9de1d3c - __rustc[ea4f61d10b84890b]::rust_begin_unwind
[INFO] [stdout]    9:     0x5643e9d9e58b - core[a373ad73a504971]::panicking::panic_fmt
[INFO] [stdout]   10:     0x5643e9d9f90d - core[a373ad73a504971]::panicking::panic_bounds_check
[INFO] [stdout]   11:     0x5643e9d8c30e - fips204_rs[7f2caeec3caeb79f]::conversion::bit_pack
[INFO] [stdout]   12:     0x5643e9d9a896 - <fips204_rs[7f2caeec3caeb79f]::conversion::tests::test_simple_bit_pack_w_range::{closure#0} as core[a373ad73a504971]::ops::function::FnOnce<()>>::call_once
[INFO] [stdout]   13:     0x5643e9df88ab - test[aada8e7e76ba119b]::__rust_begin_short_backtrace::<core[a373ad73a504971]::result::Result<(), alloc[2e1b2a31b91974c5]::string::String>, fn() -> core[a373ad73a504971]::result::Result<(), alloc[2e1b2a31b91974c5]::string::String>>
[INFO] [stdout]   14:     0x5643e9df3f82 - test[aada8e7e76ba119b]::run_test::{closure#0}
[INFO] [stdout]   15:     0x5643e9df3a2c - std[617be2ca0a6fd877]::sys::backtrace::__rust_begin_short_backtrace::<test[aada8e7e76ba119b]::run_test::{closure#1}, ()>
[INFO] [stdout]   16:     0x5643e9e1283c - <std[617be2ca0a6fd877]::thread::lifecycle::spawn_unchecked<test[aada8e7e76ba119b]::run_test::{closure#1}, ()>::{closure#1} as core[a373ad73a504971]::ops::function::FnOnce<()>>::call_once::{shim:vtable#0}
[INFO] [stdout]   17:     0x5643e9de3458 - <std[617be2ca0a6fd877]::sys::thread::unix::Thread>::new::thread_start
[INFO] [stdout]   18:     0x75cb6082adfa - <unknown>
[INFO] [stdout]   19:     0x75cb608be3d4 - clone
[INFO] [stdout]   20:                0x0 - <unknown>
[INFO] [stdout] note: panic did not contain expected string
[INFO] [stdout]       panic message: "index out of bounds: the len is 32 but the index is 32"
[INFO] [stdout]  expected substring: "Alg 16: w out of range"
[INFO] [stdout] ---- conversion::tests::test_hint_bit_unpack_omega_k_range stdout ----
[INFO] [stdout] 
[INFO] [stdout] thread 'conversion::tests::test_hint_bit_unpack_omega_k_range' (1060) panicked at src/conversion.rs:362:13:
[INFO] [stdout] index out of bounds: the len is 256 but the index is 256
[INFO] [stdout] stack backtrace:
[INFO] [stdout]    0:     0x5643e9dbd157 - <<std[617be2ca0a6fd877]::sys::backtrace::BacktraceLock>::print::DisplayBacktrace as core[a373ad73a504971]::fmt::Display>::fmt
[INFO] [stdout]    1:     0x5643e9d9e6f4 - core[a373ad73a504971]::fmt::write
[INFO] [stdout]    2:     0x5643e9dbc71b - <alloc[2e1b2a31b91974c5]::vec::Vec<u8> as core[a373ad73a504971]::io::write::Write>::write_fmt
[INFO] [stdout]    3:     0x5643e9dbc319 - std[617be2ca0a6fd877]::panicking::default_hook::{closure#0}
[INFO] [stdout]    4:     0x5643e9dbbf9a - std[617be2ca0a6fd877]::panicking::default_hook
[INFO] [stdout]    5:     0x5643e9dbbacb - std[617be2ca0a6fd877]::panicking::panic_with_hook
[INFO] [stdout]    6:     0x5643e9de1891 - std[617be2ca0a6fd877]::panicking::panic_handler::{closure#0}
[INFO] [stdout]    7:     0x5643e9de1849 - std[617be2ca0a6fd877]::sys::backtrace::__rust_end_short_backtrace::<std[617be2ca0a6fd877]::panicking::panic_handler::{closure#0}, !>
[INFO] [stdout]    8:     0x5643e9de1d3c - __rustc[ea4f61d10b84890b]::rust_begin_unwind
[INFO] [stdout]    9:     0x5643e9d9e58b - core[a373ad73a504971]::panicking::panic_fmt
[INFO] [stdout]   10:     0x5643e9d9f90d - core[a373ad73a504971]::panicking::panic_bounds_check
[INFO] [stdout]   11:     0x5643e9d9ae46 - <fips204_rs[7f2caeec3caeb79f]::conversion::tests::test_hint_bit_unpack_omega_k_range::{closure#0} as core[a373ad73a504971]::ops::function::FnOnce<()>>::call_once
[INFO] [stdout]   12:     0x5643e9df88ab - test[aada8e7e76ba119b]::__rust_begin_short_backtrace::<core[a373ad73a504971]::result::Result<(), alloc[2e1b2a31b91974c5]::string::String>, fn() -> core[a373ad73a504971]::result::Result<(), alloc[2e1b2a31b91974c5]::string::String>>
[INFO] [stdout]   13:     0x5643e9df3f82 - test[aada8e7e76ba119b]::run_test::{closure#0}
[INFO] [stdout]   14:     0x5643e9df3a2c - std[617be2ca0a6fd877]::sys::backtrace::__rust_begin_short_backtrace::<test[aada8e7e76ba119b]::run_test::{closure#1}, ()>
[INFO] [stdout]   15:     0x5643e9e1283c - <std[617be2ca0a6fd877]::thread::lifecycle::spawn_unchecked<test[aada8e7e76ba119b]::run_test::{closure#1}, ()>::{closure#1} as core[a373ad73a504971]::ops::function::FnOnce<()>>::call_once::{shim:vtable#0}
[INFO] [stdout]   16:     0x5643e9de3458 - <std[617be2ca0a6fd877]::sys::thread::unix::Thread>::new::thread_start
[INFO] [stdout]   17:     0x75cb6082adfa - <unknown>
[INFO] [stdout]   18:     0x75cb608be3d4 - clone
[INFO] [stdout]   19:                0x0 - <unknown>
[INFO] [stdout] note: panic did not contain expected string
[INFO] [stdout]       panic message: "index out of bounds: the len is 256 but the index is 256"
[INFO] [stdout]  expected substring: "Alg 21: omega+K too large"
[INFO] [stdout] ---- conversion::tests::test_hint_bit_pack_omega_k_range stdout ----
[INFO] [stdout] 
[INFO] [stdout] thread 'conversion::tests::test_hint_bit_pack_omega_k_range' (1059) panicked at src/conversion.rs:324:9:
[INFO] [stdout] index out of bounds: the len is 256 but the index is 256
[INFO] [stdout] stack backtrace:
[INFO] [stdout]    0:     0x5643e9dbd157 - <<std[617be2ca0a6fd877]::sys::backtrace::BacktraceLock>::print::DisplayBacktrace as core[a373ad73a504971]::fmt::Display>::fmt
[INFO] [stdout]    1:     0x5643e9d9e6f4 - core[a373ad73a504971]::fmt::write
[INFO] [stdout]    2:     0x5643e9dbc71b - <alloc[2e1b2a31b91974c5]::vec::Vec<u8> as core[a373ad73a504971]::io::write::Write>::write_fmt
[INFO] [stdout]    3:     0x5643e9dbc319 - std[617be2ca0a6fd877]::panicking::default_hook::{closure#0}
[INFO] [stdout]    4:     0x5643e9dbbf9a - std[617be2ca0a6fd877]::panicking::default_hook
[INFO] [stdout]    5:     0x5643e9dbbacb - std[617be2ca0a6fd877]::panicking::panic_with_hook
[INFO] [stdout]    6:     0x5643e9de1891 - std[617be2ca0a6fd877]::panicking::panic_handler::{closure#0}
[INFO] [stdout]    7:     0x5643e9de1849 - std[617be2ca0a6fd877]::sys::backtrace::__rust_end_short_backtrace::<std[617be2ca0a6fd877]::panicking::panic_handler::{closure#0}, !>
[INFO] [stdout]    8:     0x5643e9de1d3c - __rustc[ea4f61d10b84890b]::rust_begin_unwind
[INFO] [stdout]    9:     0x5643e9d9e58b - core[a373ad73a504971]::panicking::panic_fmt
[INFO] [stdout]   10:     0x5643e9d9f90d - core[a373ad73a504971]::panicking::panic_bounds_check
[INFO] [stdout]   11:     0x5643e9d9ab88 - <fips204_rs[7f2caeec3caeb79f]::conversion::tests::test_hint_bit_pack_omega_k_range::{closure#0} as core[a373ad73a504971]::ops::function::FnOnce<()>>::call_once
[INFO] [stdout]   12:     0x5643e9df88ab - test[aada8e7e76ba119b]::__rust_begin_short_backtrace::<core[a373ad73a504971]::result::Result<(), alloc[2e1b2a31b91974c5]::string::String>, fn() -> core[a373ad73a504971]::result::Result<(), alloc[2e1b2a31b91974c5]::string::String>>
[INFO] [stdout]   13:     0x5643e9df3f82 - test[aada8e7e76ba119b]::run_test::{closure#0}
[INFO] [stdout]   14:     0x5643e9df3a2c - std[617be2ca0a6fd877]::sys::backtrace::__rust_begin_short_backtrace::<test[aada8e7e76ba119b]::run_test::{closure#1}, ()>
[INFO] [stdout]   15:     0x5643e9e1283c - <std[617be2ca0a6fd877]::thread::lifecycle::spawn_unchecked<test[aada8e7e76ba119b]::run_test::{closure#1}, ()>::{closure#1} as core[a373ad73a504971]::ops::function::FnOnce<()>>::call_once::{shim:vtable#0}
[INFO] [stdout]   16:     0x5643e9de3458 - <std[617be2ca0a6fd877]::sys::thread::unix::Thread>::new::thread_start
[INFO] [stdout]   17:     0x75cb6082adfa - <unknown>
[INFO] [stdout]   18:     0x75cb608be3d4 - clone
[INFO] [stdout]   19:                0x0 - <unknown>
[INFO] [stdout] note: panic did not contain expected string
[INFO] [stdout]       panic message: "index out of bounds: the len is 256 but the index is 256"
[INFO] [stdout]  expected substring: "Alg 20: omega+K out of range"
[INFO] [stdout] ---- conversion::tests::test_simple_bit_unpack_b_range stdout ----
[INFO] [stdout] 
[INFO] [stdout] thread 'conversion::tests::test_simple_bit_unpack_b_range' (1066) panicked at src/conversion.rs:249:13:
[INFO] [stdout] index out of bounds: the len is 256 but the index is 256
[INFO] [stdout] stack backtrace:
[INFO] [stdout]    0:     0x5643e9dbd157 - <<std[617be2ca0a6fd877]::sys::backtrace::BacktraceLock>::print::DisplayBacktrace as core[a373ad73a504971]::fmt::Display>::fmt
[INFO] [stdout]    1:     0x5643e9d9e6f4 - core[a373ad73a504971]::fmt::write
[INFO] [stdout]    2:     0x5643e9dbc71b - <alloc[2e1b2a31b91974c5]::vec::Vec<u8> as core[a373ad73a504971]::io::write::Write>::write_fmt
[INFO] [stdout]    3:     0x5643e9dbc319 - std[617be2ca0a6fd877]::panicking::default_hook::{closure#0}
[INFO] [stdout]    4:     0x5643e9dbbf9a - std[617be2ca0a6fd877]::panicking::default_hook
[INFO] [stdout]    5:     0x5643e9dbbacb - std[617be2ca0a6fd877]::panicking::panic_with_hook
[INFO] [stdout]    6:     0x5643e9de1891 - std[617be2ca0a6fd877]::panicking::panic_handler::{closure#0}
[INFO] [stdout]    7:     0x5643e9de1849 - std[617be2ca0a6fd877]::sys::backtrace::__rust_end_short_backtrace::<std[617be2ca0a6fd877]::panicking::panic_handler::{closure#0}, !>
[INFO] [stdout]    8:     0x5643e9de1d3c - __rustc[ea4f61d10b84890b]::rust_begin_unwind
[INFO] [stdout]    9:     0x5643e9d9e58b - core[a373ad73a504971]::panicking::panic_fmt
[INFO] [stdout]   10:     0x5643e9d9f90d - core[a373ad73a504971]::panicking::panic_bounds_check
[INFO] [stdout]   11:     0x5643e9d8c1eb - fips204_rs[7f2caeec3caeb79f]::conversion::bit_unpack
[INFO] [stdout]   12:     0x5643e9d9aab9 - <fips204_rs[7f2caeec3caeb79f]::conversion::tests::test_simple_bit_unpack_b_range::{closure#0} as core[a373ad73a504971]::ops::function::FnOnce<()>>::call_once
[INFO] [stdout]   13:     0x5643e9df88ab - test[aada8e7e76ba119b]::__rust_begin_short_backtrace::<core[a373ad73a504971]::result::Result<(), alloc[2e1b2a31b91974c5]::string::String>, fn() -> core[a373ad73a504971]::result::Result<(), alloc[2e1b2a31b91974c5]::string::String>>
[INFO] [stdout]   14:     0x5643e9df3f82 - test[aada8e7e76ba119b]::run_test::{closure#0}
[INFO] [stdout]   15:     0x5643e9df3a2c - std[617be2ca0a6fd877]::sys::backtrace::__rust_begin_short_backtrace::<test[aada8e7e76ba119b]::run_test::{closure#1}, ()>
[INFO] [stdout]   16:     0x5643e9e1283c - <std[617be2ca0a6fd877]::thread::lifecycle::spawn_unchecked<test[aada8e7e76ba119b]::run_test::{closure#1}, ()>::{closure#1} as core[a373ad73a504971]::ops::function::FnOnce<()>>::call_once::{shim:vtable#0}
[INFO] [stdout]   17:     0x5643e9de3458 - <std[617be2ca0a6fd877]::sys::thread::unix::Thread>::new::thread_start
[INFO] [stdout]   18:     0x75cb6082adfa - <unknown>
[INFO] [stdout]   19:     0x75cb608be3d4 - clone
[INFO] [stdout]   20:                0x0 - <unknown>
[INFO] [stdout] note: panic did not contain expected string
[INFO] [stdout]       panic message: "index out of bounds: the len is 256 but the index is 256"
[INFO] [stdout]  expected substring: "Alg 18: b out of range"
[INFO] [stdout] ---- conversion::tests::test_simple_bit_unpack_input_size stdout ----
[INFO] [stdout] 
[INFO] [stdout] thread 'conversion::tests::test_simple_bit_unpack_input_size' (1067) panicked at src/conversion.rs:249:13:
[INFO] [stdout] index out of bounds: the len is 256 but the index is 256
[INFO] [stdout] stack backtrace:
[INFO] [stdout]    0:     0x5643e9dbd157 - <<std[617be2ca0a6fd877]::sys::backtrace::BacktraceLock>::print::DisplayBacktrace as core[a373ad73a504971]::fmt::Display>::fmt
[INFO] [stdout]    1:     0x5643e9d9e6f4 - core[a373ad73a504971]::fmt::write
[INFO] [stdout]    2:     0x5643e9dbc71b - <alloc[2e1b2a31b91974c5]::vec::Vec<u8> as core[a373ad73a504971]::io::write::Write>::write_fmt
[INFO] [stdout]    3:     0x5643e9dbc319 - std[617be2ca0a6fd877]::panicking::default_hook::{closure#0}
[INFO] [stdout]    4:     0x5643e9dbbf9a - std[617be2ca0a6fd877]::panicking::default_hook
[INFO] [stdout]    5:     0x5643e9dbbacb - std[617be2ca0a6fd877]::panicking::panic_with_hook
[INFO] [stdout]    6:     0x5643e9de1891 - std[617be2ca0a6fd877]::panicking::panic_handler::{closure#0}
[INFO] [stdout]    7:     0x5643e9de1849 - std[617be2ca0a6fd877]::sys::backtrace::__rust_end_short_backtrace::<std[617be2ca0a6fd877]::panicking::panic_handler::{closure#0}, !>
[INFO] [stdout]    8:     0x5643e9de1d3c - __rustc[ea4f61d10b84890b]::rust_begin_unwind
[INFO] [stdout]    9:     0x5643e9d9e58b - core[a373ad73a504971]::panicking::panic_fmt
[INFO] [stdout]   10:     0x5643e9d9f90d - core[a373ad73a504971]::panicking::panic_bounds_check
[INFO] [stdout]   11:     0x5643e9d8c1eb - fips204_rs[7f2caeec3caeb79f]::conversion::bit_unpack
[INFO] [stdout]   12:     0x5643e9d9ad52 - <fips204_rs[7f2caeec3caeb79f]::conversion::tests::test_simple_bit_unpack_input_size::{closure#0} as core[a373ad73a504971]::ops::function::FnOnce<()>>::call_once
[INFO] [stdout]   13:     0x5643e9df88ab - test[aada8e7e76ba119b]::__rust_begin_short_backtrace::<core[a373ad73a504971]::result::Result<(), alloc[2e1b2a31b91974c5]::string::String>, fn() -> core[a373ad73a504971]::result::Result<(), alloc[2e1b2a31b91974c5]::string::String>>
[INFO] [stdout]   14:     0x5643e9df3f82 - test[aada8e7e76ba119b]::run_test::{closure#0}
[INFO] [stdout]   15:     0x5643e9df3a2c - std[617be2ca0a6fd877]::sys::backtrace::__rust_begin_short_backtrace::<test[aada8e7e76ba119b]::run_test::{closure#1}, ()>
[INFO] [stdout]   16:     0x5643e9e1283c - <std[617be2ca0a6fd877]::thread::lifecycle::spawn_unchecked<test[aada8e7e76ba119b]::run_test::{closure#1}, ()>::{closure#1} as core[a373ad73a504971]::ops::function::FnOnce<()>>::call_once::{shim:vtable#0}
[INFO] [stdout]   17:     0x5643e9de3458 - <std[617be2ca0a6fd877]::sys::thread::unix::Thread>::new::thread_start
[INFO] [stdout]   18:     0x75cb6082adfa - <unknown>
[INFO] [stdout]   19:     0x75cb608be3d4 - clone
[INFO] [stdout]   20:                0x0 - <unknown>
[INFO] [stdout] note: panic did not contain expected string
[INFO] [stdout]       panic message: "index out of bounds: the len is 256 but the index is 256"
[INFO] [stdout]  expected substring: "Alg 18: bad output size"
[INFO] [stdout] ---- conversion::tests::test_hint_bit_pack_h_range stdout ----
[INFO] [stdout] note: test did not panic as expected at src/conversion.rs:612:8
[INFO] [stdout] 
[INFO] [stdout] failures:
[INFO] [stdout]     conversion::tests::test_bit_pack_a_range
[INFO] [stdout]     conversion::tests::test_bit_pack_b_range
[INFO] [stdout]     conversion::tests::test_bit_pack_w_range
[INFO] [stdout]     conversion::tests::test_coef_from_half_byte_validation1
[INFO] [stdout]     conversion::tests::test_coef_from_half_byte_validation2
[INFO] [stdout]     conversion::tests::test_hint_bit_pack_h_range
[INFO] [stdout]     conversion::tests::test_hint_bit_pack_omega_k_range
[INFO] [stdout]     conversion::tests::test_hint_bit_unpack_omega_k_range
[INFO] [stdout]     conversion::tests::test_simple_bit_pack_b_range
[INFO] [stdout]     conversion::tests::test_simple_bit_pack_output_size
[INFO] [stdout]     conversion::tests::test_simple_bit_pack_w_range
[INFO] [stdout]     conversion::tests::test_simple_bit_unpack_b_range
[INFO] [stdout]     conversion::tests::test_simple_bit_unpack_input_size
[INFO] [stdout] 
[INFO] [stdout] test result: FAILED. 21 passed; 13 failed; 0 ignored; 0 measured; 0 filtered out; finished in 0.69s
[INFO] [stdout] 
[INFO] [stderr] error: test failed, to rerun pass `--lib`
[INFO] running `Command { std: "docker" "inspect" "755c1a27d89c35f084464306c324c1ab6beb1a539184b3d5bea16de94ed4a47b", kill_on_drop: false }`
[INFO] running `Command { std: "docker" "rm" "-f" "755c1a27d89c35f084464306c324c1ab6beb1a539184b3d5bea16de94ed4a47b", kill_on_drop: false }`
[INFO] [stdout] 755c1a27d89c35f084464306c324c1ab6beb1a539184b3d5bea16de94ed4a47b
