[INFO] fetching crate fips204 0.4.6...
[INFO] testing fips204-0.4.6 against 1.100.0-beta.1+cargoflags=--release for beta-release-1.100-2
[INFO] extracting crate fips204 0.4.6 into /workspace/builds/worker-0-tc2/source
[INFO] started tweaking crates.io crate fips204 0.4.6
[INFO] removed 0 missing tests
[INFO] finished tweaking crates.io crate fips204 0.4.6
[INFO] tweaked toml for crates.io crate fips204 0.4.6 written to /workspace/builds/worker-0-tc2/source/Cargo.toml
[INFO] validating manifest of crates.io crate fips204 0.4.6 on toolchain 1.100.0-beta.1
[INFO] running `Command { std: CARGO_HOME="/workspace/cargo-home" RUSTUP_HOME="/workspace/rustup-home" "/workspace/cargo-home/bin/cargo" "+1.100.0-beta.1" "metadata" "--manifest-path" "Cargo.toml" "--no-deps", kill_on_drop: false }`
[INFO] running `Command { std: CARGO_HOME="/workspace/cargo-home" RUSTUP_HOME="/workspace/rustup-home" "/workspace/cargo-home/bin/cargo" "+1.100.0-beta.1" "generate-lockfile" "--manifest-path" "Cargo.toml", kill_on_drop: false }`
[INFO] [stderr]     Updating crates.io index
[INFO] [stderr]      Locking 94 packages to highest compatible versions
[INFO] [stderr]       Adding criterion v0.4.0 (available: v0.8.2)
[INFO] [stderr]       Adding generic-array v0.14.7 (available: v0.14.9)
[INFO] [stderr]       Adding rand v0.8.8 (available: v0.10.3)
[INFO] [stderr]       Adding rand_chacha v0.3.1 (available: v0.10.0)
[INFO] [stderr]       Adding rand_core v0.6.4 (available: v0.10.1)
[INFO] [stderr]       Adding sha2 v0.10.9 (available: v0.11.1)
[INFO] [stderr]       Adding sha3 v0.10.9 (available: v0.12.0)
[INFO] running `Command { std: CARGO_HOME="/workspace/cargo-home" RUSTUP_HOME="/workspace/rustup-home" "/workspace/cargo-home/bin/cargo" "+1.100.0-beta.1" "fetch" "--manifest-path" "Cargo.toml", kill_on_drop: false }`
[INFO] running `Command { std: "docker" "create" "-v" "/var/lib/crater-agent-workspace/builds/worker-0-tc2/source:/opt/rustwide/workdir:ro,Z" "-v" "/var/lib/crater-agent-workspace/builds/worker-0-tc2/target:/opt/rustwide/target:rw,Z" "-v" "/var/lib/crater-agent-workspace/cargo-home:/opt/rustwide/cargo-home:ro,Z" "-v" "/var/lib/crater-agent-workspace/rustup-home:/opt/rustwide/rustup-home:ro,Z" "-m" "1610612736" "--network" "none" "ghcr.io/rust-lang/crates-build-env/linux@sha256:77db811e55d90add9212f6832c23229e3de5f1c1f9905e8cb07319ea15df73ac" "sleep" "infinity", kill_on_drop: false }`
[INFO] [stdout] cbbfe9732e71ed4fc1ddcabc08324914a4039c371860b404bf7151b34c6165e3
[INFO] running `Command { std: "docker" "start" "cbbfe9732e71ed4fc1ddcabc08324914a4039c371860b404bf7151b34c6165e3", kill_on_drop: false }`
[INFO] running `Command { std: "docker" "inspect" "cbbfe9732e71ed4fc1ddcabc08324914a4039c371860b404bf7151b34c6165e3", kill_on_drop: false }`
[INFO] running `Command { std: "docker" "exec" "-e" "SOURCE_DIR=/opt/rustwide/workdir" "-e" "CARGO_HOME=/opt/rustwide/cargo-home" "-e" "RUSTUP_HOME=/opt/rustwide/rustup-home" "-e" "CARGO_TARGET_DIR=/opt/rustwide/target" "-w" "/opt/rustwide/workdir" "--user" "0:0" "cbbfe9732e71ed4fc1ddcabc08324914a4039c371860b404bf7151b34c6165e3" "/opt/rustwide/cargo-home/bin/cargo" "+1.100.0-beta.1" "metadata" "--no-deps" "--format-version=1", kill_on_drop: false }`
[INFO] running `Command { std: "docker" "inspect" "cbbfe9732e71ed4fc1ddcabc08324914a4039c371860b404bf7151b34c6165e3", kill_on_drop: false }`
[INFO] running `Command { std: "docker" "exec" "-e" "SOURCE_DIR=/opt/rustwide/workdir" "-e" "CARGO_HOME=/opt/rustwide/cargo-home" "-e" "RUSTUP_HOME=/opt/rustwide/rustup-home" "-e" "CARGO_TARGET_DIR=/opt/rustwide/target" "-e" "CARGO_INCREMENTAL=0" "-e" "RUST_BACKTRACE=full" "-e" "RUSTFLAGS=--cap-lints=warn" "-e" "RUSTDOCFLAGS=--cap-lints=warn" "-w" "/opt/rustwide/workdir" "--user" "0:0" "cbbfe9732e71ed4fc1ddcabc08324914a4039c371860b404bf7151b34c6165e3" "/opt/rustwide/cargo-home/bin/cargo" "+1.100.0-beta.1" "build" "--frozen" "--message-format=json" "--release", kill_on_drop: false }`
[INFO] [stderr]    Compiling version_check v0.9.5
[INFO] [stderr]    Compiling typenum v1.20.1
[INFO] [stderr]    Compiling proc-macro2 v1.0.107
[INFO] [stderr]    Compiling unicode-ident v1.0.27
[INFO] [stderr]    Compiling quote v1.0.47
[INFO] [stderr]    Compiling libc v0.2.191
[INFO] [stderr]    Compiling cfg-if v1.0.5
[INFO] [stderr]    Compiling keccak v0.1.6
[INFO] [stderr]    Compiling cpufeatures v0.2.17
[INFO] [stderr]    Compiling generic-array v0.14.7
[INFO] [stderr]    Compiling block-buffer v0.10.4
[INFO] [stderr]    Compiling crypto-common v0.1.7
[INFO] [stderr]    Compiling syn v2.0.119
[INFO] [stderr]    Compiling digest v0.10.7
[INFO] [stderr]    Compiling sha3 v0.10.9
[INFO] [stderr]    Compiling sha2 v0.10.9
[INFO] [stderr]    Compiling getrandom v0.2.17
[INFO] [stderr]    Compiling rand_core v0.6.4
[INFO] [stderr]    Compiling zeroize_derive v1.5.0
[INFO] [stderr]    Compiling zeroize v1.9.1
[INFO] [stderr]    Compiling fips204 v0.4.6 (/opt/rustwide/workdir)
[INFO] [stderr]     Finished `release` profile [optimized] target(s) in 11.45s
[INFO] running `Command { std: "docker" "inspect" "cbbfe9732e71ed4fc1ddcabc08324914a4039c371860b404bf7151b34c6165e3", kill_on_drop: false }`
[INFO] running `Command { std: "docker" "exec" "-e" "SOURCE_DIR=/opt/rustwide/workdir" "-e" "CARGO_HOME=/opt/rustwide/cargo-home" "-e" "RUSTUP_HOME=/opt/rustwide/rustup-home" "-e" "CARGO_TARGET_DIR=/opt/rustwide/target" "-e" "CARGO_INCREMENTAL=0" "-e" "RUST_BACKTRACE=full" "-e" "RUSTFLAGS=--cap-lints=warn" "-e" "RUSTDOCFLAGS=--cap-lints=warn" "-w" "/opt/rustwide/workdir" "--user" "0:0" "cbbfe9732e71ed4fc1ddcabc08324914a4039c371860b404bf7151b34c6165e3" "/opt/rustwide/cargo-home/bin/cargo" "+1.100.0-beta.1" "test" "--frozen" "--no-run" "--message-format=json" "--release", kill_on_drop: false }`
[INFO] [stderr]    Compiling autocfg v1.5.1
[INFO] [stderr]    Compiling zerocopy v0.8.63
[INFO] [stderr]    Compiling serde_core v1.0.229
[INFO] [stderr]    Compiling crossbeam-utils v0.8.23
[INFO] [stderr]    Compiling crossbeam-epoch v0.9.21
[INFO] [stderr]    Compiling memchr v2.8.3
[INFO] [stderr]    Compiling crossbeam-deque v0.8.8
[INFO] [stderr]    Compiling zmij v1.0.23
[INFO] [stderr]    Compiling serde v1.0.229
[INFO] [stderr]    Compiling either v1.19.0
[INFO] [stderr]    Compiling serde_json v1.0.154
[INFO] [stderr]    Compiling rayon-core v1.13.0
[INFO] [stderr]    Compiling hashbrown v0.12.3
[INFO] [stderr]    Compiling syn v3.0.9
[INFO] [stderr]    Compiling zerocopy-derive v0.8.63
[INFO] [stderr]    Compiling getrandom v0.2.17
[INFO] [stderr]    Compiling itoa v1.0.18
[INFO] [stderr]    Compiling plotters-backend v0.3.7
[INFO] [stderr]    Compiling os_str_bytes v6.6.1
[INFO] [stderr]    Compiling rand_core v0.6.4
[INFO] [stderr]    Compiling aho-corasick v1.1.5
[INFO] [stderr]    Compiling ciborium-io v0.2.2
[INFO] [stderr]    Compiling regex-syntax v0.8.11
[INFO] [stderr]    Compiling itertools v0.10.5
[INFO] [stderr]    Compiling cast v0.3.0
[INFO] [stderr]    Compiling clap_lex v0.2.4
[INFO] [stderr]    Compiling bitflags v1.3.2
[INFO] [stderr]    Compiling plotters-svg v0.3.7
[INFO] [stderr]    Compiling textwrap v0.16.4
[INFO] [stderr]    Compiling same-file v1.0.6
[INFO] [stderr]    Compiling num-traits v0.2.19
[INFO] [stderr]    Compiling indexmap v1.9.3
[INFO] [stderr]    Compiling walkdir v2.5.0
[INFO] [stderr]    Compiling atty v0.2.14
[INFO] [stderr]    Compiling oorandom v11.1.5
[INFO] [stderr]    Compiling lazy_static v1.5.1
[INFO] [stderr]    Compiling anes v0.1.6
[INFO] [stderr]    Compiling hex v0.4.3
[INFO] [stderr]    Compiling fips204 v0.4.6 (/opt/rustwide/workdir)
[INFO] [stderr]    Compiling clap v3.2.25
[INFO] [stderr]    Compiling plotters v0.3.7
[INFO] [stderr]    Compiling criterion-plot v0.5.0
[INFO] [stderr]    Compiling rayon v1.12.0
[INFO] [stderr]    Compiling serde_derive v1.0.229
[INFO] [stderr]    Compiling regex-automata v0.4.18
[INFO] [stderr]    Compiling half v2.7.1
[INFO] [stderr]    Compiling ppv-lite86 v0.2.21
[INFO] [stderr]    Compiling regex v1.13.1
[INFO] [stderr]    Compiling tinytemplate v1.2.1
[INFO] [stderr]    Compiling ciborium-ll v0.2.2
[INFO] [stderr]    Compiling rand_chacha v0.3.1
[INFO] [stderr]    Compiling ciborium v0.2.2
[INFO] [stderr]    Compiling rand v0.8.8
[INFO] [stderr]    Compiling criterion v0.4.0
[INFO] [stderr]     Finished `release` profile [optimized] target(s) in 55.74s
[INFO] running `Command { std: "docker" "inspect" "cbbfe9732e71ed4fc1ddcabc08324914a4039c371860b404bf7151b34c6165e3", kill_on_drop: false }`
[INFO] running `Command { std: "docker" "exec" "-e" "SOURCE_DIR=/opt/rustwide/workdir" "-e" "CARGO_HOME=/opt/rustwide/cargo-home" "-e" "RUSTUP_HOME=/opt/rustwide/rustup-home" "-e" "CARGO_TARGET_DIR=/opt/rustwide/target" "-e" "CARGO_INCREMENTAL=0" "-e" "RUST_BACKTRACE=full" "-e" "RUSTFLAGS=--cap-lints=warn" "-e" "RUSTDOCFLAGS=--cap-lints=warn" "-w" "/opt/rustwide/workdir" "--user" "0:0" "cbbfe9732e71ed4fc1ddcabc08324914a4039c371860b404bf7151b34c6165e3" "/opt/rustwide/cargo-home/bin/cargo" "+1.100.0-beta.1" "test" "--frozen" "--release", kill_on_drop: false }`
[INFO] [stderr]     Finished `release` profile [optimized] target(s) in 0.15s
[INFO] [stderr]      Running unittests src/lib.rs (/opt/rustwide/target/release/build/fips204/2b3675b3d8e9f613/out/fips204-2b3675b3d8e9f613)
[INFO] [stdout] 
[INFO] [stdout] running 34 tests
[INFO] [stdout] test conversion::tests::test_coef_from_three_bytes2 ... ok
[INFO] [stdout] test conversion::tests::test_hint_bit_pack_h_range - should panic ... FAILED
[INFO] [stdout] test conversion::tests::test_bit_unpack_validation1 - should panic ... ok
[INFO] [stdout] test conversion::tests::test_hint_bit_pack_omega_k_range - should panic ... FAILED
[INFO] [stdout] test conversion::tests::test_bit_pack_w_range - should panic ... FAILED
[INFO] [stdout] test conversion::tests::test_bit_pack_a_range - should panic ... FAILED
[INFO] [stdout] test conversion::tests::test_hint_bit_unpack_omega_k_range - should panic ... FAILED
[INFO] [stdout] test conversion::tests::test_coef_from_three_bytes1 ... ok
[INFO] [stdout] test conversion::tests::test_simple_bit_pack_validation1 ... ok
[INFO] [stdout] test conversion::tests::test_coef_from_half_byte_validation2 - should panic ... FAILED
[INFO] [stdout] test conversion::tests::test_simple_bit_pack_output_size - should panic ... FAILED
[INFO] [stdout] test conversion::tests::test_simple_bit_pack_b_range - should panic ... FAILED
[INFO] [stdout] test conversion::tests::test_simple_bit_pack_roundtrip ... ok
[INFO] [stdout] test encodings::tests::test_pk_encode_decode_roundtrip3 ... ok
[INFO] [stdout] test encodings::tests::test_sig_roundtrip ... ok
[INFO] [stdout] test conversion::tests::test_coef_from_half_byte2 ... ok
[INFO] [stdout] test conversion::tests::test_coef_from_half_byte1 ... ok
[INFO] [stdout] test helpers::tests::test_partial_reduce64b ... ok
[INFO] [stdout] test helpers::tests::check_zeta ... ok
[INFO] [stdout] test conversion::tests::test_simple_bit_unpack_b_range - should panic ... FAILED
[INFO] [stdout] test encodings::tests::test_sk_encode_decode_roundtrip1 ... ok
[INFO] [stdout] test conversion::tests::test_coef_from_three_bytes4 - should panic ... ok
[INFO] [stdout] test conversion::tests::test_coef_from_half_byte_validation1 - should panic ... FAILED
[INFO] [stdout] test conversion::tests::test_coef_from_three_bytes3 ... ok
[INFO] [stdout] test conversion::tests::test_simple_bit_pack_w_range - should panic ... FAILED
[INFO] [stdout] test encodings::tests::test_pk_encode_decode_roundtrip1 ... ok
[INFO] [stdout] test conversion::tests::test_simple_bit_unpack_input_size - should panic ... FAILED
[INFO] [stdout] test conversion::tests::test_simple_bit_unpack_validation1 - should panic ... ok
[INFO] [stdout] test conversion::tests::test_coef_from_half_byte_validation3 ... ok
[INFO] [stdout] test conversion::tests::test_bit_pack_b_range - should panic ... FAILED
[INFO] [stdout] test encodings::tests::test_pk_encode_decode_roundtrip2 ... ok
[INFO] [stdout] test ml_dsa_44::tests::smoke_test ... ok
[INFO] [stdout] test ml_dsa_87::tests::smoke_test ... ok
[INFO] [stdout] test ml_dsa_65::tests::smoke_test ... ok
[INFO] [stdout] 
[INFO] [stdout] failures:
[INFO] [stdout] 
[INFO] [stdout] ---- conversion::tests::test_hint_bit_pack_h_range stdout ----
[INFO] [stdout] note: test did not panic as expected at src/conversion.rs:607:8
[INFO] [stdout] ---- conversion::tests::test_hint_bit_pack_omega_k_range stdout ----
[INFO] [stdout] 
[INFO] [stdout] thread 'conversion::tests::test_hint_bit_pack_omega_k_range' (1315) panicked at src/conversion.rs:322:9:
[INFO] [stdout] index out of bounds: the len is 256 but the index is 256
[INFO] [stdout] stack backtrace:
[INFO] [stdout]    0:     0x5bce22a989d7 - <<std[617be2ca0a6fd877]::sys::backtrace::BacktraceLock>::print::DisplayBacktrace as core[a373ad73a504971]::fmt::Display>::fmt
[INFO] [stdout]    1:     0x5bce22a79f04 - core[a373ad73a504971]::fmt::write
[INFO] [stdout]    2:     0x5bce22a97f9b - <alloc[2e1b2a31b91974c5]::vec::Vec<u8> as core[a373ad73a504971]::io::write::Write>::write_fmt
[INFO] [stdout]    3:     0x5bce22a97b99 - std[617be2ca0a6fd877]::panicking::default_hook::{closure#0}
[INFO] [stdout]    4:     0x5bce22a9781a - std[617be2ca0a6fd877]::panicking::default_hook
[INFO] [stdout]    5:     0x5bce22a9734b - std[617be2ca0a6fd877]::panicking::panic_with_hook
[INFO] [stdout]    6:     0x5bce22abd111 - std[617be2ca0a6fd877]::panicking::panic_handler::{closure#0}
[INFO] [stdout]    7:     0x5bce22abd0c9 - std[617be2ca0a6fd877]::sys::backtrace::__rust_end_short_backtrace::<std[617be2ca0a6fd877]::panicking::panic_handler::{closure#0}, !>
[INFO] [stdout]    8:     0x5bce22abd5bc - __rustc[ea4f61d10b84890b]::rust_begin_unwind
[INFO] [stdout]    9:     0x5bce22a79d9b - core[a373ad73a504971]::panicking::panic_fmt
[INFO] [stdout]   10:     0x5bce22a7b148 - core[a373ad73a504971]::panicking::panic_bounds_check
[INFO] [stdout]   11:     0x5bce22a7377d - <fips204[707d110ba8fb008e]::conversion::tests::test_hint_bit_pack_omega_k_range::{closure#0} as core[a373ad73a504971]::ops::function::FnOnce<()>>::call_once
[INFO] [stdout]   12:     0x5bce22ad412b - test[aada8e7e76ba119b]::__rust_begin_short_backtrace::<core[a373ad73a504971]::result::Result<(), alloc[2e1b2a31b91974c5]::string::String>, fn() -> core[a373ad73a504971]::result::Result<(), alloc[2e1b2a31b91974c5]::string::String>>
[INFO] [stdout]   13:     0x5bce22acf802 - test[aada8e7e76ba119b]::run_test::{closure#0}
[INFO] [stdout]   14:     0x5bce22acf2ac - std[617be2ca0a6fd877]::sys::backtrace::__rust_begin_short_backtrace::<test[aada8e7e76ba119b]::run_test::{closure#1}, ()>
[INFO] [stdout]   15:     0x5bce22aee0bc - <std[617be2ca0a6fd877]::thread::lifecycle::spawn_unchecked<test[aada8e7e76ba119b]::run_test::{closure#1}, ()>::{closure#1} as core[a373ad73a504971]::ops::function::FnOnce<()>>::call_once::{shim:vtable#0}
[INFO] [stdout]   16:     0x5bce22abecd8 - <std[617be2ca0a6fd877]::sys::thread::unix::Thread>::new::thread_start
[INFO] [stdout]   17:     0x79ef175ccdfa - <unknown>
[INFO] [stdout]   18:     0x79ef176603d4 - clone
[INFO] [stdout]   19:                0x0 - <unknown>
[INFO] [stdout] note: panic did not contain expected string
[INFO] [stdout]       panic message: "index out of bounds: the len is 256 but the index is 256"
[INFO] [stdout]  expected substring: "Alg 20: omega+K out of range"
[INFO] [stdout] ---- conversion::tests::test_bit_pack_w_range stdout ----
[INFO] [stdout] 
[INFO] [stdout] thread 'conversion::tests::test_bit_pack_w_range' (1303) panicked at src/conversion.rs:175:13:
[INFO] [stdout] index out of bounds: the len is 32 but the index is 32
[INFO] [stdout] stack backtrace:
[INFO] [stdout]    0:     0x5bce22a989d7 - <<std[617be2ca0a6fd877]::sys::backtrace::BacktraceLock>::print::DisplayBacktrace as core[a373ad73a504971]::fmt::Display>::fmt
[INFO] [stdout]    1:     0x5bce22a79f04 - core[a373ad73a504971]::fmt::write
[INFO] [stdout]    2:     0x5bce22a97f9b - <alloc[2e1b2a31b91974c5]::vec::Vec<u8> as core[a373ad73a504971]::io::write::Write>::write_fmt
[INFO] [stdout]    3:     0x5bce22a97b99 - std[617be2ca0a6fd877]::panicking::default_hook::{closure#0}
[INFO] [stdout]    4:     0x5bce22a9781a - std[617be2ca0a6fd877]::panicking::default_hook
[INFO] [stdout]    5:     0x5bce22a9734b - std[617be2ca0a6fd877]::panicking::panic_with_hook
[INFO] [stdout]    6:     0x5bce22abd111 - std[617be2ca0a6fd877]::panicking::panic_handler::{closure#0}
[INFO] [stdout]    7:     0x5bce22abd0c9 - std[617be2ca0a6fd877]::sys::backtrace::__rust_end_short_backtrace::<std[617be2ca0a6fd877]::panicking::panic_handler::{closure#0}, !>
[INFO] [stdout]    8:     0x5bce22abd5bc - __rustc[ea4f61d10b84890b]::rust_begin_unwind
[INFO] [stdout]    9:     0x5bce22a79d9b - core[a373ad73a504971]::panicking::panic_fmt
[INFO] [stdout]   10:     0x5bce22a7b148 - core[a373ad73a504971]::panicking::panic_bounds_check
[INFO] [stdout]   11:     0x5bce22a6fda8 - fips204[707d110ba8fb008e]::conversion::bit_pack
[INFO] [stdout]   12:     0x5bce22a73228 - <fips204[707d110ba8fb008e]::conversion::tests::test_bit_pack_w_range::{closure#0} as core[a373ad73a504971]::ops::function::FnOnce<()>>::call_once
[INFO] [stdout]   13:     0x5bce22ad412b - test[aada8e7e76ba119b]::__rust_begin_short_backtrace::<core[a373ad73a504971]::result::Result<(), alloc[2e1b2a31b91974c5]::string::String>, fn() -> core[a373ad73a504971]::result::Result<(), alloc[2e1b2a31b91974c5]::string::String>>
[INFO] [stdout]   14:     0x5bce22acf802 - test[aada8e7e76ba119b]::run_test::{closure#0}
[INFO] [stdout]   15:     0x5bce22acf2ac - std[617be2ca0a6fd877]::sys::backtrace::__rust_begin_short_backtrace::<test[aada8e7e76ba119b]::run_test::{closure#1}, ()>
[INFO] [stdout]   16:     0x5bce22aee0bc - <std[617be2ca0a6fd877]::thread::lifecycle::spawn_unchecked<test[aada8e7e76ba119b]::run_test::{closure#1}, ()>::{closure#1} as core[a373ad73a504971]::ops::function::FnOnce<()>>::call_once::{shim:vtable#0}
[INFO] [stdout]   17:     0x5bce22abecd8 - <std[617be2ca0a6fd877]::sys::thread::unix::Thread>::new::thread_start
[INFO] [stdout]   18:     0x79ef175ccdfa - <unknown>
[INFO] [stdout]   19:     0x79ef176603d4 - clone
[INFO] [stdout]   20:                0x0 - <unknown>
[INFO] [stdout] note: panic did not contain expected string
[INFO] [stdout]       panic message: "index out of bounds: the len is 32 but the index is 32"
[INFO] [stdout]  expected substring: "Alg 17: w out of range"
[INFO] [stdout] ---- conversion::tests::test_bit_pack_a_range stdout ----
[INFO] [stdout] note: test did not panic as expected at src/conversion.rs:559:8
[INFO] [stdout] ---- conversion::tests::test_hint_bit_unpack_omega_k_range stdout ----
[INFO] [stdout] 
[INFO] [stdout] thread 'conversion::tests::test_hint_bit_unpack_omega_k_range' (1316) panicked at src/conversion.rs:357:13:
[INFO] [stdout] index out of bounds: the len is 256 but the index is 256
[INFO] [stdout] stack backtrace:
[INFO] [stdout]    0:     0x5bce22a989d7 - <<std[617be2ca0a6fd877]::sys::backtrace::BacktraceLock>::print::DisplayBacktrace as core[a373ad73a504971]::fmt::Display>::fmt
[INFO] [stdout]    1:     0x5bce22a79f04 - core[a373ad73a504971]::fmt::write
[INFO] [stdout]    2:     0x5bce22a97f9b - <alloc[2e1b2a31b91974c5]::vec::Vec<u8> as core[a373ad73a504971]::io::write::Write>::write_fmt
[INFO] [stdout]    3:     0x5bce22a97b99 - std[617be2ca0a6fd877]::panicking::default_hook::{closure#0}
[INFO] [stdout]    4:     0x5bce22a9781a - std[617be2ca0a6fd877]::panicking::default_hook
[INFO] [stdout]    5:     0x5bce22a9734b - std[617be2ca0a6fd877]::panicking::panic_with_hook
[INFO] [stdout]    6:     0x5bce22abd111 - std[617be2ca0a6fd877]::panicking::panic_handler::{closure#0}
[INFO] [stdout]    7:     0x5bce22abd0c9 - std[617be2ca0a6fd877]::sys::backtrace::__rust_end_short_backtrace::<std[617be2ca0a6fd877]::panicking::panic_handler::{closure#0}, !>
[INFO] [stdout]    8:     0x5bce22abd5bc - __rustc[ea4f61d10b84890b]::rust_begin_unwind
[INFO] [stdout]    9:     0x5bce22a79d9b - core[a373ad73a504971]::panicking::panic_fmt
[INFO] [stdout]   10:     0x5bce22a7b148 - core[a373ad73a504971]::panicking::panic_bounds_check
[INFO] [stdout]   11:     0x5bce22a73a3b - <fips204[707d110ba8fb008e]::conversion::tests::test_hint_bit_unpack_omega_k_range::{closure#0} as core[a373ad73a504971]::ops::function::FnOnce<()>>::call_once
[INFO] [stdout]   12:     0x5bce22ad412b - test[aada8e7e76ba119b]::__rust_begin_short_backtrace::<core[a373ad73a504971]::result::Result<(), alloc[2e1b2a31b91974c5]::string::String>, fn() -> core[a373ad73a504971]::result::Result<(), alloc[2e1b2a31b91974c5]::string::String>>
[INFO] [stdout]   13:     0x5bce22acf802 - test[aada8e7e76ba119b]::run_test::{closure#0}
[INFO] [stdout]   14:     0x5bce22acf2ac - std[617be2ca0a6fd877]::sys::backtrace::__rust_begin_short_backtrace::<test[aada8e7e76ba119b]::run_test::{closure#1}, ()>
[INFO] [stdout]   15:     0x5bce22aee0bc - <std[617be2ca0a6fd877]::thread::lifecycle::spawn_unchecked<test[aada8e7e76ba119b]::run_test::{closure#1}, ()>::{closure#1} as core[a373ad73a504971]::ops::function::FnOnce<()>>::call_once::{shim:vtable#0}
[INFO] [stdout]   16:     0x5bce22abecd8 - <std[617be2ca0a6fd877]::sys::thread::unix::Thread>::new::thread_start
[INFO] [stdout]   17:     0x79ef175ccdfa - <unknown>
[INFO] [stdout]   18:     0x79ef176603d4 - clone
[INFO] [stdout]   19:                0x0 - <unknown>
[INFO] [stdout] note: panic did not contain expected string
[INFO] [stdout]       panic message: "index out of bounds: the len is 256 but the index is 256"
[INFO] [stdout]  expected substring: "Alg 21: omega+K too large"
[INFO] [stdout] ---- conversion::tests::test_coef_from_half_byte_validation2 stdout ----
[INFO] [stdout] note: test did not panic as expected at src/conversion.rs:477:8
[INFO] [stdout] ---- conversion::tests::test_simple_bit_pack_output_size stdout ----
[INFO] [stdout] note: test did not panic as expected at src/conversion.rs:551:8
[INFO] [stdout] ---- conversion::tests::test_simple_bit_pack_b_range stdout ----
[INFO] [stdout] 
[INFO] [stdout] thread 'conversion::tests::test_simple_bit_pack_b_range' (1317) panicked at src/helpers.rs:81:53:
[INFO] [stdout] argument of integer logarithm must be positive
[INFO] [stdout] stack backtrace:
[INFO] [stdout]    0:     0x5bce22a989d7 - <<std[617be2ca0a6fd877]::sys::backtrace::BacktraceLock>::print::DisplayBacktrace as core[a373ad73a504971]::fmt::Display>::fmt
[INFO] [stdout]    1:     0x5bce22a79f04 - core[a373ad73a504971]::fmt::write
[INFO] [stdout]    2:     0x5bce22a97f9b - <alloc[2e1b2a31b91974c5]::vec::Vec<u8> as core[a373ad73a504971]::io::write::Write>::write_fmt
[INFO] [stdout]    3:     0x5bce22a97b99 - std[617be2ca0a6fd877]::panicking::default_hook::{closure#0}
[INFO] [stdout]    4:     0x5bce22a9781a - std[617be2ca0a6fd877]::panicking::default_hook
[INFO] [stdout]    5:     0x5bce22a9734b - std[617be2ca0a6fd877]::panicking::panic_with_hook
[INFO] [stdout]    6:     0x5bce22abd142 - std[617be2ca0a6fd877]::panicking::panic_handler::{closure#0}
[INFO] [stdout]    7:     0x5bce22abd0c9 - std[617be2ca0a6fd877]::sys::backtrace::__rust_end_short_backtrace::<std[617be2ca0a6fd877]::panicking::panic_handler::{closure#0}, !>
[INFO] [stdout]    8:     0x5bce22abd5bc - __rustc[ea4f61d10b84890b]::rust_begin_unwind
[INFO] [stdout]    9:     0x5bce22a79d9b - core[a373ad73a504971]::panicking::panic_fmt
[INFO] [stderr] error: test failed, to rerun pass `--lib`
[INFO] [stdout]   10:     0x5bce22a7b10c - core[a373ad73a504971]::num::imp::int_log10::panic_for_nonpositive_argument
[INFO] [stdout]   11:     0x5bce22a731c1 - <fips204[707d110ba8fb008e]::conversion::tests::test_bit_pack_b_range::{closure#0} as core[a373ad73a504971]::ops::function::FnOnce<()>>::call_once
[INFO] [stdout]   12:     0x5bce22ad412b - test[aada8e7e76ba119b]::__rust_begin_short_backtrace::<core[a373ad73a504971]::result::Result<(), alloc[2e1b2a31b91974c5]::string::String>, fn() -> core[a373ad73a504971]::result::Result<(), alloc[2e1b2a31b91974c5]::string::String>>
[INFO] [stdout]   13:     0x5bce22acf802 - test[aada8e7e76ba119b]::run_test::{closure#0}
[INFO] [stdout]   14:     0x5bce22acf2ac - std[617be2ca0a6fd877]::sys::backtrace::__rust_begin_short_backtrace::<test[aada8e7e76ba119b]::run_test::{closure#1}, ()>
[INFO] [stdout]   15:     0x5bce22aee0bc - <std[617be2ca0a6fd877]::thread::lifecycle::spawn_unchecked<test[aada8e7e76ba119b]::run_test::{closure#1}, ()>::{closure#1} as core[a373ad73a504971]::ops::function::FnOnce<()>>::call_once::{shim:vtable#0}
[INFO] [stdout]   16:     0x5bce22abecd8 - <std[617be2ca0a6fd877]::sys::thread::unix::Thread>::new::thread_start
[INFO] [stdout]   17:     0x79ef175ccdfa - <unknown>
[INFO] [stdout]   18:     0x79ef176603d4 - clone
[INFO] [stdout]   19:                0x0 - <unknown>
[INFO] [stdout] note: panic did not contain expected string
[INFO] [stdout]       panic message: "argument of integer logarithm must be positive"
[INFO] [stdout]  expected substring: "Alg 16: b out of range"
[INFO] [stdout] ---- conversion::tests::test_simple_bit_unpack_b_range stdout ----
[INFO] [stdout] 
[INFO] [stdout] thread 'conversion::tests::test_simple_bit_unpack_b_range' (1322) panicked at src/helpers.rs:81:53:
[INFO] [stdout] argument of integer logarithm must be positive
[INFO] [stdout] stack backtrace:
[INFO] [stdout]    0:     0x5bce22a989d7 - <<std[617be2ca0a6fd877]::sys::backtrace::BacktraceLock>::print::DisplayBacktrace as core[a373ad73a504971]::fmt::Display>::fmt
[INFO] [stdout]    1:     0x5bce22a79f04 - core[a373ad73a504971]::fmt::write
[INFO] [stdout]    2:     0x5bce22a97f9b - <alloc[2e1b2a31b91974c5]::vec::Vec<u8> as core[a373ad73a504971]::io::write::Write>::write_fmt
[INFO] [stdout]    3:     0x5bce22a97b99 - std[617be2ca0a6fd877]::panicking::default_hook::{closure#0}
[INFO] [stdout]    4:     0x5bce22a9781a - std[617be2ca0a6fd877]::panicking::default_hook
[INFO] [stdout]    5:     0x5bce22a9734b - std[617be2ca0a6fd877]::panicking::panic_with_hook
[INFO] [stdout]    6:     0x5bce22abd142 - std[617be2ca0a6fd877]::panicking::panic_handler::{closure#0}
[INFO] [stdout]    7:     0x5bce22abd0c9 - std[617be2ca0a6fd877]::sys::backtrace::__rust_end_short_backtrace::<std[617be2ca0a6fd877]::panicking::panic_handler::{closure#0}, !>
[INFO] [stdout]    8:     0x5bce22abd5bc - __rustc[ea4f61d10b84890b]::rust_begin_unwind
[INFO] [stdout]    9:     0x5bce22a79d9b - core[a373ad73a504971]::panicking::panic_fmt
[INFO] [stdout]   10:     0x5bce22a7b10c - core[a373ad73a504971]::num::imp::int_log10::panic_for_nonpositive_argument
[INFO] [stdout]   11:     0x5bce22a736df - <fips204[707d110ba8fb008e]::conversion::tests::test_simple_bit_unpack_b_range::{closure#0} as core[a373ad73a504971]::ops::function::FnOnce<()>>::call_once
[INFO] [stdout]   12:     0x5bce22ad412b - test[aada8e7e76ba119b]::__rust_begin_short_backtrace::<core[a373ad73a504971]::result::Result<(), alloc[2e1b2a31b91974c5]::string::String>, fn() -> core[a373ad73a504971]::result::Result<(), alloc[2e1b2a31b91974c5]::string::String>>
[INFO] [stdout]   13:     0x5bce22acf802 - test[aada8e7e76ba119b]::run_test::{closure#0}
[INFO] [stdout]   14:     0x5bce22acf2ac - std[617be2ca0a6fd877]::sys::backtrace::__rust_begin_short_backtrace::<test[aada8e7e76ba119b]::run_test::{closure#1}, ()>
[INFO] [stdout]   15:     0x5bce22aee0bc - <std[617be2ca0a6fd877]::thread::lifecycle::spawn_unchecked<test[aada8e7e76ba119b]::run_test::{closure#1}, ()>::{closure#1} as core[a373ad73a504971]::ops::function::FnOnce<()>>::call_once::{shim:vtable#0}
[INFO] [stdout]   16:     0x5bce22abecd8 - <std[617be2ca0a6fd877]::sys::thread::unix::Thread>::new::thread_start
[INFO] [stdout]   17:     0x79ef175ccdfa - <unknown>
[INFO] [stdout]   18:     0x79ef176603d4 - clone
[INFO] [stdout]   19:                0x0 - <unknown>
[INFO] [stdout] note: panic did not contain expected string
[INFO] [stdout]       panic message: "argument of integer logarithm must be positive"
[INFO] [stdout]  expected substring: "Alg 18: b out of range"
[INFO] [stdout] ---- conversion::tests::test_coef_from_half_byte_validation1 stdout ----
[INFO] [stdout] note: test did not panic as expected at src/conversion.rs:468:8
[INFO] [stdout] ---- conversion::tests::test_simple_bit_pack_w_range stdout ----
[INFO] [stdout] 
[INFO] [stdout] thread 'conversion::tests::test_simple_bit_pack_w_range' (1321) panicked at src/conversion.rs:175:13:
[INFO] [stdout] index out of bounds: the len is 32 but the index is 32
[INFO] [stdout] stack backtrace:
[INFO] [stdout]    0:     0x5bce22a989d7 - <<std[617be2ca0a6fd877]::sys::backtrace::BacktraceLock>::print::DisplayBacktrace as core[a373ad73a504971]::fmt::Display>::fmt
[INFO] [stdout]    1:     0x5bce22a79f04 - core[a373ad73a504971]::fmt::write
[INFO] [stdout]    2:     0x5bce22a97f9b - <alloc[2e1b2a31b91974c5]::vec::Vec<u8> as core[a373ad73a504971]::io::write::Write>::write_fmt
[INFO] [stdout]    3:     0x5bce22a97b99 - std[617be2ca0a6fd877]::panicking::default_hook::{closure#0}
[INFO] [stdout]    4:     0x5bce22a9781a - std[617be2ca0a6fd877]::panicking::default_hook
[INFO] [stdout]    5:     0x5bce22a9734b - std[617be2ca0a6fd877]::panicking::panic_with_hook
[INFO] [stdout]    6:     0x5bce22abd111 - std[617be2ca0a6fd877]::panicking::panic_handler::{closure#0}
[INFO] [stdout]    7:     0x5bce22abd0c9 - std[617be2ca0a6fd877]::sys::backtrace::__rust_end_short_backtrace::<std[617be2ca0a6fd877]::panicking::panic_handler::{closure#0}, !>
[INFO] [stdout]    8:     0x5bce22abd5bc - __rustc[ea4f61d10b84890b]::rust_begin_unwind
[INFO] [stdout]    9:     0x5bce22a79d9b - core[a373ad73a504971]::panicking::panic_fmt
[INFO] [stdout]   10:     0x5bce22a7b148 - core[a373ad73a504971]::panicking::panic_bounds_check
[INFO] [stdout]   11:     0x5bce22a6fda8 - fips204[707d110ba8fb008e]::conversion::bit_pack
[INFO] [stdout]   12:     0x5bce22a734e7 - <fips204[707d110ba8fb008e]::conversion::tests::test_simple_bit_pack_w_range::{closure#0} as core[a373ad73a504971]::ops::function::FnOnce<()>>::call_once
[INFO] [stdout]   13:     0x5bce22ad412b - test[aada8e7e76ba119b]::__rust_begin_short_backtrace::<core[a373ad73a504971]::result::Result<(), alloc[2e1b2a31b91974c5]::string::String>, fn() -> core[a373ad73a504971]::result::Result<(), alloc[2e1b2a31b91974c5]::string::String>>
[INFO] [stdout]   14:     0x5bce22acf802 - test[aada8e7e76ba119b]::run_test::{closure#0}
[INFO] [stdout]   15:     0x5bce22acf2ac - std[617be2ca0a6fd877]::sys::backtrace::__rust_begin_short_backtrace::<test[aada8e7e76ba119b]::run_test::{closure#1}, ()>
[INFO] [stdout]   16:     0x5bce22aee0bc - <std[617be2ca0a6fd877]::thread::lifecycle::spawn_unchecked<test[aada8e7e76ba119b]::run_test::{closure#1}, ()>::{closure#1} as core[a373ad73a504971]::ops::function::FnOnce<()>>::call_once::{shim:vtable#0}
[INFO] [stdout]   17:     0x5bce22abecd8 - <std[617be2ca0a6fd877]::sys::thread::unix::Thread>::new::thread_start
[INFO] [stdout]   18:     0x79ef175ccdfa - <unknown>
[INFO] [stdout]   19:     0x79ef176603d4 - clone
[INFO] [stdout]   20:                0x0 - <unknown>
[INFO] [stdout] note: panic did not contain expected string
[INFO] [stdout]       panic message: "index out of bounds: the len is 32 but the index is 32"
[INFO] [stdout]  expected substring: "Alg 16: w out of range"
[INFO] [stdout] ---- conversion::tests::test_simple_bit_unpack_input_size stdout ----
[INFO] [stdout] 
[INFO] [stdout] thread 'conversion::tests::test_simple_bit_unpack_input_size' (1323) panicked at src/conversion.rs:252:13:
[INFO] [stdout] index out of bounds: the len is 256 but the index is 256
[INFO] [stdout] stack backtrace:
[INFO] [stdout]    0:     0x5bce22a989d7 - <<std[617be2ca0a6fd877]::sys::backtrace::BacktraceLock>::print::DisplayBacktrace as core[a373ad73a504971]::fmt::Display>::fmt
[INFO] [stdout]    1:     0x5bce22a79f04 - core[a373ad73a504971]::fmt::write
[INFO] [stdout]    2:     0x5bce22a97f9b - <alloc[2e1b2a31b91974c5]::vec::Vec<u8> as core[a373ad73a504971]::io::write::Write>::write_fmt
[INFO] [stdout]    3:     0x5bce22a97b99 - std[617be2ca0a6fd877]::panicking::default_hook::{closure#0}
[INFO] [stdout]    4:     0x5bce22a9781a - std[617be2ca0a6fd877]::panicking::default_hook
[INFO] [stdout]    5:     0x5bce22a9734b - std[617be2ca0a6fd877]::panicking::panic_with_hook
[INFO] [stdout]    6:     0x5bce22abd111 - std[617be2ca0a6fd877]::panicking::panic_handler::{closure#0}
[INFO] [stdout]    7:     0x5bce22abd0c9 - std[617be2ca0a6fd877]::sys::backtrace::__rust_end_short_backtrace::<std[617be2ca0a6fd877]::panicking::panic_handler::{closure#0}, !>
[INFO] [stdout]    8:     0x5bce22abd5bc - __rustc[ea4f61d10b84890b]::rust_begin_unwind
[INFO] [stdout]    9:     0x5bce22a79d9b - core[a373ad73a504971]::panicking::panic_fmt
[INFO] [stdout]   10:     0x5bce22a7b148 - core[a373ad73a504971]::panicking::panic_bounds_check
[INFO] [stdout]   11:     0x5bce22a6fc95 - fips204[707d110ba8fb008e]::conversion::bit_unpack
[INFO] [stdout]   12:     0x5bce22a73947 - <fips204[707d110ba8fb008e]::conversion::tests::test_simple_bit_unpack_input_size::{closure#0} as core[a373ad73a504971]::ops::function::FnOnce<()>>::call_once
[INFO] [stdout]   13:     0x5bce22ad412b - test[aada8e7e76ba119b]::__rust_begin_short_backtrace::<core[a373ad73a504971]::result::Result<(), alloc[2e1b2a31b91974c5]::string::String>, fn() -> core[a373ad73a504971]::result::Result<(), alloc[2e1b2a31b91974c5]::string::String>>
[INFO] [stdout]   14:     0x5bce22acf802 - test[aada8e7e76ba119b]::run_test::{closure#0}
[INFO] [stdout]   15:     0x5bce22acf2ac - std[617be2ca0a6fd877]::sys::backtrace::__rust_begin_short_backtrace::<test[aada8e7e76ba119b]::run_test::{closure#1}, ()>
[INFO] [stdout]   16:     0x5bce22aee0bc - <std[617be2ca0a6fd877]::thread::lifecycle::spawn_unchecked<test[aada8e7e76ba119b]::run_test::{closure#1}, ()>::{closure#1} as core[a373ad73a504971]::ops::function::FnOnce<()>>::call_once::{shim:vtable#0}
[INFO] [stdout]   17:     0x5bce22abecd8 - <std[617be2ca0a6fd877]::sys::thread::unix::Thread>::new::thread_start
[INFO] [stdout]   18:     0x79ef175ccdfa - <unknown>
[INFO] [stdout]   19:     0x79ef176603d4 - clone
[INFO] [stdout]   20:                0x0 - <unknown>
[INFO] [stdout] note: panic did not contain expected string
[INFO] [stdout]       panic message: "index out of bounds: the len is 256 but the index is 256"
[INFO] [stdout]  expected substring: "Alg 18: bad output size"
[INFO] [stdout] ---- conversion::tests::test_bit_pack_b_range stdout ----
[INFO] [stdout] 
[INFO] [stdout] thread 'conversion::tests::test_bit_pack_b_range' (1302) panicked at src/helpers.rs:81:53:
[INFO] [stdout] argument of integer logarithm must be positive
[INFO] [stdout] stack backtrace:
[INFO] [stdout]    0:     0x5bce22a989d7 - <<std[617be2ca0a6fd877]::sys::backtrace::BacktraceLock>::print::DisplayBacktrace as core[a373ad73a504971]::fmt::Display>::fmt
[INFO] [stdout]    1:     0x5bce22a79f04 - core[a373ad73a504971]::fmt::write
[INFO] [stdout]    2:     0x5bce22a97f9b - <alloc[2e1b2a31b91974c5]::vec::Vec<u8> as core[a373ad73a504971]::io::write::Write>::write_fmt
[INFO] [stdout]    3:     0x5bce22a97b99 - std[617be2ca0a6fd877]::panicking::default_hook::{closure#0}
[INFO] [stdout]    4:     0x5bce22a9781a - std[617be2ca0a6fd877]::panicking::default_hook
[INFO] [stdout]    5:     0x5bce22a9734b - std[617be2ca0a6fd877]::panicking::panic_with_hook
[INFO] [stdout]    6:     0x5bce22abd142 - std[617be2ca0a6fd877]::panicking::panic_handler::{closure#0}
[INFO] [stdout]    7:     0x5bce22abd0c9 - std[617be2ca0a6fd877]::sys::backtrace::__rust_end_short_backtrace::<std[617be2ca0a6fd877]::panicking::panic_handler::{closure#0}, !>
[INFO] [stdout]    8:     0x5bce22abd5bc - __rustc[ea4f61d10b84890b]::rust_begin_unwind
[INFO] [stdout]    9:     0x5bce22a79d9b - core[a373ad73a504971]::panicking::panic_fmt
[INFO] [stdout]   10:     0x5bce22a7b10c - core[a373ad73a504971]::num::imp::int_log10::panic_for_nonpositive_argument
[INFO] [stdout]   11:     0x5bce22a731c1 - <fips204[707d110ba8fb008e]::conversion::tests::test_bit_pack_b_range::{closure#0} as core[a373ad73a504971]::ops::function::FnOnce<()>>::call_once
[INFO] [stdout]   12:     0x5bce22ad412b - test[aada8e7e76ba119b]::__rust_begin_short_backtrace::<core[a373ad73a504971]::result::Result<(), alloc[2e1b2a31b91974c5]::string::String>, fn() -> core[a373ad73a504971]::result::Result<(), alloc[2e1b2a31b91974c5]::string::String>>
[INFO] [stdout]   13:     0x5bce22acf802 - test[aada8e7e76ba119b]::run_test::{closure#0}
[INFO] [stdout]   14:     0x5bce22acf2ac - std[617be2ca0a6fd877]::sys::backtrace::__rust_begin_short_backtrace::<test[aada8e7e76ba119b]::run_test::{closure#1}, ()>
[INFO] [stdout]   15:     0x5bce22aee0bc - <std[617be2ca0a6fd877]::thread::lifecycle::spawn_unchecked<test[aada8e7e76ba119b]::run_test::{closure#1}, ()>::{closure#1} as core[a373ad73a504971]::ops::function::FnOnce<()>>::call_once::{shim:vtable#0}
[INFO] [stdout]   16:     0x5bce22abecd8 - <std[617be2ca0a6fd877]::sys::thread::unix::Thread>::new::thread_start
[INFO] [stdout]   17:     0x79ef175ccdfa - <unknown>
[INFO] [stdout]   18:     0x79ef176603d4 - clone
[INFO] [stdout]   19:                0x0 - <unknown>
[INFO] [stdout] note: panic did not contain expected string
[INFO] [stdout]       panic message: "argument of integer logarithm must be positive"
[INFO] [stdout]  expected substring: "Alg 17: b out of range"
[INFO] [stdout] 
[INFO] [stdout] failures:
[INFO] [stdout]     conversion::tests::test_bit_pack_a_range
[INFO] [stdout]     conversion::tests::test_bit_pack_b_range
[INFO] [stdout]     conversion::tests::test_bit_pack_w_range
[INFO] [stdout]     conversion::tests::test_coef_from_half_byte_validation1
[INFO] [stdout]     conversion::tests::test_coef_from_half_byte_validation2
[INFO] [stdout]     conversion::tests::test_hint_bit_pack_h_range
[INFO] [stdout]     conversion::tests::test_hint_bit_pack_omega_k_range
[INFO] [stdout]     conversion::tests::test_hint_bit_unpack_omega_k_range
[INFO] [stdout]     conversion::tests::test_simple_bit_pack_b_range
[INFO] [stdout]     conversion::tests::test_simple_bit_pack_output_size
[INFO] [stdout]     conversion::tests::test_simple_bit_pack_w_range
[INFO] [stdout]     conversion::tests::test_simple_bit_unpack_b_range
[INFO] [stdout]     conversion::tests::test_simple_bit_unpack_input_size
[INFO] [stdout] 
[INFO] [stdout] test result: FAILED. 21 passed; 13 failed; 0 ignored; 0 measured; 0 filtered out; finished in 0.37s
[INFO] [stdout] 
[INFO] running `Command { std: "docker" "inspect" "cbbfe9732e71ed4fc1ddcabc08324914a4039c371860b404bf7151b34c6165e3", kill_on_drop: false }`
[INFO] running `Command { std: "docker" "rm" "-f" "cbbfe9732e71ed4fc1ddcabc08324914a4039c371860b404bf7151b34c6165e3", kill_on_drop: false }`
[INFO] [stdout] cbbfe9732e71ed4fc1ddcabc08324914a4039c371860b404bf7151b34c6165e3
