[INFO] fetching crate finders 3.2.0...
[INFO] testing finders-3.2.0 against 1.99.0-beta.8+cargoflags=--release for beta-release-1.100-2
[INFO] extracting crate finders 3.2.0 into /workspace/builds/worker-0-tc1/source
[INFO] started tweaking crates.io crate finders 3.2.0
[INFO] removed 0 missing tests
[INFO] finished tweaking crates.io crate finders 3.2.0
[INFO] tweaked toml for crates.io crate finders 3.2.0 written to /workspace/builds/worker-0-tc1/source/Cargo.toml
[INFO] validating manifest of crates.io crate finders 3.2.0 on toolchain 1.99.0-beta.8
[INFO] running `Command { std: CARGO_HOME="/workspace/cargo-home" RUSTUP_HOME="/workspace/rustup-home" "/workspace/cargo-home/bin/cargo" "+1.99.0-beta.8" "metadata" "--manifest-path" "Cargo.toml" "--no-deps", kill_on_drop: false }`
[INFO] crate crates.io crate finders 3.2.0 already has a lockfile, it will not be regenerated
[INFO] running `Command { std: CARGO_HOME="/workspace/cargo-home" RUSTUP_HOME="/workspace/rustup-home" "/workspace/cargo-home/bin/cargo" "+1.99.0-beta.8" "fetch" "--manifest-path" "Cargo.toml", kill_on_drop: false }`
[INFO] running `Command { std: "docker" "create" "-v" "/var/lib/crater-agent-workspace/builds/worker-0-tc1/source:/opt/rustwide/workdir:ro,Z" "-v" "/var/lib/crater-agent-workspace/builds/worker-0-tc1/target:/opt/rustwide/target:rw,Z" "-v" "/var/lib/crater-agent-workspace/cargo-home:/opt/rustwide/cargo-home:ro,Z" "-v" "/var/lib/crater-agent-workspace/rustup-home:/opt/rustwide/rustup-home:ro,Z" "-m" "1610612736" "--network" "none" "ghcr.io/rust-lang/crates-build-env/linux@sha256:77db811e55d90add9212f6832c23229e3de5f1c1f9905e8cb07319ea15df73ac" "sleep" "infinity", kill_on_drop: false }`
[INFO] [stdout] 44c0d1c3857c0199d3d6bf38ccd63c3b050d26b2337ac039b9211a0748be862a
[INFO] running `Command { std: "docker" "start" "44c0d1c3857c0199d3d6bf38ccd63c3b050d26b2337ac039b9211a0748be862a", kill_on_drop: false }`
[INFO] running `Command { std: "docker" "inspect" "44c0d1c3857c0199d3d6bf38ccd63c3b050d26b2337ac039b9211a0748be862a", kill_on_drop: false }`
[INFO] running `Command { std: "docker" "exec" "-e" "SOURCE_DIR=/opt/rustwide/workdir" "-e" "CARGO_HOME=/opt/rustwide/cargo-home" "-e" "RUSTUP_HOME=/opt/rustwide/rustup-home" "-e" "CARGO_TARGET_DIR=/opt/rustwide/target" "-w" "/opt/rustwide/workdir" "--user" "0:0" "44c0d1c3857c0199d3d6bf38ccd63c3b050d26b2337ac039b9211a0748be862a" "/opt/rustwide/cargo-home/bin/cargo" "+1.99.0-beta.8" "metadata" "--no-deps" "--format-version=1", kill_on_drop: false }`
[INFO] running `Command { std: "docker" "inspect" "44c0d1c3857c0199d3d6bf38ccd63c3b050d26b2337ac039b9211a0748be862a", kill_on_drop: false }`
[INFO] running `Command { std: "docker" "exec" "-e" "SOURCE_DIR=/opt/rustwide/workdir" "-e" "CARGO_HOME=/opt/rustwide/cargo-home" "-e" "RUSTUP_HOME=/opt/rustwide/rustup-home" "-e" "CARGO_TARGET_DIR=/opt/rustwide/target" "-e" "CARGO_INCREMENTAL=0" "-e" "RUST_BACKTRACE=full" "-e" "RUSTFLAGS=--cap-lints=warn" "-e" "RUSTDOCFLAGS=--cap-lints=warn" "-w" "/opt/rustwide/workdir" "--user" "0:0" "44c0d1c3857c0199d3d6bf38ccd63c3b050d26b2337ac039b9211a0748be862a" "/opt/rustwide/cargo-home/bin/cargo" "+1.99.0-beta.8" "build" "--frozen" "--message-format=json" "--release", kill_on_drop: false }`
[INFO] [stderr]    Compiling quote v1.0.45
[INFO] [stderr]    Compiling memchr v2.8.0
[INFO] [stderr]    Compiling crossbeam-epoch v0.9.18
[INFO] [stderr]    Compiling zmij v1.0.21
[INFO] [stderr]    Compiling anyhow v1.0.102
[INFO] [stderr]    Compiling regex-syntax v0.8.10
[INFO] [stderr]    Compiling clap_builder v4.6.0
[INFO] [stderr]    Compiling serde v1.0.228
[INFO] [stderr]    Compiling either v1.15.0
[INFO] [stderr]    Compiling crossbeam-deque v0.8.6
[INFO] [stderr]    Compiling syn v2.0.117
[INFO] [stderr]    Compiling rayon-core v1.13.0
[INFO] [stderr]    Compiling aho-corasick v1.1.4
[INFO] [stderr]    Compiling serde_json v1.0.149
[INFO] [stderr]    Compiling rayon v1.12.0
[INFO] [stderr]    Compiling regex-automata v0.4.14
[INFO] [stderr]    Compiling serde_derive v1.0.228
[INFO] [stderr]    Compiling clap_derive v4.6.1
[INFO] [stderr]    Compiling regex v1.12.3
[INFO] [stderr]    Compiling clap v4.6.1
[INFO] [stderr]    Compiling finders v3.2.0 (/opt/rustwide/workdir)
[INFO] [stderr]     Finished `release` profile [optimized] target(s) in 1m 08s
[INFO] running `Command { std: "docker" "inspect" "44c0d1c3857c0199d3d6bf38ccd63c3b050d26b2337ac039b9211a0748be862a", kill_on_drop: false }`
[INFO] running `Command { std: "docker" "exec" "-e" "SOURCE_DIR=/opt/rustwide/workdir" "-e" "CARGO_HOME=/opt/rustwide/cargo-home" "-e" "RUSTUP_HOME=/opt/rustwide/rustup-home" "-e" "CARGO_TARGET_DIR=/opt/rustwide/target" "-e" "CARGO_INCREMENTAL=0" "-e" "RUST_BACKTRACE=full" "-e" "RUSTFLAGS=--cap-lints=warn" "-e" "RUSTDOCFLAGS=--cap-lints=warn" "-w" "/opt/rustwide/workdir" "--user" "0:0" "44c0d1c3857c0199d3d6bf38ccd63c3b050d26b2337ac039b9211a0748be862a" "/opt/rustwide/cargo-home/bin/cargo" "+1.99.0-beta.8" "test" "--frozen" "--no-run" "--message-format=json" "--release", kill_on_drop: false }`
[INFO] [stderr]    Compiling zerocopy v0.8.48
[INFO] [stderr]    Compiling zerocopy-derive v0.8.48
[INFO] [stderr]    Compiling serde v1.0.228
[INFO] [stderr]    Compiling num-traits v0.2.19
[INFO] [stderr]    Compiling serde_json v1.0.149
[INFO] [stderr]    Compiling rayon v1.12.0
[INFO] [stderr]    Compiling itertools v0.10.5
[INFO] [stderr]    Compiling plotters v0.3.7
[INFO] [stderr]    Compiling tinytemplate v1.2.1
[INFO] [stderr]    Compiling criterion-plot v0.5.0
[INFO] [stderr]    Compiling finders v3.2.0 (/opt/rustwide/workdir)
[INFO] [stderr]    Compiling half v2.7.1
[INFO] [stderr]    Compiling ciborium-ll v0.2.2
[INFO] [stderr]    Compiling ciborium v0.2.2
[INFO] [stderr]    Compiling criterion v0.5.1
[INFO] [stderr]     Finished `release` profile [optimized] target(s) in 55.22s
[INFO] running `Command { std: "docker" "inspect" "44c0d1c3857c0199d3d6bf38ccd63c3b050d26b2337ac039b9211a0748be862a", kill_on_drop: false }`
[INFO] running `Command { std: "docker" "exec" "-e" "SOURCE_DIR=/opt/rustwide/workdir" "-e" "CARGO_HOME=/opt/rustwide/cargo-home" "-e" "RUSTUP_HOME=/opt/rustwide/rustup-home" "-e" "CARGO_TARGET_DIR=/opt/rustwide/target" "-e" "CARGO_INCREMENTAL=0" "-e" "RUST_BACKTRACE=full" "-e" "RUSTFLAGS=--cap-lints=warn" "-e" "RUSTDOCFLAGS=--cap-lints=warn" "-w" "/opt/rustwide/workdir" "--user" "0:0" "44c0d1c3857c0199d3d6bf38ccd63c3b050d26b2337ac039b9211a0748be862a" "/opt/rustwide/cargo-home/bin/cargo" "+1.99.0-beta.8" "test" "--frozen" "--release", kill_on_drop: false }`
[INFO] [stderr]     Finished `release` profile [optimized] target(s) in 0.11s
[INFO] [stderr]      Running unittests src/lib.rs (/opt/rustwide/target/release/deps/finders-a12c2f277f170a6e)
[INFO] [stdout] 
[INFO] [stdout] running 31 tests
[INFO] [stdout] test file_finder::tests::initialise_finder_default_dir ... ok
[INFO] [stdout] test output::colour::tests::test_clicolor_env ... ok
[INFO] [stdout] test file_finder::path_parser::tests::parse_valid_path ... ok
[INFO] [stdout] test output::colour::tests::test_colour_flag_takes_priority ... ok
[INFO] [stdout] test file_finder::tests::initialise_finder_with_dir ... ok
[INFO] [stdout] test output::colour::tests::test_clicolor_force_env ... ok
[INFO] [stdout] test output::colour::tests::test_env_priority ... ok
[INFO] [stdout] test output::count::tests::test_count_aggregation ... ok
[INFO] [stdout] test output::colour::tests::test_no_color_env ... ok
[INFO] [stdout] test file_finder::path_parser::tests::parse_empty_path ... ok
[INFO] [stdout] file1.txt:2
[INFO] [stdout] test output::count::tests::test_count_multiple_files ... ok
[INFO] [stdout] test output::json::tests::test_json_file_serialisation ... ok
[INFO] [stdout] test output::json::tests::test_json_output_accumulates_matches ... ok
[INFO] [stdout] test output::json::tests::test_json_output_write_file ... ok
[INFO] [stdout] test searcher::tests::test_case_insensitive ... ok
[INFO] [stdout] test searcher::tests::test_case_sensitive ... ok
[INFO] [stdout] test.txt
[INFO] [stdout] file1.txt
[INFO] [stdout] file2.txt
[INFO] [stdout] test output::files_only::tests::test_files_only_deduplication ... ok
[INFO] [stdout] test output::files_only::tests::test_files_only_multiple_files ... ok
[INFO] [stdout] test file_finder::path_parser::tests::parse_invalid_path ... ok
[INFO] [stdout] test output::json::tests::test_json_match_serialisation ... ok
[INFO] [stdout] test searcher::tests::test_search_line_case_sensitive ... ok
[INFO] [stdout] test searcher::tests::test_invalid_regex_pattern ... ok
[INFO] [stdout] test searcher::tests::test_regex_match ... ok
[INFO] [stdout] test searcher::tests::test_valid_regex_patterns ... ok
[INFO] [stdout] /tmp/test_streaming.txt:1: line one
[INFO] [stdout] /tmp/test_streaming.txt:3: line three
[INFO] [stdout] test tests::test_search_files_streaming ... ok
[INFO] [stdout] test tests::test_search_line_functionality ... ok
[INFO] [stdout] test searcher::tests::test_regex_search_line ... ok
[INFO] [stdout] test searcher::tests::test_search_line_case_insensitive ... ok
[INFO] [stdout] test file_finder::tests::invalid_path_error_propagates ... ok
[INFO] [stdout] test output::colour::tests::test_default_auto ... ok
[INFO] [stdout] /tmp/test_chunked.txt:501: This is line 500 with some content to search
[INFO] [stdout] test tests::test_chunked_reading ... ok
[INFO] [stdout] 
[INFO] [stdout] test result: ok. 31 passed; 0 failed; 0 ignored; 0 measured; 0 filtered out; finished in 0.04s
[INFO] [stdout] 
[INFO] [stderr]      Running unittests src/bin/finder.rs (/opt/rustwide/target/release/deps/finder-5578f8bb577a6a8f)
[INFO] [stderr]      Running tests/anyhow_error_tests.rs (/opt/rustwide/target/release/deps/anyhow_error_tests-c5ec3ffa5cdd0134)
[INFO] [stdout] 
[INFO] [stdout] running 0 tests
[INFO] [stdout] 
[INFO] [stdout] test result: ok. 0 passed; 0 failed; 0 ignored; 0 measured; 0 filtered out; finished in 0.00s
[INFO] [stdout] 
[INFO] [stdout] 
[INFO] [stdout] running 4 tests
[INFO] [stdout] test test_binary_file_verbose_warning ... ok
[INFO] [stdout] test test_regex_error_context ... ok
[INFO] [stdout] /tmp/finder_test_unreadable.txt:1: test content
[INFO] [stdout] test test_file_reading_error_context ... FAILED
[INFO] [stdout] test test_file_not_found_context ... ok
[INFO] [stdout] 
[INFO] [stdout] failures:
[INFO] [stdout] 
[INFO] [stdout] ---- test_file_reading_error_context stdout ----
[INFO] [stdout] 
[INFO] [stdout] thread 'test_file_reading_error_context' (1107) panicked at tests/anyhow_error_tests.rs:95:9:
[INFO] [stdout] Should fail for unreadable file
[INFO] [stdout] stack backtrace:
[INFO] [stdout]    0:     0x5d60ff931051 - <<std[70759c8f55707aa4]::sys::backtrace::BacktraceLock>::print::DisplayBacktrace as core[df12db4294e9bfd3]::fmt::Display>::fmt
[INFO] [stdout]    1:     0x5d60ff947f9a - core[df12db4294e9bfd3]::fmt::write
[INFO] [stdout]    2:     0x5d60ff935dbc - <alloc[2182bb758b4b3781]::vec::Vec<u8> as core[df12db4294e9bfd3]::io::write::Write>::write_fmt
[INFO] [stdout]    3:     0x5d60ff90c816 - std[70759c8f55707aa4]::panicking::default_hook::{closure#0}
[INFO] [stdout]    4:     0x5d60ff929379 - std[70759c8f55707aa4]::panicking::default_hook
[INFO] [stdout]    5:     0x5d60ff8c4550 - test[9d35eded1c95d3be]::test_main_inner::<test[9d35eded1c95d3be]::test_main_static::{closure#0}>::{closure#0}
[INFO] [stdout]    6:     0x5d60ff9296a2 - std[70759c8f55707aa4]::panicking::panic_with_hook
[INFO] [stdout]    7:     0x5d60ff90c8f4 - std[70759c8f55707aa4]::panicking::panic_handler::{closure#0}
[INFO] [stdout]    8:     0x5d60ff905009 - std[70759c8f55707aa4]::sys::backtrace::__rust_end_short_backtrace::<std[70759c8f55707aa4]::panicking::panic_handler::{closure#0}, !>
[INFO] [stdout]    9:     0x5d60ff90d68d - __rustc[8fa7c3cbc660c2b3]::rust_begin_unwind
[INFO] [stdout]   10:     0x5d60ff94877c - core[df12db4294e9bfd3]::panicking::panic_fmt
[INFO] [stdout]   11:     0x5d60ff7e219f - <anyhow_error_tests[ad9719768405b502]::test_file_reading_error_context::{closure#0} as core[df12db4294e9bfd3]::ops::function::FnOnce<()>>::call_once
[INFO] [stdout]   12:     0x5d60ff8b783b - test[9d35eded1c95d3be]::__rust_begin_short_backtrace::<core[df12db4294e9bfd3]::result::Result<(), alloc[2182bb758b4b3781]::string::String>, fn() -> core[df12db4294e9bfd3]::result::Result<(), alloc[2182bb758b4b3781]::string::String>>
[INFO] [stdout]   13:     0x5d60ff8c4ea5 - test[9d35eded1c95d3be]::run_test::{closure#0}
[INFO] [stdout]   14:     0x5d60ff8be764 - std[70759c8f55707aa4]::sys::backtrace::__rust_begin_short_backtrace::<test[9d35eded1c95d3be]::run_test::{closure#1}, ()>
[INFO] [stdout]   15:     0x5d60ff8c8002 - <std[70759c8f55707aa4]::thread::lifecycle::spawn_unchecked<test[9d35eded1c95d3be]::run_test::{closure#1}, ()>::{closure#1} as core[df12db4294e9bfd3]::ops::function::FnOnce<()>>::call_once::{shim:vtable#0}
[INFO] [stdout]   16:     0x5d60ff930919 - <std[70759c8f55707aa4]::sys::thread::unix::Thread>::new::thread_start
[INFO] [stdout]   17:     0x76f422652dfa - <unknown>
[INFO] [stdout]   18:     0x76f4226e63d4 - clone
[INFO] [stdout]   19:                0x0 - <unknown>
[INFO] [stdout] 
[INFO] [stdout] 
[INFO] [stdout] failures:
[INFO] [stdout]     test_file_reading_error_context
[INFO] [stdout] 
[INFO] [stdout] test result: FAILED. 3 passed; 1 failed; 0 ignored; 0 measured; 0 filtered out; finished in 0.02s
[INFO] [stdout] 
[INFO] [stderr] error: test failed, to rerun pass `--test anyhow_error_tests`
[INFO] running `Command { std: "docker" "inspect" "44c0d1c3857c0199d3d6bf38ccd63c3b050d26b2337ac039b9211a0748be862a", kill_on_drop: false }`
[INFO] running `Command { std: "docker" "rm" "-f" "44c0d1c3857c0199d3d6bf38ccd63c3b050d26b2337ac039b9211a0748be862a", kill_on_drop: false }`
[INFO] [stdout] 44c0d1c3857c0199d3d6bf38ccd63c3b050d26b2337ac039b9211a0748be862a
