[INFO] fetching crate find_mountpoint 1.0.3...
[INFO] testing find_mountpoint-1.0.3 against 1.99.0-beta.8+cargoflags=--release for beta-release-1.100-2
[INFO] extracting crate find_mountpoint 1.0.3 into /workspace/builds/worker-2-tc1/source
[INFO] started tweaking crates.io crate find_mountpoint 1.0.3
[INFO] finished tweaking crates.io crate find_mountpoint 1.0.3
[INFO] tweaked toml for crates.io crate find_mountpoint 1.0.3 written to /workspace/builds/worker-2-tc1/source/Cargo.toml
[INFO] validating manifest of crates.io crate find_mountpoint 1.0.3 on toolchain 1.99.0-beta.8
[INFO] running `Command { std: CARGO_HOME="/workspace/cargo-home" RUSTUP_HOME="/workspace/rustup-home" "/workspace/cargo-home/bin/cargo" "+1.99.0-beta.8" "metadata" "--manifest-path" "Cargo.toml" "--no-deps", kill_on_drop: false }`
[INFO] running `Command { std: CARGO_HOME="/workspace/cargo-home" RUSTUP_HOME="/workspace/rustup-home" "/workspace/cargo-home/bin/cargo" "+1.99.0-beta.8" "generate-lockfile" "--manifest-path" "Cargo.toml", kill_on_drop: false }`
[INFO] [stderr]     Updating crates.io index
[INFO] [stderr]      Locking 1 package to highest compatible version
[INFO] running `Command { std: CARGO_HOME="/workspace/cargo-home" RUSTUP_HOME="/workspace/rustup-home" "/workspace/cargo-home/bin/cargo" "+1.99.0-beta.8" "fetch" "--manifest-path" "Cargo.toml", kill_on_drop: false }`
[INFO] [stderr] warning: Cargo.toml: `package.edition` is unspecified, defaulting to `2015` while the latest is `2024`
[INFO] [stderr] warning: `find_mountpoint` (manifest) generated 1 warning
[INFO] running `Command { std: "docker" "create" "-v" "/var/lib/crater-agent-workspace/builds/worker-2-tc1/source:/opt/rustwide/workdir:ro,Z" "-v" "/var/lib/crater-agent-workspace/builds/worker-2-tc1/target:/opt/rustwide/target:rw,Z" "-v" "/var/lib/crater-agent-workspace/cargo-home:/opt/rustwide/cargo-home:ro,Z" "-v" "/var/lib/crater-agent-workspace/rustup-home:/opt/rustwide/rustup-home:ro,Z" "-m" "1610612736" "--network" "none" "ghcr.io/rust-lang/crates-build-env/linux@sha256:77db811e55d90add9212f6832c23229e3de5f1c1f9905e8cb07319ea15df73ac" "sleep" "infinity", kill_on_drop: false }`
[INFO] [stdout] 5f4d8ec9cd185da5ac58b5565282ac6b590a0970e68a5e353e95d2b18d2c4266
[INFO] running `Command { std: "docker" "start" "5f4d8ec9cd185da5ac58b5565282ac6b590a0970e68a5e353e95d2b18d2c4266", kill_on_drop: false }`
[INFO] running `Command { std: "docker" "inspect" "5f4d8ec9cd185da5ac58b5565282ac6b590a0970e68a5e353e95d2b18d2c4266", kill_on_drop: false }`
[INFO] running `Command { std: "docker" "exec" "-e" "SOURCE_DIR=/opt/rustwide/workdir" "-e" "CARGO_HOME=/opt/rustwide/cargo-home" "-e" "RUSTUP_HOME=/opt/rustwide/rustup-home" "-e" "CARGO_TARGET_DIR=/opt/rustwide/target" "-w" "/opt/rustwide/workdir" "--user" "0:0" "5f4d8ec9cd185da5ac58b5565282ac6b590a0970e68a5e353e95d2b18d2c4266" "/opt/rustwide/cargo-home/bin/cargo" "+1.99.0-beta.8" "metadata" "--no-deps" "--format-version=1", kill_on_drop: false }`
[INFO] running `Command { std: "docker" "inspect" "5f4d8ec9cd185da5ac58b5565282ac6b590a0970e68a5e353e95d2b18d2c4266", kill_on_drop: false }`
[INFO] running `Command { std: "docker" "exec" "-e" "SOURCE_DIR=/opt/rustwide/workdir" "-e" "CARGO_HOME=/opt/rustwide/cargo-home" "-e" "RUSTUP_HOME=/opt/rustwide/rustup-home" "-e" "CARGO_TARGET_DIR=/opt/rustwide/target" "-e" "CARGO_INCREMENTAL=0" "-e" "RUST_BACKTRACE=full" "-e" "RUSTFLAGS=--cap-lints=warn" "-e" "RUSTDOCFLAGS=--cap-lints=warn" "-w" "/opt/rustwide/workdir" "--user" "0:0" "5f4d8ec9cd185da5ac58b5565282ac6b590a0970e68a5e353e95d2b18d2c4266" "/opt/rustwide/cargo-home/bin/cargo" "+1.99.0-beta.8" "build" "--frozen" "--message-format=json" "--release", kill_on_drop: false }`
[INFO] [stderr] warning: Cargo.toml: `package.edition` is unspecified, defaulting to `2015` while the latest is `2024`
[INFO] [stderr] warning: `find_mountpoint` (manifest) generated 1 warning
[INFO] [stderr]    Compiling find_mountpoint v1.0.3 (/opt/rustwide/workdir)
[INFO] [stderr]     Finished `release` profile [optimized] target(s) in 0.17s
[INFO] running `Command { std: "docker" "inspect" "5f4d8ec9cd185da5ac58b5565282ac6b590a0970e68a5e353e95d2b18d2c4266", kill_on_drop: false }`
[INFO] running `Command { std: "docker" "exec" "-e" "SOURCE_DIR=/opt/rustwide/workdir" "-e" "CARGO_HOME=/opt/rustwide/cargo-home" "-e" "RUSTUP_HOME=/opt/rustwide/rustup-home" "-e" "CARGO_TARGET_DIR=/opt/rustwide/target" "-e" "CARGO_INCREMENTAL=0" "-e" "RUST_BACKTRACE=full" "-e" "RUSTFLAGS=--cap-lints=warn" "-e" "RUSTDOCFLAGS=--cap-lints=warn" "-w" "/opt/rustwide/workdir" "--user" "0:0" "5f4d8ec9cd185da5ac58b5565282ac6b590a0970e68a5e353e95d2b18d2c4266" "/opt/rustwide/cargo-home/bin/cargo" "+1.99.0-beta.8" "test" "--frozen" "--no-run" "--message-format=json" "--release", kill_on_drop: false }`
[INFO] [stderr] warning: Cargo.toml: `package.edition` is unspecified, defaulting to `2015` while the latest is `2024`
[INFO] [stderr] warning: `find_mountpoint` (manifest) generated 1 warning
[INFO] [stderr]    Compiling find_mountpoint v1.0.3 (/opt/rustwide/workdir)
[INFO] [stderr]     Finished `release` profile [optimized] target(s) in 0.37s
[INFO] running `Command { std: "docker" "inspect" "5f4d8ec9cd185da5ac58b5565282ac6b590a0970e68a5e353e95d2b18d2c4266", kill_on_drop: false }`
[INFO] running `Command { std: "docker" "exec" "-e" "SOURCE_DIR=/opt/rustwide/workdir" "-e" "CARGO_HOME=/opt/rustwide/cargo-home" "-e" "RUSTUP_HOME=/opt/rustwide/rustup-home" "-e" "CARGO_TARGET_DIR=/opt/rustwide/target" "-e" "CARGO_INCREMENTAL=0" "-e" "RUST_BACKTRACE=full" "-e" "RUSTFLAGS=--cap-lints=warn" "-e" "RUSTDOCFLAGS=--cap-lints=warn" "-w" "/opt/rustwide/workdir" "--user" "0:0" "5f4d8ec9cd185da5ac58b5565282ac6b590a0970e68a5e353e95d2b18d2c4266" "/opt/rustwide/cargo-home/bin/cargo" "+1.99.0-beta.8" "test" "--frozen" "--release", kill_on_drop: false }`
[INFO] [stderr] warning: Cargo.toml: `package.edition` is unspecified, defaulting to `2015` while the latest is `2024`
[INFO] [stderr] warning: `find_mountpoint` (manifest) generated 1 warning
[INFO] [stderr]     Finished `release` profile [optimized] target(s) in 0.02s
[INFO] [stderr]      Running unittests src/lib.rs (/opt/rustwide/target/release/deps/find_mountpoint-f8b5c7d180abbbe8)
[INFO] [stdout] 
[INFO] [stdout] running 5 tests
[INFO] [stdout] test tests::integration_another_fs ... ignored
[INFO] [stdout] test tests::integration_basic ... FAILED
[INFO] [stdout] test tests::nonexistent_path_without_canonicalization - should panic ... ok
[INFO] [stdout] test tests::integration_basic_without_canonicalization ... FAILED
[INFO] [stdout] test tests::nonexistent_path - should panic ... ok
[INFO] [stdout] 
[INFO] [stdout] failures:
[INFO] [stdout] 
[INFO] [stdout] ---- tests::integration_basic stdout ----
[INFO] [stdout] 
[INFO] [stdout] thread 'tests::integration_basic' (146) panicked at src/lib.rs:45:9:
[INFO] [stdout] assertion `left == right` failed
[INFO] [stdout]   left: "/opt/rustwide/workdir"
[INFO] [stdout]  right: "/"
[INFO] [stdout] stack backtrace:
[INFO] [stdout]    0:     0x56bfbba64371 - <<std[70759c8f55707aa4]::sys::backtrace::BacktraceLock>::print::DisplayBacktrace as core[df12db4294e9bfd3]::fmt::Display>::fmt
[INFO] [stdout]    1:     0x56bfbba7865a - core[df12db4294e9bfd3]::fmt::write
[INFO] [stdout]    2:     0x56bfbba6880c - <alloc[2182bb758b4b3781]::vec::Vec<u8> as core[df12db4294e9bfd3]::io::write::Write>::write_fmt
[INFO] [stdout]    3:     0x56bfbba40646 - std[70759c8f55707aa4]::panicking::default_hook::{closure#0}
[INFO] [stdout]    4:     0x56bfbba5c8b9 - std[70759c8f55707aa4]::panicking::default_hook
[INFO] [stdout]    5:     0x56bfbb9f8c40 - test[9d35eded1c95d3be]::test_main_inner::<test[9d35eded1c95d3be]::test_main_static::{closure#0}>::{closure#0}
[INFO] [stdout]    6:     0x56bfbba5ca72 - std[70759c8f55707aa4]::panicking::panic_with_hook
[INFO] [stdout]    7:     0x56bfbba406f2 - std[70759c8f55707aa4]::panicking::panic_handler::{closure#0}
[INFO] [stdout]    8:     0x56bfbba39479 - std[70759c8f55707aa4]::sys::backtrace::__rust_end_short_backtrace::<std[70759c8f55707aa4]::panicking::panic_handler::{closure#0}, !>
[INFO] [stdout]    9:     0x56bfbba412ed - __rustc[8fa7c3cbc660c2b3]::rust_begin_unwind
[INFO] [stdout]   10:     0x56bfbba78d8c - core[df12db4294e9bfd3]::panicking::panic_fmt
[INFO] [stdout]   11:     0x56bfbba78ca3 - core[df12db4294e9bfd3]::panicking::assert_failed_inner
[INFO] [stdout]   12:     0x56bfbb9eb517 - core[df12db4294e9bfd3]::panicking::assert_failed::<&str, &str>
[INFO] [stdout]   13:     0x56bfbb9ebafd - <find_mountpoint[1980561a06cdfcd1]::tests::integration_basic::{closure#0} as core[df12db4294e9bfd3]::ops::function::FnOnce<()>>::call_once
[INFO] [stdout]   14:     0x56bfbb9ebf2b - test[9d35eded1c95d3be]::__rust_begin_short_backtrace::<core[df12db4294e9bfd3]::result::Result<(), alloc[2182bb758b4b3781]::string::String>, fn() -> core[df12db4294e9bfd3]::result::Result<(), alloc[2182bb758b4b3781]::string::String>>
[INFO] [stdout]   15:     0x56bfbb9f9595 - test[9d35eded1c95d3be]::run_test::{closure#0}
[INFO] [stdout]   16:     0x56bfbb9f2e54 - std[70759c8f55707aa4]::sys::backtrace::__rust_begin_short_backtrace::<test[9d35eded1c95d3be]::run_test::{closure#1}, ()>
[INFO] [stdout]   17:     0x56bfbb9fc6f2 - <std[70759c8f55707aa4]::thread::lifecycle::spawn_unchecked<test[9d35eded1c95d3be]::run_test::{closure#1}, ()>::{closure#1} as core[df12db4294e9bfd3]::ops::function::FnOnce<()>>::call_once::{shim:vtable#0}
[INFO] [stdout]   18:     0x56bfbba63c49 - <std[70759c8f55707aa4]::sys::thread::unix::Thread>::new::thread_start
[INFO] [stdout]   19:     0x7e3686b8fdfa - <unknown>
[INFO] [stdout]   20:     0x7e3686c233d4 - clone
[INFO] [stdout]   21:                0x0 - <unknown>
[INFO] [stdout] 
[INFO] [stdout] ---- tests::integration_basic_without_canonicalization stdout ----
[INFO] [stdout] 
[INFO] [stdout] thread 'tests::integration_basic_without_canonicalization' (147) panicked at src/lib.rs:55:9:
[INFO] [stdout] assertion `left == right` failed
[INFO] [stdout]   left: "/opt/rustwide/workdir"
[INFO] [stdout]  right: "/"
[INFO] [stdout] stack backtrace:
[INFO] [stdout]    0:     0x56bfbba64371 - <<std[70759c8f55707aa4]::sys::backtrace::BacktraceLock>::print::DisplayBacktrace as core[df12db4294e9bfd3]::fmt::Display>::fmt
[INFO] [stdout]    1:     0x56bfbba7865a - core[df12db4294e9bfd3]::fmt::write
[INFO] [stdout]    2:     0x56bfbba6880c - <alloc[2182bb758b4b3781]::vec::Vec<u8> as core[df12db4294e9bfd3]::io::write::Write>::write_fmt
[INFO] [stdout]    3:     0x56bfbba40646 - std[70759c8f55707aa4]::panicking::default_hook::{closure#0}
[INFO] [stdout]    4:     0x56bfbba5c8b9 - std[70759c8f55707aa4]::panicking::default_hook
[INFO] [stdout]    5:     0x56bfbb9f8c40 - test[9d35eded1c95d3be]::test_main_inner::<test[9d35eded1c95d3be]::test_main_static::{closure#0}>::{closure#0}
[INFO] [stdout]    6:     0x56bfbba5ca72 - std[70759c8f55707aa4]::panicking::panic_with_hook
[INFO] [stdout]    7:     0x56bfbba406f2 - std[70759c8f55707aa4]::panicking::panic_handler::{closure#0}
[INFO] [stdout]    8:     0x56bfbba39479 - std[70759c8f55707aa4]::sys::backtrace::__rust_end_short_backtrace::<std[70759c8f55707aa4]::panicking::panic_handler::{closure#0}, !>
[INFO] [stdout]    9:     0x56bfbba412ed - __rustc[8fa7c3cbc660c2b3]::rust_begin_unwind
[INFO] [stdout]   10:     0x56bfbba78d8c - core[df12db4294e9bfd3]::panicking::panic_fmt
[INFO] [stdout]   11:     0x56bfbba78ca3 - core[df12db4294e9bfd3]::panicking::assert_failed_inner
[INFO] [stdout]   12:     0x56bfbb9eb517 - core[df12db4294e9bfd3]::panicking::assert_failed::<&str, &str>
[INFO] [stdout]   13:     0x56bfbb9ebe41 - <find_mountpoint[1980561a06cdfcd1]::tests::integration_basic_without_canonicalization::{closure#0} as core[df12db4294e9bfd3]::ops::function::FnOnce<()>>::call_once
[INFO] [stdout]   14:     0x56bfbb9ebf2b - test[9d35eded1c95d3be]::__rust_begin_short_backtrace::<core[df12db4294e9bfd3]::result::Result<(), alloc[2182bb758b4b3781]::string::String>, fn() -> core[df12db4294e9bfd3]::result::Result<(), alloc[2182bb758b4b3781]::string::String>>
[INFO] [stdout]   15:     0x56bfbb9f9595 - test[9d35eded1c95d3be]::run_test::{closure#0}
[INFO] [stdout]   16:     0x56bfbb9f2e54 - std[70759c8f55707aa4]::sys::backtrace::__rust_begin_short_backtrace::<test[9d35eded1c95d3be]::run_test::{closure#1}, ()>
[INFO] [stdout]   17:     0x56bfbb9fc6f2 - <std[70759c8f55707aa4]::thread::lifecycle::spawn_unchecked<test[9d35eded1c95d3be]::run_test::{closure#1}, ()>::{closure#1} as core[df12db4294e9bfd3]::ops::function::FnOnce<()>>::call_once::{shim:vtable#0}
[INFO] [stdout]   18:     0x56bfbba63c49 - <std[70759c8f55707aa4]::sys::thread::unix::Thread>::new::thread_start
[INFO] [stdout]   19:     0x7e3686b8fdfa - <unknown>
[INFO] [stdout]   20:     0x7e3686c233d4 - clone
[INFO] [stdout]   21:                0x0 - <unknown>
[INFO] [stdout] 
[INFO] [stdout] 
[INFO] [stdout] failures:
[INFO] [stdout]     tests::integration_basic
[INFO] [stdout]     tests::integration_basic_without_canonicalization
[INFO] [stdout] 
[INFO] [stdout] test result: FAILED. 2 passed; 2 failed; 1 ignored; 0 measured; 0 filtered out; finished in 0.01s
[INFO] [stdout] 
[INFO] [stderr] error: test failed, to rerun pass `--lib`
[INFO] running `Command { std: "docker" "inspect" "5f4d8ec9cd185da5ac58b5565282ac6b590a0970e68a5e353e95d2b18d2c4266", kill_on_drop: false }`
[INFO] running `Command { std: "docker" "rm" "-f" "5f4d8ec9cd185da5ac58b5565282ac6b590a0970e68a5e353e95d2b18d2c4266", kill_on_drop: false }`
[INFO] [stdout] 5f4d8ec9cd185da5ac58b5565282ac6b590a0970e68a5e353e95d2b18d2c4266
