[INFO] fetching crate financial_symbols 1.0.3...
[INFO] testing financial_symbols-1.0.3 against 1.100.0-beta.1+cargoflags=--release for beta-release-1.100-2
[INFO] extracting crate financial_symbols 1.0.3 into /workspace/builds/worker-3-tc2/source
[INFO] started tweaking crates.io crate financial_symbols 1.0.3
[INFO] finished tweaking crates.io crate financial_symbols 1.0.3
[INFO] tweaked toml for crates.io crate financial_symbols 1.0.3 written to /workspace/builds/worker-3-tc2/source/Cargo.toml
[INFO] validating manifest of crates.io crate financial_symbols 1.0.3 on toolchain 1.100.0-beta.1
[INFO] running `Command { std: CARGO_HOME="/workspace/cargo-home" RUSTUP_HOME="/workspace/rustup-home" "/workspace/cargo-home/bin/cargo" "+1.100.0-beta.1" "metadata" "--manifest-path" "Cargo.toml" "--no-deps", kill_on_drop: false }`
[INFO] running `Command { std: CARGO_HOME="/workspace/cargo-home" RUSTUP_HOME="/workspace/rustup-home" "/workspace/cargo-home/bin/cargo" "+1.100.0-beta.1" "generate-lockfile" "--manifest-path" "Cargo.toml", kill_on_drop: false }`
[INFO] [stderr]     Updating crates.io index
[INFO] [stderr]      Locking 144 packages to highest compatible versions
[INFO] [stderr]       Adding criterion v0.4.0 (available: v0.8.2)
[INFO] running `Command { std: CARGO_HOME="/workspace/cargo-home" RUSTUP_HOME="/workspace/rustup-home" "/workspace/cargo-home/bin/cargo" "+1.100.0-beta.1" "fetch" "--manifest-path" "Cargo.toml", kill_on_drop: false }`
[INFO] running `Command { std: "docker" "create" "-v" "/var/lib/crater-agent-workspace/builds/worker-3-tc2/source:/opt/rustwide/workdir:ro,Z" "-v" "/var/lib/crater-agent-workspace/builds/worker-3-tc2/target:/opt/rustwide/target:rw,Z" "-v" "/var/lib/crater-agent-workspace/cargo-home:/opt/rustwide/cargo-home:ro,Z" "-v" "/var/lib/crater-agent-workspace/rustup-home:/opt/rustwide/rustup-home:ro,Z" "-m" "1610612736" "--network" "none" "ghcr.io/rust-lang/crates-build-env/linux@sha256:77db811e55d90add9212f6832c23229e3de5f1c1f9905e8cb07319ea15df73ac" "sleep" "infinity", kill_on_drop: false }`
[INFO] [stdout] f45be48579543c3851ebcb856f3e76249b62249296816294fb1111f8cb4f9efa
[INFO] running `Command { std: "docker" "start" "f45be48579543c3851ebcb856f3e76249b62249296816294fb1111f8cb4f9efa", kill_on_drop: false }`
[INFO] running `Command { std: "docker" "inspect" "f45be48579543c3851ebcb856f3e76249b62249296816294fb1111f8cb4f9efa", kill_on_drop: false }`
[INFO] running `Command { std: "docker" "exec" "-e" "SOURCE_DIR=/opt/rustwide/workdir" "-e" "CARGO_HOME=/opt/rustwide/cargo-home" "-e" "RUSTUP_HOME=/opt/rustwide/rustup-home" "-e" "CARGO_TARGET_DIR=/opt/rustwide/target" "-w" "/opt/rustwide/workdir" "--user" "0:0" "f45be48579543c3851ebcb856f3e76249b62249296816294fb1111f8cb4f9efa" "/opt/rustwide/cargo-home/bin/cargo" "+1.100.0-beta.1" "metadata" "--no-deps" "--format-version=1", kill_on_drop: false }`
[INFO] running `Command { std: "docker" "inspect" "f45be48579543c3851ebcb856f3e76249b62249296816294fb1111f8cb4f9efa", kill_on_drop: false }`
[INFO] running `Command { std: "docker" "exec" "-e" "SOURCE_DIR=/opt/rustwide/workdir" "-e" "CARGO_HOME=/opt/rustwide/cargo-home" "-e" "RUSTUP_HOME=/opt/rustwide/rustup-home" "-e" "CARGO_TARGET_DIR=/opt/rustwide/target" "-e" "CARGO_INCREMENTAL=0" "-e" "RUST_BACKTRACE=full" "-e" "RUSTFLAGS=--cap-lints=warn" "-e" "RUSTDOCFLAGS=--cap-lints=warn" "-w" "/opt/rustwide/workdir" "--user" "0:0" "f45be48579543c3851ebcb856f3e76249b62249296816294fb1111f8cb4f9efa" "/opt/rustwide/cargo-home/bin/cargo" "+1.100.0-beta.1" "build" "--frozen" "--message-format=json" "--release", kill_on_drop: false }`
[INFO] [stderr]    Compiling num-traits v0.2.19
[INFO] [stderr]    Compiling serde v1.0.229
[INFO] [stderr]    Compiling rust_decimal v1.43.0
[INFO] [stderr]    Compiling arrayvec v0.7.8
[INFO] [stderr]    Compiling chrono v0.4.45
[INFO] [stderr]    Compiling financial_symbols v1.0.3 (/opt/rustwide/workdir)
[INFO] [stderr] warning: unused dependency `anyhow`
[INFO] [stderr]   --> Cargo.toml:11:15
[INFO] [stderr]    |
[INFO] [stderr] 11 | [dependencies.anyhow]
[INFO] [stderr]    |               ^^^^^^^
[INFO] [stderr]    |
[INFO] [stderr]    = note: `cargo::unused_dependencies` is set to `warn` by default
[INFO] [stderr] help: consider removing the dependency on `anyhow`
[INFO] [stderr] warning: `financial_symbols` (manifest) generated 1 warning
[INFO] [stderr]     Finished `release` profile [optimized] target(s) in 6.08s
[INFO] running `Command { std: "docker" "inspect" "f45be48579543c3851ebcb856f3e76249b62249296816294fb1111f8cb4f9efa", kill_on_drop: false }`
[INFO] running `Command { std: "docker" "exec" "-e" "SOURCE_DIR=/opt/rustwide/workdir" "-e" "CARGO_HOME=/opt/rustwide/cargo-home" "-e" "RUSTUP_HOME=/opt/rustwide/rustup-home" "-e" "CARGO_TARGET_DIR=/opt/rustwide/target" "-e" "CARGO_INCREMENTAL=0" "-e" "RUST_BACKTRACE=full" "-e" "RUSTFLAGS=--cap-lints=warn" "-e" "RUSTDOCFLAGS=--cap-lints=warn" "-w" "/opt/rustwide/workdir" "--user" "0:0" "f45be48579543c3851ebcb856f3e76249b62249296816294fb1111f8cb4f9efa" "/opt/rustwide/cargo-home/bin/cargo" "+1.100.0-beta.1" "test" "--frozen" "--no-run" "--message-format=json" "--release", kill_on_drop: false }`
[INFO] [stderr]    Compiling num-traits v0.2.19
[INFO] [stderr]    Compiling syn v2.0.119
[INFO] [stderr]    Compiling indexmap v1.9.3
[INFO] [stderr]    Compiling libc v0.2.191
[INFO] [stderr]    Compiling os_str_bytes v6.6.1
[INFO] [stderr]    Compiling serde v1.0.229
[INFO] [stderr]    Compiling regex-syntax v0.8.11
[INFO] [stderr]    Compiling hashbrown v0.12.3
[INFO] [stderr]    Compiling serde_json v1.0.154
[INFO] [stderr]    Compiling textwrap v0.16.4
[INFO] [stderr]    Compiling clap_lex v0.2.4
[INFO] [stderr]    Compiling tinytemplate v1.2.1
[INFO] [stderr]    Compiling plotters v0.3.7
[INFO] [stderr]    Compiling chrono v0.4.45
[INFO] [stderr]    Compiling rust_decimal v1.43.0
[INFO] [stderr]    Compiling clap v3.2.25
[INFO] [stderr]    Compiling atty v0.2.14
[INFO] [stderr]    Compiling regex-automata v0.4.18
[INFO] [stderr]    Compiling financial_symbols v1.0.3 (/opt/rustwide/workdir)
[INFO] [stderr]    Compiling zerocopy-derive v0.8.63
[INFO] [stderr]    Compiling regex v1.13.1
[INFO] [stderr]    Compiling zerocopy v0.8.63
[INFO] [stderr]    Compiling half v2.7.1
[INFO] [stderr]    Compiling ciborium-ll v0.2.2
[INFO] [stderr]    Compiling ciborium v0.2.2
[INFO] [stderr]    Compiling criterion v0.4.0
[INFO] [stderr] warning: unused dependency `anyhow`
[INFO] [stderr]   --> Cargo.toml:11:15
[INFO] [stderr]    |
[INFO] [stderr] 11 | [dependencies.anyhow]
[INFO] [stderr]    |               ^^^^^^^
[INFO] [stderr]    |
[INFO] [stderr]    = note: `cargo::unused_dependencies` is set to `warn` by default
[INFO] [stderr] help: consider removing the dependency on `anyhow`
[INFO] [stderr] help: to still use for development builds, move to `dev-dependencies`
[INFO] [stderr] warning: `financial_symbols` (manifest) generated 1 warning
[INFO] [stderr]     Finished `release` profile [optimized] target(s) in 49.25s
[INFO] running `Command { std: "docker" "inspect" "f45be48579543c3851ebcb856f3e76249b62249296816294fb1111f8cb4f9efa", kill_on_drop: false }`
[INFO] running `Command { std: "docker" "exec" "-e" "SOURCE_DIR=/opt/rustwide/workdir" "-e" "CARGO_HOME=/opt/rustwide/cargo-home" "-e" "RUSTUP_HOME=/opt/rustwide/rustup-home" "-e" "CARGO_TARGET_DIR=/opt/rustwide/target" "-e" "CARGO_INCREMENTAL=0" "-e" "RUST_BACKTRACE=full" "-e" "RUSTFLAGS=--cap-lints=warn" "-e" "RUSTDOCFLAGS=--cap-lints=warn" "-w" "/opt/rustwide/workdir" "--user" "0:0" "f45be48579543c3851ebcb856f3e76249b62249296816294fb1111f8cb4f9efa" "/opt/rustwide/cargo-home/bin/cargo" "+1.100.0-beta.1" "test" "--frozen" "--release", kill_on_drop: false }`
[INFO] [stderr] warning: unused dependency `anyhow`
[INFO] [stderr]   --> Cargo.toml:11:15
[INFO] [stderr]    |
[INFO] [stderr] 11 | [dependencies.anyhow]
[INFO] [stderr]    |               ^^^^^^^
[INFO] [stderr]    |
[INFO] [stderr]    = note: `cargo::unused_dependencies` is set to `warn` by default
[INFO] [stderr] help: consider removing the dependency on `anyhow`
[INFO] [stderr] help: to still use for development builds, move to `dev-dependencies`
[INFO] [stderr] warning: `financial_symbols` (manifest) generated 1 warning
[INFO] [stderr]     Finished `release` profile [optimized] target(s) in 0.16s
[INFO] [stdout] 
[INFO] [stderr]      Running unittests src/lib.rs (/opt/rustwide/target/release/build/financial_symbols/93ecad4e2d5bd8b0/out/financial_symbols-93ecad4e2d5bd8b0)
[INFO] [stdout] running 18 tests
[INFO] [stdout] test tests::can_handle_osi_long ... ok
[INFO] [stdout] test tests::can_parse_option_roots ... FAILED
[INFO] [stdout] test tests::can_parse_tickers ... FAILED
[INFO] [stdout] test tests::dx_feed_format ... ok
[INFO] [stdout] test tests::from_dx_format ... ok
[INFO] [stdout] test tests::bad_expiry ... ok
[INFO] [stdout] test tests::from_dx_format_bad_format ... ok
[INFO] [stdout] test tests::bad_strike ... ok
[INFO] [stdout] test tests::debug_ticker ... ok
[INFO] [stdout] test tests::bad_option_type ... ok
[INFO] [stdout] test tests::from_osi_format_bad_format ... ok
[INFO] [stdout] test tests::ticker_bad_inputs ... ok
[INFO] [stdout] test tests::missing_ticker ... ok
[INFO] [stdout] test tests::missing_expiry ... ok
[INFO] [stdout] test tests::missing_option_type ... ok
[INFO] [stdout] test tests::three_decimal_places ... ok
[INFO] [stdout] test tests::missing_strike ... ok
[INFO] [stdout] test tests::from_osi_format ... FAILED
[INFO] [stdout] 
[INFO] [stdout] failures:
[INFO] [stdout] 
[INFO] [stdout] ---- tests::can_parse_option_roots stdout ----
[INFO] [stdout] 
[INFO] [stdout] thread 'tests::can_parse_option_roots' (899) panicked at src/lib.rs:1013:63:
[INFO] [stdout] called `Result::unwrap()` on an `Err` value: Os { code: 2, kind: NotFound, message: "No such file or directory" }
[INFO] [stdout] stack backtrace:
[INFO] [stdout]    0:     0x5bc548cab201 - <<std[617be2ca0a6fd877]::sys::backtrace::BacktraceLock>::print::DisplayBacktrace as core[a373ad73a504971]::fmt::Display>::fmt
[INFO] [stdout]    1:     0x5bc548cbf7da - core[a373ad73a504971]::fmt::write
[INFO] [stdout]    2:     0x5bc548caf91c - <alloc[2e1b2a31b91974c5]::vec::Vec<u8> as core[a373ad73a504971]::io::write::Write>::write_fmt
[INFO] [stdout]    3:     0x5bc548c870e6 - std[617be2ca0a6fd877]::panicking::default_hook::{closure#0}
[INFO] [stdout]    4:     0x5bc548ca3879 - std[617be2ca0a6fd877]::panicking::default_hook
[INFO] [stdout]    5:     0x5bc548c34900 - test[aada8e7e76ba119b]::test_main_inner::{closure#0}
[INFO] [stdout]    6:     0x5bc548ca3a32 - std[617be2ca0a6fd877]::panicking::panic_with_hook
[INFO] [stdout]    7:     0x5bc548c87192 - std[617be2ca0a6fd877]::panicking::panic_handler::{closure#0}
[INFO] [stdout]    8:     0x5bc548c7f919 - std[617be2ca0a6fd877]::sys::backtrace::__rust_end_short_backtrace::<std[617be2ca0a6fd877]::panicking::panic_handler::{closure#0}, !>
[INFO] [stdout]    9:     0x5bc548c87ead - __rustc[ea4f61d10b84890b]::rust_begin_unwind
[INFO] [stdout]   10:     0x5bc548cbff0c - core[a373ad73a504971]::panicking::panic_fmt
[INFO] [stdout]   11:     0x5bc548cbfce2 - core[a373ad73a504971]::result::unwrap_failed
[INFO] [stdout]   12:     0x5bc548c1f504 - <financial_symbols[126ad17b4c1780fc]::tests::can_parse_option_roots::{closure#0} as core[a373ad73a504971]::ops::function::FnOnce<()>>::call_once
[INFO] [stdout]   13:     0x5bc548c27d4b - test[aada8e7e76ba119b]::__rust_begin_short_backtrace::<core[a373ad73a504971]::result::Result<(), alloc[2e1b2a31b91974c5]::string::String>, fn() -> core[a373ad73a504971]::result::Result<(), alloc[2e1b2a31b91974c5]::string::String>>
[INFO] [stdout]   14:     0x5bc548c34f25 - test[aada8e7e76ba119b]::run_test::{closure#0}
[INFO] [stdout]   15:     0x5bc548c2e814 - std[617be2ca0a6fd877]::sys::backtrace::__rust_begin_short_backtrace::<test[aada8e7e76ba119b]::run_test::{closure#1}, ()>
[INFO] [stdout]   16:     0x5bc548c37fb2 - <std[617be2ca0a6fd877]::thread::lifecycle::spawn_unchecked<test[aada8e7e76ba119b]::run_test::{closure#1}, ()>::{closure#1} as core[a373ad73a504971]::ops::function::FnOnce<()>>::call_once::{shim:vtable#0}
[INFO] [stdout]   17:     0x5bc548caaa5f - <std[617be2ca0a6fd877]::sys::thread::unix::Thread>::new::thread_start
[INFO] [stdout]   18:     0x7defb5282dfa - <unknown>
[INFO] [stdout]   19:     0x7defb53163d4 - clone
[INFO] [stdout]   20:                0x0 - <unknown>
[INFO] [stdout] 
[INFO] [stdout] ---- tests::can_parse_tickers stdout ----
[INFO] [stdout] 
[INFO] [stdout] thread 'tests::can_parse_tickers' (900) panicked at src/lib.rs:988:58:
[INFO] [stdout] called `Result::unwrap()` on an `Err` value: Os { code: 2, kind: NotFound, message: "No such file or directory" }
[INFO] [stdout] stack backtrace:
[INFO] [stdout]    0:     0x5bc548cab201 - <<std[617be2ca0a6fd877]::sys::backtrace::BacktraceLock>::print::DisplayBacktrace as core[a373ad73a504971]::fmt::Display>::fmt
[INFO] [stdout]    1:     0x5bc548cbf7da - core[a373ad73a504971]::fmt::write
[INFO] [stdout]    2:     0x5bc548caf91c - <alloc[2e1b2a31b91974c5]::vec::Vec<u8> as core[a373ad73a504971]::io::write::Write>::write_fmt
[INFO] [stdout]    3:     0x5bc548c870e6 - std[617be2ca0a6fd877]::panicking::default_hook::{closure#0}
[INFO] [stdout]    4:     0x5bc548ca3879 - std[617be2ca0a6fd877]::panicking::default_hook
[INFO] [stdout]    5:     0x5bc548c34900 - test[aada8e7e76ba119b]::test_main_inner::{closure#0}
[INFO] [stdout]    6:     0x5bc548ca3a32 - std[617be2ca0a6fd877]::panicking::panic_with_hook
[INFO] [stdout]    7:     0x5bc548c87192 - std[617be2ca0a6fd877]::panicking::panic_handler::{closure#0}
[INFO] [stdout]    8:     0x5bc548c7f919 - std[617be2ca0a6fd877]::sys::backtrace::__rust_end_short_backtrace::<std[617be2ca0a6fd877]::panicking::panic_handler::{closure#0}, !>
[INFO] [stdout]    9:     0x5bc548c87ead - __rustc[ea4f61d10b84890b]::rust_begin_unwind
[INFO] [stdout]   10:     0x5bc548cbff0c - core[a373ad73a504971]::panicking::panic_fmt
[INFO] [stdout]   11:     0x5bc548cbfce2 - core[a373ad73a504971]::result::unwrap_failed
[INFO] [stdout]   12:     0x5bc548c1e654 - <financial_symbols[126ad17b4c1780fc]::tests::can_parse_tickers::{closure#0} as core[a373ad73a504971]::ops::function::FnOnce<()>>::call_once
[INFO] [stdout]   13:     0x5bc548c27d4b - test[aada8e7e76ba119b]::__rust_begin_short_backtrace::<core[a373ad73a504971]::result::Result<(), alloc[2e1b2a31b91974c5]::string::String>, fn() -> core[a373ad73a504971]::result::Result<(), alloc[2e1b2a31b91974c5]::string::String>>
[INFO] [stdout]   14:     0x5bc548c34f25 - test[aada8e7e76ba119b]::run_test::{closure#0}
[INFO] [stdout]   15:     0x5bc548c2e814 - std[617be2ca0a6fd877]::sys::backtrace::__rust_begin_short_backtrace::<test[aada8e7e76ba119b]::run_test::{closure#1}, ()>
[INFO] [stdout]   16:     0x5bc548c37fb2 - <std[617be2ca0a6fd877]::thread::lifecycle::spawn_unchecked<test[aada8e7e76ba119b]::run_test::{closure#1}, ()>::{closure#1} as core[a373ad73a504971]::ops::function::FnOnce<()>>::call_once::{shim:vtable#0}
[INFO] [stdout]   17:     0x5bc548caaa5f - <std[617be2ca0a6fd877]::sys::thread::unix::Thread>::new::thread_start
[INFO] [stdout]   18:     0x7defb5282dfa - <unknown>
[INFO] [stdout]   19:     0x7defb53163d4 - clone
[INFO] [stdout]   20:                0x0 - <unknown>
[INFO] [stdout] 
[INFO] [stdout] ---- tests::from_osi_format stdout ----
[INFO] [stdout] 
[INFO] [stdout] thread 'tests::from_osi_format' (905) panicked at src/lib.rs:1100:60:
[INFO] [stdout] called `Result::unwrap()` on an `Err` value: Os { code: 2, kind: NotFound, message: "No such file or directory" }
[INFO] [stdout] stack backtrace:
[INFO] [stdout]    0:     0x5bc548cab201 - <<std[617be2ca0a6fd877]::sys::backtrace::BacktraceLock>::print::DisplayBacktrace as core[a373ad73a504971]::fmt::Display>::fmt
[INFO] [stdout]    1:     0x5bc548cbf7da - core[a373ad73a504971]::fmt::write
[INFO] [stdout]    2:     0x5bc548caf91c - <alloc[2e1b2a31b91974c5]::vec::Vec<u8> as core[a373ad73a504971]::io::write::Write>::write_fmt
[INFO] [stdout]    3:     0x5bc548c870e6 - std[617be2ca0a6fd877]::panicking::default_hook::{closure#0}
[INFO] [stdout]    4:     0x5bc548ca3879 - std[617be2ca0a6fd877]::panicking::default_hook
[INFO] [stdout]    5:     0x5bc548c34900 - test[aada8e7e76ba119b]::test_main_inner::{closure#0}
[INFO] [stdout]    6:     0x5bc548ca3a32 - std[617be2ca0a6fd877]::panicking::panic_with_hook
[INFO] [stdout]    7:     0x5bc548c87192 - std[617be2ca0a6fd877]::panicking::panic_handler::{closure#0}
[INFO] [stdout]    8:     0x5bc548c7f919 - std[617be2ca0a6fd877]::sys::backtrace::__rust_end_short_backtrace::<std[617be2ca0a6fd877]::panicking::panic_handler::{closure#0}, !>
[INFO] [stdout]    9:     0x5bc548c87ead - __rustc[ea4f61d10b84890b]::rust_begin_unwind
[INFO] [stdout]   10:     0x5bc548cbff0c - core[a373ad73a504971]::panicking::panic_fmt
[INFO] [stdout]   11:     0x5bc548cbfce2 - core[a373ad73a504971]::result::unwrap_failed
[INFO] [stdout]   12:     0x5bc548c1da48 - <financial_symbols[126ad17b4c1780fc]::tests::from_osi_format::{closure#0} as core[a373ad73a504971]::ops::function::FnOnce<()>>::call_once
[INFO] [stdout]   13:     0x5bc548c27d4b - test[aada8e7e76ba119b]::__rust_begin_short_backtrace::<core[a373ad73a504971]::result::Result<(), alloc[2e1b2a31b91974c5]::string::String>, fn() -> core[a373ad73a504971]::result::Result<(), alloc[2e1b2a31b91974c5]::string::String>>
[INFO] [stdout]   14:     0x5bc548c34f25 - test[aada8e7e76ba119b]::run_test::{closure#0}
[INFO] [stdout]   15:     0x5bc548c2e814 - std[617be2ca0a6fd877]::sys::backtrace::__rust_begin_short_backtrace::<test[aada8e7e76ba119b]::run_test::{closure#1}, ()>
[INFO] [stdout]   16:     0x5bc548c37fb2 - <std[617be2ca0a6fd877]::thread::lifecycle::spawn_unchecked<test[aada8e7e76ba119b]::run_test::{closure#1}, ()>::{closure#1} as core[a373ad73a504971]::ops::function::FnOnce<()>>::call_once::{shim:vtable#0}
[INFO] [stdout]   17:     0x5bc548caaa5f - <std[617be2ca0a6fd877]::sys::thread::unix::Thread>::new::thread_start
[INFO] [stdout]   18:     0x7defb5282dfa - <unknown>
[INFO] [stdout]   19:     0x7defb53163d4 - clone
[INFO] [stdout]   20:                0x0 - <unknown>
[INFO] [stdout] 
[INFO] [stdout] 
[INFO] [stdout] failures:
[INFO] [stdout]     tests::can_parse_option_roots
[INFO] [stdout]     tests::can_parse_tickers
[INFO] [stdout]     tests::from_osi_format
[INFO] [stdout] 
[INFO] [stdout] test result: FAILED. 15 passed; 3 failed; 0 ignored; 0 measured; 0 filtered out; finished in 0.05s
[INFO] [stdout] 
[INFO] [stderr] error: test failed, to rerun pass `--lib`
[INFO] running `Command { std: "docker" "inspect" "f45be48579543c3851ebcb856f3e76249b62249296816294fb1111f8cb4f9efa", kill_on_drop: false }`
[INFO] running `Command { std: "docker" "rm" "-f" "f45be48579543c3851ebcb856f3e76249b62249296816294fb1111f8cb4f9efa", kill_on_drop: false }`
[INFO] [stdout] f45be48579543c3851ebcb856f3e76249b62249296816294fb1111f8cb4f9efa
