[INFO] fetching crate filp 0.3.1...
[INFO] testing filp-0.3.1 against 1.100.0-beta.1+cargoflags=--release for beta-release-1.100-2
[INFO] extracting crate filp 0.3.1 into /workspace/builds/worker-3-tc2/source
[INFO] started tweaking crates.io crate filp 0.3.1
[INFO] removed 0 missing tests
[INFO] finished tweaking crates.io crate filp 0.3.1
[INFO] tweaked toml for crates.io crate filp 0.3.1 written to /workspace/builds/worker-3-tc2/source/Cargo.toml
[INFO] validating manifest of crates.io crate filp 0.3.1 on toolchain 1.100.0-beta.1
[INFO] running `Command { std: CARGO_HOME="/workspace/cargo-home" RUSTUP_HOME="/workspace/rustup-home" "/workspace/cargo-home/bin/cargo" "+1.100.0-beta.1" "metadata" "--manifest-path" "Cargo.toml" "--no-deps", kill_on_drop: false }`
[INFO] crate crates.io crate filp 0.3.1 already has a lockfile, it will not be regenerated
[INFO] running `Command { std: CARGO_HOME="/workspace/cargo-home" RUSTUP_HOME="/workspace/rustup-home" "/workspace/cargo-home/bin/cargo" "+1.100.0-beta.1" "fetch" "--manifest-path" "Cargo.toml", kill_on_drop: false }`
[INFO] running `Command { std: "docker" "create" "-v" "/var/lib/crater-agent-workspace/builds/worker-3-tc2/source:/opt/rustwide/workdir:ro,Z" "-v" "/var/lib/crater-agent-workspace/builds/worker-3-tc2/target:/opt/rustwide/target:rw,Z" "-v" "/var/lib/crater-agent-workspace/cargo-home:/opt/rustwide/cargo-home:ro,Z" "-v" "/var/lib/crater-agent-workspace/rustup-home:/opt/rustwide/rustup-home:ro,Z" "-m" "1610612736" "--network" "none" "ghcr.io/rust-lang/crates-build-env/linux@sha256:77db811e55d90add9212f6832c23229e3de5f1c1f9905e8cb07319ea15df73ac" "sleep" "infinity", kill_on_drop: false }`
[INFO] [stdout] f975a49743bc87ae7658e6967faa1146b5954a02a44104e666dc92d6a9bb35c3
[INFO] running `Command { std: "docker" "start" "f975a49743bc87ae7658e6967faa1146b5954a02a44104e666dc92d6a9bb35c3", kill_on_drop: false }`
[INFO] running `Command { std: "docker" "inspect" "f975a49743bc87ae7658e6967faa1146b5954a02a44104e666dc92d6a9bb35c3", kill_on_drop: false }`
[INFO] running `Command { std: "docker" "exec" "-e" "SOURCE_DIR=/opt/rustwide/workdir" "-e" "CARGO_HOME=/opt/rustwide/cargo-home" "-e" "RUSTUP_HOME=/opt/rustwide/rustup-home" "-e" "CARGO_TARGET_DIR=/opt/rustwide/target" "-w" "/opt/rustwide/workdir" "--user" "0:0" "f975a49743bc87ae7658e6967faa1146b5954a02a44104e666dc92d6a9bb35c3" "/opt/rustwide/cargo-home/bin/cargo" "+1.100.0-beta.1" "metadata" "--no-deps" "--format-version=1", kill_on_drop: false }`
[INFO] running `Command { std: "docker" "inspect" "f975a49743bc87ae7658e6967faa1146b5954a02a44104e666dc92d6a9bb35c3", kill_on_drop: false }`
[INFO] running `Command { std: "docker" "exec" "-e" "SOURCE_DIR=/opt/rustwide/workdir" "-e" "CARGO_HOME=/opt/rustwide/cargo-home" "-e" "RUSTUP_HOME=/opt/rustwide/rustup-home" "-e" "CARGO_TARGET_DIR=/opt/rustwide/target" "-e" "CARGO_INCREMENTAL=0" "-e" "RUST_BACKTRACE=full" "-e" "RUSTFLAGS=--cap-lints=warn" "-e" "RUSTDOCFLAGS=--cap-lints=warn" "-w" "/opt/rustwide/workdir" "--user" "0:0" "f975a49743bc87ae7658e6967faa1146b5954a02a44104e666dc92d6a9bb35c3" "/opt/rustwide/cargo-home/bin/cargo" "+1.100.0-beta.1" "build" "--frozen" "--message-format=json" "--release", kill_on_drop: false }`
[INFO] [stderr]    Compiling filp v0.3.1 (/opt/rustwide/workdir)
[INFO] [stderr]     Finished `release` profile [optimized] target(s) in 0.15s
[INFO] running `Command { std: "docker" "inspect" "f975a49743bc87ae7658e6967faa1146b5954a02a44104e666dc92d6a9bb35c3", kill_on_drop: false }`
[INFO] running `Command { std: "docker" "exec" "-e" "SOURCE_DIR=/opt/rustwide/workdir" "-e" "CARGO_HOME=/opt/rustwide/cargo-home" "-e" "RUSTUP_HOME=/opt/rustwide/rustup-home" "-e" "CARGO_TARGET_DIR=/opt/rustwide/target" "-e" "CARGO_INCREMENTAL=0" "-e" "RUST_BACKTRACE=full" "-e" "RUSTFLAGS=--cap-lints=warn" "-e" "RUSTDOCFLAGS=--cap-lints=warn" "-w" "/opt/rustwide/workdir" "--user" "0:0" "f975a49743bc87ae7658e6967faa1146b5954a02a44104e666dc92d6a9bb35c3" "/opt/rustwide/cargo-home/bin/cargo" "+1.100.0-beta.1" "test" "--frozen" "--no-run" "--message-format=json" "--release", kill_on_drop: false }`
[INFO] [stderr]    Compiling filp v0.3.1 (/opt/rustwide/workdir)
[INFO] [stderr]     Finished `release` profile [optimized] target(s) in 0.57s
[INFO] running `Command { std: "docker" "inspect" "f975a49743bc87ae7658e6967faa1146b5954a02a44104e666dc92d6a9bb35c3", kill_on_drop: false }`
[INFO] running `Command { std: "docker" "exec" "-e" "SOURCE_DIR=/opt/rustwide/workdir" "-e" "CARGO_HOME=/opt/rustwide/cargo-home" "-e" "RUSTUP_HOME=/opt/rustwide/rustup-home" "-e" "CARGO_TARGET_DIR=/opt/rustwide/target" "-e" "CARGO_INCREMENTAL=0" "-e" "RUST_BACKTRACE=full" "-e" "RUSTFLAGS=--cap-lints=warn" "-e" "RUSTDOCFLAGS=--cap-lints=warn" "-w" "/opt/rustwide/workdir" "--user" "0:0" "f975a49743bc87ae7658e6967faa1146b5954a02a44104e666dc92d6a9bb35c3" "/opt/rustwide/cargo-home/bin/cargo" "+1.100.0-beta.1" "test" "--frozen" "--release", kill_on_drop: false }`
[INFO] [stderr]     Finished `release` profile [optimized] target(s) in 0.08s
[INFO] [stderr]      Running unittests src/lib.rs (/opt/rustwide/target/release/build/filp/322c907e5986ab47/out/filp-322c907e5986ab47)
[INFO] [stdout] 
[INFO] [stderr]      Running tests/unix_test.rs (/opt/rustwide/target/release/build/filp/04a45dd82558065d/out/unix_test-04a45dd82558065d)
[INFO] [stdout] running 0 tests
[INFO] [stdout] 
[INFO] [stdout] test result: ok. 0 passed; 0 failed; 0 ignored; 0 measured; 0 filtered out; finished in 0.00s
[INFO] [stdout] 
[INFO] [stdout] 
[INFO] [stdout] running 13 tests
[INFO] [stdout] test tests::test_get_path ... ok
[INFO] [stdout] test tests::test_owner_execute_only ... ok
[INFO] [stdout] test tests::test_get_mode ... ok
[INFO] [stdout] test tests::test_group_and_other_are_ignored ... ok
[INFO] [stdout] test tests::test_owner_full_permissions ... ok
[INFO] [stdout] test tests::test_owner_read_only ... ok
[INFO] [stdout] test tests::test_owner_write_only ... ok
[INFO] [stderr] error: test failed, to rerun pass `--test unix_test`
[INFO] [stdout] test tests::test_owner_rwx ... ok
[INFO] [stdout] test tests::test_get_username ... FAILED
[INFO] [stdout] test tests::test_invalid_path ... ok
[INFO] [stdout] test tests::test_owner_no_permissions ... ok
[INFO] [stdout] test tests::test_set_mode_updates_self ... ok
[INFO] [stdout] test tests::test_set_mode ... ok
[INFO] [stdout] 
[INFO] [stdout] failures:
[INFO] [stdout] 
[INFO] [stdout] ---- tests::test_get_username stdout ----
[INFO] [stdout] 
[INFO] [stdout] thread 'tests::test_get_username' (203) panicked at tests/unix_test.rs:248:9:
[INFO] [stdout] assertion failed: username.is_ok()
[INFO] [stdout] stack backtrace:
[INFO] [stdout]    0:     0x57304efe1911 - <<std[617be2ca0a6fd877]::sys::backtrace::BacktraceLock>::print::DisplayBacktrace as core[a373ad73a504971]::fmt::Display>::fmt
[INFO] [stdout]    1:     0x57304eff5c9a - core[a373ad73a504971]::fmt::write
[INFO] [stdout]    2:     0x57304efe5b2c - <alloc[2e1b2a31b91974c5]::vec::Vec<u8> as core[a373ad73a504971]::io::write::Write>::write_fmt
[INFO] [stdout]    3:     0x57304efbd7c6 - std[617be2ca0a6fd877]::panicking::default_hook::{closure#0}
[INFO] [stdout]    4:     0x57304efd9d89 - std[617be2ca0a6fd877]::panicking::default_hook
[INFO] [stdout]    5:     0x57304ef75de0 - test[aada8e7e76ba119b]::test_main_inner::{closure#0}
[INFO] [stdout]    6:     0x57304efd9f42 - std[617be2ca0a6fd877]::panicking::panic_with_hook
[INFO] [stdout]    7:     0x57304efbd8a4 - std[617be2ca0a6fd877]::panicking::panic_handler::{closure#0}
[INFO] [stdout]    8:     0x57304efb64d9 - std[617be2ca0a6fd877]::sys::backtrace::__rust_end_short_backtrace::<std[617be2ca0a6fd877]::panicking::panic_handler::{closure#0}, !>
[INFO] [stdout]    9:     0x57304efbe53d - __rustc[ea4f61d10b84890b]::rust_begin_unwind
[INFO] [stdout]   10:     0x57304eff63cc - core[a373ad73a504971]::panicking::panic_fmt
[INFO] [stdout]   11:     0x57304eff6392 - core[a373ad73a504971]::panicking::panic
[INFO] [stdout]   12:     0x57304ef67a63 - <unix_test[48f8c3fad1f60e90]::tests::test_get_username::{closure#0} as core[a373ad73a504971]::ops::function::FnOnce<()>>::call_once
[INFO] [stdout]   13:     0x57304ef6922b - test[aada8e7e76ba119b]::__rust_begin_short_backtrace::<core[a373ad73a504971]::result::Result<(), alloc[2e1b2a31b91974c5]::string::String>, fn() -> core[a373ad73a504971]::result::Result<(), alloc[2e1b2a31b91974c5]::string::String>>
[INFO] [stdout]   14:     0x57304ef76405 - test[aada8e7e76ba119b]::run_test::{closure#0}
[INFO] [stdout]   15:     0x57304ef6fcf4 - std[617be2ca0a6fd877]::sys::backtrace::__rust_begin_short_backtrace::<test[aada8e7e76ba119b]::run_test::{closure#1}, ()>
[INFO] [stdout]   16:     0x57304ef79492 - <std[617be2ca0a6fd877]::thread::lifecycle::spawn_unchecked<test[aada8e7e76ba119b]::run_test::{closure#1}, ()>::{closure#1} as core[a373ad73a504971]::ops::function::FnOnce<()>>::call_once::{shim:vtable#0}
[INFO] [stdout]   17:     0x57304efe116f - <std[617be2ca0a6fd877]::sys::thread::unix::Thread>::new::thread_start
[INFO] [stdout]   18:     0x737ef9cbcdfa - <unknown>
[INFO] [stdout]   19:     0x737ef9d503d4 - clone
[INFO] [stdout]   20:                0x0 - <unknown>
[INFO] [stdout] 
[INFO] [stdout] 
[INFO] [stdout] failures:
[INFO] [stdout]     tests::test_get_username
[INFO] [stdout] 
[INFO] [stdout] test result: FAILED. 12 passed; 1 failed; 0 ignored; 0 measured; 0 filtered out; finished in 0.02s
[INFO] [stdout] 
[INFO] running `Command { std: "docker" "inspect" "f975a49743bc87ae7658e6967faa1146b5954a02a44104e666dc92d6a9bb35c3", kill_on_drop: false }`
[INFO] running `Command { std: "docker" "rm" "-f" "f975a49743bc87ae7658e6967faa1146b5954a02a44104e666dc92d6a9bb35c3", kill_on_drop: false }`
[INFO] [stdout] f975a49743bc87ae7658e6967faa1146b5954a02a44104e666dc92d6a9bb35c3
