[INFO] fetching crate files-diff 0.1.1...
[INFO] testing files-diff-0.1.1 against 1.100.0-beta.1+cargoflags=--release for beta-release-1.100-2
[INFO] extracting crate files-diff 0.1.1 into /workspace/builds/worker-2-tc2/source
[INFO] started tweaking crates.io crate files-diff 0.1.1
[INFO] finished tweaking crates.io crate files-diff 0.1.1
[INFO] tweaked toml for crates.io crate files-diff 0.1.1 written to /workspace/builds/worker-2-tc2/source/Cargo.toml
[INFO] validating manifest of crates.io crate files-diff 0.1.1 on toolchain 1.100.0-beta.1
[INFO] running `Command { std: CARGO_HOME="/workspace/cargo-home" RUSTUP_HOME="/workspace/rustup-home" "/workspace/cargo-home/bin/cargo" "+1.100.0-beta.1" "metadata" "--manifest-path" "Cargo.toml" "--no-deps", kill_on_drop: false }`
[INFO] crate crates.io crate files-diff 0.1.1 already has a lockfile, it will not be regenerated
[INFO] running `Command { std: CARGO_HOME="/workspace/cargo-home" RUSTUP_HOME="/workspace/rustup-home" "/workspace/cargo-home/bin/cargo" "+1.100.0-beta.1" "fetch" "--manifest-path" "Cargo.toml", kill_on_drop: false }`
[INFO] [stderr] warning: `package.homepage` is redundant with `package.repository`
[INFO] [stderr]   --> Cargo.toml:66:12
[INFO] [stderr]    |
[INFO] [stderr] 66 | homepage = "https://github.com/dolphin-foss/files-diff"
[INFO] [stderr]    |            ^^^^^^^^^^^^^^^^^^^^^^^^^^^^^^^^^^^^^^^^^^^^
[INFO] [stderr] ...
[INFO] [stderr] 70 | repository = "https://github.com/dolphin-foss/files-diff"
[INFO] [stderr]    |              --------------------------------------------
[INFO] [stderr]    |
[INFO] [stderr]    = note: `cargo::redundant_homepage` is set to `warn` by default
[INFO] [stderr] help: consider removing `package.homepage`
[INFO] [stderr] warning: `files-diff` (manifest) generated 1 warning
[INFO] running `Command { std: "docker" "create" "-v" "/var/lib/crater-agent-workspace/builds/worker-2-tc2/source:/opt/rustwide/workdir:ro,Z" "-v" "/var/lib/crater-agent-workspace/builds/worker-2-tc2/target:/opt/rustwide/target:rw,Z" "-v" "/var/lib/crater-agent-workspace/cargo-home:/opt/rustwide/cargo-home:ro,Z" "-v" "/var/lib/crater-agent-workspace/rustup-home:/opt/rustwide/rustup-home:ro,Z" "-m" "1610612736" "--network" "none" "ghcr.io/rust-lang/crates-build-env/linux@sha256:77db811e55d90add9212f6832c23229e3de5f1c1f9905e8cb07319ea15df73ac" "sleep" "infinity", kill_on_drop: false }`
[INFO] [stdout] 302353a67f6a891b903b5b4c16b35d136719127369adb43cbbbcf3ecdca1d6c0
[INFO] running `Command { std: "docker" "start" "302353a67f6a891b903b5b4c16b35d136719127369adb43cbbbcf3ecdca1d6c0", kill_on_drop: false }`
[INFO] running `Command { std: "docker" "inspect" "302353a67f6a891b903b5b4c16b35d136719127369adb43cbbbcf3ecdca1d6c0", kill_on_drop: false }`
[INFO] running `Command { std: "docker" "exec" "-e" "SOURCE_DIR=/opt/rustwide/workdir" "-e" "CARGO_HOME=/opt/rustwide/cargo-home" "-e" "RUSTUP_HOME=/opt/rustwide/rustup-home" "-e" "CARGO_TARGET_DIR=/opt/rustwide/target" "-w" "/opt/rustwide/workdir" "--user" "0:0" "302353a67f6a891b903b5b4c16b35d136719127369adb43cbbbcf3ecdca1d6c0" "/opt/rustwide/cargo-home/bin/cargo" "+1.100.0-beta.1" "metadata" "--no-deps" "--format-version=1", kill_on_drop: false }`
[INFO] running `Command { std: "docker" "inspect" "302353a67f6a891b903b5b4c16b35d136719127369adb43cbbbcf3ecdca1d6c0", kill_on_drop: false }`
[INFO] running `Command { std: "docker" "exec" "-e" "SOURCE_DIR=/opt/rustwide/workdir" "-e" "CARGO_HOME=/opt/rustwide/cargo-home" "-e" "RUSTUP_HOME=/opt/rustwide/rustup-home" "-e" "CARGO_TARGET_DIR=/opt/rustwide/target" "-e" "CARGO_INCREMENTAL=0" "-e" "RUST_BACKTRACE=full" "-e" "RUSTFLAGS=--cap-lints=warn" "-e" "RUSTDOCFLAGS=--cap-lints=warn" "-w" "/opt/rustwide/workdir" "--user" "0:0" "302353a67f6a891b903b5b4c16b35d136719127369adb43cbbbcf3ecdca1d6c0" "/opt/rustwide/cargo-home/bin/cargo" "+1.100.0-beta.1" "build" "--frozen" "--message-format=json" "--release", kill_on_drop: false }`
[INFO] [stderr] warning: `package.homepage` is redundant with `package.repository`
[INFO] [stderr]   --> Cargo.toml:66:12
[INFO] [stderr]    |
[INFO] [stderr] 66 | homepage = "https://github.com/dolphin-foss/files-diff"
[INFO] [stderr]    |            ^^^^^^^^^^^^^^^^^^^^^^^^^^^^^^^^^^^^^^^^^^^^
[INFO] [stderr] ...
[INFO] [stderr] 70 | repository = "https://github.com/dolphin-foss/files-diff"
[INFO] [stderr]    |              --------------------------------------------
[INFO] [stderr]    |
[INFO] [stderr]    = note: `cargo::redundant_homepage` is set to `warn` by default
[INFO] [stderr] help: consider removing `package.homepage`
[INFO] [stderr] warning: `files-diff` (manifest) generated 1 warning
[INFO] [stderr]    Compiling proc-macro2 v1.0.92
[INFO] [stderr]    Compiling unicode-ident v1.0.14
[INFO] [stderr]    Compiling libc v0.2.169
[INFO] [stderr]    Compiling autocfg v1.4.0
[INFO] [stderr]    Compiling pkg-config v0.3.31
[INFO] [stderr]    Compiling memchr v2.7.4
[INFO] [stderr]    Compiling rayon-core v1.12.1
[INFO] [stderr]    Compiling syn v1.0.109
[INFO] [stderr]    Compiling regex-syntax v0.8.5
[INFO] [stderr]    Compiling log v0.4.22
[INFO] [stderr]    Compiling zstd-safe v7.2.1
[INFO] [stderr]    Compiling adler2 v2.0.0
[INFO] [stderr]    Compiling proc-macro-error-attr v1.0.4
[INFO] [stderr]    Compiling proc-macro-error v1.0.4
[INFO] [stderr]    Compiling simdutf8 v0.1.5
[INFO] [stderr]    Compiling crossbeam-epoch v0.9.18
[INFO] [stderr]    Compiling either v1.13.0
[INFO] [stderr]    Compiling miniz_oxide v0.8.2
[INFO] [stderr]    Compiling crc32fast v1.4.2
[INFO] [stderr]    Compiling heck v0.4.1
[INFO] [stderr]    Compiling bytecount v0.6.8
[INFO] [stderr]    Compiling integer-encoding v2.1.3
[INFO] [stderr]    Compiling termcolor v1.4.1
[INFO] [stderr]    Compiling unicode-width v0.1.11
[INFO] [stderr]    Compiling crossbeam-deque v0.8.6
[INFO] [stderr]    Compiling num-traits v0.2.19
[INFO] [stderr]    Compiling humantime v2.1.0
[INFO] [stderr]    Compiling papergrid v0.12.0
[INFO] [stderr]    Compiling crossbeam-channel v0.5.14
[INFO] [stderr]    Compiling hashbrown v0.15.2
[INFO] [stderr]    Compiling fast_rsync v0.2.0
[INFO] [stderr]    Compiling bipatch v1.0.0
[INFO] [stderr]    Compiling md5 v0.7.0
[INFO] [stderr]    Compiling flate2 v1.0.35
[INFO] [stderr]    Compiling aho-corasick v1.1.3
[INFO] [stderr]    Compiling quote v1.0.37
[INFO] [stderr]    Compiling pipe v0.4.0
[INFO] [stderr]    Compiling syn v2.0.90
[INFO] [stderr]    Compiling jobserver v0.1.32
[INFO] [stderr]    Compiling is-terminal v0.4.13
[INFO] [stderr]    Compiling time v0.1.45
[INFO] [stderr]    Compiling cc v1.2.5
[INFO] [stderr]    Compiling sacabase v2.0.0
[INFO] [stderr]    Compiling rayon v1.10.0
[INFO] [stderr]    Compiling divsufsort v2.0.0
[INFO] [stderr]    Compiling regex-automata v0.4.9
[INFO] [stderr]    Compiling zstd-sys v2.0.13+zstd.1.5.6
[INFO] [stderr]    Compiling regex v1.11.1
[INFO] [stderr]    Compiling ptr_meta_derive v0.3.0
[INFO] [stderr]    Compiling bytecheck_derive v0.8.0
[INFO] [stderr]    Compiling ptr_meta v0.3.0
[INFO] [stderr]    Compiling rancor v0.1.0
[INFO] [stderr]    Compiling thiserror-impl v1.0.69
[INFO] [stderr]    Compiling munge_macro v0.4.1
[INFO] [stderr]    Compiling bytecheck v0.8.0
[INFO] [stderr]    Compiling rend v0.5.2
[INFO] [stderr]    Compiling munge v0.4.1
[INFO] [stderr]    Compiling tabled_derive v0.8.0
[INFO] [stderr]    Compiling rkyv_derive v0.8.9
[INFO] [stderr]    Compiling thiserror v1.0.69
[INFO] [stderr]    Compiling env_logger v0.10.2
[INFO] [stderr]    Compiling sacapart v2.0.0
[INFO] [stderr]    Compiling bidiff v1.0.0
[INFO] [stderr]    Compiling pretty_env_logger v0.5.0
[INFO] [stderr]    Compiling tabled v0.16.0
[INFO] [stderr]    Compiling zip v0.5.13
[INFO] [stderr]    Compiling rkyv v0.8.9
[INFO] [stderr]    Compiling zstd v0.13.2
[INFO] [stderr]    Compiling files-diff v0.1.1 (/opt/rustwide/workdir)
[INFO] [stderr] warning: unused dependency `pipe`
[INFO] [stderr]   --> Cargo.toml:23:15
[INFO] [stderr]    |
[INFO] [stderr] 23 | [dependencies.pipe]
[INFO] [stderr]    |               ^^^^^
[INFO] [stderr]    |
[INFO] [stderr]    = note: `cargo::unused_dependencies` is set to `warn` by default
[INFO] [stderr] help: consider removing the dependency on `pipe`
[INFO] [stderr] warning: unused dependency `pretty_env_logger`
[INFO] [stderr]   --> Cargo.toml:26:15
[INFO] [stderr]    |
[INFO] [stderr] 26 | [dependencies.pretty_env_logger]
[INFO] [stderr]    |               ^^^^^^^^^^^^^^^^^^
[INFO] [stderr]    |
[INFO] [stderr] help: consider removing the dependency on `pretty_env_logger`
[INFO] [stderr] warning: `files-diff` (manifest) generated 2 warnings
[INFO] [stderr]     Finished `release` profile [optimized] target(s) in 1m 31s
[INFO] [stderr] warning: the following packages contain code that will be rejected by a future version of Rust: bytecheck v0.8.0, rkyv v0.8.9
[INFO] [stderr] note: to see what the problems were, use the option `--future-incompat-report`, or run `cargo report future-incompatibilities --id 1`
[INFO] running `Command { std: "docker" "inspect" "302353a67f6a891b903b5b4c16b35d136719127369adb43cbbbcf3ecdca1d6c0", kill_on_drop: false }`
[INFO] running `Command { std: "docker" "exec" "-e" "SOURCE_DIR=/opt/rustwide/workdir" "-e" "CARGO_HOME=/opt/rustwide/cargo-home" "-e" "RUSTUP_HOME=/opt/rustwide/rustup-home" "-e" "CARGO_TARGET_DIR=/opt/rustwide/target" "-e" "CARGO_INCREMENTAL=0" "-e" "RUST_BACKTRACE=full" "-e" "RUSTFLAGS=--cap-lints=warn" "-e" "RUSTDOCFLAGS=--cap-lints=warn" "-w" "/opt/rustwide/workdir" "--user" "0:0" "302353a67f6a891b903b5b4c16b35d136719127369adb43cbbbcf3ecdca1d6c0" "/opt/rustwide/cargo-home/bin/cargo" "+1.100.0-beta.1" "test" "--frozen" "--no-run" "--message-format=json" "--release", kill_on_drop: false }`
[INFO] [stderr] warning: `package.homepage` is redundant with `package.repository`
[INFO] [stderr]   --> Cargo.toml:66:12
[INFO] [stderr]    |
[INFO] [stderr] 66 | homepage = "https://github.com/dolphin-foss/files-diff"
[INFO] [stderr]    |            ^^^^^^^^^^^^^^^^^^^^^^^^^^^^^^^^^^^^^^^^^^^^
[INFO] [stderr] ...
[INFO] [stderr] 70 | repository = "https://github.com/dolphin-foss/files-diff"
[INFO] [stderr]    |              --------------------------------------------
[INFO] [stderr]    |
[INFO] [stderr]    = note: `cargo::redundant_homepage` is set to `warn` by default
[INFO] [stderr] help: consider removing `package.homepage`
[INFO] [stderr] warning: `files-diff` (manifest) generated 1 warning
[INFO] [stderr]    Compiling regex-automata v0.4.9
[INFO] [stderr]    Compiling rustix v0.38.42
[INFO] [stderr]    Compiling bitflags v2.6.0
[INFO] [stderr]    Compiling linux-raw-sys v0.4.14
[INFO] [stderr]    Compiling diff v0.1.13
[INFO] [stderr]    Compiling once_cell v1.20.2
[INFO] [stderr]    Compiling yansi v1.0.1
[INFO] [stderr]    Compiling pretty_assertions v1.4.1
[INFO] [stderr]    Compiling tempfile v3.14.0
[INFO] [stderr]    Compiling regex v1.11.1
[INFO] [stderr]    Compiling bstr v1.11.1
[INFO] [stderr]    Compiling env_logger v0.10.2
[INFO] [stderr]    Compiling pretty_env_logger v0.5.0
[INFO] [stderr]    Compiling files-diff v0.1.1 (/opt/rustwide/workdir)
[INFO] [stderr] warning: unused dependency `pipe`
[INFO] [stderr]   --> Cargo.toml:23:15
[INFO] [stderr]    |
[INFO] [stderr] 23 | [dependencies.pipe]
[INFO] [stderr]    |               ^^^^^
[INFO] [stderr]    |
[INFO] [stderr]    = note: `cargo::unused_dependencies` is set to `warn` by default
[INFO] [stderr] help: consider removing the dependency on `pipe`
[INFO] [stderr] warning: unused dependency `pretty_env_logger`
[INFO] [stderr]   --> Cargo.toml:26:15
[INFO] [stderr]    |
[INFO] [stderr] 26 | [dependencies.pretty_env_logger]
[INFO] [stderr]    |               ^^^^^^^^^^^^^^^^^^
[INFO] [stderr]    |
[INFO] [stderr] help: consider removing the dependency on `pretty_env_logger`
[INFO] [stderr] help: to still use for development builds, move to `dev-dependencies`
[INFO] [stderr] warning: `files-diff` (manifest) generated 2 warnings
[INFO] [stderr]     Finished `release` profile [optimized] target(s) in 17.58s
[INFO] [stderr] warning: the following packages contain code that will be rejected by a future version of Rust: bytecheck v0.8.0, rkyv v0.8.9
[INFO] [stderr] note: to see what the problems were, use the option `--future-incompat-report`, or run `cargo report future-incompatibilities --id 1`
[INFO] running `Command { std: "docker" "inspect" "302353a67f6a891b903b5b4c16b35d136719127369adb43cbbbcf3ecdca1d6c0", kill_on_drop: false }`
[INFO] running `Command { std: "docker" "exec" "-e" "SOURCE_DIR=/opt/rustwide/workdir" "-e" "CARGO_HOME=/opt/rustwide/cargo-home" "-e" "RUSTUP_HOME=/opt/rustwide/rustup-home" "-e" "CARGO_TARGET_DIR=/opt/rustwide/target" "-e" "CARGO_INCREMENTAL=0" "-e" "RUST_BACKTRACE=full" "-e" "RUSTFLAGS=--cap-lints=warn" "-e" "RUSTDOCFLAGS=--cap-lints=warn" "-w" "/opt/rustwide/workdir" "--user" "0:0" "302353a67f6a891b903b5b4c16b35d136719127369adb43cbbbcf3ecdca1d6c0" "/opt/rustwide/cargo-home/bin/cargo" "+1.100.0-beta.1" "test" "--frozen" "--release", kill_on_drop: false }`
[INFO] [stderr] warning: `package.homepage` is redundant with `package.repository`
[INFO] [stderr]   --> Cargo.toml:66:12
[INFO] [stderr]    |
[INFO] [stderr] 66 | homepage = "https://github.com/dolphin-foss/files-diff"
[INFO] [stderr]    |            ^^^^^^^^^^^^^^^^^^^^^^^^^^^^^^^^^^^^^^^^^^^^
[INFO] [stderr] ...
[INFO] [stderr] 70 | repository = "https://github.com/dolphin-foss/files-diff"
[INFO] [stderr]    |              --------------------------------------------
[INFO] [stderr]    |
[INFO] [stderr]    = note: `cargo::redundant_homepage` is set to `warn` by default
[INFO] [stderr] help: consider removing `package.homepage`
[INFO] [stderr] warning: `files-diff` (manifest) generated 1 warning
[INFO] [stderr] warning: unused dependency `pipe`
[INFO] [stderr]   --> Cargo.toml:23:15
[INFO] [stderr]    |
[INFO] [stderr] 23 | [dependencies.pipe]
[INFO] [stderr]    |               ^^^^^
[INFO] [stderr]    |
[INFO] [stderr]    = note: `cargo::unused_dependencies` is set to `warn` by default
[INFO] [stderr] help: consider removing the dependency on `pipe`
[INFO] [stderr] warning: unused dependency `pretty_env_logger`
[INFO] [stderr]   --> Cargo.toml:26:15
[INFO] [stderr]    |
[INFO] [stderr] 26 | [dependencies.pretty_env_logger]
[INFO] [stderr]    |               ^^^^^^^^^^^^^^^^^^
[INFO] [stderr]    |
[INFO] [stderr] help: consider removing the dependency on `pretty_env_logger`
[INFO] [stderr] help: to still use for development builds, move to `dev-dependencies`
[INFO] [stderr] warning: `files-diff` (manifest) generated 2 warnings
[INFO] [stderr]     Finished `release` profile [optimized] target(s) in 0.12s
[INFO] [stderr] warning: the following packages contain code that will be rejected by a future version of Rust: bytecheck v0.8.0, rkyv v0.8.9
[INFO] [stderr] note: to see what the problems were, use the option `--future-incompat-report`, or run `cargo report future-incompatibilities --id 1`
[INFO] [stderr]      Running unittests src/lib.rs (/opt/rustwide/target/release/build/files-diff/6458915b11cd4454/out/files_diff-6458915b11cd4454)
[INFO] [stdout] 
[INFO] [stdout] running 6 tests
[INFO] [stderr]  INFO  bidiff > building suffix array...
[INFO] [stderr]  INFO  files_diff::zip > Generating diff between /tmp/.tmpVNhWqu/before.zip and /tmp/.tmpVNhWqu/after.zip
[INFO] [stderr]  DEBUG files_diff::zip > Using diff algorithm: Bidiff1
[INFO] [stderr]  DEBUG files_diff::zip > Using compression algorithm: None
[INFO] [stderr]  INFO  files_diff::zip > before size: 238
[INFO] [stderr]  INFO  files_diff::zip > after size: 130
[INFO] [stderr]  TRACE files_diff::zip > Before archive size: 238 bytes
[INFO] [stderr]  TRACE files_diff::zip > After archive size: 130 bytes
[INFO] [stderr]  DEBUG files_diff::zip > Processing files starting from: ``
[INFO] [stderr]  INFO  files_diff::zip > Generating diff between /tmp/.tmpHCGMZu/v1.zip and /tmp/.tmpHCGMZu/v2.zip
[INFO] [stderr]  DEBUG files_diff::zip > Using diff algorithm: Bidiff1
[INFO] [stderr]  DEBUG files_diff::zip > Using compression algorithm: None
[INFO] [stderr]  INFO  files_diff::zip > before size: 1279
[INFO] [stderr]  INFO  files_diff::zip > after size: 1423
[INFO] [stderr]  TRACE files_diff::zip > Before archive size: 1279 bytes
[INFO] [stderr]  TRACE files_diff::zip > After archive size: 1423 bytes
[INFO] [stderr]  DEBUG files_diff::zip > Processing files starting from: ``
[INFO] [stdout] test zip::tests::test_diff_and_apply_with_deletions ... FAILED
[INFO] [stderr]  TRACE files_diff::zip > File unchanged: parent1/child1/
[INFO] [stderr]  DEBUG files_diff::zip > New file: parent3/newfile.txt
[INFO] [stderr]  DEBUG files_diff::zip > File deleted: parent1/child1/deep2.txt
[INFO] [stderr]  DEBUG files_diff::zip > File modified: root1.txt
[INFO] [stderr]  INFO  bidiff          > building suffix array...
[INFO] [stderr]  DEBUG files_diff::zip > File deleted: file2.txt
[INFO] [stderr]  TRACE files_diff::zip > File unchanged: file1.txt
[INFO] [stderr]  DEBUG files_diff::zip > Generated 2 patch operations
[INFO] [stderr]  INFO  files_diff::zip > Generating diff between /tmp/.tmpFDh319/before.zip and /tmp/.tmpFDh319/after.zip
[INFO] [stderr]  DEBUG files_diff::zip > Using diff algorithm: Bidiff1
[INFO] [stderr]  DEBUG files_diff::zip > Using compression algorithm: None
[INFO] [stderr]  INFO  files_diff::zip > before size: 125
[INFO] [stderr]  INFO  files_diff::zip > after size: 134
[INFO] [stderr]  TRACE files_diff::zip > Before archive size: 125 bytes
[INFO] [stderr]  TRACE files_diff::zip > After archive size: 134 bytes
[INFO] [stderr]  DEBUG files_diff::zip > Processing files starting from: ``
[INFO] [stderr]  DEBUG files_diff::zip > File modified: test.txt
[INFO] [stderr]  INFO  bidiff          > building suffix array...
[INFO] [stderr]  INFO  files_diff::zip > Generating diff between /tmp/.tmpx6frKA/before.zip and /tmp/.tmpx6frKA/after.zip
[INFO] [stderr]  DEBUG files_diff::zip > Using diff algorithm: Bidiff1
[INFO] [stderr]  DEBUG files_diff::zip > Using compression algorithm: None
[INFO] [stderr]  INFO  files_diff::zip > before size: 414
[INFO] [stdout] test zip::tests::test_diff_and_apply_with_directories ... FAILED
[INFO] [stderr]  INFO  files_diff::zip > after size: 423
[INFO] [stderr]  TRACE files_diff::zip > Before archive size: 414 bytes
[INFO] [stderr]  TRACE files_diff::zip > After archive size: 423 bytes
[INFO] [stderr]  DEBUG files_diff::zip > Processing files starting from: ``
[INFO] [stderr]  DEBUG files_diff::zip > New file: dir3/
[INFO] [stderr]  DEBUG files_diff::zip > New file: dir3/file3.txt
[INFO] [stderr]  DEBUG files_diff::zip > File modified: dir1/file1.txt
[INFO] [stderr]  INFO  bidiff          > building suffix array...
[INFO] [stderr]  INFO  bidiff          > sorting took 2.696889ms (2.2 KiB / s)
[INFO] [stderr]  INFO  bidiff          > scanning with 524288B chunks... (1 chunks total)
[INFO] [stderr]  INFO  bidiff          > scanning took 48.74µs (120.2 KiB / s)
[INFO] [stderr]  DEBUG files_diff::zip > File deleted: dir2/file2.txt
[INFO] [stderr]  TRACE files_diff::zip > File unchanged: dir1/
[INFO] [stderr]  DEBUG files_diff::zip > File deleted: dir2/
[INFO] [stderr]  DEBUG files_diff::zip > Generated 6 patch operations
[INFO] [stdout] test zip::tests::test_realword_archive_diff ... FAILED
[INFO] [stderr]  INFO  files_diff::zip > Generating diff between /home/eli/darkwing/tests/data/lot-of-datadirs/24132775.datadir.zip.before and /home/eli/darkwing/tests/data/lot-of-datadirs/24132775.datadir.zip.after
[INFO] [stderr]  DEBUG files_diff::zip > Using diff algorithm: Rsync020
[INFO] [stderr]  DEBUG files_diff::zip > Using compression algorithm: None
[INFO] [stderr]  INFO  bidiff          > sorting took 15.582109ms (705 B / s)
[INFO] [stderr]  INFO  bidiff          > scanning with 524288B chunks... (1 chunks total)
[INFO] [stderr]  INFO  bidiff          > scanning took 12.69µs (846.5 KiB / s)
[INFO] [stderr]  INFO  bidiff          > sorting took 14.936059ms (736 B / s)
[INFO] [stderr]  INFO  bidiff          > scanning with 524288B chunks... (1 chunks total)
[INFO] [stderr]  INFO  bidiff          > scanning took 9.3µs (1.13 MiB / s)
[INFO] [stderr]  TRACE files_diff::zip > File unchanged: parent2/file2.txt
[INFO] [stderr]  TRACE files_diff::zip > File unchanged: parent2/child2/
[INFO] [stderr]  DEBUG files_diff::zip > File deleted: root2.txt
[INFO] [stderr]  DEBUG files_diff::zip > New file: parent3/
[INFO] [stderr]  TRACE files_diff::zip > File unchanged: parent1/child1/deep1.txt
[INFO] [stderr]  DEBUG files_diff::zip > File modified: parent2/child2/deep3.txt
[INFO] [stderr]  INFO  bidiff          > building suffix array...
[INFO] [stderr]  INFO  bidiff          > sorting took 773.539µs (13.9 KiB / s)
[INFO] [stderr]  INFO  bidiff          > scanning with 524288B chunks... (1 chunks total)
[INFO] [stderr]  INFO  bidiff          > scanning took 7.22µs (1.45 MiB / s)
[INFO] [stderr]  TRACE files_diff::zip > File unchanged: parent2/
[INFO] [stderr]  TRACE files_diff::zip > File unchanged: parent1/
[INFO] [stderr]  DEBUG files_diff::zip > File modified: parent1/file1.txt
[INFO] [stderr]  INFO  bidiff          > building suffix array...
[INFO] [stderr]  INFO  bidiff          > sorting took 17.721218ms (620 B / s)
[INFO] [stderr]  INFO  bidiff          > scanning with 524288B chunks... (1 chunks total)
[INFO] [stderr]  INFO  bidiff          > scanning took 15.27µs (703.5 KiB / s)
[INFO] [stderr]  DEBUG files_diff::zip > Generated 1 patch operations
[INFO] [stdout] test zip::tests::test_diff_and_apply_basic ... ok
[INFO] [stderr]  INFO  files_diff::zip > Applying patch to /tmp/.tmpFDh319/before.zip to create /tmp/.tmpFDh319/output.zip
[INFO] [stdout] test zip::tests::test_complex_roundtrip_diff_and_apply ... FAILED
[INFO] [stderr]  DEBUG files_diff::zip > Patch contains 1 operations
[INFO] [stderr]  DEBUG files_diff::zip > Applying patch to file: test.txt
[INFO] [stderr]  INFO  files_diff::zip > Successfully created patched archive: /tmp/.tmpFDh319/output.zip
[INFO] [stderr]  INFO  bidiff          > sorting took 5.078729ms (2.5 KiB / s)
[INFO] [stderr]  INFO  bidiff          > scanning with 524288B chunks... (1 chunks total)
[INFO] [stderr]  INFO  bidiff          > scanning took 8.07µs (1.54 MiB / s)
[INFO] [stderr]  DEBUG files_diff::zip > New file: parent1/child1/deep3.txt
[INFO] [stderr]  DEBUG files_diff::zip > Generated 14 patch operations
[INFO] [stdout] test tests::test_diff ... ok
[INFO] [stdout] 
[INFO] [stdout] failures:
[INFO] [stdout] 
[INFO] [stdout] ---- zip::tests::test_diff_and_apply_with_deletions stdout ----
[INFO] [stdout] 
[INFO] [stdout] thread 'zip::tests::test_diff_and_apply_with_deletions' (1971) panicked at src/zip.rs:493:9:
[INFO] [stdout] assertion failed: `(left == right)`
[INFO] [stdout] 
[INFO] [stdout] [1mDiff[0m [31m< left[0m / [32mright >[0m :
[INFO] [stdout]  PatchSet {
[INFO] [stdout]      operations: Operations(
[INFO] [stdout]          [
[INFO] [stdout]              (
[INFO] [stdout] [31m<                "file2.txt",[0m
[INFO] [stdout] [31m<                DeleteFile,[0m
[INFO] [stdout] [31m<            ),[0m
[INFO] [stdout] [31m<            ([0m
[INFO] [stdout]                  "file1.txt",
[INFO] [stdout]                  FileStaysSame,
[INFO] [stdout]              ),
[INFO] [stdout] [32m>            ([0m
[INFO] [stdout] [32m>                "file2.txt",[0m
[INFO] [stdout] [32m>                DeleteFile,[0m
[INFO] [stdout] [32m>            ),[0m
[INFO] [stdout]          ],
[INFO] [stdout]      ),
[INFO] [stdout]      hash_before: "cb15a375b076dee0840f5f093b78f5bd",
[INFO] [stdout] [31m<    operations_hash: "[0m[1;48;5;52;31mdee[0m[31mac[0m[1;48;5;52;31mb[0m[31m5[0m[1;48;5;52;31m36[0m[31mf28[0m[1;48;5;52;31m507[0m[31me[0m[1;48;5;52;31md[0m[31m71[0m[1;48;5;52;31m3[0m[31meb[0m[1;48;5;52;31m4c[0m[31me[0m[1;48;5;52;31mece9858[0m[31m",[0m
[INFO] [stdout] [32m>    operations_hash: "[0m[1;48;5;22;32m2[0m[32ma[0m[1;48;5;22;32m8a469ad35[0m[32mc[0m[1;48;5;22;32m7[0m[32m5f[0m[1;48;5;22;32m6[0m[32m28e7[0m[1;48;5;22;32mc[0m[32m1ebe[0m[1;48;5;22;32m37afbf0[0m[32m",[0m
[INFO] [stdout]  }
[INFO] [stdout] 
[INFO] [stdout] 
[INFO] [stdout] stack backtrace:
[INFO] [stdout]    0:     0x639e4176ada1 - <<std[617be2ca0a6fd877]::sys::backtrace::BacktraceLock>::print::DisplayBacktrace as core[a373ad73a504971]::fmt::Display>::fmt
[INFO] [stdout]    1:     0x639e41780baa - core[a373ad73a504971]::fmt::write
[INFO] [stdout]    2:     0x639e4176f75c - <alloc[2e1b2a31b91974c5]::vec::Vec<u8> as core[a373ad73a504971]::io::write::Write>::write_fmt
[INFO] [stdout]    3:     0x639e41745586 - std[617be2ca0a6fd877]::panicking::default_hook::{closure#0}
[INFO] [stdout]    4:     0x639e41762519 - std[617be2ca0a6fd877]::panicking::default_hook
[INFO] [stdout]    5:     0x639e416cbb50 - test[aada8e7e76ba119b]::test_main_inner::{closure#0}
[INFO] [stdout]    6:     0x639e41762842 - std[617be2ca0a6fd877]::panicking::panic_with_hook
[INFO] [stdout]    7:     0x639e41745632 - std[617be2ca0a6fd877]::panicking::panic_handler::{closure#0}
[INFO] [stdout]    8:     0x639e4173ded9 - std[617be2ca0a6fd877]::sys::backtrace::__rust_end_short_backtrace::<std[617be2ca0a6fd877]::panicking::panic_handler::{closure#0}, !>
[INFO] [stdout]    9:     0x639e417462dd - __rustc[ea4f61d10b84890b]::rust_begin_unwind
[INFO] [stdout]   10:     0x639e4178138c - core[a373ad73a504971]::panicking::panic_fmt
[INFO] [stdout]   11:     0x639e414f18c0 - <files_diff[e68ee22af975db50]::zip::tests::test_diff_and_apply_with_deletions::{closure#0} as core[a373ad73a504971]::ops::function::FnOnce<()>>::call_once
[INFO] [stdout]   12:     0x639e416bef9b - test[aada8e7e76ba119b]::__rust_begin_short_backtrace::<core[a373ad73a504971]::result::Result<(), alloc[2e1b2a31b91974c5]::string::String>, fn() -> core[a373ad73a504971]::result::Result<(), alloc[2e1b2a31b91974c5]::string::String>>
[INFO] [stdout]   13:     0x639e416cc175 - test[aada8e7e76ba119b]::run_test::{closure#0}
[INFO] [stdout]   14:     0x639e416c5a64 - std[617be2ca0a6fd877]::sys::backtrace::__rust_begin_short_backtrace::<test[aada8e7e76ba119b]::run_test::{closure#1}, ()>
[INFO] [stdout]   15:     0x639e416cf202 - <std[617be2ca0a6fd877]::thread::lifecycle::spawn_unchecked<test[aada8e7e76ba119b]::run_test::{closure#1}, ()>::{closure#1} as core[a373ad73a504971]::ops::function::FnOnce<()>>::call_once::{shim:vtable#0}
[INFO] [stdout]   16:     0x639e4176a0ff - <std[617be2ca0a6fd877]::sys::thread::unix::Thread>::new::thread_start
[INFO] [stdout]   17:     0x749a04387dfa - <unknown>
[INFO] [stdout]   18:     0x749a0441b3d4 - clone
[INFO] [stdout]   19:                0x0 - <unknown>
[INFO] [stdout] 
[INFO] [stdout] ---- zip::tests::test_diff_and_apply_with_directories stdout ----
[INFO] [stdout] 
[INFO] [stdout] thread 'zip::tests::test_diff_and_apply_with_directories' (1972) panicked at src/zip.rs:560:9:
[INFO] [stdout] assertion failed: `(left == right)`
[INFO] [stdout] 
[INFO] [stdout] [1mDiff[0m [31m< left[0m / [32mright >[0m :
[INFO] [stdout]  PatchSet {
[INFO] [stdout]      operations: Operations(
[INFO] [stdout]          [
[INFO] [stdout]              (
[INFO] [stdout] [31m<                "dir3/",[0m
[INFO] [stdout] [31m<                PutFile([0m
[INFO] [stdout] [31m<                    [],[0m
[INFO] [stdout] [31m<                ),[0m
[INFO] [stdout] [31m<            ),[0m
[INFO] [stdout] [31m<            ([0m
[INFO] [stdout] [31m<                "dir3/file3.txt",[0m
[INFO] [stdout] [31m<                PutFile([0m
[INFO] [stdout] [31m<                    [[0m
[INFO] [stdout] [31m<                        70,[0m
[INFO] [stdout] [31m<                        105,[0m
[INFO] [stdout] [31m<                        108,[0m
[INFO] [stdout] [31m<                        101,[0m
[INFO] [stdout] [31m<                        32,[0m
[INFO] [stdout] [31m<                        51,[0m
[INFO] [stdout] [31m<                    ],[0m
[INFO] [stdout] [31m<                ),[0m
[INFO] [stdout] [31m<            ),[0m
[INFO] [stdout] [31m<            ([0m
[INFO] [stdout]                  "dir1/file1.txt",
[INFO] [stdout]                  Patch(
[INFO] [stdout]                      Patch {
[INFO] [stdout]                          diff_algorithm: Bidiff1,
[INFO] [stdout]                          compress_algorithm: None,
[INFO] [stdout]                          before_hash: "2f03b03637bf162937793f756f0f1583",
[INFO] [stdout]                          after_hash: "15b8181404e3a6b2e046de781b702654",
[INFO] [stdout]                          patch: [
[INFO] [stdout]                              223,
[INFO] [stdout]                              177,
[INFO] [stdout]                              0,
[INFO] [stdout]                              0,
[INFO] [stdout]                              0,
[INFO] [stdout]                              16,
[INFO] [stdout]                              0,
[INFO] [stdout]                              0,
[INFO] [stdout]                              6,
[INFO] [stdout]                              0,
[INFO] [stdout]                              0,
[INFO] [stdout]                              0,
[INFO] [stdout]                              0,
[INFO] [stdout]                              0,
[INFO] [stdout]                              0,
[INFO] [stdout]                              9,
[INFO] [stdout]                              32,
[INFO] [stdout]                              77,
[INFO] [stdout]                              111,
[INFO] [stdout]                              100,
[INFO] [stdout]                              105,
[INFO] [stdout]                              102,
[INFO] [stdout]                              105,
[INFO] [stdout]                              101,
[INFO] [stdout]                              100,
[INFO] [stdout]                              0,
[INFO] [stdout]                          ],
[INFO] [stdout]                      },
[INFO] [stdout]                  ),
[INFO] [stdout]              ),
[INFO] [stdout]              (
[INFO] [stdout] [31m<                "dir2/[0m[1;48;5;52;31mfile2.txt[0m[31m",[0m
[INFO] [stdout] [32m>                "dir2/",[0m
[INFO] [stdout]                  DeleteFile,
[INFO] [stdout]              ),
[INFO] [stdout]              (
[INFO] [stdout] [31m<                "dir1/",[0m
[INFO] [stdout] [31m<                FileStaysSame,[0m
[INFO] [stdout] [32m>                "dir3/file3.txt",[0m
[INFO] [stdout] [32m>                PutFile([0m
[INFO] [stdout] [32m>                    [[0m
[INFO] [stdout] [32m>                        70,[0m
[INFO] [stdout] [32m>                        105,[0m
[INFO] [stdout] [32m>                        108,[0m
[INFO] [stdout] [32m>                        101,[0m
[INFO] [stdout] [32m>                        32,[0m
[INFO] [stdout] [32m>                        51,[0m
[INFO] [stdout] [32m>                    ],[0m
[INFO] [stdout] [32m>                ),[0m
[INFO] [stdout]              ),
[INFO] [stdout] [31m<            ([0m
[INFO] [stdout] [31m<                "dir2/",[0m
[INFO] [stdout] [31m<                DeleteFile,[0m
[INFO] [stdout] [31m<            ),[0m
[INFO] [stdout]          ],
[INFO] [stdout]      ),
[INFO] [stdout]      hash_before: "a7798561d33c8cb1d8b754a7beaa0f21",
[INFO] [stdout] [31m<    operations_hash: "[0m[1;48;5;52;31mf08a48f28ad0[0m[31m5[0m[1;48;5;52;31m9e[0m[31m1[0m[1;48;5;52;31m67[0m[31m5[0m[1;48;5;52;31m7[0m[31m4[0m[1;48;5;52;31mb69[0m[31m5[0m[1;48;5;52;31m66[0m[31md[0m[1;48;5;52;31mc[0m[31m3[0m[1;48;5;52;31m5[0m[31ma",[0m
[INFO] [stdout] [32m>    operations_hash: "[0m[1;48;5;22;32mc[0m[32m5[0m[1;48;5;22;32m2[0m[32m15[0m[1;48;5;22;32m331[0m[32m45[0m[1;48;5;22;32m92[0m[32md3[0m[1;48;5;22;32m1ddfd[0m[32ma[0m[1;48;5;22;32m9bbf6390a991[0m[32m",[0m
[INFO] [stdout]  }
[INFO] [stdout] 
[INFO] [stdout] 
[INFO] [stdout] stack backtrace:
[INFO] [stdout]    0:     0x639e4176ada1 - <<std[617be2ca0a6fd877]::sys::backtrace::BacktraceLock>::print::DisplayBacktrace as core[a373ad73a504971]::fmt::Display>::fmt
[INFO] [stdout]    1:     0x639e41780baa - core[a373ad73a504971]::fmt::write
[INFO] [stdout]    2:     0x639e4176f75c - <alloc[2e1b2a31b91974c5]::vec::Vec<u8> as core[a373ad73a504971]::io::write::Write>::write_fmt
[INFO] [stdout]    3:     0x639e41745586 - std[617be2ca0a6fd877]::panicking::default_hook::{closure#0}
[INFO] [stdout]    4:     0x639e41762519 - std[617be2ca0a6fd877]::panicking::default_hook
[INFO] [stdout]    5:     0x639e416cbb50 - test[aada8e7e76ba119b]::test_main_inner::{closure#0}
[INFO] [stdout]    6:     0x639e41762842 - std[617be2ca0a6fd877]::panicking::panic_with_hook
[INFO] [stdout]    7:     0x639e41745632 - std[617be2ca0a6fd877]::panicking::panic_handler::{closure#0}
[INFO] [stdout]    8:     0x639e4173ded9 - std[617be2ca0a6fd877]::sys::backtrace::__rust_end_short_backtrace::<std[617be2ca0a6fd877]::panicking::panic_handler::{closure#0}, !>
[INFO] [stdout]    9:     0x639e417462dd - __rustc[ea4f61d10b84890b]::rust_begin_unwind
[INFO] [stdout]   10:     0x639e4178138c - core[a373ad73a504971]::panicking::panic_fmt
[INFO] [stdout]   11:     0x639e414f3b74 - <files_diff[e68ee22af975db50]::zip::tests::test_diff_and_apply_with_directories::{closure#0} as core[a373ad73a504971]::ops::function::FnOnce<()>>::call_once
[INFO] [stdout]   12:     0x639e416bef9b - test[aada8e7e76ba119b]::__rust_begin_short_backtrace::<core[a373ad73a504971]::result::Result<(), alloc[2e1b2a31b91974c5]::string::String>, fn() -> core[a373ad73a504971]::result::Result<(), alloc[2e1b2a31b91974c5]::string::String>>
[INFO] [stdout]   13:     0x639e416cc175 - test[aada8e7e76ba119b]::run_test::{closure#0}
[INFO] [stdout]   14:     0x639e416c5a64 - std[617be2ca0a6fd877]::sys::backtrace::__rust_begin_short_backtrace::<test[aada8e7e76ba119b]::run_test::{closure#1}, ()>
[INFO] [stdout]   15:     0x639e416cf202 - <std[617be2ca0a6fd877]::thread::lifecycle::spawn_unchecked<test[aada8e7e76ba119b]::run_test::{closure#1}, ()>::{closure#1} as core[a373ad73a504971]::ops::function::FnOnce<()>>::call_once::{shim:vtable#0}
[INFO] [stdout]   16:     0x639e4176a0ff - <std[617be2ca0a6fd877]::sys::thread::unix::Thread>::new::thread_start
[INFO] [stdout]   17:     0x749a04387dfa - <unknown>
[INFO] [stdout]   18:     0x749a0441b3d4 - clone
[INFO] [stdout]   19:                0x0 - <unknown>
[INFO] [stdout] 
[INFO] [stdout] ---- zip::tests::test_realword_archive_diff stdout ----
[INFO] [stdout] Error: IoError("No such file or directory (os error 2)")
[INFO] [stdout] 
[INFO] [stdout] ---- zip::tests::test_complex_roundtrip_diff_and_apply stdout ----
[INFO] [stdout] 
[INFO] [stdout] thread 'zip::tests::test_complex_roundtrip_diff_and_apply' (1969) panicked at src/zip.rs:696:9:
[INFO] [stdout] assertion failed: `(left == right)`
[INFO] [stdout] 
[INFO] [stdout] [1mDiff[0m [31m< left[0m / [32mright >[0m :
[INFO] [stdout]  PatchSet {
[INFO] [stdout]      operations: Operations(
[INFO] [stdout]          [
[INFO] [stdout]              (
[INFO] [stdout] [31m<                "parent1/child1/",[0m
[INFO] [stdout] [31m<                FileStaysSame,[0m
[INFO] [stdout] [31m<            ),[0m
[INFO] [stdout] [31m<            ([0m
[INFO] [stdout] [31m<                "parent3/newfile.txt",[0m
[INFO] [stdout] [31m<                PutFile([0m
[INFO] [stdout] [31m<                    [[0m
[INFO] [stdout] [31m<                        66,[0m
[INFO] [stdout] [31m<                        114,[0m
[INFO] [stdout] [31m<                        97,[0m
[INFO] [stdout] [31m<                        110,[0m
[INFO] [stdout] [31m<                        100,[0m
[INFO] [stdout] [31m<                        32,[0m
[INFO] [stdout] [31m<                        110,[0m
[INFO] [stdout] [31m<                        101,[0m
[INFO] [stdout] [31m<                        119,[0m
[INFO] [stdout] [31m<                        32,[0m
[INFO] [stdout] [31m<                        102,[0m
[INFO] [stdout] [31m<                        105,[0m
[INFO] [stdout] [31m<                        108,[0m
[INFO] [stdout] [31m<                        101,[0m
[INFO] [stdout] [31m<                    ],[0m
[INFO] [stdout] [31m<                ),[0m
[INFO] [stdout] [31m<            ),[0m
[INFO] [stdout] [31m<            ([0m
[INFO] [stdout] [31m<                "parent1/child1/deep2.txt",[0m
[INFO] [stdout] [31m<                DeleteFile,[0m
[INFO] [stdout] [31m<            ),[0m
[INFO] [stdout] [31m<            ([0m
[INFO] [stdout]                  "root1.txt",
[INFO] [stdout]                  Patch(
[INFO] [stdout]                      Patch {
[INFO] [stdout]                          diff_algorithm: Bidiff1,
[INFO] [stdout]                          compress_algorithm: None,
[INFO] [stdout]                          before_hash: "f675e8894edcf33ae7097dcc4bfb89f9",
[INFO] [stdout]                          after_hash: "3468f9d6535a07b35c8acb8aa6aac781",
[INFO] [stdout]                          patch: [
[INFO] [stdout]                              223,
[INFO] [stdout]                              177,
[INFO] [stdout]                              0,
[INFO] [stdout]                              0,
[INFO] [stdout]                              0,
[INFO] [stdout]                              16,
[INFO] [stdout]                              0,
[INFO] [stdout]                              0,
[INFO] [stdout]                              11,
[INFO] [stdout]                              0,
[INFO] [stdout]                              0,
[INFO] [stdout]                              0,
[INFO] [stdout]                              0,
[INFO] [stdout]                              0,
[INFO] [stdout]                              0,
[INFO] [stdout]                              0,
[INFO] [stdout]                              0,
[INFO] [stdout]                              0,
[INFO] [stdout]                              0,
[INFO] [stdout]                              0,
[INFO] [stdout]                              9,
[INFO] [stdout]                              32,
[INFO] [stdout]                              109,
[INFO] [stdout]                              111,
[INFO] [stdout]                              100,
[INFO] [stdout]                              105,
[INFO] [stdout]                              102,
[INFO] [stdout]                              105,
[INFO] [stdout]                              101,
[INFO] [stdout]                              100,
[INFO] [stdout]                              0,
[INFO] [stdout]                          ],
[INFO] [stdout]                      },
[INFO] [stdout]                  ),
[INFO] [stdout]              ),
[INFO] [stdout]              (
[INFO] [stdout] [31m<                "parent2/file2.txt",[0m
[INFO] [stdout] [31m<                FileStaysSame,[0m
[INFO] [stdout] [31m<            ),[0m
[INFO] [stdout] [31m<            ([0m
[INFO] [stdout] [31m<                "parent2/child2/",[0m
[INFO] [stdout] [31m<                FileStaysSame,[0m
[INFO] [stdout] [31m<            ),[0m
[INFO] [stdout] [31m<            ([0m
[INFO] [stdout]                  "root2.txt",
[INFO] [stdout]                  DeleteFile,
[INFO] [stdout]              ),
[INFO] [stdout]              (
[INFO] [stdout] [31m<                "parent3/",[0m
[INFO] [stdout] [31m<                PutFile([0m
[INFO] [stdout] [31m<                    [],[0m
[INFO] [stdout] [31m<                ),[0m
[INFO] [stdout] [31m<            ),[0m
[INFO] [stdout] [31m<            ([0m
[INFO] [stdout] [31m<                "parent1/child1/deep1.txt",[0m
[INFO] [stdout] [31m<                FileStaysSame,[0m
[INFO] [stdout] [31m<            ),[0m
[INFO] [stdout] [31m<            ([0m
[INFO] [stdout] [31m<                "parent2/child2/deep3.txt",[0m
[INFO] [stdout] [32m>                "parent1/file1.txt",[0m
[INFO] [stdout]                  Patch(
[INFO] [stdout]                      Patch {
[INFO] [stdout]                          diff_algorithm: Bidiff1,
[INFO] [stdout]                          compress_algorithm: None,
[INFO] [stdout] [31m<                        before_hash: "15bf70eee30b1805ab0e11510d30b41e",[0m
[INFO] [stdout] [31m<                        after_hash: "804237ac129569f027a2b55f8cf8d7db",[0m
[INFO] [stdout] [32m>                        before_hash: "a138a74adecabef6294b55d2b28d3ea1",[0m
[INFO] [stdout] [32m>                        after_hash: "710d2bbb6df79b88d7b75bdefdcf28aa",[0m
[INFO] [stdout]                          patch: [
[INFO] [stdout]                              223,
[INFO] [stdout]                              177,
[INFO] [stdout]                              0,
[INFO] [stdout]                              0,
[INFO] [stdout]                              0,
[INFO] [stdout]                              16,
[INFO] [stdout]                              0,
[INFO] [stdout]                              0,
[INFO] [stdout] [31m<                            1[0m[1;48;5;52;31m1[0m[31m,[0m
[INFO] [stdout] [32m>                            1[0m[1;48;5;22;32m3[0m[32m,[0m
[INFO] [stdout]                              0,
[INFO] [stdout]                              0,
[INFO] [stdout]                              0,
[INFO] [stdout]                              0,
[INFO] [stdout]                              0,
[INFO] [stdout]                              0,
[INFO] [stdout]                              0,
[INFO] [stdout]                              0,
[INFO] [stdout]                              0,
[INFO] [stdout]                              0,
[INFO] [stdout]                              0,
[INFO] [stdout] [32m>                            0,[0m
[INFO] [stdout] [32m>                            0,[0m
[INFO] [stdout]                              9,
[INFO] [stdout]                              32,
[INFO] [stdout]                              109,
[INFO] [stdout]                              111,
[INFO] [stdout]                              100,
[INFO] [stdout]                              105,
[INFO] [stdout]                              102,
[INFO] [stdout]                              105,
[INFO] [stdout]                              101,
[INFO] [stdout]                              100,
[INFO] [stdout]                              0,
[INFO] [stdout]                          ],
[INFO] [stdout]                      },
[INFO] [stdout]                  ),
[INFO] [stdout]              ),
[INFO] [stdout]              (
[INFO] [stdout] [31m<                "parent[0m[1;48;5;52;31m2[0m[31m/",[0m
[INFO] [stdout] [32m>                "parent[0m[1;48;5;22;32m1[0m[32m/[0m[1;48;5;22;32mchild1/deep1.txt[0m[32m",[0m
[INFO] [stdout]                  FileStaysSame,
[INFO] [stdout]              ),
[INFO] [stdout]              (
[INFO] [stdout] [31m<                "parent1/",[0m
[INFO] [stdout] [32m>                "parent1/child1/deep2.txt",[0m
[INFO] [stdout] [32m>                DeleteFile,[0m
[INFO] [stdout] [32m>            ),[0m
[INFO] [stdout] [32m>            ([0m
[INFO] [stdout] [32m>                "parent1/child1/deep3.txt",[0m
[INFO] [stdout] [32m>                PutFile([0m
[INFO] [stdout] [32m>                    [[0m
[INFO] [stdout] [32m>                        78,[0m
[INFO] [stdout] [32m>                        101,[0m
[INFO] [stdout] [32m>                        119,[0m
[INFO] [stdout] [32m>                        32,[0m
[INFO] [stdout] [32m>                        100,[0m
[INFO] [stdout] [32m>                        101,[0m
[INFO] [stdout] [32m>                        101,[0m
[INFO] [stdout] [32m>                        112,[0m
[INFO] [stdout] [32m>                        32,[0m
[INFO] [stdout] [32m>                        102,[0m
[INFO] [stdout] [32m>                        105,[0m
[INFO] [stdout] [32m>                        108,[0m
[INFO] [stdout] [32m>                        101,[0m
[INFO] [stdout] [32m>                    ],[0m
[INFO] [stdout] [32m>                ),[0m
[INFO] [stdout] [32m>            ),[0m
[INFO] [stdout] [32m>            ([0m
[INFO] [stdout] [32m>                "parent2/file2.txt",[0m
[INFO] [stdout]                  FileStaysSame,
[INFO] [stdout]              ),
[INFO] [stdout]              (
[INFO] [stdout] [31m<                "parent[0m[1;48;5;52;31m1[0m[31m/[0m[1;48;5;52;31mf[0m[31mile[0m[1;48;5;52;31m1[0m[31m.txt",[0m
[INFO] [stdout] [32m>                "parent[0m[1;48;5;22;32m2[0m[32m/[0m[1;48;5;22;32mch[0m[32mil[0m[1;48;5;22;32md2/d[0m[32me[0m[1;48;5;22;32mep3[0m[32m.txt",[0m
[INFO] [stdout]                  Patch(
[INFO] [stdout]                      Patch {
[INFO] [stdout]                          diff_algorithm: Bidiff1,
[INFO] [stdout]                          compress_algorithm: None,
[INFO] [stdout] [31m<                        before_hash: "a138a74adecabef6294b55d2b28d3ea1",[0m
[INFO] [stdout] [31m<                        after_hash: "710d2bbb6df79b88d7b75bdefdcf28aa",[0m
[INFO] [stdout] [32m>                        before_hash: "15bf70eee30b1805ab0e11510d30b41e",[0m
[INFO] [stdout] [32m>                        after_hash: "804237ac129569f027a2b55f8cf8d7db",[0m
[INFO] [stdout]                          patch: [
[INFO] [stdout]                              223,
[INFO] [stdout]                              177,
[INFO] [stdout]                              0,
[INFO] [stdout]                              0,
[INFO] [stdout]                              0,
[INFO] [stdout]                              16,
[INFO] [stdout]                              0,
[INFO] [stdout]                              0,
[INFO] [stdout] [31m<                            1[0m[1;48;5;52;31m3[0m[31m,[0m
[INFO] [stdout] [32m>                            1[0m[1;48;5;22;32m1[0m[32m,[0m
[INFO] [stdout]                              0,
[INFO] [stdout]                              0,
[INFO] [stdout]                              0,
[INFO] [stdout]                              0,
[INFO] [stdout]                              0,
[INFO] [stdout]                              0,
[INFO] [stdout]                              0,
[INFO] [stdout]                              0,
[INFO] [stdout]                              0,
[INFO] [stdout]                              0,
[INFO] [stdout]                              0,
[INFO] [stdout] [31m<                            0,[0m
[INFO] [stdout] [31m<                            0,[0m
[INFO] [stdout]                              9,
[INFO] [stdout]                              32,
[INFO] [stdout]                              109,
[INFO] [stdout]                              111,
[INFO] [stdout]                              100,
[INFO] [stdout]                              105,
[INFO] [stdout]                              102,
[INFO] [stdout]                              105,
[INFO] [stdout]                              101,
[INFO] [stdout]                              100,
[INFO] [stdout]                              0,
[INFO] [stdout]                          ],
[INFO] [stdout]                      },
[INFO] [stdout]                  ),
[INFO] [stdout]              ),
[INFO] [stdout]              (
[INFO] [stdout] [31m<                "parent[0m[1;48;5;52;31m1[0m[31m/[0m[1;48;5;52;31mch[0m[31mil[0m[1;48;5;52;31md1/d[0m[31me[0m[1;48;5;52;31mep3[0m[31m.txt",[0m
[INFO] [stdout] [32m>                "parent[0m[1;48;5;22;32m3[0m[32m/[0m[1;48;5;22;32mnewf[0m[32mile.txt",[0m
[INFO] [stdout]                  PutFile(
[INFO] [stdout]                      [
[INFO] [stdout] [31m<                        78,[0m
[INFO] [stdout] [32m>                        66,[0m
[INFO] [stdout] [32m>                        114,[0m
[INFO] [stdout] [32m>                        97,[0m
[INFO] [stdout] [32m>                        110,[0m
[INFO] [stdout] [32m>                        100,[0m
[INFO] [stdout] [32m>                        32,[0m
[INFO] [stdout] [32m>                        110,[0m
[INFO] [stdout]                          101,
[INFO] [stdout]                          119,
[INFO] [stdout]                          32,
[INFO] [stdout] [31m<                        100,[0m
[INFO] [stdout] [31m<                        101,[0m
[INFO] [stdout] [31m<                        101,[0m
[INFO] [stdout] [31m<                        112,[0m
[INFO] [stdout] [31m<                        32,[0m
[INFO] [stdout]                          102,
[INFO] [stdout]                          105,
[INFO] [stdout]                          108,
[INFO] [stdout]                          101,
[INFO] [stdout]                      ],
[INFO] [stdout]                  ),
[INFO] [stdout]              ),
[INFO] [stdout]          ],
[INFO] [stdout]      ),
[INFO] [stdout]      hash_before: "5ede1f130e006b3c7a37ab5afcbed616",
[INFO] [stdout] [31m<    operations_hash: "[0m[1;48;5;52;31mf0a[0m[31mc[0m[1;48;5;52;31m4e[0m[31ma[0m[1;48;5;52;31me[0m[31m8[0m[1;48;5;52;31m1a[0m[31m3[0m[1;48;5;52;31m2a[0m[31m0[0m[1;48;5;52;31mec[0m[31m19[0m[1;48;5;52;31mb[0m[31m3[0m[1;48;5;52;31m00[0m[31mf[0m[1;48;5;52;31m7b[0m[31ma[0m[1;48;5;52;31m6[0m[31md[0m[1;48;5;52;31m49[0m[31m7",[0m
[INFO] [stdout] [32m>    operations_hash: "ca[0m[1;48;5;22;32mf[0m[32m8[0m[1;48;5;22;32m878[0m[32m30[0m[1;48;5;22;32m89[0m[32m1[0m[1;48;5;22;32m0[0m[32m9[0m[1;48;5;22;32m172[0m[32m3f[0m[1;48;5;22;32me5[0m[32mad[0m[1;48;5;22;32ma[0m[32m7[0m[1;48;5;22;32m83f48b6[0m[32m",[0m
[INFO] [stdout]  }
[INFO] [stdout] 
[INFO] [stdout] 
[INFO] [stdout] stack backtrace:
[INFO] [stdout]    0:     0x639e4176ada1 - <<std[617be2ca0a6fd877]::sys::backtrace::BacktraceLock>::print::DisplayBacktrace as core[a373ad73a504971]::fmt::Display>::fmt
[INFO] [stdout]    1:     0x639e41780baa - core[a373ad73a504971]::fmt::write
[INFO] [stdout]    2:     0x639e4176f75c - <alloc[2e1b2a31b91974c5]::vec::Vec<u8> as core[a373ad73a504971]::io::write::Write>::write_fmt
[INFO] [stdout]    3:     0x639e41745586 - std[617be2ca0a6fd877]::panicking::default_hook::{closure#0}
[INFO] [stdout]    4:     0x639e41762519 - std[617be2ca0a6fd877]::panicking::default_hook
[INFO] [stdout]    5:     0x639e416cbb50 - test[aada8e7e76ba119b]::test_main_inner::{closure#0}
[INFO] [stdout]    6:     0x639e41762842 - std[617be2ca0a6fd877]::panicking::panic_with_hook
[INFO] [stdout]    7:     0x639e41745632 - std[617be2ca0a6fd877]::panicking::panic_handler::{closure#0}
[INFO] [stdout]    8:     0x639e4173ded9 - std[617be2ca0a6fd877]::sys::backtrace::__rust_end_short_backtrace::<std[617be2ca0a6fd877]::panicking::panic_handler::{closure#0}, !>
[INFO] [stdout]    9:     0x639e417462dd - __rustc[ea4f61d10b84890b]::rust_begin_unwind
[INFO] [stdout]   10:     0x639e4178138c - core[a373ad73a504971]::panicking::panic_fmt
[INFO] [stdout]   11:     0x639e414ed17e - files_diff[e68ee22af975db50]::zip::tests::test_complex_roundtrip_diff_and_apply
[INFO] [stdout]   12:     0x639e414f4244 - <files_diff[e68ee22af975db50]::zip::tests::test_complex_roundtrip_diff_and_apply::{closure#0} as core[a373ad73a504971]::ops::function::FnOnce<()>>::call_once
[INFO] [stdout]   13:     0x639e416bef9b - test[aada8e7e76ba119b]::__rust_begin_short_backtrace::<core[a373ad73a504971]::result::Result<(), alloc[2e1b2a31b91974c5]::string::String>, fn() -> core[a373ad73a504971]::result::Result<(), alloc[2e1b2a31b91974c5]::string::String>>
[INFO] [stdout]   14:     0x639e416cc175 - test[aada8e7e76ba119b]::run_test::{closure#0}
[INFO] [stdout]   15:     0x639e416c5a64 - std[617be2ca0a6fd877]::sys::backtrace::__rust_begin_short_backtrace::<test[aada8e7e76ba119b]::run_test::{closure#1}, ()>
[INFO] [stdout]   16:     0x639e416cf202 - <std[617be2ca0a6fd877]::thread::lifecycle::spawn_unchecked<test[aada8e7e76ba119b]::run_test::{closure#1}, ()>::{closure#1} as core[a373ad73a504971]::ops::function::FnOnce<()>>::call_once::{shim:vtable#0}
[INFO] [stdout]   17:     0x639e4176a0ff - <std[617be2ca0a6fd877]::sys::thread::unix::Thread>::new::thread_start
[INFO] [stdout]   18:     0x749a04387dfa - <unknown>
[INFO] [stdout]   19:     0x749a0441b3d4 - clone
[INFO] [stdout]   20:                0x0 - <unknown>
[INFO] [stdout] 
[INFO] [stdout] 
[INFO] [stdout] failures:
[INFO] [stdout]     zip::tests::test_complex_roundtrip_diff_and_apply
[INFO] [stdout]     zip::tests::test_diff_and_apply_with_deletions
[INFO] [stdout]     zip::tests::test_diff_and_apply_with_directories
[INFO] [stdout]     zip::tests::test_realword_archive_diff
[INFO] [stdout] 
[INFO] [stdout] test result: FAILED. 2 passed; 4 failed; 0 ignored; 0 measured; 0 filtered out; finished in 0.43s
[INFO] [stdout] 
[INFO] [stderr] error: test failed, to rerun pass `--lib`
[INFO] running `Command { std: "docker" "inspect" "302353a67f6a891b903b5b4c16b35d136719127369adb43cbbbcf3ecdca1d6c0", kill_on_drop: false }`
[INFO] running `Command { std: "docker" "rm" "-f" "302353a67f6a891b903b5b4c16b35d136719127369adb43cbbbcf3ecdca1d6c0", kill_on_drop: false }`
[INFO] [stdout] 302353a67f6a891b903b5b4c16b35d136719127369adb43cbbbcf3ecdca1d6c0
