[INFO] fetching crate filerefine 0.1.9...
[INFO] testing filerefine-0.1.9 against 1.100.0-beta.1+cargoflags=--release for beta-release-1.100-2
[INFO] extracting crate filerefine 0.1.9 into /workspace/builds/worker-4-tc2/source
[INFO] removed /workspace/builds/worker-4-tc2/source/.cargo/config.toml
[INFO] started tweaking crates.io crate filerefine 0.1.9
[INFO] removed 0 missing tests
[INFO] finished tweaking crates.io crate filerefine 0.1.9
[INFO] tweaked toml for crates.io crate filerefine 0.1.9 written to /workspace/builds/worker-4-tc2/source/Cargo.toml
[INFO] validating manifest of crates.io crate filerefine 0.1.9 on toolchain 1.100.0-beta.1
[INFO] running `Command { std: CARGO_HOME="/workspace/cargo-home" RUSTUP_HOME="/workspace/rustup-home" "/workspace/cargo-home/bin/cargo" "+1.100.0-beta.1" "metadata" "--manifest-path" "Cargo.toml" "--no-deps", kill_on_drop: false }`
[INFO] crate crates.io crate filerefine 0.1.9 already has a lockfile, it will not be regenerated
[INFO] running `Command { std: CARGO_HOME="/workspace/cargo-home" RUSTUP_HOME="/workspace/rustup-home" "/workspace/cargo-home/bin/cargo" "+1.100.0-beta.1" "fetch" "--manifest-path" "Cargo.toml", kill_on_drop: false }`
[INFO] running `Command { std: "docker" "create" "-v" "/var/lib/crater-agent-workspace/builds/worker-4-tc2/source:/opt/rustwide/workdir:ro,Z" "-v" "/var/lib/crater-agent-workspace/builds/worker-4-tc2/target:/opt/rustwide/target:rw,Z" "-v" "/var/lib/crater-agent-workspace/cargo-home:/opt/rustwide/cargo-home:ro,Z" "-v" "/var/lib/crater-agent-workspace/rustup-home:/opt/rustwide/rustup-home:ro,Z" "-m" "1610612736" "--network" "none" "ghcr.io/rust-lang/crates-build-env/linux@sha256:77db811e55d90add9212f6832c23229e3de5f1c1f9905e8cb07319ea15df73ac" "sleep" "infinity", kill_on_drop: false }`
[INFO] [stdout] f01ed26bc42b04737f1d8161d3b74a7464c1f8d572525e37e4ae665e414ce709
[INFO] running `Command { std: "docker" "start" "f01ed26bc42b04737f1d8161d3b74a7464c1f8d572525e37e4ae665e414ce709", kill_on_drop: false }`
[INFO] running `Command { std: "docker" "inspect" "f01ed26bc42b04737f1d8161d3b74a7464c1f8d572525e37e4ae665e414ce709", kill_on_drop: false }`
[INFO] running `Command { std: "docker" "exec" "-e" "SOURCE_DIR=/opt/rustwide/workdir" "-e" "CARGO_HOME=/opt/rustwide/cargo-home" "-e" "RUSTUP_HOME=/opt/rustwide/rustup-home" "-e" "CARGO_TARGET_DIR=/opt/rustwide/target" "-w" "/opt/rustwide/workdir" "--user" "0:0" "f01ed26bc42b04737f1d8161d3b74a7464c1f8d572525e37e4ae665e414ce709" "/opt/rustwide/cargo-home/bin/cargo" "+1.100.0-beta.1" "metadata" "--no-deps" "--format-version=1", kill_on_drop: false }`
[INFO] running `Command { std: "docker" "inspect" "f01ed26bc42b04737f1d8161d3b74a7464c1f8d572525e37e4ae665e414ce709", kill_on_drop: false }`
[INFO] running `Command { std: "docker" "exec" "-e" "SOURCE_DIR=/opt/rustwide/workdir" "-e" "CARGO_HOME=/opt/rustwide/cargo-home" "-e" "RUSTUP_HOME=/opt/rustwide/rustup-home" "-e" "CARGO_TARGET_DIR=/opt/rustwide/target" "-e" "CARGO_INCREMENTAL=0" "-e" "RUST_BACKTRACE=full" "-e" "RUSTFLAGS=--cap-lints=warn" "-e" "RUSTDOCFLAGS=--cap-lints=warn" "-w" "/opt/rustwide/workdir" "--user" "0:0" "f01ed26bc42b04737f1d8161d3b74a7464c1f8d572525e37e4ae665e414ce709" "/opt/rustwide/cargo-home/bin/cargo" "+1.100.0-beta.1" "build" "--frozen" "--message-format=json" "--release", kill_on_drop: false }`
[INFO] [stderr]    Compiling proc-macro2 v1.0.89
[INFO] [stderr]    Compiling unicode-ident v1.0.12
[INFO] [stderr]    Compiling serde v1.0.219
[INFO] [stderr]    Compiling serde_json v1.0.142
[INFO] [stderr]    Compiling itoa v1.0.10
[INFO] [stderr]    Compiling memchr v2.7.1
[INFO] [stderr]    Compiling ryu v1.0.16
[INFO] [stderr]    Compiling quote v1.0.37
[INFO] [stderr]    Compiling syn v2.0.85
[INFO] [stderr]    Compiling serde_derive v1.0.219
[INFO] [stderr]    Compiling filerefine v0.1.9 (/opt/rustwide/workdir)
[INFO] [stderr]     Finished `release` profile [optimized] target(s) in 16.68s
[INFO] running `Command { std: "docker" "inspect" "f01ed26bc42b04737f1d8161d3b74a7464c1f8d572525e37e4ae665e414ce709", kill_on_drop: false }`
[INFO] running `Command { std: "docker" "exec" "-e" "SOURCE_DIR=/opt/rustwide/workdir" "-e" "CARGO_HOME=/opt/rustwide/cargo-home" "-e" "RUSTUP_HOME=/opt/rustwide/rustup-home" "-e" "CARGO_TARGET_DIR=/opt/rustwide/target" "-e" "CARGO_INCREMENTAL=0" "-e" "RUST_BACKTRACE=full" "-e" "RUSTFLAGS=--cap-lints=warn" "-e" "RUSTDOCFLAGS=--cap-lints=warn" "-w" "/opt/rustwide/workdir" "--user" "0:0" "f01ed26bc42b04737f1d8161d3b74a7464c1f8d572525e37e4ae665e414ce709" "/opt/rustwide/cargo-home/bin/cargo" "+1.100.0-beta.1" "test" "--frozen" "--no-run" "--message-format=json" "--release", kill_on_drop: false }`
[INFO] [stderr]    Compiling memchr v2.7.1
[INFO] [stderr]    Compiling autocfg v1.1.0
[INFO] [stderr]    Compiling regex-syntax v0.8.2
[INFO] [stderr]    Compiling libc v0.2.152
[INFO] [stderr]    Compiling predicates-core v1.0.6
[INFO] [stderr]    Compiling doc-comment v0.3.3
[INFO] [stderr]    Compiling ryu v1.0.16
[INFO] [stderr]    Compiling difflib v0.4.0
[INFO] [stderr]    Compiling termtree v0.4.1
[INFO] [stderr]    Compiling normalize-line-endings v0.3.0
[INFO] [stderr]    Compiling anstyle v1.0.4
[INFO] [stderr]    Compiling itoa v1.0.10
[INFO] [stderr]    Compiling assert_cmd v2.0.17
[INFO] [stderr]    Compiling serde v1.0.219
[INFO] [stderr]    Compiling predicates-tree v1.0.9
[INFO] [stderr]    Compiling num-traits v0.2.17
[INFO] [stderr]    Compiling aho-corasick v1.1.2
[INFO] [stderr]    Compiling wait-timeout v0.2.0
[INFO] [stderr]    Compiling float-cmp v0.10.0
[INFO] [stderr]    Compiling serde_json v1.0.142
[INFO] [stderr]    Compiling regex-automata v0.4.4
[INFO] [stderr]    Compiling filerefine v0.1.9 (/opt/rustwide/workdir)
[INFO] [stderr]    Compiling regex v1.10.3
[INFO] [stderr]    Compiling bstr v1.9.0
[INFO] [stderr]    Compiling predicates v3.1.3
[INFO] [stderr]     Finished `release` profile [optimized] target(s) in 51.12s
[INFO] running `Command { std: "docker" "inspect" "f01ed26bc42b04737f1d8161d3b74a7464c1f8d572525e37e4ae665e414ce709", kill_on_drop: false }`
[INFO] running `Command { std: "docker" "exec" "-e" "SOURCE_DIR=/opt/rustwide/workdir" "-e" "CARGO_HOME=/opt/rustwide/cargo-home" "-e" "RUSTUP_HOME=/opt/rustwide/rustup-home" "-e" "CARGO_TARGET_DIR=/opt/rustwide/target" "-e" "CARGO_INCREMENTAL=0" "-e" "RUST_BACKTRACE=full" "-e" "RUSTFLAGS=--cap-lints=warn" "-e" "RUSTDOCFLAGS=--cap-lints=warn" "-w" "/opt/rustwide/workdir" "--user" "0:0" "f01ed26bc42b04737f1d8161d3b74a7464c1f8d572525e37e4ae665e414ce709" "/opt/rustwide/cargo-home/bin/cargo" "+1.100.0-beta.1" "test" "--frozen" "--release", kill_on_drop: false }`
[INFO] [stderr]     Finished `release` profile [optimized] target(s) in 0.06s
[INFO] [stderr]      Running unittests src/lib.rs (/opt/rustwide/target/release/build/filerefine/e5a364a1e3f9d25d/out/filerefine-e5a364a1e3f9d25d)
[INFO] [stderr]      Running unittests src/main.rs (/opt/rustwide/target/release/build/filerefine/4ebb1926a5e03397/out/filerefine-4ebb1926a5e03397)
[INFO] [stdout] 
[INFO] [stdout] running 0 tests
[INFO] [stdout] 
[INFO] [stdout] test result: ok. 0 passed; 0 failed; 0 ignored; 0 measured; 0 filtered out; finished in 0.00s
[INFO] [stdout] 
[INFO] [stderr]      Running tests/tests.rs (/opt/rustwide/target/release/build/filerefine/4610d7bfdf20767b/out/tests-4610d7bfdf20767b)
[INFO] [stdout] 
[INFO] [stdout] running 0 tests
[INFO] [stdout] 
[INFO] [stdout] test result: ok. 0 passed; 0 failed; 0 ignored; 0 measured; 0 filtered out; finished in 0.00s
[INFO] [stdout] 
[INFO] [stdout] 
[INFO] [stdout] running 3 tests
[INFO] [stdout] test tests::test_check_similars_void ... ok
[INFO] [stdout] test tests::test_parse_args_clean_directory ... ok
[INFO] [stdout] test tests::test_parse_args_clean_directory_recursive ... FAILED
[INFO] [stdout] 
[INFO] [stdout] failures:
[INFO] [stdout] 
[INFO] [stdout] ---- tests::test_parse_args_clean_directory_recursive stdout ----
[INFO] [stdout] 
[INFO] [stdout] thread 'tests::test_parse_args_clean_directory_recursive' (895) panicked at tests/tests.rs:40:46:
[INFO] [stdout] called `Result::unwrap()` on an `Err` value: Os { code: 30, kind: ReadOnlyFilesystem, message: "Read-only file system" }
[INFO] [stdout] stack backtrace:
[INFO] [stdout]    0:     0x5e9ccd6573e7 - <<std[617be2ca0a6fd877]::sys::backtrace::BacktraceLock>::print::DisplayBacktrace as core[a373ad73a504971]::fmt::Display>::fmt
[INFO] [stdout]    1:     0x5e9ccd63b94a - core[a373ad73a504971]::fmt::write
[INFO] [stdout]    2:     0x5e9ccd65699b - <alloc[2e1b2a31b91974c5]::vec::Vec<u8> as core[a373ad73a504971]::io::write::Write>::write_fmt
[INFO] [stdout]    3:     0x5e9ccd65647f - std[617be2ca0a6fd877]::panicking::default_hook::{closure#0}
[INFO] [stdout]    4:     0x5e9ccd6560aa - std[617be2ca0a6fd877]::panicking::default_hook
[INFO] [stdout]    5:     0x5e9ccd655be5 - std[617be2ca0a6fd877]::panicking::panic_with_hook
[INFO] [stdout]    6:     0x5e9ccd67c991 - std[617be2ca0a6fd877]::panicking::panic_handler::{closure#0}
[INFO] [stdout]    7:     0x5e9ccd67c949 - std[617be2ca0a6fd877]::sys::backtrace::__rust_end_short_backtrace::<std[617be2ca0a6fd877]::panicking::panic_handler::{closure#0}, !>
[INFO] [stdout]    8:     0x5e9ccd67ce4c - __rustc[ea4f61d10b84890b]::rust_begin_unwind
[INFO] [stdout]    9:     0x5e9ccd63b7db - core[a373ad73a504971]::panicking::panic_fmt
[INFO] [stdout]   10:     0x5e9ccd63ec41 - core[a373ad73a504971]::result::unwrap_failed
[INFO] [stdout]   11:     0x5e9ccd639757 - <tests[a090a7892a4e39c2]::tests::test_parse_args_clean_directory_recursive::{closure#0} as core[a373ad73a504971]::ops::function::FnOnce<()>>::call_once
[INFO] [stdout]   12:     0x5e9ccd696e0b - test[aada8e7e76ba119b]::__rust_begin_short_backtrace::<core[a373ad73a504971]::result::Result<(), alloc[2e1b2a31b91974c5]::string::String>, fn() -> core[a373ad73a504971]::result::Result<(), alloc[2e1b2a31b91974c5]::string::String>>
[INFO] [stdout]   13:     0x5e9ccd69226f - test[aada8e7e76ba119b]::run_test::{closure#0}
[INFO] [stdout]   14:     0x5e9ccd691cec - std[617be2ca0a6fd877]::sys::backtrace::__rust_begin_short_backtrace::<test[aada8e7e76ba119b]::run_test::{closure#1}, ()>
[INFO] [stdout]   15:     0x5e9ccd6b1f8c - <std[617be2ca0a6fd877]::thread::lifecycle::spawn_unchecked<test[aada8e7e76ba119b]::run_test::{closure#1}, ()>::{closure#1} as core[a373ad73a504971]::ops::function::FnOnce<()>>::call_once::{shim:vtable#0}
[INFO] [stdout]   16:     0x5e9ccd67e6c4 - <std[617be2ca0a6fd877]::sys::thread::unix::Thread>::new::thread_start
[INFO] [stdout]   17:     0x70bdc5fa3dfa - <unknown>
[INFO] [stdout]   18:     0x70bdc60373d4 - clone
[INFO] [stdout]   19:                0x0 - <unknown>
[INFO] [stdout] 
[INFO] [stdout] 
[INFO] [stdout] failures:
[INFO] [stdout]     tests::test_parse_args_clean_directory_recursive
[INFO] [stdout] 
[INFO] [stdout] test result: FAILED. 2 passed; 1 failed; 0 ignored; 0 measured; 0 filtered out; finished in 0.01s
[INFO] [stdout] 
[INFO] [stderr] error: test failed, to rerun pass `--test tests`
[INFO] running `Command { std: "docker" "inspect" "f01ed26bc42b04737f1d8161d3b74a7464c1f8d572525e37e4ae665e414ce709", kill_on_drop: false }`
[INFO] running `Command { std: "docker" "rm" "-f" "f01ed26bc42b04737f1d8161d3b74a7464c1f8d572525e37e4ae665e414ce709", kill_on_drop: false }`
[INFO] [stdout] f01ed26bc42b04737f1d8161d3b74a7464c1f8d572525e37e4ae665e414ce709
