[INFO] fetching crate fileorama 0.0.2...
[INFO] testing fileorama-0.0.2 against 1.100.0-beta.1+cargoflags=--release for beta-release-1.100-2
[INFO] extracting crate fileorama 0.0.2 into /workspace/builds/worker-0-tc2/source
[INFO] started tweaking crates.io crate fileorama 0.0.2
[INFO] finished tweaking crates.io crate fileorama 0.0.2
[INFO] tweaked toml for crates.io crate fileorama 0.0.2 written to /workspace/builds/worker-0-tc2/source/Cargo.toml
[INFO] validating manifest of crates.io crate fileorama 0.0.2 on toolchain 1.100.0-beta.1
[INFO] running `Command { std: CARGO_HOME="/workspace/cargo-home" RUSTUP_HOME="/workspace/rustup-home" "/workspace/cargo-home/bin/cargo" "+1.100.0-beta.1" "metadata" "--manifest-path" "Cargo.toml" "--no-deps", kill_on_drop: false }`
[INFO] running `Command { std: CARGO_HOME="/workspace/cargo-home" RUSTUP_HOME="/workspace/rustup-home" "/workspace/cargo-home/bin/cargo" "+1.100.0-beta.1" "generate-lockfile" "--manifest-path" "Cargo.toml", kill_on_drop: false }`
[INFO] [stderr]     Updating crates.io index
[INFO] [stderr]      Locking 85 packages to highest compatible versions
[INFO] [stderr]       Adding generic-array v0.14.7 (available: v0.14.9)
[INFO] [stderr]       Adding thiserror v1.0.69 (available: v2.0.21)
[INFO] [stderr]       Adding wasi v0.10.0+wasi-snapshot-preview1 (available: v0.10.2+wasi-snapshot-preview1)
[INFO] [stderr]       Adding zip v0.6.6 (available: v9.0.5)
[INFO] running `Command { std: CARGO_HOME="/workspace/cargo-home" RUSTUP_HOME="/workspace/rustup-home" "/workspace/cargo-home/bin/cargo" "+1.100.0-beta.1" "fetch" "--manifest-path" "Cargo.toml", kill_on_drop: false }`
[INFO] running `Command { std: "docker" "create" "-v" "/var/lib/crater-agent-workspace/builds/worker-0-tc2/source:/opt/rustwide/workdir:ro,Z" "-v" "/var/lib/crater-agent-workspace/builds/worker-0-tc2/target:/opt/rustwide/target:rw,Z" "-v" "/var/lib/crater-agent-workspace/cargo-home:/opt/rustwide/cargo-home:ro,Z" "-v" "/var/lib/crater-agent-workspace/rustup-home:/opt/rustwide/rustup-home:ro,Z" "-m" "1610612736" "--network" "none" "ghcr.io/rust-lang/crates-build-env/linux@sha256:77db811e55d90add9212f6832c23229e3de5f1c1f9905e8cb07319ea15df73ac" "sleep" "infinity", kill_on_drop: false }`
[INFO] [stdout] accc7960f5d902def3176e79653c46102394bcec0f89724d41d94c6bc92f5581
[INFO] running `Command { std: "docker" "start" "accc7960f5d902def3176e79653c46102394bcec0f89724d41d94c6bc92f5581", kill_on_drop: false }`
[INFO] running `Command { std: "docker" "inspect" "accc7960f5d902def3176e79653c46102394bcec0f89724d41d94c6bc92f5581", kill_on_drop: false }`
[INFO] running `Command { std: "docker" "exec" "-e" "SOURCE_DIR=/opt/rustwide/workdir" "-e" "CARGO_HOME=/opt/rustwide/cargo-home" "-e" "RUSTUP_HOME=/opt/rustwide/rustup-home" "-e" "CARGO_TARGET_DIR=/opt/rustwide/target" "-w" "/opt/rustwide/workdir" "--user" "0:0" "accc7960f5d902def3176e79653c46102394bcec0f89724d41d94c6bc92f5581" "/opt/rustwide/cargo-home/bin/cargo" "+1.100.0-beta.1" "metadata" "--no-deps" "--format-version=1", kill_on_drop: false }`
[INFO] running `Command { std: "docker" "inspect" "accc7960f5d902def3176e79653c46102394bcec0f89724d41d94c6bc92f5581", kill_on_drop: false }`
[INFO] running `Command { std: "docker" "exec" "-e" "SOURCE_DIR=/opt/rustwide/workdir" "-e" "CARGO_HOME=/opt/rustwide/cargo-home" "-e" "RUSTUP_HOME=/opt/rustwide/rustup-home" "-e" "CARGO_TARGET_DIR=/opt/rustwide/target" "-e" "CARGO_INCREMENTAL=0" "-e" "RUST_BACKTRACE=full" "-e" "RUSTFLAGS=--cap-lints=warn" "-e" "RUSTDOCFLAGS=--cap-lints=warn" "-w" "/opt/rustwide/workdir" "--user" "0:0" "accc7960f5d902def3176e79653c46102394bcec0f89724d41d94c6bc92f5581" "/opt/rustwide/cargo-home/bin/cargo" "+1.100.0-beta.1" "build" "--frozen" "--message-format=json" "--release", kill_on_drop: false }`
[INFO] [stderr]    Compiling winapi-build v0.1.1
[INFO] [stderr]    Compiling winapi v0.2.8
[INFO] [stderr]    Compiling zstd-safe v5.0.2+zstd.1.5.2
[INFO] [stderr]    Compiling crossbeam-utils v0.8.23
[INFO] [stderr]    Compiling base64ct v1.8.3
[INFO] [stderr]    Compiling simd-adler32 v0.3.10
[INFO] [stderr]    Compiling memchr v0.1.11
[INFO] [stderr]    Compiling time v0.1.45
[INFO] [stderr]    Compiling zstd-sys v2.1.2+zstd.1.5.7
[INFO] [stderr]    Compiling utf8-ranges v0.1.3
[INFO] [stderr]    Compiling num-integer v0.1.47
[INFO] [stderr]    Compiling sha2 v0.10.9
[INFO] [stderr]    Compiling regex-syntax v0.3.9
[INFO] [stderr]    Compiling bzip2 v0.4.4
[INFO] [stderr]    Compiling thiserror-impl v1.0.69
[INFO] [stderr]    Compiling lazy_static v0.1.16
[INFO] [stderr]    Compiling constant_time_eq v0.1.5
[INFO] [stderr]    Compiling aho-corasick v0.5.3
[INFO] [stderr]    Compiling kernel32-sys v0.2.2
[INFO] [stderr]    Compiling password-hash v0.4.2
[INFO] [stderr]    Compiling miniz_oxide v0.9.1
[INFO] [stderr]    Compiling num-iter v0.1.46
[INFO] [stderr]    Compiling thread-id v2.0.0
[INFO] [stderr]    Compiling num v0.1.43
[INFO] [stderr]    Compiling thread_local v0.2.7
[INFO] [stderr]    Compiling pbkdf2 v0.11.0
[INFO] [stderr]    Compiling chrono v0.2.25
[INFO] [stderr]    Compiling flate2 v1.1.10
[INFO] [stderr]    Compiling crossbeam-channel v0.5.17
[INFO] [stderr]    Compiling regex v0.1.80
[INFO] [stderr]    Compiling thiserror v1.0.69
[INFO] [stderr]    Compiling ftp v3.0.1
[INFO] [stderr]    Compiling zstd v0.11.2+zstd.1.5.2
[INFO] [stderr]    Compiling zip v0.6.6
[INFO] [stderr]    Compiling fileorama v0.0.2 (/opt/rustwide/workdir)
[INFO] [stdout] warning: hiding a lifetime that's elided elsewhere is confusing
[INFO] [stdout]    --> src/lib.rs:174:39
[INFO] [stdout]     |
[INFO] [stdout] 174 |     fn new(start: f32, end: f32, msg: &crossbeam_channel::Sender<RecvMsg>) -> Progress {
[INFO] [stdout]     |                                       ^^^^^^^^^^^^^^^^^^^^^^^^^^^^^^^^^^^     ^^^^^^^^ the same lifetime is hidden here
[INFO] [stdout]     |                                       |
[INFO] [stdout]     |                                       the lifetime is elided here
[INFO] [stdout]     |
[INFO] [stdout]     = help: the same lifetime is referred to in inconsistent ways, making the signature confusing
[INFO] [stdout]     = note: `#[warn(mismatched_lifetime_syntaxes)]` on by default
[INFO] [stdout] help: use `'_` for type paths
[INFO] [stdout]     |
[INFO] [stdout] 174 |     fn new(start: f32, end: f32, msg: &crossbeam_channel::Sender<RecvMsg>) -> Progress<'_> {
[INFO] [stdout]     |                                                                                       ++++
[INFO] [stdout] 
[INFO] [stdout] 
[INFO] [stderr]     Finished `release` profile [optimized] target(s) in 45.80s
[INFO] running `Command { std: "docker" "inspect" "accc7960f5d902def3176e79653c46102394bcec0f89724d41d94c6bc92f5581", kill_on_drop: false }`
[INFO] running `Command { std: "docker" "exec" "-e" "SOURCE_DIR=/opt/rustwide/workdir" "-e" "CARGO_HOME=/opt/rustwide/cargo-home" "-e" "RUSTUP_HOME=/opt/rustwide/rustup-home" "-e" "CARGO_TARGET_DIR=/opt/rustwide/target" "-e" "CARGO_INCREMENTAL=0" "-e" "RUST_BACKTRACE=full" "-e" "RUSTFLAGS=--cap-lints=warn" "-e" "RUSTDOCFLAGS=--cap-lints=warn" "-w" "/opt/rustwide/workdir" "--user" "0:0" "accc7960f5d902def3176e79653c46102394bcec0f89724d41d94c6bc92f5581" "/opt/rustwide/cargo-home/bin/cargo" "+1.100.0-beta.1" "test" "--frozen" "--no-run" "--message-format=json" "--release", kill_on_drop: false }`
[INFO] [stdout] warning: hiding a lifetime that's elided elsewhere is confusing
[INFO] [stdout]    --> src/lib.rs:174:39
[INFO] [stdout]     |
[INFO] [stdout] 174 |     fn new(start: f32, end: f32, msg: &crossbeam_channel::Sender<RecvMsg>) -> Progress {
[INFO] [stdout]     |                                       ^^^^^^^^^^^^^^^^^^^^^^^^^^^^^^^^^^^     ^^^^^^^^ the same lifetime is hidden here
[INFO] [stdout]     |                                       |
[INFO] [stdout]     |                                       the lifetime is elided here
[INFO] [stdout]     |
[INFO] [stdout]     = help: the same lifetime is referred to in inconsistent ways, making the signature confusing
[INFO] [stdout]     = note: `#[warn(mismatched_lifetime_syntaxes)]` on by default
[INFO] [stdout] help: use `'_` for type paths
[INFO] [stdout]     |
[INFO] [stdout] 174 |     fn new(start: f32, end: f32, msg: &crossbeam_channel::Sender<RecvMsg>) -> Progress<'_> {
[INFO] [stdout]     |                                                                                       ++++
[INFO] [stdout] 
[INFO] [stdout] 
[INFO] [stderr]    Compiling fileorama v0.0.2 (/opt/rustwide/workdir)
[INFO] [stdout] warning: hiding a lifetime that's elided elsewhere is confusing
[INFO] [stdout]    --> src/lib.rs:174:39
[INFO] [stdout]     |
[INFO] [stdout] 174 |     fn new(start: f32, end: f32, msg: &crossbeam_channel::Sender<RecvMsg>) -> Progress {
[INFO] [stdout]     |                                       ^^^^^^^^^^^^^^^^^^^^^^^^^^^^^^^^^^^     ^^^^^^^^ the same lifetime is hidden here
[INFO] [stdout]     |                                       |
[INFO] [stdout]     |                                       the lifetime is elided here
[INFO] [stdout]     |
[INFO] [stdout]     = help: the same lifetime is referred to in inconsistent ways, making the signature confusing
[INFO] [stdout]     = note: `#[warn(mismatched_lifetime_syntaxes)]` on by default
[INFO] [stdout] help: use `'_` for type paths
[INFO] [stdout]     |
[INFO] [stdout] 174 |     fn new(start: f32, end: f32, msg: &crossbeam_channel::Sender<RecvMsg>) -> Progress<'_> {
[INFO] [stdout]     |                                                                                       ++++
[INFO] [stdout] 
[INFO] [stdout] 
[INFO] [stderr]     Finished `release` profile [optimized] target(s) in 1.71s
[INFO] running `Command { std: "docker" "inspect" "accc7960f5d902def3176e79653c46102394bcec0f89724d41d94c6bc92f5581", kill_on_drop: false }`
[INFO] running `Command { std: "docker" "exec" "-e" "SOURCE_DIR=/opt/rustwide/workdir" "-e" "CARGO_HOME=/opt/rustwide/cargo-home" "-e" "RUSTUP_HOME=/opt/rustwide/rustup-home" "-e" "CARGO_TARGET_DIR=/opt/rustwide/target" "-e" "CARGO_INCREMENTAL=0" "-e" "RUST_BACKTRACE=full" "-e" "RUSTFLAGS=--cap-lints=warn" "-e" "RUSTDOCFLAGS=--cap-lints=warn" "-w" "/opt/rustwide/workdir" "--user" "0:0" "accc7960f5d902def3176e79653c46102394bcec0f89724d41d94c6bc92f5581" "/opt/rustwide/cargo-home/bin/cargo" "+1.100.0-beta.1" "test" "--frozen" "--release", kill_on_drop: false }`
[INFO] [stderr] warning: hiding a lifetime that's elided elsewhere is confusing
[INFO] [stderr]    --> src/lib.rs:174:39
[INFO] [stderr]     |
[INFO] [stderr] 174 |     fn new(start: f32, end: f32, msg: &crossbeam_channel::Sender<RecvMsg>) -> Progress {
[INFO] [stderr]     |                                       ^^^^^^^^^^^^^^^^^^^^^^^^^^^^^^^^^^^     ^^^^^^^^ the same lifetime is hidden here
[INFO] [stderr]     |                                       |
[INFO] [stderr]     |                                       the lifetime is elided here
[INFO] [stderr]     |
[INFO] [stderr]     = help: the same lifetime is referred to in inconsistent ways, making the signature confusing
[INFO] [stderr]     = note: `#[warn(mismatched_lifetime_syntaxes)]` on by default
[INFO] [stderr] help: use `'_` for type paths
[INFO] [stderr]     |
[INFO] [stderr] 174 |     fn new(start: f32, end: f32, msg: &crossbeam_channel::Sender<RecvMsg>) -> Progress<'_> {
[INFO] [stderr]     |                                                                                       ++++
[INFO] [stderr] 
[INFO] [stderr] warning: `fileorama` (lib) generated 1 warning (run `cargo fix --lib -p fileorama` to apply 1 suggestion)
[INFO] [stderr] warning: `fileorama` (lib test) generated 1 warning (1 duplicate)
[INFO] [stderr]     Finished `release` profile [optimized] target(s) in 0.05s
[INFO] [stderr]      Running unittests src/lib.rs (/opt/rustwide/target/release/build/fileorama/bc4d1f48c8a22b81/out/fileorama-bc4d1f48c8a22b81)
[INFO] [stdout] 
[INFO] [stdout] running 9 tests
[INFO] [stdout] test tests::vfs_local_dir_zip_file ... FAILED
[INFO] [stdout] test tests::vfs_local_directory ... FAILED
[INFO] [stdout] test tests::vfs_zip_dir ... FAILED
[INFO] [stdout] test tests::vfs_load_zip ... FAILED
[INFO] [stdout] test tests::vfs_read_same_file_twice ... ok
[INFO] [stdout] test tests::vfs_two_local_files ... FAILED
[INFO] [stdout] test tests::ftp_test_file ... FAILED
[INFO] [stdout] test tests::ftp_test_directory_1 ... FAILED
[INFO] [stdout] test tests::ftp_test_large_file ... FAILED
[INFO] [stdout] 
[INFO] [stdout] failures:
[INFO] [stdout] 
[INFO] [stdout] ---- tests::vfs_local_dir_zip_file stdout ----
[INFO] [stdout] 
[INFO] [stdout] thread 'tests::vfs_local_dir_zip_file' (849) panicked at src/lib.rs:998:50:
[INFO] [stdout] called `Result::unwrap()` on an `Err` value: Os { code: 2, kind: NotFound, message: "No such file or directory" }
[INFO] [stdout] stack backtrace:
[INFO] [stdout]    0:     0x5a9735bfa3d1 - <<std[617be2ca0a6fd877]::sys::backtrace::BacktraceLock>::print::DisplayBacktrace as core[a373ad73a504971]::fmt::Display>::fmt
[INFO] [stdout]    1:     0x5a9735c1079a - core[a373ad73a504971]::fmt::write
[INFO] [stdout]    2:     0x5a9735bfef9c - <alloc[2e1b2a31b91974c5]::vec::Vec<u8> as core[a373ad73a504971]::io::write::Write>::write_fmt
[INFO] [stdout]    3:     0x5a9735bd4966 - std[617be2ca0a6fd877]::panicking::default_hook::{closure#0}
[INFO] [stdout]    4:     0x5a9735bf17e9 - std[617be2ca0a6fd877]::panicking::default_hook
[INFO] [stdout]    5:     0x5a9735ad7290 - test[aada8e7e76ba119b]::test_main_inner::{closure#0}
[INFO] [stdout]    6:     0x5a9735bf19a2 - std[617be2ca0a6fd877]::panicking::panic_with_hook
[INFO] [stdout]    7:     0x5a9735bd4a12 - std[617be2ca0a6fd877]::panicking::panic_handler::{closure#0}
[INFO] [stdout]    8:     0x5a9735bcd5a9 - std[617be2ca0a6fd877]::sys::backtrace::__rust_end_short_backtrace::<std[617be2ca0a6fd877]::panicking::panic_handler::{closure#0}, !>
[INFO] [stdout]    9:     0x5a9735bd580d - __rustc[ea4f61d10b84890b]::rust_begin_unwind
[INFO] [stdout]   10:     0x5a9735c10ecc - core[a373ad73a504971]::panicking::panic_fmt
[INFO] [stdout]   11:     0x5a9735c10ca2 - core[a373ad73a504971]::result::unwrap_failed
[INFO] [stdout]   12:     0x5a9735aa8703 - <fileorama[a8615841fd0a9fbf]::tests::vfs_local_dir_zip_file::{closure#0} as core[a373ad73a504971]::ops::function::FnOnce<()>>::call_once
[INFO] [stdout]   13:     0x5a9735aca6db - test[aada8e7e76ba119b]::__rust_begin_short_backtrace::<core[a373ad73a504971]::result::Result<(), alloc[2e1b2a31b91974c5]::string::String>, fn() -> core[a373ad73a504971]::result::Result<(), alloc[2e1b2a31b91974c5]::string::String>>
[INFO] [stdout]   14:     0x5a9735ad78b5 - test[aada8e7e76ba119b]::run_test::{closure#0}
[INFO] [stdout]   15:     0x5a9735ad11a4 - std[617be2ca0a6fd877]::sys::backtrace::__rust_begin_short_backtrace::<test[aada8e7e76ba119b]::run_test::{closure#1}, ()>
[INFO] [stdout]   16:     0x5a9735ada942 - <std[617be2ca0a6fd877]::thread::lifecycle::spawn_unchecked<test[aada8e7e76ba119b]::run_test::{closure#1}, ()>::{closure#1} as core[a373ad73a504971]::ops::function::FnOnce<()>>::call_once::{shim:vtable#0}
[INFO] [stdout]   17:     0x5a9735bf96df - <std[617be2ca0a6fd877]::sys::thread::unix::Thread>::new::thread_start
[INFO] [stdout]   18:     0x7ecea32d0dfa - <unknown>
[INFO] [stdout]   19:     0x7ecea33643d4 - clone
[INFO] [stdout]   20:                0x0 - <unknown>
[INFO] [stdout] 
[INFO] [stdout] ---- tests::vfs_local_directory stdout ----
[INFO] [stdout] 
[INFO] [stdout] thread 'tests::vfs_local_directory' (850) panicked at src/lib.rs:956:50:
[INFO] [stdout] called `Result::unwrap()` on an `Err` value: Os { code: 2, kind: NotFound, message: "No such file or directory" }
[INFO] [stdout] stack backtrace:
[INFO] [stdout]    0:     0x5a9735bfa3d1 - <<std[617be2ca0a6fd877]::sys::backtrace::BacktraceLock>::print::DisplayBacktrace as core[a373ad73a504971]::fmt::Display>::fmt
[INFO] [stdout]    1:     0x5a9735c1079a - core[a373ad73a504971]::fmt::write
[INFO] [stdout]    2:     0x5a9735bfef9c - <alloc[2e1b2a31b91974c5]::vec::Vec<u8> as core[a373ad73a504971]::io::write::Write>::write_fmt
[INFO] [stdout]    3:     0x5a9735bd4966 - std[617be2ca0a6fd877]::panicking::default_hook::{closure#0}
[INFO] [stdout]    4:     0x5a9735bf17e9 - std[617be2ca0a6fd877]::panicking::default_hook
[INFO] [stdout]    5:     0x5a9735ad7290 - test[aada8e7e76ba119b]::test_main_inner::{closure#0}
[INFO] [stdout]    6:     0x5a9735bf19a2 - std[617be2ca0a6fd877]::panicking::panic_with_hook
[INFO] [stdout]    7:     0x5a9735bd4a12 - std[617be2ca0a6fd877]::panicking::panic_handler::{closure#0}
[INFO] [stdout]    8:     0x5a9735bcd5a9 - std[617be2ca0a6fd877]::sys::backtrace::__rust_end_short_backtrace::<std[617be2ca0a6fd877]::panicking::panic_handler::{closure#0}, !>
[INFO] [stdout]    9:     0x5a9735bd580d - __rustc[ea4f61d10b84890b]::rust_begin_unwind
[INFO] [stdout]   10:     0x5a9735c10ecc - core[a373ad73a504971]::panicking::panic_fmt
[INFO] [stdout]   11:     0x5a9735c10ca2 - core[a373ad73a504971]::result::unwrap_failed
[INFO] [stdout]   12:     0x5a9735aa71e1 - <fileorama[a8615841fd0a9fbf]::tests::vfs_local_directory::{closure#0} as core[a373ad73a504971]::ops::function::FnOnce<()>>::call_once
[INFO] [stdout]   13:     0x5a9735aca6db - test[aada8e7e76ba119b]::__rust_begin_short_backtrace::<core[a373ad73a504971]::result::Result<(), alloc[2e1b2a31b91974c5]::string::String>, fn() -> core[a373ad73a504971]::result::Result<(), alloc[2e1b2a31b91974c5]::string::String>>
[INFO] [stdout]   14:     0x5a9735ad78b5 - test[aada8e7e76ba119b]::run_test::{closure#0}
[INFO] [stdout]   15:     0x5a9735ad11a4 - std[617be2ca0a6fd877]::sys::backtrace::__rust_begin_short_backtrace::<test[aada8e7e76ba119b]::run_test::{closure#1}, ()>
[INFO] [stdout]   16:     0x5a9735ada942 - <std[617be2ca0a6fd877]::thread::lifecycle::spawn_unchecked<test[aada8e7e76ba119b]::run_test::{closure#1}, ()>::{closure#1} as core[a373ad73a504971]::ops::function::FnOnce<()>>::call_once::{shim:vtable#0}
[INFO] [stdout]   17:     0x5a9735bf96df - <std[617be2ca0a6fd877]::sys::thread::unix::Thread>::new::thread_start
[INFO] [stdout]   18:     0x7ecea32d0dfa - <unknown>
[INFO] [stdout]   19:     0x7ecea33643d4 - clone
[INFO] [stdout]   20:                0x0 - <unknown>
[INFO] [stdout] 
[INFO] [stdout] ---- tests::vfs_zip_dir stdout ----
[INFO] [stdout] 
[INFO] [stdout] thread 'tests::vfs_zip_dir' (853) panicked at src/lib.rs:1109:56:
[INFO] [stdout] called `Result::unwrap()` on an `Err` value: Os { code: 2, kind: NotFound, message: "No such file or directory" }
[INFO] [stdout] stack backtrace:
[INFO] [stdout]    0:     0x5a9735bfa3d1 - <<std[617be2ca0a6fd877]::sys::backtrace::BacktraceLock>::print::DisplayBacktrace as core[a373ad73a504971]::fmt::Display>::fmt
[INFO] [stdout]    1:     0x5a9735c1079a - core[a373ad73a504971]::fmt::write
[INFO] [stdout]    2:     0x5a9735bfef9c - <alloc[2e1b2a31b91974c5]::vec::Vec<u8> as core[a373ad73a504971]::io::write::Write>::write_fmt
[INFO] [stdout]    3:     0x5a9735bd4966 - std[617be2ca0a6fd877]::panicking::default_hook::{closure#0}
[INFO] [stdout]    4:     0x5a9735bf17e9 - std[617be2ca0a6fd877]::panicking::default_hook
[INFO] [stdout]    5:     0x5a9735ad7290 - test[aada8e7e76ba119b]::test_main_inner::{closure#0}
[INFO] [stdout]    6:     0x5a9735bf19a2 - std[617be2ca0a6fd877]::panicking::panic_with_hook
[INFO] [stdout]    7:     0x5a9735bd4a12 - std[617be2ca0a6fd877]::panicking::panic_handler::{closure#0}
[INFO] [stdout]    8:     0x5a9735bcd5a9 - std[617be2ca0a6fd877]::sys::backtrace::__rust_end_short_backtrace::<std[617be2ca0a6fd877]::panicking::panic_handler::{closure#0}, !>
[INFO] [stdout]    9:     0x5a9735bd580d - __rustc[ea4f61d10b84890b]::rust_begin_unwind
[INFO] [stdout]   10:     0x5a9735c10ecc - core[a373ad73a504971]::panicking::panic_fmt
[INFO] [stdout]   11:     0x5a9735c10ca2 - core[a373ad73a504971]::result::unwrap_failed
[INFO] [stdout]   12:     0x5a9735aa5799 - <fileorama[a8615841fd0a9fbf]::tests::vfs_zip_dir::{closure#0} as core[a373ad73a504971]::ops::function::FnOnce<()>>::call_once
[INFO] [stdout]   13:     0x5a9735aca6db - test[aada8e7e76ba119b]::__rust_begin_short_backtrace::<core[a373ad73a504971]::result::Result<(), alloc[2e1b2a31b91974c5]::string::String>, fn() -> core[a373ad73a504971]::result::Result<(), alloc[2e1b2a31b91974c5]::string::String>>
[INFO] [stdout]   14:     0x5a9735ad78b5 - test[aada8e7e76ba119b]::run_test::{closure#0}
[INFO] [stdout]   15:     0x5a9735ad11a4 - std[617be2ca0a6fd877]::sys::backtrace::__rust_begin_short_backtrace::<test[aada8e7e76ba119b]::run_test::{closure#1}, ()>
[INFO] [stdout]   16:     0x5a9735ada942 - <std[617be2ca0a6fd877]::thread::lifecycle::spawn_unchecked<test[aada8e7e76ba119b]::run_test::{closure#1}, ()>::{closure#1} as core[a373ad73a504971]::ops::function::FnOnce<()>>::call_once::{shim:vtable#0}
[INFO] [stdout]   17:     0x5a9735bf96df - <std[617be2ca0a6fd877]::sys::thread::unix::Thread>::new::thread_start
[INFO] [stdout]   18:     0x7ecea32d0dfa - <unknown>
[INFO] [stdout]   19:     0x7ecea33643d4 - clone
[INFO] [stdout]   20:                0x0 - <unknown>
[INFO] [stdout] 
[INFO] [stdout] ---- tests::vfs_load_zip stdout ----
[INFO] [stdout] 
[INFO] [stdout] thread 'tests::vfs_load_zip' (848) panicked at src/lib.rs:937:60:
[INFO] [stdout] called `Result::unwrap()` on an `Err` value: Os { code: 2, kind: NotFound, message: "No such file or directory" }
[INFO] [stdout] stack backtrace:
[INFO] [stdout]    0:     0x5a9735bfa3d1 - <<std[617be2ca0a6fd877]::sys::backtrace::BacktraceLock>::print::DisplayBacktrace as core[a373ad73a504971]::fmt::Display>::fmt
[INFO] [stdout]    1:     0x5a9735c1079a - core[a373ad73a504971]::fmt::write
[INFO] [stdout]    2:     0x5a9735bfef9c - <alloc[2e1b2a31b91974c5]::vec::Vec<u8> as core[a373ad73a504971]::io::write::Write>::write_fmt
[INFO] [stdout]    3:     0x5a9735bd4966 - std[617be2ca0a6fd877]::panicking::default_hook::{closure#0}
[INFO] [stdout]    4:     0x5a9735bf17e9 - std[617be2ca0a6fd877]::panicking::default_hook
[INFO] [stdout]    5:     0x5a9735ad7290 - test[aada8e7e76ba119b]::test_main_inner::{closure#0}
[INFO] [stdout]    6:     0x5a9735bf19a2 - std[617be2ca0a6fd877]::panicking::panic_with_hook
[INFO] [stdout]    7:     0x5a9735bd4a12 - std[617be2ca0a6fd877]::panicking::panic_handler::{closure#0}
[INFO] [stdout]    8:     0x5a9735bcd5a9 - std[617be2ca0a6fd877]::sys::backtrace::__rust_end_short_backtrace::<std[617be2ca0a6fd877]::panicking::panic_handler::{closure#0}, !>
[INFO] [stdout]    9:     0x5a9735bd580d - __rustc[ea4f61d10b84890b]::rust_begin_unwind
[INFO] [stdout]   10:     0x5a9735c10ecc - core[a373ad73a504971]::panicking::panic_fmt
[INFO] [stdout]   11:     0x5a9735c10ca2 - core[a373ad73a504971]::result::unwrap_failed
[INFO] [stdout]   12:     0x5a9735aa5cb4 - <fileorama[a8615841fd0a9fbf]::tests::vfs_load_zip::{closure#0} as core[a373ad73a504971]::ops::function::FnOnce<()>>::call_once
[INFO] [stdout]   13:     0x5a9735aca6db - test[aada8e7e76ba119b]::__rust_begin_short_backtrace::<core[a373ad73a504971]::result::Result<(), alloc[2e1b2a31b91974c5]::string::String>, fn() -> core[a373ad73a504971]::result::Result<(), alloc[2e1b2a31b91974c5]::string::String>>
[INFO] [stdout]   14:     0x5a9735ad78b5 - test[aada8e7e76ba119b]::run_test::{closure#0}
[INFO] [stdout]   15:     0x5a9735ad11a4 - std[617be2ca0a6fd877]::sys::backtrace::__rust_begin_short_backtrace::<test[aada8e7e76ba119b]::run_test::{closure#1}, ()>
[INFO] [stdout]   16:     0x5a9735ada942 - <std[617be2ca0a6fd877]::thread::lifecycle::spawn_unchecked<test[aada8e7e76ba119b]::run_test::{closure#1}, ()>::{closure#1} as core[a373ad73a504971]::ops::function::FnOnce<()>>::call_once::{shim:vtable#0}
[INFO] [stdout]   17:     0x5a9735bf96df - <std[617be2ca0a6fd877]::sys::thread::unix::Thread>::new::thread_start
[INFO] [stdout]   18:     0x7ecea32d0dfa - <unknown>
[INFO] [stdout]   19:     0x7ecea33643d4 - clone
[INFO] [stdout]   20:                0x0 - <unknown>
[INFO] [stdout] 
[INFO] [stdout] ---- tests::vfs_two_local_files stdout ----
[INFO] [stdout] start processing /opt/rustwide/workdir/Cargo.toml
[INFO] [stdout] Searching for node: [RootDir, Normal("opt"), Normal("rustwide"), Normal("workdir"), Normal("Cargo.toml")]
[INFO] [stdout] Switching FindNode -> FindDriverUrl: [RootDir, Normal("opt"), Normal("rustwide"), Normal("workdir"), Normal("Cargo.toml")]
[INFO] [stdout] zip_fs: can load from url /opt/rustwide/workdir/Cargo.toml - false
[INFO] [stdout] Driver zip_fs can't load from path: /opt/rustwide/workdir/Cargo.toml
[INFO] [stdout] supports_url: /opt/rustwide/workdir/Cargo.toml
[INFO] [stdout] Can load from path /opt/rustwide/workdir/Cargo.toml : true
[INFO] [stdout] Created driver at /opt/rustwide/workdir/Cargo.toml
[INFO] [stdout] Creating new driver: local_fs at /opt/rustwide/workdir/Cargo.toml - comp index 0
[INFO] [stdout] Loading from driver  : 0 - type local_fs
[INFO] [stdout] trying loading from "/opt/rustwide/workdir/Cargo.toml"
[INFO] [stdout] load_url: Loaded file "/opt/rustwide/workdir/Cargo.toml" to memory
[INFO] [stdout] start processing /opt/rustwide/workdir/data/test_dir/dummy
[INFO] [stdout] Searching for node: [RootDir, Normal("opt"), Normal("rustwide"), Normal("workdir"), Normal("data"), Normal("test_dir"), Normal("dummy")]
[INFO] [stdout] found node /
[INFO] [stdout] found node opt
[INFO] [stdout] found node rustwide
[INFO] [stdout] found node workdir
[INFO] [stdout] Switching FindNode -> FindDriverUrl: (root)
[INFO] [stdout] Driver zip_fs can't load from path: /opt/rustwide/workdir/data/test_dir/dummy
[INFO] [stdout] supports_url: /opt/rustwide/workdir/data/test_dir/dummy
[INFO] [stdout] Can load from path /opt/rustwide/workdir/data/test_dir/dummy : false
[INFO] [stdout] Driver local_fs can't load from path: /opt/rustwide/workdir/data/test_dir/dummy
[INFO] [stdout] Driver zip_fs can't load from path: /opt/rustwide/workdir/data/test_dir
[INFO] [stdout] supports_url: /opt/rustwide/workdir/data/test_dir
[INFO] [stdout] Can load from path /opt/rustwide/workdir/data/test_dir : false
[INFO] [stdout] Driver local_fs can't load from path: /opt/rustwide/workdir/data/test_dir
[INFO] [stdout] Driver zip_fs can't load from path: /opt/rustwide/workdir/data
[INFO] [stdout] supports_url: /opt/rustwide/workdir/data
[INFO] [stdout] Can load from path /opt/rustwide/workdir/data : false
[INFO] [stdout] Driver local_fs can't load from path: /opt/rustwide/workdir/data
[INFO] [stdout] zip_fs: can load from url /opt/rustwide/workdir - false
[INFO] [stdout] Driver zip_fs can't load from path: /opt/rustwide/workdir
[INFO] [stdout] supports_url: /opt/rustwide/workdir
[INFO] [stdout] Can load from path /opt/rustwide/workdir : true
[INFO] [stdout] Created driver at /opt/rustwide/workdir
[INFO] [stdout] Creating new driver: local_fs at /opt/rustwide/workdir - comp index 0
[INFO] [stdout] Loading from driver data/test_dir/dummy : 1 - type local_fs
[INFO] [stdout] trying loading from "/opt/rustwide/workdir/data/test_dir/dummy"
[INFO] [stdout] 
[INFO] [stdout] thread 'tests::vfs_two_local_files' (852) panicked at src/lib.rs:1071:9:
[INFO] [stdout] assertion failed: read_dummy
[INFO] [stdout] stack backtrace:
[INFO] [stdout]    0:     0x5a9735bfa3d1 - <<std[617be2ca0a6fd877]::sys::backtrace::BacktraceLock>::print::DisplayBacktrace as core[a373ad73a504971]::fmt::Display>::fmt
[INFO] [stdout]    1:     0x5a9735c1079a - core[a373ad73a504971]::fmt::write
[INFO] [stdout]    2:     0x5a9735bfef9c - <alloc[2e1b2a31b91974c5]::vec::Vec<u8> as core[a373ad73a504971]::io::write::Write>::write_fmt
[INFO] [stdout]    3:     0x5a9735bd4966 - std[617be2ca0a6fd877]::panicking::default_hook::{closure#0}
[INFO] [stdout]    4:     0x5a9735bf17e9 - std[617be2ca0a6fd877]::panicking::default_hook
[INFO] [stdout]    5:     0x5a9735ad7290 - test[aada8e7e76ba119b]::test_main_inner::{closure#0}
[INFO] [stdout]    6:     0x5a9735bf19a2 - std[617be2ca0a6fd877]::panicking::panic_with_hook
[INFO] [stdout]    7:     0x5a9735bd4a44 - std[617be2ca0a6fd877]::panicking::panic_handler::{closure#0}
[INFO] [stdout]    8:     0x5a9735bcd5a9 - std[617be2ca0a6fd877]::sys::backtrace::__rust_end_short_backtrace::<std[617be2ca0a6fd877]::panicking::panic_handler::{closure#0}, !>
[INFO] [stdout]    9:     0x5a9735bd580d - __rustc[ea4f61d10b84890b]::rust_begin_unwind
[INFO] [stdout]   10:     0x5a9735c10ecc - core[a373ad73a504971]::panicking::panic_fmt
[INFO] [stdout]   11:     0x5a9735c10e92 - core[a373ad73a504971]::panicking::panic
[INFO] [stdout]   12:     0x5a9735aa7ae0 - <fileorama[a8615841fd0a9fbf]::tests::vfs_two_local_files::{closure#0} as core[a373ad73a504971]::ops::function::FnOnce<()>>::call_once
[INFO] [stdout]   13:     0x5a9735aca6db - test[aada8e7e76ba119b]::__rust_begin_short_backtrace::<core[a373ad73a504971]::result::Result<(), alloc[2e1b2a31b91974c5]::string::String>, fn() -> core[a373ad73a504971]::result::Result<(), alloc[2e1b2a31b91974c5]::string::String>>
[INFO] [stdout]   14:     0x5a9735ad78b5 - test[aada8e7e76ba119b]::run_test::{closure#0}
[INFO] [stdout]   15:     0x5a9735ad11a4 - std[617be2ca0a6fd877]::sys::backtrace::__rust_begin_short_backtrace::<test[aada8e7e76ba119b]::run_test::{closure#1}, ()>
[INFO] [stdout]   16:     0x5a9735ada942 - <std[617be2ca0a6fd877]::thread::lifecycle::spawn_unchecked<test[aada8e7e76ba119b]::run_test::{closure#1}, ()>::{closure#1} as core[a373ad73a504971]::ops::function::FnOnce<()>>::call_once::{shim:vtable#0}
[INFO] [stdout]   17:     0x5a9735bf96df - <std[617be2ca0a6fd877]::sys::thread::unix::Thread>::new::thread_start
[INFO] [stdout]   18:     0x7ecea32d0dfa - <unknown>
[INFO] [stdout]   19:     0x7ecea33643d4 - clone
[INFO] [stdout]   20:                0x0 - <unknown>
[INFO] [stdout] 
[INFO] [stdout] ---- tests::ftp_test_file stdout ----
[INFO] [stdout] start processing ftp://ftp.modland.com/readme_welcome.txt
[INFO] [stdout] Searching for node: [Normal("ftp:"), Normal("ftp.modland.com"), Normal("readme_welcome.txt")]
[INFO] [stdout] Switching FindNode -> FindDriverUrl: [Normal("ftp:"), Normal("ftp.modland.com"), Normal("readme_welcome.txt")]
[INFO] [stdout] Driver ftp_fs can't load from path: ftp:/ftp.modland.com/readme_welcome.txt
[INFO] [stdout] supports_url: ftp:/ftp.modland.com/readme_welcome.txt
[INFO] [stdout] supports_url: ftp:/ftp.modland.com
[INFO] [stdout] Driver zip_fs can't load from path: ftp:
[INFO] [stdout] supports_url: ftp:
[INFO] [stdout] Can load from path ftp: : false
[INFO] [stdout] Driver local_fs can't load from path: ftp:
[INFO] [stdout] 
[INFO] [stdout] thread 'tests::ftp_test_file' (846) panicked at src/lib.rs:1144:9:
[INFO] [stdout] explicit panic
[INFO] [stdout] stack backtrace:
[INFO] [stdout]    0:     0x5a9735bfa3d1 - <<std[617be2ca0a6fd877]::sys::backtrace::BacktraceLock>::print::DisplayBacktrace as core[a373ad73a504971]::fmt::Display>::fmt
[INFO] [stdout]    1:     0x5a9735c1079a - core[a373ad73a504971]::fmt::write
[INFO] [stdout]    2:     0x5a9735bfef9c - <alloc[2e1b2a31b91974c5]::vec::Vec<u8> as core[a373ad73a504971]::io::write::Write>::write_fmt
[INFO] [stdout]    3:     0x5a9735bd4966 - std[617be2ca0a6fd877]::panicking::default_hook::{closure#0}
[INFO] [stdout]    4:     0x5a9735bf17e9 - std[617be2ca0a6fd877]::panicking::default_hook
[INFO] [stdout]    5:     0x5a9735ad7290 - test[aada8e7e76ba119b]::test_main_inner::{closure#0}
[INFO] [stdout]    6:     0x5a9735bf19a2 - std[617be2ca0a6fd877]::panicking::panic_with_hook
[INFO] [stdout]    7:     0x5a9735bd4a44 - std[617be2ca0a6fd877]::panicking::panic_handler::{closure#0}
[INFO] [stdout]    8:     0x5a9735bcd5a9 - std[617be2ca0a6fd877]::sys::backtrace::__rust_end_short_backtrace::<std[617be2ca0a6fd877]::panicking::panic_handler::{closure#0}, !>
[INFO] [stdout]    9:     0x5a9735bd580d - __rustc[ea4f61d10b84890b]::rust_begin_unwind
[INFO] [stdout]   10:     0x5a9735c10ecc - core[a373ad73a504971]::panicking::panic_fmt
[INFO] [stdout]   11:     0x5a9735c10e92 - core[a373ad73a504971]::panicking::panic
[INFO] [stdout]   12:     0x5a9735aa5f99 - <fileorama[a8615841fd0a9fbf]::tests::ftp_test_file::{closure#0} as core[a373ad73a504971]::ops::function::FnOnce<()>>::call_once
[INFO] [stdout]   13:     0x5a9735aca6db - test[aada8e7e76ba119b]::__rust_begin_short_backtrace::<core[a373ad73a504971]::result::Result<(), alloc[2e1b2a31b91974c5]::string::String>, fn() -> core[a373ad73a504971]::result::Result<(), alloc[2e1b2a31b91974c5]::string::String>>
[INFO] [stdout]   14:     0x5a9735ad78b5 - test[aada8e7e76ba119b]::run_test::{closure#0}
[INFO] [stdout]   15:     0x5a9735ad11a4 - std[617be2ca0a6fd877]::sys::backtrace::__rust_begin_short_backtrace::<test[aada8e7e76ba119b]::run_test::{closure#1}, ()>
[INFO] [stdout]   16:     0x5a9735ada942 - <std[617be2ca0a6fd877]::thread::lifecycle::spawn_unchecked<test[aada8e7e76ba119b]::run_test::{closure#1}, ()>::{closure#1} as core[a373ad73a504971]::ops::function::FnOnce<()>>::call_once::{shim:vtable#0}
[INFO] [stdout]   17:     0x5a9735bf96df - <std[617be2ca0a6fd877]::sys::thread::unix::Thread>::new::thread_start
[INFO] [stdout]   18:     0x7ecea32d0dfa - <unknown>
[INFO] [stdout]   19:     0x7ecea33643d4 - clone
[INFO] [stdout]   20:                0x0 - <unknown>
[INFO] [stdout] 
[INFO] [stdout] ---- tests::ftp_test_directory_1 stdout ----
[INFO] [stdout] start processing ftp://ftp.modland.com
[INFO] [stdout] Searching for node: [Normal("ftp:"), Normal("ftp.modland.com")]
[INFO] [stdout] Switching FindNode -> FindDriverUrl: [Normal("ftp:"), Normal("ftp.modland.com")]
[INFO] [stdout] supports_url: ftp:/ftp.modland.com
[INFO] [stdout] Driver zip_fs can't load from path: ftp:
[INFO] [stdout] supports_url: ftp:
[INFO] [stdout] Can load from path ftp: : false
[INFO] [stdout] Driver local_fs can't load from path: ftp:
[INFO] [stdout] 
[INFO] [stdout] thread 'tests::ftp_test_directory_1' (845) panicked at src/lib.rs:1186:9:
[INFO] [stdout] explicit panic
[INFO] [stdout] stack backtrace:
[INFO] [stdout]    0:     0x5a9735bfa3d1 - <<std[617be2ca0a6fd877]::sys::backtrace::BacktraceLock>::print::DisplayBacktrace as core[a373ad73a504971]::fmt::Display>::fmt
[INFO] [stdout]    1:     0x5a9735c1079a - core[a373ad73a504971]::fmt::write
[INFO] [stdout]    2:     0x5a9735bfef9c - <alloc[2e1b2a31b91974c5]::vec::Vec<u8> as core[a373ad73a504971]::io::write::Write>::write_fmt
[INFO] [stdout]    3:     0x5a9735bd4966 - std[617be2ca0a6fd877]::panicking::default_hook::{closure#0}
[INFO] [stdout]    4:     0x5a9735bf17e9 - std[617be2ca0a6fd877]::panicking::default_hook
[INFO] [stdout]    5:     0x5a9735ad7290 - test[aada8e7e76ba119b]::test_main_inner::{closure#0}
[INFO] [stdout]    6:     0x5a9735bf19a2 - std[617be2ca0a6fd877]::panicking::panic_with_hook
[INFO] [stdout]    7:     0x5a9735bd4a44 - std[617be2ca0a6fd877]::panicking::panic_handler::{closure#0}
[INFO] [stdout]    8:     0x5a9735bcd5a9 - std[617be2ca0a6fd877]::sys::backtrace::__rust_end_short_backtrace::<std[617be2ca0a6fd877]::panicking::panic_handler::{closure#0}, !>
[INFO] [stdout]    9:     0x5a9735bd580d - __rustc[ea4f61d10b84890b]::rust_begin_unwind
[INFO] [stdout]   10:     0x5a9735c10ecc - core[a373ad73a504971]::panicking::panic_fmt
[INFO] [stdout]   11:     0x5a9735c10e92 - core[a373ad73a504971]::panicking::panic
[INFO] [stdout]   12:     0x5a9735aa7d83 - <fileorama[a8615841fd0a9fbf]::tests::ftp_test_directory_1::{closure#0} as core[a373ad73a504971]::ops::function::FnOnce<()>>::call_once
[INFO] [stdout]   13:     0x5a9735aca6db - test[aada8e7e76ba119b]::__rust_begin_short_backtrace::<core[a373ad73a504971]::result::Result<(), alloc[2e1b2a31b91974c5]::string::String>, fn() -> core[a373ad73a504971]::result::Result<(), alloc[2e1b2a31b91974c5]::string::String>>
[INFO] [stdout]   14:     0x5a9735ad78b5 - test[aada8e7e76ba119b]::run_test::{closure#0}
[INFO] [stdout]   15:     0x5a9735ad11a4 - std[617be2ca0a6fd877]::sys::backtrace::__rust_begin_short_backtrace::<test[aada8e7e76ba119b]::run_test::{closure#1}, ()>
[INFO] [stdout]   16:     0x5a9735ada942 - <std[617be2ca0a6fd877]::thread::lifecycle::spawn_unchecked<test[aada8e7e76ba119b]::run_test::{closure#1}, ()>::{closure#1} as core[a373ad73a504971]::ops::function::FnOnce<()>>::call_once::{shim:vtable#0}
[INFO] [stdout]   17:     0x5a9735bf96df - <std[617be2ca0a6fd877]::sys::thread::unix::Thread>::new::thread_start
[INFO] [stdout]   18:     0x7ecea32d0dfa - <unknown>
[INFO] [stdout]   19:     0x7ecea33643d4 - clone
[INFO] [stdout]   20:                0x0 - <unknown>
[INFO] [stdout] 
[INFO] [stdout] ---- tests::ftp_test_large_file stdout ----
[INFO] [stdout] start processing ftp://ftp.modland.com/allmods.zip
[INFO] [stdout] Searching for node: [Normal("ftp:"), Normal("ftp.modland.com"), Normal("allmods.zip")]
[INFO] [stdout] Switching FindNode -> FindDriverUrl: [Normal("ftp:"), Normal("ftp.modland.com"), Normal("allmods.zip")]
[INFO] [stdout] Driver ftp_fs can't load from path: ftp:/ftp.modland.com/allmods.zip
[INFO] [stdout] supports_url: ftp:/ftp.modland.com/allmods.zip
[INFO] [stdout] supports_url: ftp:/ftp.modland.com
[INFO] [stdout] Driver zip_fs can't load from path: ftp:
[INFO] [stdout] supports_url: ftp:
[INFO] [stdout] Can load from path ftp: : false
[INFO] [stdout] Driver local_fs can't load from path: ftp:
[INFO] [stdout] 
[INFO] [stdout] thread 'tests::ftp_test_large_file' (847) panicked at src/lib.rs:1165:9:
[INFO] [stdout] explicit panic
[INFO] [stdout] stack backtrace:
[INFO] [stdout]    0:     0x5a9735bfa3d1 - <<std[617be2ca0a6fd877]::sys::backtrace::BacktraceLock>::print::DisplayBacktrace as core[a373ad73a504971]::fmt::Display>::fmt
[INFO] [stdout]    1:     0x5a9735c1079a - core[a373ad73a504971]::fmt::write
[INFO] [stdout]    2:     0x5a9735bfef9c - <alloc[2e1b2a31b91974c5]::vec::Vec<u8> as core[a373ad73a504971]::io::write::Write>::write_fmt
[INFO] [stdout]    3:     0x5a9735bd4966 - std[617be2ca0a6fd877]::panicking::default_hook::{closure#0}
[INFO] [stdout]    4:     0x5a9735bf17e9 - std[617be2ca0a6fd877]::panicking::default_hook
[INFO] [stdout]    5:     0x5a9735ad7290 - test[aada8e7e76ba119b]::test_main_inner::{closure#0}
[INFO] [stdout]    6:     0x5a9735bf19a2 - std[617be2ca0a6fd877]::panicking::panic_with_hook
[INFO] [stdout]    7:     0x5a9735bd4a44 - std[617be2ca0a6fd877]::panicking::panic_handler::{closure#0}
[INFO] [stdout]    8:     0x5a9735bcd5a9 - std[617be2ca0a6fd877]::sys::backtrace::__rust_end_short_backtrace::<std[617be2ca0a6fd877]::panicking::panic_handler::{closure#0}, !>
[INFO] [stdout]    9:     0x5a9735bd580d - __rustc[ea4f61d10b84890b]::rust_begin_unwind
[INFO] [stdout]   10:     0x5a9735c10ecc - core[a373ad73a504971]::panicking::panic_fmt
[INFO] [stdout]   11:     0x5a9735c10e92 - core[a373ad73a504971]::panicking::panic
[INFO] [stdout]   12:     0x5a9735aa6951 - <fileorama[a8615841fd0a9fbf]::tests::ftp_test_large_file::{closure#0} as core[a373ad73a504971]::ops::function::FnOnce<()>>::call_once
[INFO] [stdout]   13:     0x5a9735aca6db - test[aada8e7e76ba119b]::__rust_begin_short_backtrace::<core[a373ad73a504971]::result::Result<(), alloc[2e1b2a31b91974c5]::string::String>, fn() -> core[a373ad73a504971]::result::Result<(), alloc[2e1b2a31b91974c5]::string::String>>
[INFO] [stdout]   14:     0x5a9735ad78b5 - test[aada8e7e76ba119b]::run_test::{closure#0}
[INFO] [stdout]   15:     0x5a9735ad11a4 - std[617be2ca0a6fd877]::sys::backtrace::__rust_begin_short_backtrace::<test[aada8e7e76ba119b]::run_test::{closure#1}, ()>
[INFO] [stdout]   16:     0x5a9735ada942 - <std[617be2ca0a6fd877]::thread::lifecycle::spawn_unchecked<test[aada8e7e76ba119b]::run_test::{closure#1}, ()>::{closure#1} as core[a373ad73a504971]::ops::function::FnOnce<()>>::call_once::{shim:vtable#0}
[INFO] [stdout]   17:     0x5a9735bf96df - <std[617be2ca0a6fd877]::sys::thread::unix::Thread>::new::thread_start
[INFO] [stdout]   18:     0x7ecea32d0dfa - <unknown>
[INFO] [stdout]   19:     0x7ecea33643d4 - clone
[INFO] [stdout]   20:                0x0 - <unknown>
[INFO] [stdout] 
[INFO] [stdout] 
[INFO] [stdout] failures:
[INFO] [stdout]     tests::ftp_test_directory_1
[INFO] [stdout]     tests::ftp_test_file
[INFO] [stdout]     tests::ftp_test_large_file
[INFO] [stdout]     tests::vfs_load_zip
[INFO] [stdout]     tests::vfs_local_dir_zip_file
[INFO] [stdout]     tests::vfs_local_directory
[INFO] [stdout]     tests::vfs_two_local_files
[INFO] [stdout]     tests::vfs_zip_dir
[INFO] [stdout] 
[INFO] [stdout] test result: FAILED. 1 passed; 8 failed; 0 ignored; 0 measured; 0 filtered out; finished in 50.27s
[INFO] [stdout] 
[INFO] [stderr] error: test failed, to rerun pass `--lib`
[INFO] running `Command { std: "docker" "inspect" "accc7960f5d902def3176e79653c46102394bcec0f89724d41d94c6bc92f5581", kill_on_drop: false }`
[INFO] running `Command { std: "docker" "rm" "-f" "accc7960f5d902def3176e79653c46102394bcec0f89724d41d94c6bc92f5581", kill_on_drop: false }`
[INFO] [stdout] accc7960f5d902def3176e79653c46102394bcec0f89724d41d94c6bc92f5581
