[INFO] fetching crate file-transfer-system 0.3.1...
[INFO] testing file-transfer-system-0.3.1 against 1.100.0-beta.1+cargoflags=--release for beta-release-1.100-2
[INFO] extracting crate file-transfer-system 0.3.1 into /workspace/builds/worker-3-tc2/source
[INFO] started tweaking crates.io crate file-transfer-system 0.3.1
[INFO] removed 0 missing tests
[INFO] finished tweaking crates.io crate file-transfer-system 0.3.1
[INFO] tweaked toml for crates.io crate file-transfer-system 0.3.1 written to /workspace/builds/worker-3-tc2/source/Cargo.toml
[INFO] validating manifest of crates.io crate file-transfer-system 0.3.1 on toolchain 1.100.0-beta.1
[INFO] running `Command { std: CARGO_HOME="/workspace/cargo-home" RUSTUP_HOME="/workspace/rustup-home" "/workspace/cargo-home/bin/cargo" "+1.100.0-beta.1" "metadata" "--manifest-path" "Cargo.toml" "--no-deps", kill_on_drop: false }`
[INFO] running `Command { std: CARGO_HOME="/workspace/cargo-home" RUSTUP_HOME="/workspace/rustup-home" "/workspace/cargo-home/bin/cargo" "+1.100.0-beta.1" "generate-lockfile" "--manifest-path" "Cargo.toml", kill_on_drop: false }`
[INFO] [stderr]     Updating crates.io index
[INFO] [stderr]      Locking 231 packages to highest compatible versions
[INFO] [stderr]       Adding bincode v1.3.3 (available: v3.0.0)
[INFO] [stderr]       Adding generic-array v0.14.7 (available: v0.14.9)
[INFO] [stderr]       Adding reqwest v0.12.28 (available: v0.13.5)
[INFO] [stderr]       Adding zip v2.6.1 (available: v9.0.5)
[INFO] running `Command { std: CARGO_HOME="/workspace/cargo-home" RUSTUP_HOME="/workspace/rustup-home" "/workspace/cargo-home/bin/cargo" "+1.100.0-beta.1" "fetch" "--manifest-path" "Cargo.toml", kill_on_drop: false }`
[INFO] running `Command { std: "docker" "create" "-v" "/var/lib/crater-agent-workspace/builds/worker-3-tc2/source:/opt/rustwide/workdir:ro,Z" "-v" "/var/lib/crater-agent-workspace/builds/worker-3-tc2/target:/opt/rustwide/target:rw,Z" "-v" "/var/lib/crater-agent-workspace/cargo-home:/opt/rustwide/cargo-home:ro,Z" "-v" "/var/lib/crater-agent-workspace/rustup-home:/opt/rustwide/rustup-home:ro,Z" "-m" "1610612736" "--network" "none" "ghcr.io/rust-lang/crates-build-env/linux@sha256:77db811e55d90add9212f6832c23229e3de5f1c1f9905e8cb07319ea15df73ac" "sleep" "infinity", kill_on_drop: false }`
[INFO] [stdout] de54d60ac7b3c3c14d870d0cd654da0ca5f96a2a64688ac276f756aefefae3aa
[INFO] running `Command { std: "docker" "start" "de54d60ac7b3c3c14d870d0cd654da0ca5f96a2a64688ac276f756aefefae3aa", kill_on_drop: false }`
[INFO] running `Command { std: "docker" "inspect" "de54d60ac7b3c3c14d870d0cd654da0ca5f96a2a64688ac276f756aefefae3aa", kill_on_drop: false }`
[INFO] running `Command { std: "docker" "exec" "-e" "SOURCE_DIR=/opt/rustwide/workdir" "-e" "CARGO_HOME=/opt/rustwide/cargo-home" "-e" "RUSTUP_HOME=/opt/rustwide/rustup-home" "-e" "CARGO_TARGET_DIR=/opt/rustwide/target" "-w" "/opt/rustwide/workdir" "--user" "0:0" "de54d60ac7b3c3c14d870d0cd654da0ca5f96a2a64688ac276f756aefefae3aa" "/opt/rustwide/cargo-home/bin/cargo" "+1.100.0-beta.1" "metadata" "--no-deps" "--format-version=1", kill_on_drop: false }`
[INFO] running `Command { std: "docker" "inspect" "de54d60ac7b3c3c14d870d0cd654da0ca5f96a2a64688ac276f756aefefae3aa", kill_on_drop: false }`
[INFO] running `Command { std: "docker" "exec" "-e" "SOURCE_DIR=/opt/rustwide/workdir" "-e" "CARGO_HOME=/opt/rustwide/cargo-home" "-e" "RUSTUP_HOME=/opt/rustwide/rustup-home" "-e" "CARGO_TARGET_DIR=/opt/rustwide/target" "-e" "CARGO_INCREMENTAL=0" "-e" "RUST_BACKTRACE=full" "-e" "RUSTFLAGS=--cap-lints=warn" "-e" "RUSTDOCFLAGS=--cap-lints=warn" "-w" "/opt/rustwide/workdir" "--user" "0:0" "de54d60ac7b3c3c14d870d0cd654da0ca5f96a2a64688ac276f756aefefae3aa" "/opt/rustwide/cargo-home/bin/cargo" "+1.100.0-beta.1" "build" "--frozen" "--message-format=json" "--release", kill_on_drop: false }`
[INFO] [stderr]    Compiling smallvec v1.16.3
[INFO] [stderr]    Compiling libc v0.2.191
[INFO] [stderr]    Compiling syn v3.0.9
[INFO] [stderr]    Compiling syn v2.0.119
[INFO] [stderr]    Compiling futures-core v0.3.34
[INFO] [stderr]    Compiling litemap v0.8.3
[INFO] [stderr]    Compiling writeable v0.6.4
[INFO] [stderr]    Compiling getrandom v0.2.17
[INFO] [stderr]    Compiling icu_properties_data v2.3.0
[INFO] [stderr]    Compiling parking_lot_core v0.9.12
[INFO] [stderr]    Compiling icu_normalizer_data v2.3.0
[INFO] [stderr]    Compiling errno v0.3.14
[INFO] [stderr]    Compiling futures-channel v0.3.34
[INFO] [stderr]    Compiling signal-hook-registry v1.4.8
[INFO] [stderr]    Compiling mio v1.2.4
[INFO] [stderr]    Compiling socket2 v0.6.5
[INFO] [stderr]    Compiling parking_lot v0.12.5
[INFO] [stderr]    Compiling log v0.4.34
[INFO] [stderr]    Compiling zerocopy v0.8.63
[INFO] [stderr]    Compiling crossbeam-utils v0.8.23
[INFO] [stderr]    Compiling crossbeam-epoch v0.9.21
[INFO] [stderr]    Compiling rustls v0.23.46
[INFO] [stderr]    Compiling want v0.3.2
[INFO] [stderr]    Compiling digest v0.10.7
[INFO] [stderr]    Compiling crossbeam-deque v0.8.8
[INFO] [stderr]    Compiling simd-adler32 v0.3.10
[INFO] [stderr]    Compiling jobserver v0.1.35
[INFO] [stderr]    Compiling zstd-safe v7.3.0
[INFO] [stderr]    Compiling crc32fast v1.5.2
[INFO] [stderr]    Compiling rand_core v0.6.4
[INFO] [stderr]    Compiling cc v1.8.0
[INFO] [stderr]    Compiling sync_wrapper v1.0.2
[INFO] [stderr]    Compiling inout v0.1.4
[INFO] [stderr]    Compiling base64 v0.23.1
[INFO] [stderr]    Compiling either v1.19.0
[INFO] [stderr]    Compiling ipnet v2.12.2
[INFO] [stderr]    Compiling crc-catalog v2.5.0
[INFO] [stderr]    Compiling getrandom v0.3.4
[INFO] [stderr]    Compiling miniz_oxide v0.9.1
[INFO] [stderr]    Compiling http v0.2.12
[INFO] [stderr]    Compiling crc v3.4.0
[INFO] [stderr]    Compiling cipher v0.4.4
[INFO] [stderr]    Compiling hmac v0.12.1
[INFO] [stderr]    Compiling wildmatch v1.1.0
[INFO] [stderr]    Compiling zip v2.6.1
[INFO] [stderr]    Compiling serde_json v1.0.154
[INFO] [stderr]    Compiling deranged v0.5.9
[INFO] [stderr]    Compiling equivalent v1.0.3
[INFO] [stderr]    Compiling powerfmt v0.2.1
[INFO] [stderr]    Compiling bumpalo v3.20.3
[INFO] [stderr]    Compiling darling_core v0.20.11
[INFO] [stderr]    Compiling ring v0.17.14
[INFO] [stderr]    Compiling zstd-sys v2.1.2+zstd.1.5.7
[INFO] [stderr]    Compiling synstructure v0.14.0
[INFO] [stderr]    Compiling lzma-sys v0.1.20
[INFO] [stderr]    Compiling bzip2-sys v0.1.13+1.0.8
[INFO] [stderr]    Compiling time v0.3.55
[INFO] [stderr]    Compiling indexmap v2.14.2
[INFO] [stderr]    Compiling zeroize_derive v1.5.0
[INFO] [stderr]    Compiling ppv-lite86 v0.2.21
[INFO] [stderr]    Compiling zeroize v1.9.1
[INFO] [stderr]    Compiling rand_chacha v0.3.1
[INFO] [stderr]    Compiling getset v0.1.7
[INFO] [stderr]    Compiling zerofrom-derive v0.1.8
[INFO] [stderr]    Compiling yoke-derive v0.8.4
[INFO] [stderr]    Compiling zerovec-derive v0.11.6
[INFO] [stderr]    Compiling displaydoc v0.2.7
[INFO] [stderr]    Compiling futures-macro v0.3.34
[INFO] [stderr]    Compiling serde_derive v1.0.229
[INFO] [stderr]    Compiling tokio-macros v2.7.2
[INFO] [stderr]    Compiling zerofrom v0.1.8
[INFO] [stderr]    Compiling darling_macro v0.20.11
[INFO] [stderr]    Compiling yoke v0.8.3
[INFO] [stderr]    Compiling futures-util v0.3.34
[INFO] [stderr]    Compiling rustls-pki-types v1.15.1
[INFO] [stderr]    Compiling zerotrie v0.2.5
[INFO] [stderr]    Compiling tokio v1.53.3
[INFO] [stderr]    Compiling zerovec v0.11.8
[INFO] [stderr]    Compiling darling v0.20.11
[INFO] [stderr]    Compiling derive_builder_core v0.20.2
[INFO] [stderr]    Compiling webpki-roots v1.0.9
[INFO] [stderr]    Compiling rand v0.8.8
[INFO] [stderr]    Compiling tinystr v0.8.4
[INFO] [stderr]    Compiling icu_locale_core v2.3.0
[INFO] [stderr]    Compiling potential_utf v0.1.6
[INFO] [stderr]    Compiling icu_collections v2.3.0
[INFO] [stderr]    Compiling derive_builder_macro v0.20.2
[INFO] [stderr]    Compiling derive_builder v0.20.2
[INFO] [stderr]    Compiling bzip2 v0.5.2
[INFO] [stderr]    Compiling xz2 v0.1.7
[INFO] [stderr]    Compiling icu_provider v2.3.1
[INFO] [stderr]    Compiling zopfli v0.8.4
[INFO] [stderr]    Compiling icu_properties v2.3.0
[INFO] [stderr]    Compiling icu_normalizer v2.3.0
[INFO] [stderr]    Compiling serde v1.0.229
[INFO] [stderr]    Compiling idna_adapter v1.2.2
[INFO] [stderr]    Compiling idna v1.1.0
[INFO] [stderr]    Compiling serde_urlencoded v0.7.1
[INFO] [stderr]    Compiling futures-executor v0.3.34
[INFO] [stderr]    Compiling pbkdf2 v0.12.2
[INFO] [stderr]    Compiling aes v0.8.4
[INFO] [stderr]    Compiling rayon-core v1.13.0
[INFO] [stderr]    Compiling lzma-rs v0.3.0
[INFO] [stderr]    Compiling url v2.5.8
[INFO] [stderr]    Compiling neli-proc-macros v0.2.2
[INFO] [stderr]    Compiling attohttpc v0.16.3
[INFO] [stderr]    Compiling flate2 v1.1.10
[INFO] [stderr]    Compiling hyper v1.12.0
[INFO] [stderr]    Compiling tower v0.5.3
[INFO] [stderr]    Compiling neli v0.7.4
[INFO] [stderr]    Compiling tower-http v0.6.11
[INFO] [stderr]    Compiling hyper-util v0.1.21
[INFO] [stderr]    Compiling rustls-webpki v0.103.15
[INFO] [stderr]    Compiling sha1 v0.10.7
[INFO] [stderr]    Compiling http-body-util v0.1.5
[INFO] [stderr]    Compiling deflate64 v0.1.12
[INFO] [stderr]    Compiling constant_time_eq v0.3.1
[INFO] [stderr]    Compiling rayon v1.12.0
[INFO] [stderr]    Compiling local-ip-address v0.6.13
[INFO] [stderr]    Compiling igd v0.12.1
[INFO] [stderr]    Compiling futures v0.3.34
[INFO] [stderr]    Compiling bincode v1.3.3
[INFO] [stderr]    Compiling tokio-rustls v0.26.6
[INFO] [stderr]    Compiling hyper-rustls v0.27.10
[INFO] [stderr]    Compiling reqwest v0.12.28
[INFO] [stderr]    Compiling zstd v0.13.3
[INFO] [stderr]    Compiling file-transfer-system v0.3.1 (/opt/rustwide/workdir)
[INFO] [stderr] warning: unused dependency `igd`
[INFO] [stderr]   --> Cargo.toml:13:15
[INFO] [stderr]    |
[INFO] [stderr] 13 | [dependencies.igd]
[INFO] [stderr]    |               ^^^^
[INFO] [stderr]    |
[INFO] [stderr]    = note: `cargo::unused_dependencies` is set to `warn` by default
[INFO] [stderr] help: consider removing the dependency on `igd`
[INFO] [stderr] warning: unused dependency `rayon`
[INFO] [stderr]   --> Cargo.toml:19:15
[INFO] [stderr]    |
[INFO] [stderr] 19 | [dependencies.rayon]
[INFO] [stderr]    |               ^^^^^^
[INFO] [stderr]    |
[INFO] [stderr] help: consider removing the dependency on `rayon`
[INFO] [stderr] warning: `file-transfer-system` (manifest) generated 2 warnings
[INFO] [stderr]     Finished `release` profile [optimized] target(s) in 3m 43s
[INFO] running `Command { std: "docker" "inspect" "de54d60ac7b3c3c14d870d0cd654da0ca5f96a2a64688ac276f756aefefae3aa", kill_on_drop: false }`
[INFO] running `Command { std: "docker" "exec" "-e" "SOURCE_DIR=/opt/rustwide/workdir" "-e" "CARGO_HOME=/opt/rustwide/cargo-home" "-e" "RUSTUP_HOME=/opt/rustwide/rustup-home" "-e" "CARGO_TARGET_DIR=/opt/rustwide/target" "-e" "CARGO_INCREMENTAL=0" "-e" "RUST_BACKTRACE=full" "-e" "RUSTFLAGS=--cap-lints=warn" "-e" "RUSTDOCFLAGS=--cap-lints=warn" "-w" "/opt/rustwide/workdir" "--user" "0:0" "de54d60ac7b3c3c14d870d0cd654da0ca5f96a2a64688ac276f756aefefae3aa" "/opt/rustwide/cargo-home/bin/cargo" "+1.100.0-beta.1" "test" "--frozen" "--no-run" "--message-format=json" "--release", kill_on_drop: false }`
[INFO] [stderr]    Compiling tokio v1.53.3
[INFO] [stderr]    Compiling hyper v1.12.0
[INFO] [stderr]    Compiling tower v0.5.3
[INFO] [stderr]    Compiling tokio-rustls v0.26.6
[INFO] [stderr]    Compiling tokio-stream v0.1.19
[INFO] [stderr]    Compiling tower-http v0.6.11
[INFO] [stderr]    Compiling tokio-test v0.4.6
[INFO] [stderr]    Compiling hyper-util v0.1.21
[INFO] [stderr]    Compiling hyper-rustls v0.27.10
[INFO] [stderr]    Compiling reqwest v0.12.28
[INFO] [stderr]    Compiling file-transfer-system v0.3.1 (/opt/rustwide/workdir)
[INFO] [stderr] warning: unused dependency `igd`
[INFO] [stderr]   --> Cargo.toml:13:15
[INFO] [stderr]    |
[INFO] [stderr] 13 | [dependencies.igd]
[INFO] [stderr]    |               ^^^^
[INFO] [stderr]    |
[INFO] [stderr]    = note: `cargo::unused_dependencies` is set to `warn` by default
[INFO] [stderr] help: consider removing the dependency on `igd`
[INFO] [stderr] warning: unused dependency `rayon`
[INFO] [stderr]   --> Cargo.toml:19:15
[INFO] [stderr]    |
[INFO] [stderr] 19 | [dependencies.rayon]
[INFO] [stderr]    |               ^^^^^^
[INFO] [stderr]    |
[INFO] [stderr] help: consider removing the dependency on `rayon`
[INFO] [stderr] warning: `file-transfer-system` (manifest) generated 2 warnings
[INFO] [stderr]     Finished `release` profile [optimized] target(s) in 53.49s
[INFO] running `Command { std: "docker" "inspect" "de54d60ac7b3c3c14d870d0cd654da0ca5f96a2a64688ac276f756aefefae3aa", kill_on_drop: false }`
[INFO] running `Command { std: "docker" "exec" "-e" "SOURCE_DIR=/opt/rustwide/workdir" "-e" "CARGO_HOME=/opt/rustwide/cargo-home" "-e" "RUSTUP_HOME=/opt/rustwide/rustup-home" "-e" "CARGO_TARGET_DIR=/opt/rustwide/target" "-e" "CARGO_INCREMENTAL=0" "-e" "RUST_BACKTRACE=full" "-e" "RUSTFLAGS=--cap-lints=warn" "-e" "RUSTDOCFLAGS=--cap-lints=warn" "-w" "/opt/rustwide/workdir" "--user" "0:0" "de54d60ac7b3c3c14d870d0cd654da0ca5f96a2a64688ac276f756aefefae3aa" "/opt/rustwide/cargo-home/bin/cargo" "+1.100.0-beta.1" "test" "--frozen" "--release", kill_on_drop: false }`
[INFO] [stderr] warning: unused dependency `igd`
[INFO] [stderr]   --> Cargo.toml:13:15
[INFO] [stderr]    |
[INFO] [stderr] 13 | [dependencies.igd]
[INFO] [stderr]    |               ^^^^
[INFO] [stderr]    |
[INFO] [stderr]    = note: `cargo::unused_dependencies` is set to `warn` by default
[INFO] [stderr] help: consider removing the dependency on `igd`
[INFO] [stderr] warning: unused dependency `rayon`
[INFO] [stderr]   --> Cargo.toml:19:15
[INFO] [stderr]    |
[INFO] [stderr] 19 | [dependencies.rayon]
[INFO] [stderr]    |               ^^^^^^
[INFO] [stderr]    |
[INFO] [stderr] help: consider removing the dependency on `rayon`
[INFO] [stderr] warning: `file-transfer-system` (manifest) generated 2 warnings
[INFO] [stderr]     Finished `release` profile [optimized] target(s) in 0.40s
[INFO] [stderr]      Running unittests src/lib.rs (/opt/rustwide/target/release/build/file-transfer-system/6dde3e6df8879dc5/out/file_transfer_system-6dde3e6df8879dc5)
[INFO] [stdout] 
[INFO] [stdout] running 0 tests
[INFO] [stdout] 
[INFO] [stdout] test result: ok. 0 passed; 0 failed; 0 ignored; 0 measured; 0 filtered out; finished in 0.00s
[INFO] [stdout] 
[INFO] [stderr]      Running tests/test_network.rs (/opt/rustwide/target/release/build/file-transfer-system/6cf8bacee874b7d6/out/test_network-6cf8bacee874b7d6)
[INFO] [stdout] 
[INFO] [stdout] running 2 tests
[INFO] [stdout] test test_get_public_ip ... FAILED
[INFO] [stdout] test test_get_local_ip ... FAILED
[INFO] [stdout] 
[INFO] [stdout] failures:
[INFO] [stdout] 
[INFO] [stdout] ---- test_get_public_ip stdout ----
[INFO] [stdout] 
[INFO] [stdout] thread 'test_get_public_ip' (2721) panicked at tests/test_network.rs:5:56:
[INFO] [stdout] called `Result::unwrap()` on an `Err` value: error sending request for url (https://api64.ipify.org/)
[INFO] [stdout] 
[INFO] [stdout] Caused by:
[INFO] [stdout]     0: client error (Connect)
[INFO] [stdout]     1: dns error
[INFO] [stdout]     2: failed to lookup address information: Temporary failure in name resolution
[INFO] [stdout] 
[INFO] [stdout] Stack backtrace:
[INFO] [stdout]    0: <anyhow::Error as core::convert::From<reqwest::error::Error>>::from
[INFO] [stdout]    1: file_transfer_system::network::get_public_ip::{closure#0}
[INFO] [stdout]    2: test_network::test_get_public_ip::{closure#0}
[INFO] [stdout]    3: <tokio::runtime::scheduler::current_thread::Context>::enter::<core::task::poll::Poll<()>, <tokio::runtime::scheduler::current_thread::CoreGuard>::block_on<core::pin::Pin<&mut core::pin::Pin<&mut dyn core::future::future::Future<Output = ()>>>>::{closure#0}::{closure#0}>
[INFO] [stdout]    4: <tokio::runtime::context::scoped::Scoped<tokio::runtime::scheduler::Context>>::set::<<tokio::runtime::scheduler::current_thread::CoreGuard>::enter<<tokio::runtime::scheduler::current_thread::CoreGuard>::block_on<core::pin::Pin<&mut core::pin::Pin<&mut dyn core::future::future::Future<Output = ()>>>>::{closure#0}, core::option::Option<()>>::{closure#0}, (alloc::boxed::Box<tokio::runtime::scheduler::current_thread::Core>, core::option::Option<()>)>
[INFO] [stdout]    5: <tokio::runtime::runtime::Runtime>::block_on::<core::pin::Pin<&mut dyn core::future::future::Future<Output = ()>>>
[INFO] [stdout]    6: <test_network::test_get_public_ip::{closure#0} as core::ops::function::FnOnce<()>>::call_once
[INFO] [stdout]    7: test::__rust_begin_short_backtrace::<core::result::Result<(), alloc::string::String>, fn() -> core::result::Result<(), alloc::string::String>>
[INFO] [stdout]    8: test::run_test::{closure#0}
[INFO] [stdout]    9: std::sys::backtrace::__rust_begin_short_backtrace::<test::run_test::{closure#1}, ()>
[INFO] [stdout]   10: <std::thread::lifecycle::spawn_unchecked<test::run_test::{closure#1}, ()>::{closure#1} as core::ops::function::FnOnce<()>>::call_once::{shim:vtable#0}
[INFO] [stdout]   11: <std::sys::thread::unix::Thread>::new::thread_start
[INFO] [stdout]   12: <unknown>
[INFO] [stdout]   13: clone
[INFO] [stdout] stack backtrace:
[INFO] [stdout]    0:     0x64f241536a11 - <<std[617be2ca0a6fd877]::sys::backtrace::BacktraceLock>::print::DisplayBacktrace as core[a373ad73a504971]::fmt::Display>::fmt
[INFO] [stdout]    1:     0x64f24154cd4a - core[a373ad73a504971]::fmt::write
[INFO] [stdout]    2:     0x64f24153b81c - <alloc[2e1b2a31b91974c5]::vec::Vec<u8> as core[a373ad73a504971]::io::write::Write>::write_fmt
[INFO] [stdout]    3:     0x64f241511686 - std[617be2ca0a6fd877]::panicking::default_hook::{closure#0}
[INFO] [stdout]    4:     0x64f24152e8e9 - std[617be2ca0a6fd877]::panicking::default_hook
[INFO] [stdout]    5:     0x64f2412b1980 - test[aada8e7e76ba119b]::test_main_inner::{closure#0}
[INFO] [stdout]    6:     0x64f24152ec12 - std[617be2ca0a6fd877]::panicking::panic_with_hook
[INFO] [stdout]    7:     0x64f241511732 - std[617be2ca0a6fd877]::panicking::panic_handler::{closure#0}
[INFO] [stdout]    8:     0x64f241509dd9 - std[617be2ca0a6fd877]::sys::backtrace::__rust_end_short_backtrace::<std[617be2ca0a6fd877]::panicking::panic_handler::{closure#0}, !>
[INFO] [stdout]    9:     0x64f24151263d - __rustc[ea4f61d10b84890b]::rust_begin_unwind
[INFO] [stdout]   10:     0x64f24154d4ac - core[a373ad73a504971]::panicking::panic_fmt
[INFO] [stdout]   11:     0x64f24154d282 - core[a373ad73a504971]::result::unwrap_failed
[INFO] [stdout]   12:     0x64f2412a21fd - test_network[e3916d26d38d88af]::test_get_public_ip::{closure#0}
[INFO] [stdout]   13:     0x64f2412a3cf3 - <tokio[4b50888d0d7b77fb]::runtime::scheduler::current_thread::Context>::enter::<core[a373ad73a504971]::task::poll::Poll<()>, <tokio[4b50888d0d7b77fb]::runtime::scheduler::current_thread::CoreGuard>::block_on<core[a373ad73a504971]::pin::Pin<&mut core[a373ad73a504971]::pin::Pin<&mut dyn core[a373ad73a504971]::future::future::Future<Output = ()>>>>::{closure#0}::{closure#0}>
[INFO] [stdout]   14:     0x64f24129af0c - <tokio[4b50888d0d7b77fb]::runtime::context::scoped::Scoped<tokio[4b50888d0d7b77fb]::runtime::scheduler::Context>>::set::<<tokio[4b50888d0d7b77fb]::runtime::scheduler::current_thread::CoreGuard>::enter<<tokio[4b50888d0d7b77fb]::runtime::scheduler::current_thread::CoreGuard>::block_on<core[a373ad73a504971]::pin::Pin<&mut core[a373ad73a504971]::pin::Pin<&mut dyn core[a373ad73a504971]::future::future::Future<Output = ()>>>>::{closure#0}, core[a373ad73a504971]::option::Option<()>>::{closure#0}, (alloc[2e1b2a31b91974c5]::boxed::Box<tokio[4b50888d0d7b77fb]::runtime::scheduler::current_thread::Core>, core[a373ad73a504971]::option::Option<()>)>
[INFO] [stdout]   15:     0x64f2412a391f - <tokio[4b50888d0d7b77fb]::runtime::runtime::Runtime>::block_on::<core[a373ad73a504971]::pin::Pin<&mut dyn core[a373ad73a504971]::future::future::Future<Output = ()>>>
[INFO] [stdout]   16:     0x64f2412a313e - <test_network[e3916d26d38d88af]::test_get_public_ip::{closure#0} as core[a373ad73a504971]::ops::function::FnOnce<()>>::call_once
[INFO] [stdout]   17:     0x64f2412a4dcb - test[aada8e7e76ba119b]::__rust_begin_short_backtrace::<core[a373ad73a504971]::result::Result<(), alloc[2e1b2a31b91974c5]::string::String>, fn() -> core[a373ad73a504971]::result::Result<(), alloc[2e1b2a31b91974c5]::string::String>>
[INFO] [stdout]   18:     0x64f2412b1fa5 - test[aada8e7e76ba119b]::run_test::{closure#0}
[INFO] [stdout]   19:     0x64f2412ab894 - std[617be2ca0a6fd877]::sys::backtrace::__rust_begin_short_backtrace::<test[aada8e7e76ba119b]::run_test::{closure#1}, ()>
[INFO] [stdout]   20:     0x64f2412b5032 - <std[617be2ca0a6fd877]::thread::lifecycle::spawn_unchecked<test[aada8e7e76ba119b]::run_test::{closure#1}, ()>::{closure#1} as core[a373ad73a504971]::ops::function::FnOnce<()>>::call_once::{shim:vtable#0}
[INFO] [stdout]   21:     0x64f241535ebf - <std[617be2ca0a6fd877]::sys::thread::unix::Thread>::new::thread_start
[INFO] [stdout]   22:     0x750a9c878dfa - <unknown>
[INFO] [stdout]   23:     0x750a9c90c3d4 - clone
[INFO] [stdout]   24:                0x0 - <unknown>
[INFO] [stdout] 
[INFO] [stdout] ---- test_get_local_ip stdout ----
[INFO] [stdout] 
[INFO] [stdout] thread 'test_get_local_ip' (2720) panicked at tests/test_network.rs:11:37:
[INFO] [stdout] called `Result::unwrap()` on an `Err` value: An error occurred executing the underlying strategy error.
[INFO] [stdout] The Netlink header type is not the expected
[INFO] [stdout] 
[INFO] [stdout] Stack backtrace:
[INFO] [stdout]    0: <anyhow::Error as core::convert::From<local_ip_address::error::Error>>::from
[INFO] [stdout]    1: file_transfer_system::network::get_local_ip
[INFO] [stdout]    2: <test_network::test_get_local_ip::{closure#0} as core::ops::function::FnOnce<()>>::call_once
[INFO] [stdout]    3: test::__rust_begin_short_backtrace::<core::result::Result<(), alloc::string::String>, fn() -> core::result::Result<(), alloc::string::String>>
[INFO] [stdout]    4: test::run_test::{closure#0}
[INFO] [stdout]    5: std::sys::backtrace::__rust_begin_short_backtrace::<test::run_test::{closure#1}, ()>
[INFO] [stdout]    6: <std::thread::lifecycle::spawn_unchecked<test::run_test::{closure#1}, ()>::{closure#1} as core::ops::function::FnOnce<()>>::call_once::{shim:vtable#0}
[INFO] [stdout]    7: <std::sys::thread::unix::Thread>::new::thread_start
[INFO] [stdout]    8: <unknown>
[INFO] [stdout]    9: clone
[INFO] [stdout] stack backtrace:
[INFO] [stdout]    0:     0x64f241536a11 - <<std[617be2ca0a6fd877]::sys::backtrace::BacktraceLock>::print::DisplayBacktrace as core[a373ad73a504971]::fmt::Display>::fmt
[INFO] [stdout]    1:     0x64f24154cd4a - core[a373ad73a504971]::fmt::write
[INFO] [stdout]    2:     0x64f24153b81c - <alloc[2e1b2a31b91974c5]::vec::Vec<u8> as core[a373ad73a504971]::io::write::Write>::write_fmt
[INFO] [stdout]    3:     0x64f241511686 - std[617be2ca0a6fd877]::panicking::default_hook::{closure#0}
[INFO] [stdout]    4:     0x64f24152e8e9 - std[617be2ca0a6fd877]::panicking::default_hook
[INFO] [stdout]    5:     0x64f2412b1980 - test[aada8e7e76ba119b]::test_main_inner::{closure#0}
[INFO] [stdout]    6:     0x64f24152ec12 - std[617be2ca0a6fd877]::panicking::panic_with_hook
[INFO] [stdout]    7:     0x64f241511732 - std[617be2ca0a6fd877]::panicking::panic_handler::{closure#0}
[INFO] [stdout]    8:     0x64f241509dd9 - std[617be2ca0a6fd877]::sys::backtrace::__rust_end_short_backtrace::<std[617be2ca0a6fd877]::panicking::panic_handler::{closure#0}, !>
[INFO] [stdout]    9:     0x64f24151263d - __rustc[ea4f61d10b84890b]::rust_begin_unwind
[INFO] [stdout]   10:     0x64f24154d4ac - core[a373ad73a504971]::panicking::panic_fmt
[INFO] [stdout]   11:     0x64f24154d282 - core[a373ad73a504971]::result::unwrap_failed
[INFO] [stdout]   12:     0x64f2412a307e - <test_network[e3916d26d38d88af]::test_get_local_ip::{closure#0} as core[a373ad73a504971]::ops::function::FnOnce<()>>::call_once
[INFO] [stdout]   13:     0x64f2412a4dcb - test[aada8e7e76ba119b]::__rust_begin_short_backtrace::<core[a373ad73a504971]::result::Result<(), alloc[2e1b2a31b91974c5]::string::String>, fn() -> core[a373ad73a504971]::result::Result<(), alloc[2e1b2a31b91974c5]::string::String>>
[INFO] [stdout]   14:     0x64f2412b1fa5 - test[aada8e7e76ba119b]::run_test::{closure#0}
[INFO] [stdout]   15:     0x64f2412ab894 - std[617be2ca0a6fd877]::sys::backtrace::__rust_begin_short_backtrace::<test[aada8e7e76ba119b]::run_test::{closure#1}, ()>
[INFO] [stdout]   16:     0x64f2412b5032 - <std[617be2ca0a6fd877]::thread::lifecycle::spawn_unchecked<test[aada8e7e76ba119b]::run_test::{closure#1}, ()>::{closure#1} as core[a373ad73a504971]::ops::function::FnOnce<()>>::call_once::{shim:vtable#0}
[INFO] [stdout]   17:     0x64f241535ebf - <std[617be2ca0a6fd877]::sys::thread::unix::Thread>::new::thread_start
[INFO] [stdout]   18:     0x750a9c878dfa - <unknown>
[INFO] [stdout]   19:     0x750a9c90c3d4 - clone
[INFO] [stdout]   20:                0x0 - <unknown>
[INFO] [stdout] 
[INFO] [stdout] 
[INFO] [stdout] failures:
[INFO] [stdout]     test_get_local_ip
[INFO] [stdout]     test_get_public_ip
[INFO] [stdout] 
[INFO] [stdout] test result: FAILED. 0 passed; 2 failed; 0 ignored; 0 measured; 0 filtered out; finished in 0.01s
[INFO] [stdout] 
[INFO] [stderr] error: test failed, to rerun pass `--test test_network`
[INFO] running `Command { std: "docker" "inspect" "de54d60ac7b3c3c14d870d0cd654da0ca5f96a2a64688ac276f756aefefae3aa", kill_on_drop: false }`
[INFO] running `Command { std: "docker" "rm" "-f" "de54d60ac7b3c3c14d870d0cd654da0ca5f96a2a64688ac276f756aefefae3aa", kill_on_drop: false }`
[INFO] [stdout] de54d60ac7b3c3c14d870d0cd654da0ca5f96a2a64688ac276f756aefefae3aa
