[INFO] fetching crate file-rotate-record-boundary 0.3.0...
[INFO] testing file-rotate-record-boundary-0.3.0 against 1.100.0-beta.1+cargoflags=--release for beta-release-1.100-2
[INFO] extracting crate file-rotate-record-boundary 0.3.0 into /workspace/builds/worker-2-tc2/source
[INFO] started tweaking crates.io crate file-rotate-record-boundary 0.3.0
[INFO] finished tweaking crates.io crate file-rotate-record-boundary 0.3.0
[INFO] tweaked toml for crates.io crate file-rotate-record-boundary 0.3.0 written to /workspace/builds/worker-2-tc2/source/Cargo.toml
[INFO] validating manifest of crates.io crate file-rotate-record-boundary 0.3.0 on toolchain 1.100.0-beta.1
[INFO] running `Command { std: CARGO_HOME="/workspace/cargo-home" RUSTUP_HOME="/workspace/rustup-home" "/workspace/cargo-home/bin/cargo" "+1.100.0-beta.1" "metadata" "--manifest-path" "Cargo.toml" "--no-deps", kill_on_drop: false }`
[INFO] running `Command { std: CARGO_HOME="/workspace/cargo-home" RUSTUP_HOME="/workspace/rustup-home" "/workspace/cargo-home/bin/cargo" "+1.100.0-beta.1" "generate-lockfile" "--manifest-path" "Cargo.toml", kill_on_drop: false }`
[INFO] [stderr]     Updating crates.io index
[INFO] [stderr]      Locking 25 packages to highest compatible versions
[INFO] [stderr]       Adding quickcheck v0.9.2 (available: v1.1.0)
[INFO] [stderr]       Adding quickcheck_macros v0.9.1 (available: v1.2.0)
[INFO] running `Command { std: CARGO_HOME="/workspace/cargo-home" RUSTUP_HOME="/workspace/rustup-home" "/workspace/cargo-home/bin/cargo" "+1.100.0-beta.1" "fetch" "--manifest-path" "Cargo.toml", kill_on_drop: false }`
[INFO] [stderr] warning: `package.homepage` is redundant with `package.repository`
[INFO] [stderr]   --> Cargo.toml:15:12
[INFO] [stderr]    |
[INFO] [stderr] 15 | homepage = "https://github.com/polyverse/file-rotate"
[INFO] [stderr]    |            ^^^^^^^^^^^^^^^^^^^^^^^^^^^^^^^^^^^^^^^^^^
[INFO] [stderr] ...
[INFO] [stderr] 19 | repository = "https://github.com/polyverse/file-rotate"
[INFO] [stderr]    |              ------------------------------------------
[INFO] [stderr]    |
[INFO] [stderr]    = note: `cargo::redundant_homepage` is set to `warn` by default
[INFO] [stderr] help: consider removing `package.homepage`
[INFO] [stderr] warning: `file-rotate-record-boundary` (manifest) generated 1 warning
[INFO] running `Command { std: "docker" "create" "-v" "/var/lib/crater-agent-workspace/builds/worker-2-tc2/source:/opt/rustwide/workdir:ro,Z" "-v" "/var/lib/crater-agent-workspace/builds/worker-2-tc2/target:/opt/rustwide/target:rw,Z" "-v" "/var/lib/crater-agent-workspace/cargo-home:/opt/rustwide/cargo-home:ro,Z" "-v" "/var/lib/crater-agent-workspace/rustup-home:/opt/rustwide/rustup-home:ro,Z" "-m" "1610612736" "--network" "none" "ghcr.io/rust-lang/crates-build-env/linux@sha256:77db811e55d90add9212f6832c23229e3de5f1c1f9905e8cb07319ea15df73ac" "sleep" "infinity", kill_on_drop: false }`
[INFO] [stdout] 11825fc3fec5c5a81e3c0ee2d77fb0a1ee379e12b7d69e371282d8f1925fa93c
[INFO] running `Command { std: "docker" "start" "11825fc3fec5c5a81e3c0ee2d77fb0a1ee379e12b7d69e371282d8f1925fa93c", kill_on_drop: false }`
[INFO] running `Command { std: "docker" "inspect" "11825fc3fec5c5a81e3c0ee2d77fb0a1ee379e12b7d69e371282d8f1925fa93c", kill_on_drop: false }`
[INFO] running `Command { std: "docker" "exec" "-e" "SOURCE_DIR=/opt/rustwide/workdir" "-e" "CARGO_HOME=/opt/rustwide/cargo-home" "-e" "RUSTUP_HOME=/opt/rustwide/rustup-home" "-e" "CARGO_TARGET_DIR=/opt/rustwide/target" "-w" "/opt/rustwide/workdir" "--user" "0:0" "11825fc3fec5c5a81e3c0ee2d77fb0a1ee379e12b7d69e371282d8f1925fa93c" "/opt/rustwide/cargo-home/bin/cargo" "+1.100.0-beta.1" "metadata" "--no-deps" "--format-version=1", kill_on_drop: false }`
[INFO] running `Command { std: "docker" "inspect" "11825fc3fec5c5a81e3c0ee2d77fb0a1ee379e12b7d69e371282d8f1925fa93c", kill_on_drop: false }`
[INFO] running `Command { std: "docker" "exec" "-e" "SOURCE_DIR=/opt/rustwide/workdir" "-e" "CARGO_HOME=/opt/rustwide/cargo-home" "-e" "RUSTUP_HOME=/opt/rustwide/rustup-home" "-e" "CARGO_TARGET_DIR=/opt/rustwide/target" "-e" "CARGO_INCREMENTAL=0" "-e" "RUST_BACKTRACE=full" "-e" "RUSTFLAGS=--cap-lints=warn" "-e" "RUSTDOCFLAGS=--cap-lints=warn" "-w" "/opt/rustwide/workdir" "--user" "0:0" "11825fc3fec5c5a81e3c0ee2d77fb0a1ee379e12b7d69e371282d8f1925fa93c" "/opt/rustwide/cargo-home/bin/cargo" "+1.100.0-beta.1" "build" "--frozen" "--message-format=json" "--release", kill_on_drop: false }`
[INFO] [stderr] warning: `package.homepage` is redundant with `package.repository`
[INFO] [stderr]   --> Cargo.toml:15:12
[INFO] [stderr]    |
[INFO] [stderr] 15 | homepage = "https://github.com/polyverse/file-rotate"
[INFO] [stderr]    |            ^^^^^^^^^^^^^^^^^^^^^^^^^^^^^^^^^^^^^^^^^^
[INFO] [stderr] ...
[INFO] [stderr] 19 | repository = "https://github.com/polyverse/file-rotate"
[INFO] [stderr]    |              ------------------------------------------
[INFO] [stderr]    |
[INFO] [stderr]    = note: `cargo::redundant_homepage` is set to `warn` by default
[INFO] [stderr] help: consider removing `package.homepage`
[INFO] [stderr] warning: `file-rotate-record-boundary` (manifest) generated 1 warning
[INFO] [stderr]    Compiling file-rotate-record-boundary v0.3.0 (/opt/rustwide/workdir)
[INFO] [stderr]     Finished `release` profile [optimized] target(s) in 0.24s
[INFO] running `Command { std: "docker" "inspect" "11825fc3fec5c5a81e3c0ee2d77fb0a1ee379e12b7d69e371282d8f1925fa93c", kill_on_drop: false }`
[INFO] running `Command { std: "docker" "exec" "-e" "SOURCE_DIR=/opt/rustwide/workdir" "-e" "CARGO_HOME=/opt/rustwide/cargo-home" "-e" "RUSTUP_HOME=/opt/rustwide/rustup-home" "-e" "CARGO_TARGET_DIR=/opt/rustwide/target" "-e" "CARGO_INCREMENTAL=0" "-e" "RUST_BACKTRACE=full" "-e" "RUSTFLAGS=--cap-lints=warn" "-e" "RUSTDOCFLAGS=--cap-lints=warn" "-w" "/opt/rustwide/workdir" "--user" "0:0" "11825fc3fec5c5a81e3c0ee2d77fb0a1ee379e12b7d69e371282d8f1925fa93c" "/opt/rustwide/cargo-home/bin/cargo" "+1.100.0-beta.1" "test" "--frozen" "--no-run" "--message-format=json" "--release", kill_on_drop: false }`
[INFO] [stderr] warning: `package.homepage` is redundant with `package.repository`
[INFO] [stderr]   --> Cargo.toml:15:12
[INFO] [stderr]    |
[INFO] [stderr] 15 | homepage = "https://github.com/polyverse/file-rotate"
[INFO] [stderr]    |            ^^^^^^^^^^^^^^^^^^^^^^^^^^^^^^^^^^^^^^^^^^
[INFO] [stderr] ...
[INFO] [stderr] 19 | repository = "https://github.com/polyverse/file-rotate"
[INFO] [stderr]    |              ------------------------------------------
[INFO] [stderr]    |
[INFO] [stderr]    = note: `cargo::redundant_homepage` is set to `warn` by default
[INFO] [stderr] help: consider removing `package.homepage`
[INFO] [stderr] warning: `file-rotate-record-boundary` (manifest) generated 1 warning
[INFO] [stderr]    Compiling libc v0.2.191
[INFO] [stderr]    Compiling zerocopy v0.8.63
[INFO] [stderr]    Compiling log v0.4.34
[INFO] [stderr]    Compiling getrandom v0.1.16
[INFO] [stderr]    Compiling aho-corasick v1.1.5
[INFO] [stderr]    Compiling syn v1.0.109
[INFO] [stderr]    Compiling regex-automata v0.4.18
[INFO] [stderr]    Compiling rand_core v0.5.1
[INFO] [stderr]    Compiling quickcheck_macros v0.9.1
[INFO] [stderr]    Compiling regex v1.13.1
[INFO] [stderr]    Compiling ppv-lite86 v0.2.21
[INFO] [stderr]    Compiling env_logger v0.7.1
[INFO] [stderr]    Compiling rand_chacha v0.2.2
[INFO] [stderr]    Compiling rand v0.7.3
[INFO] [stderr]    Compiling quickcheck v0.9.2
[INFO] [stderr]    Compiling file-rotate-record-boundary v0.3.0 (/opt/rustwide/workdir)
[INFO] [stderr]     Finished `release` profile [optimized] target(s) in 23.30s
[INFO] running `Command { std: "docker" "inspect" "11825fc3fec5c5a81e3c0ee2d77fb0a1ee379e12b7d69e371282d8f1925fa93c", kill_on_drop: false }`
[INFO] running `Command { std: "docker" "exec" "-e" "SOURCE_DIR=/opt/rustwide/workdir" "-e" "CARGO_HOME=/opt/rustwide/cargo-home" "-e" "RUSTUP_HOME=/opt/rustwide/rustup-home" "-e" "CARGO_TARGET_DIR=/opt/rustwide/target" "-e" "CARGO_INCREMENTAL=0" "-e" "RUST_BACKTRACE=full" "-e" "RUSTFLAGS=--cap-lints=warn" "-e" "RUSTDOCFLAGS=--cap-lints=warn" "-w" "/opt/rustwide/workdir" "--user" "0:0" "11825fc3fec5c5a81e3c0ee2d77fb0a1ee379e12b7d69e371282d8f1925fa93c" "/opt/rustwide/cargo-home/bin/cargo" "+1.100.0-beta.1" "test" "--frozen" "--release", kill_on_drop: false }`
[INFO] [stderr] warning: `package.homepage` is redundant with `package.repository`
[INFO] [stderr]   --> Cargo.toml:15:12
[INFO] [stderr]    |
[INFO] [stderr] 15 | homepage = "https://github.com/polyverse/file-rotate"
[INFO] [stderr]    |            ^^^^^^^^^^^^^^^^^^^^^^^^^^^^^^^^^^^^^^^^^^
[INFO] [stderr] ...
[INFO] [stderr] 19 | repository = "https://github.com/polyverse/file-rotate"
[INFO] [stderr]    |              ------------------------------------------
[INFO] [stderr]    |
[INFO] [stderr]    = note: `cargo::redundant_homepage` is set to `warn` by default
[INFO] [stderr] help: consider removing `package.homepage`
[INFO] [stderr] warning: `file-rotate-record-boundary` (manifest) generated 1 warning
[INFO] [stderr]     Finished `release` profile [optimized] target(s) in 0.05s
[INFO] [stderr]      Running unittests src/lib.rs (/opt/rustwide/target/release/build/file-rotate-record-boundary/5a4f629d81ea562e/out/file_rotate_record_boundary-5a4f629d81ea562e)
[INFO] [stdout] 
[INFO] [stdout] running 6 tests
[INFO] [stdout] test tests::zero_lines - should panic ... ok
[INFO] [stdout] test tests::zero_bytes - should panic ... ok
[INFO] [stdout] test tests::write_complete_record_until_bytes_surpassed ... FAILED
[INFO] [stdout] test tests::arbitrary_bytes ... FAILED
[INFO] [stdout] test tests::arbitrary_lines ... FAILED
[INFO] [stdout] test tests::rotate_to_deleted_directory ... FAILED
[INFO] [stdout] 
[INFO] [stdout] failures:
[INFO] [stdout] 
[INFO] [stdout] ---- tests::write_complete_record_until_bytes_surpassed stdout ----
[INFO] [stdout] 
[INFO] [stdout] thread 'tests::write_complete_record_until_bytes_surpassed' (460) panicked at src/lib.rs:331:50:
[INFO] [stdout] called `Result::unwrap()` on an `Err` value: Os { code: 2, kind: NotFound, message: "No such file or directory" }
[INFO] [stdout] stack backtrace:
[INFO] [stdout]    0:     0x5a718ddd07a1 - <<std[617be2ca0a6fd877]::sys::backtrace::BacktraceLock>::print::DisplayBacktrace as core[a373ad73a504971]::fmt::Display>::fmt
[INFO] [stdout]    1:     0x5a718dde618a - core[a373ad73a504971]::fmt::write
[INFO] [stdout]    2:     0x5a718ddd4ccc - <alloc[2e1b2a31b91974c5]::vec::Vec<u8> as core[a373ad73a504971]::io::write::Write>::write_fmt
[INFO] [stdout]    3:     0x5a718ddab496 - std[617be2ca0a6fd877]::panicking::default_hook::{closure#0}
[INFO] [stdout]    4:     0x5a718ddc8089 - std[617be2ca0a6fd877]::panicking::default_hook
[INFO] [stdout]    5:     0x5a718dd634d0 - test[aada8e7e76ba119b]::test_main_inner::{closure#0}
[INFO] [stdout]    6:     0x5a718ddc8242 - std[617be2ca0a6fd877]::panicking::panic_with_hook
[INFO] [stdout]    7:     0x5a718ddab542 - std[617be2ca0a6fd877]::panicking::panic_handler::{closure#0}
[INFO] [stdout]    8:     0x5a718dda3e79 - std[617be2ca0a6fd877]::sys::backtrace::__rust_end_short_backtrace::<std[617be2ca0a6fd877]::panicking::panic_handler::{closure#0}, !>
[INFO] [stdout]    9:     0x5a718ddac23d - __rustc[ea4f61d10b84890b]::rust_begin_unwind
[INFO] [stdout]   10:     0x5a718dde696c - core[a373ad73a504971]::panicking::panic_fmt
[INFO] [stdout]   11:     0x5a718dde6742 - core[a373ad73a504971]::result::unwrap_failed
[INFO] [stdout]   12:     0x5a718dc849e7 - <file_rotate_record_boundary[51fc9e07db2779fb]::tests::write_complete_record_until_bytes_surpassed::{closure#0} as core[a373ad73a504971]::ops::function::FnOnce<()>>::call_once
[INFO] [stdout]   13:     0x5a718dd5691b - test[aada8e7e76ba119b]::__rust_begin_short_backtrace::<core[a373ad73a504971]::result::Result<(), alloc[2e1b2a31b91974c5]::string::String>, fn() -> core[a373ad73a504971]::result::Result<(), alloc[2e1b2a31b91974c5]::string::String>>
[INFO] [stdout]   14:     0x5a718dd63af5 - test[aada8e7e76ba119b]::run_test::{closure#0}
[INFO] [stdout]   15:     0x5a718dd5d3e4 - std[617be2ca0a6fd877]::sys::backtrace::__rust_begin_short_backtrace::<test[aada8e7e76ba119b]::run_test::{closure#1}, ()>
[INFO] [stdout]   16:     0x5a718dd66b82 - <std[617be2ca0a6fd877]::thread::lifecycle::spawn_unchecked<test[aada8e7e76ba119b]::run_test::{closure#1}, ()>::{closure#1} as core[a373ad73a504971]::ops::function::FnOnce<()>>::call_once::{shim:vtable#0}
[INFO] [stdout]   17:     0x5a718ddcfc9f - <std[617be2ca0a6fd877]::sys::thread::unix::Thread>::new::thread_start
[INFO] [stdout]   18:     0x7bb5fb490dfa - <unknown>
[INFO] [stdout]   19:     0x7bb5fb5243d4 - clone
[INFO] [stdout]   20:                0x0 - <unknown>
[INFO] [stdout] 
[INFO] [stdout] ---- tests::arbitrary_bytes stdout ----
[INFO] [stdout] 
[INFO] [stdout] thread 'tests::arbitrary_bytes' (457) panicked at src/lib.rs:372:50:
[INFO] [stdout] called `Result::unwrap()` on an `Err` value: Os { code: 2, kind: NotFound, message: "No such file or directory" }
[INFO] [stdout] stack backtrace:
[INFO] [stdout]    0:     0x5a718ddd07a1 - <<std[617be2ca0a6fd877]::sys::backtrace::BacktraceLock>::print::DisplayBacktrace as core[a373ad73a504971]::fmt::Display>::fmt
[INFO] [stdout]    1:     0x5a718dde618a - core[a373ad73a504971]::fmt::write
[INFO] [stdout]    2:     0x5a718ddd4ccc - <alloc[2e1b2a31b91974c5]::vec::Vec<u8> as core[a373ad73a504971]::io::write::Write>::write_fmt
[INFO] [stdout]    3:     0x5a718ddab496 - std[617be2ca0a6fd877]::panicking::default_hook::{closure#0}
[INFO] [stdout]    4:     0x5a718ddc8089 - std[617be2ca0a6fd877]::panicking::default_hook
[INFO] [stdout]    5:     0x5a718dd634d0 - test[aada8e7e76ba119b]::test_main_inner::{closure#0}
[INFO] [stdout]    6:     0x5a718ddc8242 - std[617be2ca0a6fd877]::panicking::panic_with_hook
[INFO] [stdout]    7:     0x5a718ddab542 - std[617be2ca0a6fd877]::panicking::panic_handler::{closure#0}
[INFO] [stdout]    8:     0x5a718dda3e79 - std[617be2ca0a6fd877]::sys::backtrace::__rust_end_short_backtrace::<std[617be2ca0a6fd877]::panicking::panic_handler::{closure#0}, !>
[INFO] [stdout]    9:     0x5a718ddac23d - __rustc[ea4f61d10b84890b]::rust_begin_unwind
[INFO] [stdout]   10:     0x5a718dde696c - core[a373ad73a504971]::panicking::panic_fmt
[INFO] [stdout]   11:     0x5a718dde6742 - core[a373ad73a504971]::result::unwrap_failed
[INFO] [stdout]   12:     0x5a718dc8395f - file_rotate_record_boundary[51fc9e07db2779fb]::tests::arbitrary_bytes::arbitrary_bytes
[INFO] [stdout]   13:     0x5a718dc814b6 - quickcheck[c1bae20bfe8e12f]::tester::quickcheck::<fn()>
[INFO] [stdout]   14:     0x5a718dc83fc0 - <file_rotate_record_boundary[51fc9e07db2779fb]::tests::arbitrary_bytes::{closure#0} as core[a373ad73a504971]::ops::function::FnOnce<()>>::call_once
[INFO] [stdout]   15:     0x5a718dd5691b - test[aada8e7e76ba119b]::__rust_begin_short_backtrace::<core[a373ad73a504971]::result::Result<(), alloc[2e1b2a31b91974c5]::string::String>, fn() -> core[a373ad73a504971]::result::Result<(), alloc[2e1b2a31b91974c5]::string::String>>
[INFO] [stdout]   16:     0x5a718dd63af5 - test[aada8e7e76ba119b]::run_test::{closure#0}
[INFO] [stdout]   17:     0x5a718dd5d3e4 - std[617be2ca0a6fd877]::sys::backtrace::__rust_begin_short_backtrace::<test[aada8e7e76ba119b]::run_test::{closure#1}, ()>
[INFO] [stdout]   18:     0x5a718dd66b82 - <std[617be2ca0a6fd877]::thread::lifecycle::spawn_unchecked<test[aada8e7e76ba119b]::run_test::{closure#1}, ()>::{closure#1} as core[a373ad73a504971]::ops::function::FnOnce<()>>::call_once::{shim:vtable#0}
[INFO] [stdout]   19:     0x5a718ddcfc9f - <std[617be2ca0a6fd877]::sys::thread::unix::Thread>::new::thread_start
[INFO] [stdout]   20:     0x7bb5fb490dfa - <unknown>
[INFO] [stdout]   21:     0x7bb5fb5243d4 - clone
[INFO] [stdout]   22:                0x0 - <unknown>
[INFO] [stdout] 
[INFO] [stdout] thread 'tests::arbitrary_bytes' (457) panicked at /opt/rustwide/cargo-home/registry/src/index.crates.io-1949cf8c6b5b557f/quickcheck-0.9.2/src/tester.rs:178:28:
[INFO] [stdout] [quickcheck] TEST FAILED (runtime error). Arguments: ()
[INFO] [stdout] Error: "called `Result::unwrap()` on an `Err` value: Os { code: 2, kind: NotFound, message: \"No such file or directory\" }"
[INFO] [stdout] stack backtrace:
[INFO] [stdout]    0:     0x5a718ddd07a1 - <<std[617be2ca0a6fd877]::sys::backtrace::BacktraceLock>::print::DisplayBacktrace as core[a373ad73a504971]::fmt::Display>::fmt
[INFO] [stdout]    1:     0x5a718dde618a - core[a373ad73a504971]::fmt::write
[INFO] [stdout]    2:     0x5a718ddd4ccc - <alloc[2e1b2a31b91974c5]::vec::Vec<u8> as core[a373ad73a504971]::io::write::Write>::write_fmt
[INFO] [stdout]    3:     0x5a718ddab496 - std[617be2ca0a6fd877]::panicking::default_hook::{closure#0}
[INFO] [stdout]    4:     0x5a718ddc8089 - std[617be2ca0a6fd877]::panicking::default_hook
[INFO] [stdout]    5:     0x5a718dd634d0 - test[aada8e7e76ba119b]::test_main_inner::{closure#0}
[INFO] [stdout]    6:     0x5a718ddc8242 - std[617be2ca0a6fd877]::panicking::panic_with_hook
[INFO] [stdout]    7:     0x5a718dc836ae - std[617be2ca0a6fd877]::panicking::begin_panic::<alloc[2e1b2a31b91974c5]::string::String>::{closure#0}
[INFO] [stdout]    8:     0x5a718dc83666 - std[617be2ca0a6fd877]::sys::backtrace::__rust_end_short_backtrace::<std[617be2ca0a6fd877]::panicking::begin_panic<alloc[2e1b2a31b91974c5]::string::String>::{closure#0}, !>
[INFO] [stdout]    9:     0x5a718dc83528 - std[617be2ca0a6fd877]::panicking::begin_panic::<alloc[2e1b2a31b91974c5]::string::String>
[INFO] [stdout]   10:     0x5a718dc818b1 - quickcheck[c1bae20bfe8e12f]::tester::quickcheck::<fn()>
[INFO] [stdout]   11:     0x5a718dc83fc0 - <file_rotate_record_boundary[51fc9e07db2779fb]::tests::arbitrary_bytes::{closure#0} as core[a373ad73a504971]::ops::function::FnOnce<()>>::call_once
[INFO] [stdout]   12:     0x5a718dd5691b - test[aada8e7e76ba119b]::__rust_begin_short_backtrace::<core[a373ad73a504971]::result::Result<(), alloc[2e1b2a31b91974c5]::string::String>, fn() -> core[a373ad73a504971]::result::Result<(), alloc[2e1b2a31b91974c5]::string::String>>
[INFO] [stdout]   13:     0x5a718dd63af5 - test[aada8e7e76ba119b]::run_test::{closure#0}
[INFO] [stdout]   14:     0x5a718dd5d3e4 - std[617be2ca0a6fd877]::sys::backtrace::__rust_begin_short_backtrace::<test[aada8e7e76ba119b]::run_test::{closure#1}, ()>
[INFO] [stdout]   15:     0x5a718dd66b82 - <std[617be2ca0a6fd877]::thread::lifecycle::spawn_unchecked<test[aada8e7e76ba119b]::run_test::{closure#1}, ()>::{closure#1} as core[a373ad73a504971]::ops::function::FnOnce<()>>::call_once::{shim:vtable#0}
[INFO] [stdout]   16:     0x5a718ddcfc9f - <std[617be2ca0a6fd877]::sys::thread::unix::Thread>::new::thread_start
[INFO] [stdout]   17:     0x7bb5fb490dfa - <unknown>
[INFO] [stdout]   18:     0x7bb5fb5243d4 - clone
[INFO] [stdout]   19:                0x0 - <unknown>
[INFO] [stdout] 
[INFO] [stdout] ---- tests::arbitrary_lines stdout ----
[INFO] [stdout] 
[INFO] [stdout] thread 'tests::arbitrary_lines' (458) panicked at src/lib.rs:352:50:
[INFO] [stdout] called `Result::unwrap()` on an `Err` value: Os { code: 2, kind: NotFound, message: "No such file or directory" }
[INFO] [stdout] stack backtrace:
[INFO] [stdout]    0:     0x5a718ddd07a1 - <<std[617be2ca0a6fd877]::sys::backtrace::BacktraceLock>::print::DisplayBacktrace as core[a373ad73a504971]::fmt::Display>::fmt
[INFO] [stdout]    1:     0x5a718dde618a - core[a373ad73a504971]::fmt::write
[INFO] [stdout]    2:     0x5a718ddd4ccc - <alloc[2e1b2a31b91974c5]::vec::Vec<u8> as core[a373ad73a504971]::io::write::Write>::write_fmt
[INFO] [stdout]    3:     0x5a718ddab496 - std[617be2ca0a6fd877]::panicking::default_hook::{closure#0}
[INFO] [stdout]    4:     0x5a718ddc8089 - std[617be2ca0a6fd877]::panicking::default_hook
[INFO] [stdout]    5:     0x5a718dd634d0 - test[aada8e7e76ba119b]::test_main_inner::{closure#0}
[INFO] [stdout]    6:     0x5a718ddc8242 - std[617be2ca0a6fd877]::panicking::panic_with_hook
[INFO] [stdout]    7:     0x5a718ddab542 - std[617be2ca0a6fd877]::panicking::panic_handler::{closure#0}
[INFO] [stdout]    8:     0x5a718dda3e79 - std[617be2ca0a6fd877]::sys::backtrace::__rust_end_short_backtrace::<std[617be2ca0a6fd877]::panicking::panic_handler::{closure#0}, !>
[INFO] [stderr] error: test failed, to rerun pass `--lib`
[INFO] [stdout]    9:     0x5a718ddac23d - __rustc[ea4f61d10b84890b]::rust_begin_unwind
[INFO] [stdout]   10:     0x5a718dde696c - core[a373ad73a504971]::panicking::panic_fmt
[INFO] [stdout]   11:     0x5a718dde6742 - core[a373ad73a504971]::result::unwrap_failed
[INFO] [stdout]   12:     0x5a718dc83cf6 - file_rotate_record_boundary[51fc9e07db2779fb]::tests::arbitrary_lines::arbitrary_lines
[INFO] [stdout]   13:     0x5a718dc81c3c - quickcheck[c1bae20bfe8e12f]::tester::quickcheck::<fn(usize)>
[INFO] [stdout]   14:     0x5a718dc83fe0 - <file_rotate_record_boundary[51fc9e07db2779fb]::tests::arbitrary_lines::{closure#0} as core[a373ad73a504971]::ops::function::FnOnce<()>>::call_once
[INFO] [stdout]   15:     0x5a718dd5691b - test[aada8e7e76ba119b]::__rust_begin_short_backtrace::<core[a373ad73a504971]::result::Result<(), alloc[2e1b2a31b91974c5]::string::String>, fn() -> core[a373ad73a504971]::result::Result<(), alloc[2e1b2a31b91974c5]::string::String>>
[INFO] [stdout]   16:     0x5a718dd63af5 - test[aada8e7e76ba119b]::run_test::{closure#0}
[INFO] [stdout]   17:     0x5a718dd5d3e4 - std[617be2ca0a6fd877]::sys::backtrace::__rust_begin_short_backtrace::<test[aada8e7e76ba119b]::run_test::{closure#1}, ()>
[INFO] [stdout]   18:     0x5a718dd66b82 - <std[617be2ca0a6fd877]::thread::lifecycle::spawn_unchecked<test[aada8e7e76ba119b]::run_test::{closure#1}, ()>::{closure#1} as core[a373ad73a504971]::ops::function::FnOnce<()>>::call_once::{shim:vtable#0}
[INFO] [stdout]   19:     0x5a718ddcfc9f - <std[617be2ca0a6fd877]::sys::thread::unix::Thread>::new::thread_start
[INFO] [stdout]   20:     0x7bb5fb490dfa - <unknown>
[INFO] [stdout]   21:     0x7bb5fb5243d4 - clone
[INFO] [stdout]   22:                0x0 - <unknown>
[INFO] [stdout] 
[INFO] [stdout] thread 'tests::arbitrary_lines' (458) panicked at src/lib.rs:352:50:
[INFO] [stdout] called `Result::unwrap()` on an `Err` value: Os { code: 2, kind: NotFound, message: "No such file or directory" }
[INFO] [stdout] stack backtrace:
[INFO] [stdout]    0:     0x5a718ddd07a1 - <<std[617be2ca0a6fd877]::sys::backtrace::BacktraceLock>::print::DisplayBacktrace as core[a373ad73a504971]::fmt::Display>::fmt
[INFO] [stdout]    1:     0x5a718dde618a - core[a373ad73a504971]::fmt::write
[INFO] [stdout]    2:     0x5a718ddd4ccc - <alloc[2e1b2a31b91974c5]::vec::Vec<u8> as core[a373ad73a504971]::io::write::Write>::write_fmt
[INFO] [stdout]    3:     0x5a718ddab496 - std[617be2ca0a6fd877]::panicking::default_hook::{closure#0}
[INFO] [stdout]    4:     0x5a718ddc8089 - std[617be2ca0a6fd877]::panicking::default_hook
[INFO] [stdout]    5:     0x5a718dd634d0 - test[aada8e7e76ba119b]::test_main_inner::{closure#0}
[INFO] [stdout]    6:     0x5a718ddc8242 - std[617be2ca0a6fd877]::panicking::panic_with_hook
[INFO] [stdout]    7:     0x5a718ddab542 - std[617be2ca0a6fd877]::panicking::panic_handler::{closure#0}
[INFO] [stdout]    8:     0x5a718dda3e79 - std[617be2ca0a6fd877]::sys::backtrace::__rust_end_short_backtrace::<std[617be2ca0a6fd877]::panicking::panic_handler::{closure#0}, !>
[INFO] [stdout]    9:     0x5a718ddac23d - __rustc[ea4f61d10b84890b]::rust_begin_unwind
[INFO] [stdout]   10:     0x5a718dde696c - core[a373ad73a504971]::panicking::panic_fmt
[INFO] [stdout]   11:     0x5a718dde6742 - core[a373ad73a504971]::result::unwrap_failed
[INFO] [stdout]   12:     0x5a718dc83cf6 - file_rotate_record_boundary[51fc9e07db2779fb]::tests::arbitrary_lines::arbitrary_lines
[INFO] [stdout]   13:     0x5a718dc827e9 - <fn(_) -> _ as quickcheck[c1bae20bfe8e12f]::tester::Testable>::result::shrink_failure::<(), quickcheck[c1bae20bfe8e12f]::arbitrary::StdThreadGen, usize>
[INFO] [stdout]   14:     0x5a718dc81cee - quickcheck[c1bae20bfe8e12f]::tester::quickcheck::<fn(usize)>
[INFO] [stdout]   15:     0x5a718dc83fe0 - <file_rotate_record_boundary[51fc9e07db2779fb]::tests::arbitrary_lines::{closure#0} as core[a373ad73a504971]::ops::function::FnOnce<()>>::call_once
[INFO] [stdout]   16:     0x5a718dd5691b - test[aada8e7e76ba119b]::__rust_begin_short_backtrace::<core[a373ad73a504971]::result::Result<(), alloc[2e1b2a31b91974c5]::string::String>, fn() -> core[a373ad73a504971]::result::Result<(), alloc[2e1b2a31b91974c5]::string::String>>
[INFO] [stdout]   17:     0x5a718dd63af5 - test[aada8e7e76ba119b]::run_test::{closure#0}
[INFO] [stdout]   18:     0x5a718dd5d3e4 - std[617be2ca0a6fd877]::sys::backtrace::__rust_begin_short_backtrace::<test[aada8e7e76ba119b]::run_test::{closure#1}, ()>
[INFO] [stdout]   19:     0x5a718dd66b82 - <std[617be2ca0a6fd877]::thread::lifecycle::spawn_unchecked<test[aada8e7e76ba119b]::run_test::{closure#1}, ()>::{closure#1} as core[a373ad73a504971]::ops::function::FnOnce<()>>::call_once::{shim:vtable#0}
[INFO] [stdout]   20:     0x5a718ddcfc9f - <std[617be2ca0a6fd877]::sys::thread::unix::Thread>::new::thread_start
[INFO] [stdout]   21:     0x7bb5fb490dfa - <unknown>
[INFO] [stdout]   22:     0x7bb5fb5243d4 - clone
[INFO] [stdout]   23:                0x0 - <unknown>
[INFO] [stdout] 
[INFO] [stdout] thread 'tests::arbitrary_lines' (458) panicked at /opt/rustwide/cargo-home/registry/src/index.crates.io-1949cf8c6b5b557f/quickcheck-0.9.2/src/tester.rs:178:28:
[INFO] [stdout] [quickcheck] TEST FAILED (runtime error). Arguments: (0)
[INFO] [stdout] Error: "called `Result::unwrap()` on an `Err` value: Os { code: 2, kind: NotFound, message: \"No such file or directory\" }"
[INFO] [stdout] stack backtrace:
[INFO] [stdout]    0:     0x5a718ddd07a1 - <<std[617be2ca0a6fd877]::sys::backtrace::BacktraceLock>::print::DisplayBacktrace as core[a373ad73a504971]::fmt::Display>::fmt
[INFO] [stdout]    1:     0x5a718dde618a - core[a373ad73a504971]::fmt::write
[INFO] [stdout]    2:     0x5a718ddd4ccc - <alloc[2e1b2a31b91974c5]::vec::Vec<u8> as core[a373ad73a504971]::io::write::Write>::write_fmt
[INFO] [stdout]    3:     0x5a718ddab496 - std[617be2ca0a6fd877]::panicking::default_hook::{closure#0}
[INFO] [stdout]    4:     0x5a718ddc8089 - std[617be2ca0a6fd877]::panicking::default_hook
[INFO] [stdout]    5:     0x5a718dd634d0 - test[aada8e7e76ba119b]::test_main_inner::{closure#0}
[INFO] [stdout]    6:     0x5a718ddc8242 - std[617be2ca0a6fd877]::panicking::panic_with_hook
[INFO] [stdout]    7:     0x5a718dc836ae - std[617be2ca0a6fd877]::panicking::begin_panic::<alloc[2e1b2a31b91974c5]::string::String>::{closure#0}
[INFO] [stdout]    8:     0x5a718dc83666 - std[617be2ca0a6fd877]::sys::backtrace::__rust_end_short_backtrace::<std[617be2ca0a6fd877]::panicking::begin_panic<alloc[2e1b2a31b91974c5]::string::String>::{closure#0}, !>
[INFO] [stdout]    9:     0x5a718dc83528 - std[617be2ca0a6fd877]::panicking::begin_panic::<alloc[2e1b2a31b91974c5]::string::String>
[INFO] [stdout]   10:     0x5a718dc823ab - quickcheck[c1bae20bfe8e12f]::tester::quickcheck::<fn(usize)>
[INFO] [stdout]   11:     0x5a718dc83fe0 - <file_rotate_record_boundary[51fc9e07db2779fb]::tests::arbitrary_lines::{closure#0} as core[a373ad73a504971]::ops::function::FnOnce<()>>::call_once
[INFO] [stdout]   12:     0x5a718dd5691b - test[aada8e7e76ba119b]::__rust_begin_short_backtrace::<core[a373ad73a504971]::result::Result<(), alloc[2e1b2a31b91974c5]::string::String>, fn() -> core[a373ad73a504971]::result::Result<(), alloc[2e1b2a31b91974c5]::string::String>>
[INFO] [stdout]   13:     0x5a718dd63af5 - test[aada8e7e76ba119b]::run_test::{closure#0}
[INFO] [stdout]   14:     0x5a718dd5d3e4 - std[617be2ca0a6fd877]::sys::backtrace::__rust_begin_short_backtrace::<test[aada8e7e76ba119b]::run_test::{closure#1}, ()>
[INFO] [stdout]   15:     0x5a718dd66b82 - <std[617be2ca0a6fd877]::thread::lifecycle::spawn_unchecked<test[aada8e7e76ba119b]::run_test::{closure#1}, ()>::{closure#1} as core[a373ad73a504971]::ops::function::FnOnce<()>>::call_once::{shim:vtable#0}
[INFO] [stdout]   16:     0x5a718ddcfc9f - <std[617be2ca0a6fd877]::sys::thread::unix::Thread>::new::thread_start
[INFO] [stdout]   17:     0x7bb5fb490dfa - <unknown>
[INFO] [stdout]   18:     0x7bb5fb5243d4 - clone
[INFO] [stdout]   19:                0x0 - <unknown>
[INFO] [stdout] 
[INFO] [stdout] ---- tests::rotate_to_deleted_directory stdout ----
[INFO] [stdout] 
[INFO] [stdout] thread 'tests::rotate_to_deleted_directory' (459) panicked at src/lib.rs:305:41:
[INFO] [stdout] called `Result::unwrap()` on an `Err` value: Os { code: 2, kind: NotFound, message: "No such file or directory" }
[INFO] [stdout] stack backtrace:
[INFO] [stdout]    0:     0x5a718ddd07a1 - <<std[617be2ca0a6fd877]::sys::backtrace::BacktraceLock>::print::DisplayBacktrace as core[a373ad73a504971]::fmt::Display>::fmt
[INFO] [stdout]    1:     0x5a718dde618a - core[a373ad73a504971]::fmt::write
[INFO] [stdout]    2:     0x5a718ddd4ccc - <alloc[2e1b2a31b91974c5]::vec::Vec<u8> as core[a373ad73a504971]::io::write::Write>::write_fmt
[INFO] [stdout]    3:     0x5a718ddab496 - std[617be2ca0a6fd877]::panicking::default_hook::{closure#0}
[INFO] [stdout]    4:     0x5a718ddc8089 - std[617be2ca0a6fd877]::panicking::default_hook
[INFO] [stdout]    5:     0x5a718dd634d0 - test[aada8e7e76ba119b]::test_main_inner::{closure#0}
[INFO] [stdout]    6:     0x5a718ddc8242 - std[617be2ca0a6fd877]::panicking::panic_with_hook
[INFO] [stdout]    7:     0x5a718ddab542 - std[617be2ca0a6fd877]::panicking::panic_handler::{closure#0}
[INFO] [stdout]    8:     0x5a718dda3e79 - std[617be2ca0a6fd877]::sys::backtrace::__rust_end_short_backtrace::<std[617be2ca0a6fd877]::panicking::panic_handler::{closure#0}, !>
[INFO] [stdout]    9:     0x5a718ddac23d - __rustc[ea4f61d10b84890b]::rust_begin_unwind
[INFO] [stdout]   10:     0x5a718dde696c - core[a373ad73a504971]::panicking::panic_fmt
[INFO] [stdout]   11:     0x5a718dde6742 - core[a373ad73a504971]::result::unwrap_failed
[INFO] [stdout]   12:     0x5a718dc8443a - <file_rotate_record_boundary[51fc9e07db2779fb]::tests::rotate_to_deleted_directory::{closure#0} as core[a373ad73a504971]::ops::function::FnOnce<()>>::call_once
[INFO] [stdout]   13:     0x5a718dd5691b - test[aada8e7e76ba119b]::__rust_begin_short_backtrace::<core[a373ad73a504971]::result::Result<(), alloc[2e1b2a31b91974c5]::string::String>, fn() -> core[a373ad73a504971]::result::Result<(), alloc[2e1b2a31b91974c5]::string::String>>
[INFO] [stdout]   14:     0x5a718dd63af5 - test[aada8e7e76ba119b]::run_test::{closure#0}
[INFO] [stdout]   15:     0x5a718dd5d3e4 - std[617be2ca0a6fd877]::sys::backtrace::__rust_begin_short_backtrace::<test[aada8e7e76ba119b]::run_test::{closure#1}, ()>
[INFO] [stdout]   16:     0x5a718dd66b82 - <std[617be2ca0a6fd877]::thread::lifecycle::spawn_unchecked<test[aada8e7e76ba119b]::run_test::{closure#1}, ()>::{closure#1} as core[a373ad73a504971]::ops::function::FnOnce<()>>::call_once::{shim:vtable#0}
[INFO] [stdout]   17:     0x5a718ddcfc9f - <std[617be2ca0a6fd877]::sys::thread::unix::Thread>::new::thread_start
[INFO] [stdout]   18:     0x7bb5fb490dfa - <unknown>
[INFO] [stdout]   19:     0x7bb5fb5243d4 - clone
[INFO] [stdout]   20:                0x0 - <unknown>
[INFO] [stdout] 
[INFO] [stdout] 
[INFO] [stdout] failures:
[INFO] [stdout]     tests::arbitrary_bytes
[INFO] [stdout]     tests::arbitrary_lines
[INFO] [stdout]     tests::rotate_to_deleted_directory
[INFO] [stdout]     tests::write_complete_record_until_bytes_surpassed
[INFO] [stdout] 
[INFO] [stdout] test result: FAILED. 2 passed; 4 failed; 0 ignored; 0 measured; 0 filtered out; finished in 0.00s
[INFO] [stdout] 
[INFO] running `Command { std: "docker" "inspect" "11825fc3fec5c5a81e3c0ee2d77fb0a1ee379e12b7d69e371282d8f1925fa93c", kill_on_drop: false }`
[INFO] running `Command { std: "docker" "rm" "-f" "11825fc3fec5c5a81e3c0ee2d77fb0a1ee379e12b7d69e371282d8f1925fa93c", kill_on_drop: false }`
[INFO] [stdout] 11825fc3fec5c5a81e3c0ee2d77fb0a1ee379e12b7d69e371282d8f1925fa93c
