[INFO] fetching crate file-crawler 0.1.5...
[INFO] testing file-crawler-0.1.5 against 1.100.0-beta.1+cargoflags=--release for beta-release-1.100-2
[INFO] extracting crate file-crawler 0.1.5 into /workspace/builds/worker-7-tc2/source
[INFO] started tweaking crates.io crate file-crawler 0.1.5
[INFO] finished tweaking crates.io crate file-crawler 0.1.5
[INFO] tweaked toml for crates.io crate file-crawler 0.1.5 written to /workspace/builds/worker-7-tc2/source/Cargo.toml
[INFO] validating manifest of crates.io crate file-crawler 0.1.5 on toolchain 1.100.0-beta.1
[INFO] running `Command { std: CARGO_HOME="/workspace/cargo-home" RUSTUP_HOME="/workspace/rustup-home" "/workspace/cargo-home/bin/cargo" "+1.100.0-beta.1" "metadata" "--manifest-path" "Cargo.toml" "--no-deps", kill_on_drop: false }`
[INFO] crate crates.io crate file-crawler 0.1.5 already has a lockfile, it will not be regenerated
[INFO] running `Command { std: CARGO_HOME="/workspace/cargo-home" RUSTUP_HOME="/workspace/rustup-home" "/workspace/cargo-home/bin/cargo" "+1.100.0-beta.1" "fetch" "--manifest-path" "Cargo.toml", kill_on_drop: false }`
[INFO] running `Command { std: "docker" "create" "-v" "/var/lib/crater-agent-workspace/builds/worker-7-tc2/source:/opt/rustwide/workdir:ro,Z" "-v" "/var/lib/crater-agent-workspace/builds/worker-7-tc2/target:/opt/rustwide/target:rw,Z" "-v" "/var/lib/crater-agent-workspace/cargo-home:/opt/rustwide/cargo-home:ro,Z" "-v" "/var/lib/crater-agent-workspace/rustup-home:/opt/rustwide/rustup-home:ro,Z" "-m" "1610612736" "--network" "none" "ghcr.io/rust-lang/crates-build-env/linux@sha256:77db811e55d90add9212f6832c23229e3de5f1c1f9905e8cb07319ea15df73ac" "sleep" "infinity", kill_on_drop: false }`
[INFO] [stdout] 6f85dbc10e3b3ea0eca617d4b172ba78f384e7c096cc26dfe47347d9de929ecd
[INFO] running `Command { std: "docker" "start" "6f85dbc10e3b3ea0eca617d4b172ba78f384e7c096cc26dfe47347d9de929ecd", kill_on_drop: false }`
[INFO] running `Command { std: "docker" "inspect" "6f85dbc10e3b3ea0eca617d4b172ba78f384e7c096cc26dfe47347d9de929ecd", kill_on_drop: false }`
[INFO] running `Command { std: "docker" "exec" "-e" "SOURCE_DIR=/opt/rustwide/workdir" "-e" "CARGO_HOME=/opt/rustwide/cargo-home" "-e" "RUSTUP_HOME=/opt/rustwide/rustup-home" "-e" "CARGO_TARGET_DIR=/opt/rustwide/target" "-w" "/opt/rustwide/workdir" "--user" "0:0" "6f85dbc10e3b3ea0eca617d4b172ba78f384e7c096cc26dfe47347d9de929ecd" "/opt/rustwide/cargo-home/bin/cargo" "+1.100.0-beta.1" "metadata" "--no-deps" "--format-version=1", kill_on_drop: false }`
[INFO] running `Command { std: "docker" "inspect" "6f85dbc10e3b3ea0eca617d4b172ba78f384e7c096cc26dfe47347d9de929ecd", kill_on_drop: false }`
[INFO] running `Command { std: "docker" "exec" "-e" "SOURCE_DIR=/opt/rustwide/workdir" "-e" "CARGO_HOME=/opt/rustwide/cargo-home" "-e" "RUSTUP_HOME=/opt/rustwide/rustup-home" "-e" "CARGO_TARGET_DIR=/opt/rustwide/target" "-e" "CARGO_INCREMENTAL=0" "-e" "RUST_BACKTRACE=full" "-e" "RUSTFLAGS=--cap-lints=warn" "-e" "RUSTDOCFLAGS=--cap-lints=warn" "-w" "/opt/rustwide/workdir" "--user" "0:0" "6f85dbc10e3b3ea0eca617d4b172ba78f384e7c096cc26dfe47347d9de929ecd" "/opt/rustwide/cargo-home/bin/cargo" "+1.100.0-beta.1" "build" "--frozen" "--message-format=json" "--release", kill_on_drop: false }`
[INFO] [stderr]    Compiling memchr v2.7.5
[INFO] [stderr]    Compiling aho-corasick v1.1.3
[INFO] [stderr]    Compiling regex-automata v0.4.11
[INFO] [stderr]    Compiling regex v1.11.3
[INFO] [stderr]    Compiling file-crawler v0.1.5 (/opt/rustwide/workdir)
[INFO] [stderr]     Finished `release` profile [optimized] target(s) in 22.70s
[INFO] running `Command { std: "docker" "inspect" "6f85dbc10e3b3ea0eca617d4b172ba78f384e7c096cc26dfe47347d9de929ecd", kill_on_drop: false }`
[INFO] running `Command { std: "docker" "exec" "-e" "SOURCE_DIR=/opt/rustwide/workdir" "-e" "CARGO_HOME=/opt/rustwide/cargo-home" "-e" "RUSTUP_HOME=/opt/rustwide/rustup-home" "-e" "CARGO_TARGET_DIR=/opt/rustwide/target" "-e" "CARGO_INCREMENTAL=0" "-e" "RUST_BACKTRACE=full" "-e" "RUSTFLAGS=--cap-lints=warn" "-e" "RUSTDOCFLAGS=--cap-lints=warn" "-w" "/opt/rustwide/workdir" "--user" "0:0" "6f85dbc10e3b3ea0eca617d4b172ba78f384e7c096cc26dfe47347d9de929ecd" "/opt/rustwide/cargo-home/bin/cargo" "+1.100.0-beta.1" "test" "--frozen" "--no-run" "--message-format=json" "--release", kill_on_drop: false }`
[INFO] [stderr]    Compiling file-crawler v0.1.5 (/opt/rustwide/workdir)
[INFO] [stderr]     Finished `release` profile [optimized] target(s) in 0.33s
[INFO] running `Command { std: "docker" "inspect" "6f85dbc10e3b3ea0eca617d4b172ba78f384e7c096cc26dfe47347d9de929ecd", kill_on_drop: false }`
[INFO] running `Command { std: "docker" "exec" "-e" "SOURCE_DIR=/opt/rustwide/workdir" "-e" "CARGO_HOME=/opt/rustwide/cargo-home" "-e" "RUSTUP_HOME=/opt/rustwide/rustup-home" "-e" "CARGO_TARGET_DIR=/opt/rustwide/target" "-e" "CARGO_INCREMENTAL=0" "-e" "RUST_BACKTRACE=full" "-e" "RUSTFLAGS=--cap-lints=warn" "-e" "RUSTDOCFLAGS=--cap-lints=warn" "-w" "/opt/rustwide/workdir" "--user" "0:0" "6f85dbc10e3b3ea0eca617d4b172ba78f384e7c096cc26dfe47347d9de929ecd" "/opt/rustwide/cargo-home/bin/cargo" "+1.100.0-beta.1" "test" "--frozen" "--release", kill_on_drop: false }`
[INFO] [stderr]     Finished `release` profile [optimized] target(s) in 0.07s
[INFO] [stderr]      Running unittests src/lib.rs (/opt/rustwide/target/release/build/file-crawler/98be5c953acb744c/out/file_crawler-98be5c953acb744c)
[INFO] [stderr]    Doc-tests file_crawler
[INFO] [stdout] 
[INFO] [stdout] running 0 tests
[INFO] [stdout] 
[INFO] [stdout] test result: ok. 0 passed; 0 failed; 0 ignored; 0 measured; 0 filtered out; finished in 0.00s
[INFO] [stdout] 
[INFO] [stderr] error[E0433]: cannot find module or crate `tokio` in this scope
[INFO] [stderr]    --> src/lib.rs:782:13
[INFO] [stderr]     |
[INFO] [stderr] 782 |         use tokio::sync::mpsc::UnboundedSender;
[INFO] [stderr]     |             ^^^^^ use of unresolved module or unlinked crate `tokio`
[INFO] [stderr]     |
[INFO] [stderr]     = help: if you wanted to use a crate named `tokio`, use `cargo add tokio` to add it to your `Cargo.toml`
[INFO] [stderr] 
[INFO] [stderr] error[E0433]: cannot find module or crate `tokio` in this scope
[INFO] [stderr]    --> src/lib.rs:236:9
[INFO] [stderr]     |
[INFO] [stderr] 236 |     use tokio::sync::mpsc::error::TryRecvError;
[INFO] [stderr]     |         ^^^^^ use of unresolved module or unlinked crate `tokio`
[INFO] [stderr]     |
[INFO] [stderr]     = help: if you wanted to use a crate named `tokio`, use `cargo add tokio` to add it to your `Cargo.toml`
[INFO] [stderr] 
[INFO] [stderr] error[E0432]: unresolved import `tokio`
[INFO] [stderr]   --> src/prelude.rs:12:9
[INFO] [stderr]    |
[INFO] [stderr] 12 | pub use tokio;
[INFO] [stderr]    |         ^^^^^ no external crate `tokio`
[INFO] [stderr] 
[INFO] [stderr] error: aborting due to 3 previous errors
[INFO] [stderr] 
[INFO] [stderr] Some errors have detailed explanations: E0432, E0433.
[INFO] [stderr] For more information about an error, try `rustc --explain E0432`.
[INFO] [stderr] error: doctest failed, to rerun pass `--doc`
[INFO] [stderr] 
[INFO] [stderr] Caused by:
[INFO] [stderr]   process didn't exit successfully: `/opt/rustwide/rustup-home/toolchains/1.100.0-beta.1-x86_64-unknown-linux-gnu/bin/rustdoc --edition=2024 --crate-type lib --color auto --crate-name file_crawler --test src/lib.rs --test-run-directory /opt/rustwide/workdir --extern file_crawler=/opt/rustwide/target/release/build/file-crawler/a17fab1f72f5b027/out/libfile_crawler-a17fab1f72f5b027.rlib --extern rayon=/opt/rustwide/target/release/build/rayon/04d083eae51189f1/out/librayon-04d083eae51189f1.rlib --extern regex=/opt/rustwide/target/release/build/regex/d469b04cf7975f66/out/libregex-d469b04cf7975f66.rlib -L dependency=/opt/rustwide/target/release/build/aho-corasick/0e0920ff1984ff93/out -L dependency=/opt/rustwide/target/release/build/crossbeam-deque/2a0d55b5d488e9da/out -L dependency=/opt/rustwide/target/release/build/crossbeam-epoch/5071d9e21cd7edca/out -L dependency=/opt/rustwide/target/release/build/crossbeam-utils/c35c21890820cf1a/out -L dependency=/opt/rustwide/target/release/build/either/381c6dbf3b7f9a41/out -L dependency=/opt/rustwide/target/release/build/memchr/1ebeea3296dd8af8/out -L dependency=/opt/rustwide/target/release/build/rayon-core/200cbe5ba623cbda/out -L dependency=/opt/rustwide/target/release/build/rayon/04d083eae51189f1/out -L dependency=/opt/rustwide/target/release/build/regex-automata/226fdaccabab81a2/out -L dependency=/opt/rustwide/target/release/build/regex-syntax/af27cc34d60aa0a0/out -L dependency=/opt/rustwide/target/release/build/regex/d469b04cf7975f66/out -C embed-bitcode=no --cfg 'feature="default"' --cfg 'feature="parallel"' --check-cfg 'cfg(docsrs,test)' --check-cfg 'cfg(feature, values("async", "default", "lazy_store", "parallel"))' --cap-lints=warn --error-format human` (exit status: 1)
[INFO] [stderr] note: test exited abnormally; to see the full output pass --no-capture to the harness.
[INFO] running `Command { std: "docker" "inspect" "6f85dbc10e3b3ea0eca617d4b172ba78f384e7c096cc26dfe47347d9de929ecd", kill_on_drop: false }`
[INFO] running `Command { std: "docker" "rm" "-f" "6f85dbc10e3b3ea0eca617d4b172ba78f384e7c096cc26dfe47347d9de929ecd", kill_on_drop: false }`
[INFO] [stdout] 6f85dbc10e3b3ea0eca617d4b172ba78f384e7c096cc26dfe47347d9de929ecd
