[INFO] fetching crate filament-transport 0.1.0...
[INFO] testing filament-transport-0.1.0 against 1.100.0-beta.1+cargoflags=--release for beta-release-1.100-2
[INFO] extracting crate filament-transport 0.1.0 into /workspace/builds/worker-5-tc2/source
[INFO] started tweaking crates.io crate filament-transport 0.1.0
[INFO] removed 0 missing examples
[INFO] removed 0 missing tests
[INFO] finished tweaking crates.io crate filament-transport 0.1.0
[INFO] tweaked toml for crates.io crate filament-transport 0.1.0 written to /workspace/builds/worker-5-tc2/source/Cargo.toml
[INFO] validating manifest of crates.io crate filament-transport 0.1.0 on toolchain 1.100.0-beta.1
[INFO] running `Command { std: CARGO_HOME="/workspace/cargo-home" RUSTUP_HOME="/workspace/rustup-home" "/workspace/cargo-home/bin/cargo" "+1.100.0-beta.1" "metadata" "--manifest-path" "Cargo.toml" "--no-deps", kill_on_drop: false }`
[INFO] crate crates.io crate filament-transport 0.1.0 already has a lockfile, it will not be regenerated
[INFO] running `Command { std: CARGO_HOME="/workspace/cargo-home" RUSTUP_HOME="/workspace/rustup-home" "/workspace/cargo-home/bin/cargo" "+1.100.0-beta.1" "fetch" "--manifest-path" "Cargo.toml", kill_on_drop: false }`
[INFO] running `Command { std: "docker" "create" "-v" "/var/lib/crater-agent-workspace/builds/worker-5-tc2/source:/opt/rustwide/workdir:ro,Z" "-v" "/var/lib/crater-agent-workspace/builds/worker-5-tc2/target:/opt/rustwide/target:rw,Z" "-v" "/var/lib/crater-agent-workspace/cargo-home:/opt/rustwide/cargo-home:ro,Z" "-v" "/var/lib/crater-agent-workspace/rustup-home:/opt/rustwide/rustup-home:ro,Z" "-m" "1610612736" "--network" "none" "ghcr.io/rust-lang/crates-build-env/linux@sha256:77db811e55d90add9212f6832c23229e3de5f1c1f9905e8cb07319ea15df73ac" "sleep" "infinity", kill_on_drop: false }`
[INFO] [stdout] 526f720ded2c8f72bd7fa1aa19ee102f253a9835106c0f7146797ff77c417d76
[INFO] running `Command { std: "docker" "start" "526f720ded2c8f72bd7fa1aa19ee102f253a9835106c0f7146797ff77c417d76", kill_on_drop: false }`
[INFO] running `Command { std: "docker" "inspect" "526f720ded2c8f72bd7fa1aa19ee102f253a9835106c0f7146797ff77c417d76", kill_on_drop: false }`
[INFO] running `Command { std: "docker" "exec" "-e" "SOURCE_DIR=/opt/rustwide/workdir" "-e" "CARGO_HOME=/opt/rustwide/cargo-home" "-e" "RUSTUP_HOME=/opt/rustwide/rustup-home" "-e" "CARGO_TARGET_DIR=/opt/rustwide/target" "-w" "/opt/rustwide/workdir" "--user" "0:0" "526f720ded2c8f72bd7fa1aa19ee102f253a9835106c0f7146797ff77c417d76" "/opt/rustwide/cargo-home/bin/cargo" "+1.100.0-beta.1" "metadata" "--no-deps" "--format-version=1", kill_on_drop: false }`
[INFO] running `Command { std: "docker" "inspect" "526f720ded2c8f72bd7fa1aa19ee102f253a9835106c0f7146797ff77c417d76", kill_on_drop: false }`
[INFO] running `Command { std: "docker" "exec" "-e" "SOURCE_DIR=/opt/rustwide/workdir" "-e" "CARGO_HOME=/opt/rustwide/cargo-home" "-e" "RUSTUP_HOME=/opt/rustwide/rustup-home" "-e" "CARGO_TARGET_DIR=/opt/rustwide/target" "-e" "CARGO_INCREMENTAL=0" "-e" "RUST_BACKTRACE=full" "-e" "RUSTFLAGS=--cap-lints=warn" "-e" "RUSTDOCFLAGS=--cap-lints=warn" "-w" "/opt/rustwide/workdir" "--user" "0:0" "526f720ded2c8f72bd7fa1aa19ee102f253a9835106c0f7146797ff77c417d76" "/opt/rustwide/cargo-home/bin/cargo" "+1.100.0-beta.1" "build" "--frozen" "--message-format=json" "--release", kill_on_drop: false }`
[INFO] [stderr]    Compiling syn v2.0.111
[INFO] [stderr]    Compiling libc v0.2.177
[INFO] [stderr]    Compiling zerocopy v0.8.30
[INFO] [stderr]    Compiling smallvec v1.15.1
[INFO] [stderr]    Compiling ahash v0.8.12
[INFO] [stderr]    Compiling curve25519-dalek v4.1.3
[INFO] [stderr]    Compiling zeroize v1.8.2
[INFO] [stderr]    Compiling signature v2.2.0
[INFO] [stderr]    Compiling generic-array v0.14.7
[INFO] [stderr]    Compiling crypto-common v0.1.7
[INFO] [stderr]    Compiling block-buffer v0.10.4
[INFO] [stderr]    Compiling digest v0.10.7
[INFO] [stderr]    Compiling sha2 v0.10.9
[INFO] [stderr]    Compiling parking_lot_core v0.9.12
[INFO] [stderr]    Compiling socket2 v0.6.1
[INFO] [stderr]    Compiling mio v1.1.0
[INFO] [stderr]    Compiling signal-hook-registry v1.4.7
[INFO] [stderr]    Compiling getrandom v0.2.16
[INFO] [stderr]    Compiling parking_lot v0.12.5
[INFO] [stderr]    Compiling hashbrown v0.14.5
[INFO] [stderr]    Compiling dashmap v6.1.0
[INFO] [stderr]    Compiling serde_derive v1.0.228
[INFO] [stderr]    Compiling curve25519-dalek-derive v0.1.1
[INFO] [stderr]    Compiling tokio-macros v2.6.0
[INFO] [stderr]    Compiling thiserror-impl v1.0.69
[INFO] [stderr]    Compiling tracing-attributes v0.1.31
[INFO] [stderr]    Compiling tokio v1.48.0
[INFO] [stderr]    Compiling thiserror v1.0.69
[INFO] [stderr]    Compiling tracing v0.1.43
[INFO] [stderr]    Compiling serde v1.0.228
[INFO] [stderr]    Compiling ed25519 v2.2.3
[INFO] [stderr]    Compiling bincode v1.3.3
[INFO] [stderr]    Compiling ed25519-dalek v2.2.0
[INFO] [stderr]    Compiling tokio-util v0.7.17
[INFO] [stderr]    Compiling filament-transport v0.1.0 (/opt/rustwide/workdir)
[INFO] [stderr] warning: unused dependency `anyhow`
[INFO] [stderr]   --> Cargo.toml:11:15
[INFO] [stderr]    |
[INFO] [stderr] 11 | [dependencies.anyhow]
[INFO] [stderr]    |               ^^^^^^^
[INFO] [stderr]    |
[INFO] [stderr]    = note: `cargo::unused_dependencies` is set to `warn` by default
[INFO] [stderr] help: consider removing the dependency on `anyhow`
[INFO] [stderr] warning: unused dependency `ed25519-dalek`
[INFO] [stderr]   --> Cargo.toml:20:15
[INFO] [stderr]    |
[INFO] [stderr] 20 | [dependencies.ed25519-dalek]
[INFO] [stderr]    |               ^^^^^^^^^^^^^^
[INFO] [stderr]    |
[INFO] [stderr] help: consider removing the dependency on `ed25519-dalek`
[INFO] [stderr] warning: unused dependency `tokio-util`
[INFO] [stderr]   --> Cargo.toml:47:15
[INFO] [stderr]    |
[INFO] [stderr] 47 | [dependencies.tokio-util]
[INFO] [stderr]    |               ^^^^^^^^^^^
[INFO] [stderr]    |
[INFO] [stderr] help: consider removing the dependency on `tokio-util`
[INFO] [stderr] warning: `filament-transport` (manifest) generated 3 warnings
[INFO] [stderr]     Finished `release` profile [optimized] target(s) in 26.85s
[INFO] running `Command { std: "docker" "inspect" "526f720ded2c8f72bd7fa1aa19ee102f253a9835106c0f7146797ff77c417d76", kill_on_drop: false }`
[INFO] running `Command { std: "docker" "exec" "-e" "SOURCE_DIR=/opt/rustwide/workdir" "-e" "CARGO_HOME=/opt/rustwide/cargo-home" "-e" "RUSTUP_HOME=/opt/rustwide/rustup-home" "-e" "CARGO_TARGET_DIR=/opt/rustwide/target" "-e" "CARGO_INCREMENTAL=0" "-e" "RUST_BACKTRACE=full" "-e" "RUSTFLAGS=--cap-lints=warn" "-e" "RUSTDOCFLAGS=--cap-lints=warn" "-w" "/opt/rustwide/workdir" "--user" "0:0" "526f720ded2c8f72bd7fa1aa19ee102f253a9835106c0f7146797ff77c417d76" "/opt/rustwide/cargo-home/bin/cargo" "+1.100.0-beta.1" "test" "--frozen" "--no-run" "--message-format=json" "--release", kill_on_drop: false }`
[INFO] [stderr]    Compiling zerocopy v0.8.30
[INFO] [stderr]    Compiling zerocopy-derive v0.8.30
[INFO] [stderr]    Compiling getrandom v0.3.4
[INFO] [stderr]    Compiling rustix v1.1.2
[INFO] [stderr]    Compiling tracing-core v0.1.35
[INFO] [stderr]    Compiling getrandom v0.2.16
[INFO] [stderr]    Compiling regex-syntax v0.8.8
[INFO] [stderr]    Compiling serde_json v1.0.145
[INFO] [stderr]    Compiling tokio v1.48.0
[INFO] [stderr]    Compiling linux-raw-sys v0.11.0
[INFO] [stderr]    Compiling plotters-backend v0.3.7
[INFO] [stderr]    Compiling clap_lex v0.7.6
[INFO] [stderr]    Compiling futures-task v0.3.31
[INFO] [stderr]    Compiling fastrand v2.3.0
[INFO] [stderr]    Compiling ciborium-io v0.2.2
[INFO] [stderr]    Compiling rayon-core v1.13.0
[INFO] [stderr]    Compiling futures-util v0.3.31
[INFO] [stderr]    Compiling rand_core v0.6.4
[INFO] [stderr]    Compiling clap_builder v4.5.53
[INFO] [stderr]    Compiling plotters-svg v0.3.7
[INFO] [stderr]    Compiling rand_core v0.9.3
[INFO] [stderr]    Compiling itertools v0.10.5
[INFO] [stderr]    Compiling futures-channel v0.3.31
[INFO] [stderr]    Compiling wait-timeout v0.2.1
[INFO] [stderr]    Compiling async-stream-impl v0.3.6
[INFO] [stderr]    Compiling bit-vec v0.8.0
[INFO] [stderr]    Compiling cast v0.3.0
[INFO] [stderr]    Compiling quick-error v1.2.3
[INFO] [stderr]    Compiling log v0.4.28
[INFO] [stderr]    Compiling futures-io v0.3.31
[INFO] [stderr]    Compiling tracing v0.1.43
[INFO] [stderr]    Compiling bit-set v0.8.0
[INFO] [stderr]    Compiling async-stream v0.3.6
[INFO] [stderr]    Compiling rand_xorshift v0.4.0
[INFO] [stderr]    Compiling tracing-log v0.2.0
[INFO] [stderr]    Compiling rand v0.9.2
[INFO] [stderr]    Compiling plotters v0.3.7
[INFO] [stderr]    Compiling is-terminal v0.4.17
[INFO] [stderr]    Compiling anes v0.1.6
[INFO] [stderr]    Compiling nu-ansi-term v0.50.3
[INFO] [stderr]    Compiling oorandom v11.1.5
[INFO] [stderr]    Compiling tinytemplate v1.2.1
[INFO] [stderr]    Compiling rayon v1.11.0
[INFO] [stderr]    Compiling unarray v0.1.4
[INFO] [stderr]    Compiling tracing-subscriber v0.3.22
[INFO] [stderr]    Compiling criterion-plot v0.5.0
[INFO] [stderr]    Compiling regex-automata v0.4.13
[INFO] [stderr]    Compiling futures v0.3.31
[INFO] [stderr]    Compiling clap v4.5.53
[INFO] [stderr]    Compiling tempfile v3.23.0
[INFO] [stderr]    Compiling rusty-fork v0.3.1
[INFO] [stderr]    Compiling ppv-lite86 v0.2.21
[INFO] [stderr]    Compiling half v2.7.1
[INFO] [stderr]    Compiling ahash v0.8.12
[INFO] [stderr]    Compiling hashbrown v0.14.5
[INFO] [stderr]    Compiling ciborium-ll v0.2.2
[INFO] [stderr]    Compiling rand_chacha v0.3.1
[INFO] [stderr]    Compiling rand_chacha v0.9.0
[INFO] [stderr]    Compiling proptest v1.9.0
[INFO] [stderr]    Compiling ciborium v0.2.2
[INFO] [stderr]    Compiling regex v1.12.2
[INFO] [stderr]    Compiling rand v0.8.5
[INFO] [stderr]    Compiling dashmap v6.1.0
[INFO] [stderr]    Compiling tokio-util v0.7.17
[INFO] [stderr]    Compiling tokio-stream v0.1.17
[INFO] [stderr]    Compiling criterion v0.5.1
[INFO] [stderr]    Compiling filament-transport v0.1.0 (/opt/rustwide/workdir)
[INFO] [stderr]    Compiling tokio-test v0.4.4
[INFO] [stderr] warning: unused dependency `anyhow`
[INFO] [stderr]   --> Cargo.toml:11:15
[INFO] [stderr]    |
[INFO] [stderr] 11 | [dependencies.anyhow]
[INFO] [stderr]    |               ^^^^^^^
[INFO] [stderr]    |
[INFO] [stderr]    = note: `cargo::unused_dependencies` is set to `warn` by default
[INFO] [stderr] help: consider removing the dependency on `anyhow`
[INFO] [stderr] warning: unused dependency `ed25519-dalek`
[INFO] [stderr]   --> Cargo.toml:20:15
[INFO] [stderr]    |
[INFO] [stderr] 20 | [dependencies.ed25519-dalek]
[INFO] [stderr]    |               ^^^^^^^^^^^^^^
[INFO] [stderr]    |
[INFO] [stderr] help: consider removing the dependency on `ed25519-dalek`
[INFO] [stderr] warning: unused dependency `tokio-util`
[INFO] [stderr]   --> Cargo.toml:47:15
[INFO] [stderr]    |
[INFO] [stderr] 47 | [dependencies.tokio-util]
[INFO] [stderr]    |               ^^^^^^^^^^^
[INFO] [stderr]    |
[INFO] [stderr] help: consider removing the dependency on `tokio-util`
[INFO] [stderr] warning: `filament-transport` (manifest) generated 3 warnings
[INFO] [stderr]     Finished `release` profile [optimized] target(s) in 1m 12s
[INFO] running `Command { std: "docker" "inspect" "526f720ded2c8f72bd7fa1aa19ee102f253a9835106c0f7146797ff77c417d76", kill_on_drop: false }`
[INFO] running `Command { std: "docker" "exec" "-e" "SOURCE_DIR=/opt/rustwide/workdir" "-e" "CARGO_HOME=/opt/rustwide/cargo-home" "-e" "RUSTUP_HOME=/opt/rustwide/rustup-home" "-e" "CARGO_TARGET_DIR=/opt/rustwide/target" "-e" "CARGO_INCREMENTAL=0" "-e" "RUST_BACKTRACE=full" "-e" "RUSTFLAGS=--cap-lints=warn" "-e" "RUSTDOCFLAGS=--cap-lints=warn" "-w" "/opt/rustwide/workdir" "--user" "0:0" "526f720ded2c8f72bd7fa1aa19ee102f253a9835106c0f7146797ff77c417d76" "/opt/rustwide/cargo-home/bin/cargo" "+1.100.0-beta.1" "test" "--frozen" "--release", kill_on_drop: false }`
[INFO] [stderr] warning: unused dependency `anyhow`
[INFO] [stderr]   --> Cargo.toml:11:15
[INFO] [stderr]    |
[INFO] [stderr] 11 | [dependencies.anyhow]
[INFO] [stderr]    |               ^^^^^^^
[INFO] [stderr]    |
[INFO] [stderr]    = note: `cargo::unused_dependencies` is set to `warn` by default
[INFO] [stderr] help: consider removing the dependency on `anyhow`
[INFO] [stderr] warning: unused dependency `ed25519-dalek`
[INFO] [stderr]   --> Cargo.toml:20:15
[INFO] [stderr]    |
[INFO] [stderr] 20 | [dependencies.ed25519-dalek]
[INFO] [stderr]    |               ^^^^^^^^^^^^^^
[INFO] [stderr]    |
[INFO] [stderr] help: consider removing the dependency on `ed25519-dalek`
[INFO] [stderr] warning: unused dependency `tokio-util`
[INFO] [stderr]   --> Cargo.toml:47:15
[INFO] [stderr]    |
[INFO] [stderr] 47 | [dependencies.tokio-util]
[INFO] [stderr]    |               ^^^^^^^^^^^
[INFO] [stderr]    |
[INFO] [stderr] help: consider removing the dependency on `tokio-util`
[INFO] [stderr] warning: `filament-transport` (manifest) generated 3 warnings
[INFO] [stderr]     Finished `release` profile [optimized] target(s) in 0.23s
[INFO] [stderr]      Running unittests src/lib.rs (/opt/rustwide/target/release/build/filament-transport/e31fd96ae3f30cc4/out/filament_transport-e31fd96ae3f30cc4)
[INFO] [stdout] 
[INFO] [stdout] running 56 tests
[INFO] [stdout] test announce::tests::test_announce_increment_hops ... ok
[INFO] [stdout] test announce::tests::test_announce_hash ... ok
[INFO] [stdout] test announce::tests::test_announce_manager_bandwidth_limit ... ok
[INFO] [stdout] test announce::tests::test_announce_creation ... ok
[INFO] [stdout] test announce::tests::test_announce_manager_deduplication ... ok
[INFO] [stdout] test announce::tests::test_announce_manager_hop_limit ... FAILED
[INFO] [stdout] test announce::tests::test_announce_queue_full ... ok
[INFO] [stdout] test announce::tests::test_announce_size ... ok
[INFO] [stdout] test bandwidth::tests::test_bandwidth_manager_creation ... ok
[INFO] [stdout] test forwarding::tests::test_hop_info_creation ... ok
[INFO] [stdout] test announce::tests::test_rate_limiter ... ok
[INFO] [stdout] test forwarding::tests::test_forwarding_decision_forward ... ok
[INFO] [stdout] test forwarding::tests::test_forwarding_decision_no_path ... ok
[INFO] [stdout] test forwarding::tests::test_forwarding_decision_loop_detected ... ok
[INFO] [stdout] test forwarding::tests::test_forwarding_decision_ttl_expired ... ok
[INFO] [stdout] test forwarding::tests::test_hop_info_increment ... ok
[INFO] [stdout] test forwarding::tests::test_loop_detector ... ok
[INFO] [stdout] test announce::tests::test_cleanup_cache ... ok
[INFO] [stdout] test bandwidth::tests::test_cap_clamping ... ok
[INFO] [stdout] test announce::tests::test_announce_queue_push_pop ... ok
[INFO] [stdout] test forwarding::tests::test_forwarding_decision_local_delivery ... ok
[INFO] [stdout] test modes::tests::test_is_gateway ... ok
[INFO] [stdout] test path_discovery::tests::test_path_discovery_handle_request_known ... ok
[INFO] [stdout] test path_discovery::tests::test_path_discovery_handle_response ... ok
[INFO] [stdout] test path_discovery::tests::test_path_discovery_request ... ok
[INFO] [stdout] test path_discovery::tests::test_path_discovery_unsolicited_response ... ok
[INFO] [stdout] test path_discovery::tests::test_path_request_creation ... ok
[INFO] [stdout] test forwarding::tests::test_forwarding_decision_transport_disabled ... ok
[INFO] [stdout] test modes::tests::test_display ... ok
[INFO] [stdout] test modes::tests::test_path_expiry_multiplier ... ok
[INFO] [stdout] test modes::tests::test_supports_transport ... ok
[INFO] [stdout] test path_discovery::tests::test_path_response_from_entry ... ok
[INFO] [stdout] test path_discovery::tests::test_path_discovery_handle_request_unknown ... ok
[INFO] [stdout] test modes::tests::test_supports_discovery ... ok
[INFO] [stdout] test routing_table::tests::test_path_entry_creation ... ok
[INFO] [stdout] test routing_table::tests::test_path_expiry_calculation ... ok
[INFO] [stdout] test routing_table::tests::test_statistics ... FAILED
[INFO] [stdout] test path_discovery::tests::test_path_request_increment_hops ... ok
[INFO] [stdout] test routing_table::tests::test_routing_table_insert_and_lookup ... ok
[INFO] [stdout] test routing_table::tests::test_routing_table_capacity ... ok
[INFO] [stdout] test routing_table::tests::test_rtt_update ... ok
[INFO] [stdout] test modes::tests::test_default ... ok
[INFO] [stdout] test routing_table::tests::test_memory_usage ... FAILED
[INFO] [stdout] test routing_table::tests::test_success_failure_tracking ... ok
[INFO] [stdout] test routing_table::tests::test_routing_table_remove ... ok
[INFO] [stdout] test types::tests::test_interface_id ... ok
[INFO] [stdout] test types::tests::test_link_id ... ok
[INFO] [stdout] test types::tests::test_destination_hash_from_str ... ok
[INFO] [stdout] test types::tests::test_destination_hash_display ... ok
[INFO] [stdout] test types::tests::test_destination_hash_hex ... ok
[INFO] [stdout] test routing_table::tests::test_paths_for_interface ... ok
[INFO] [stdout] test forwarding::tests::test_loop_detector_cleanup ... ok
[INFO] [stdout] test path_discovery::tests::test_path_discovery_cleanup ... ok
[INFO] [stdout] test bandwidth::tests::test_bandwidth_reset ... FAILED
[INFO] [stdout] test bandwidth::tests::test_utilization ... ok
[INFO] [stdout] test bandwidth::tests::test_can_send_within_budget ... ok
[INFO] [stdout] 
[INFO] [stdout] failures:
[INFO] [stdout] 
[INFO] [stdout] ---- announce::tests::test_announce_manager_hop_limit stdout ----
[INFO] [stdout] 
[INFO] [stdout] thread 'announce::tests::test_announce_manager_hop_limit' (1893) panicked at src/announce.rs:529:9:
[INFO] [stdout] assertion failed: !result
[INFO] [stdout] stack backtrace:
[INFO] [stdout]    0:     0x6357c16bcae1 - <<std[617be2ca0a6fd877]::sys::backtrace::BacktraceLock>::print::DisplayBacktrace as core[a373ad73a504971]::fmt::Display>::fmt
[INFO] [stdout]    1:     0x6357c16d115a - core[a373ad73a504971]::fmt::write
[INFO] [stdout]    2:     0x6357c16c0f3c - <alloc[2e1b2a31b91974c5]::vec::Vec<u8> as core[a373ad73a504971]::io::write::Write>::write_fmt
[INFO] [stdout]    3:     0x6357c16988b6 - std[617be2ca0a6fd877]::panicking::default_hook::{closure#0}
[INFO] [stdout]    4:     0x6357c16b4db9 - std[617be2ca0a6fd877]::panicking::default_hook
[INFO] [stdout]    5:     0x6357c1626b50 - test[aada8e7e76ba119b]::test_main_inner::{closure#0}
[INFO] [stdout]    6:     0x6357c16b50e2 - std[617be2ca0a6fd877]::panicking::panic_with_hook
[INFO] [stdout]    7:     0x6357c1698994 - std[617be2ca0a6fd877]::panicking::panic_handler::{closure#0}
[INFO] [stdout]    8:     0x6357c1691679 - std[617be2ca0a6fd877]::sys::backtrace::__rust_end_short_backtrace::<std[617be2ca0a6fd877]::panicking::panic_handler::{closure#0}, !>
[INFO] [stdout]    9:     0x6357c169956d - __rustc[ea4f61d10b84890b]::rust_begin_unwind
[INFO] [stdout]   10:     0x6357c16d18bc - core[a373ad73a504971]::panicking::panic_fmt
[INFO] [stdout]   11:     0x6357c16d1882 - core[a373ad73a504971]::panicking::panic
[INFO] [stdout]   12:     0x6357c15ff1e0 - filament_transport[d2d9805f1bc0161e]::announce::tests::test_announce_manager_hop_limit::{closure#0}
[INFO] [stdout]   13:     0x6357c1607e63 - <tokio[2187be7e6636253a]::runtime::scheduler::current_thread::Context>::enter::<core[a373ad73a504971]::task::poll::Poll<()>, <tokio[2187be7e6636253a]::runtime::scheduler::current_thread::CoreGuard>::block_on<core[a373ad73a504971]::pin::Pin<&mut core[a373ad73a504971]::pin::Pin<&mut dyn core[a373ad73a504971]::future::future::Future<Output = ()>>>>::{closure#0}::{closure#0}>
[INFO] [stdout]   14:     0x6357c160cad9 - <std[617be2ca0a6fd877]::thread::local::LocalKey<tokio[2187be7e6636253a]::runtime::context::Context>>::with::<tokio[2187be7e6636253a]::runtime::context::set_scheduler<(alloc[2e1b2a31b91974c5]::boxed::Box<tokio[2187be7e6636253a]::runtime::scheduler::current_thread::Core>, core[a373ad73a504971]::option::Option<()>), <tokio[2187be7e6636253a]::runtime::scheduler::current_thread::CoreGuard>::enter<<tokio[2187be7e6636253a]::runtime::scheduler::current_thread::CoreGuard>::block_on<core[a373ad73a504971]::pin::Pin<&mut core[a373ad73a504971]::pin::Pin<&mut dyn core[a373ad73a504971]::future::future::Future<Output = ()>>>>::{closure#0}, core[a373ad73a504971]::option::Option<()>>::{closure#0}>::{closure#0}, (alloc[2e1b2a31b91974c5]::boxed::Box<tokio[2187be7e6636253a]::runtime::scheduler::current_thread::Core>, core[a373ad73a504971]::option::Option<()>)>
[INFO] [stdout]   15:     0x6357c1608eb7 - <tokio[2187be7e6636253a]::runtime::scheduler::current_thread::CoreGuard>::block_on::<core[a373ad73a504971]::pin::Pin<&mut core[a373ad73a504971]::pin::Pin<&mut dyn core[a373ad73a504971]::future::future::Future<Output = ()>>>>
[INFO] [stdout]   16:     0x6357c16182e7 - tokio[2187be7e6636253a]::runtime::context::runtime::enter_runtime::<<tokio[2187be7e6636253a]::runtime::scheduler::current_thread::CurrentThread>::block_on<core[a373ad73a504971]::pin::Pin<&mut dyn core[a373ad73a504971]::future::future::Future<Output = ()>>>::{closure#0}, ()>
[INFO] [stdout]   17:     0x6357c161764a - <tokio[2187be7e6636253a]::runtime::runtime::Runtime>::block_on::<core[a373ad73a504971]::pin::Pin<&mut dyn core[a373ad73a504971]::future::future::Future<Output = ()>>>
[INFO] [stdout]   18:     0x6357c1600a5e - <filament_transport[d2d9805f1bc0161e]::announce::tests::test_announce_manager_hop_limit::{closure#0} as core[a373ad73a504971]::ops::function::FnOnce<()>>::call_once
[INFO] [stdout]   19:     0x6357c1619f9b - test[aada8e7e76ba119b]::__rust_begin_short_backtrace::<core[a373ad73a504971]::result::Result<(), alloc[2e1b2a31b91974c5]::string::String>, fn() -> core[a373ad73a504971]::result::Result<(), alloc[2e1b2a31b91974c5]::string::String>>
[INFO] [stdout]   20:     0x6357c1627175 - test[aada8e7e76ba119b]::run_test::{closure#0}
[INFO] [stdout]   21:     0x6357c1620a64 - std[617be2ca0a6fd877]::sys::backtrace::__rust_begin_short_backtrace::<test[aada8e7e76ba119b]::run_test::{closure#1}, ()>
[INFO] [stdout]   22:     0x6357c162a202 - <std[617be2ca0a6fd877]::thread::lifecycle::spawn_unchecked<test[aada8e7e76ba119b]::run_test::{closure#1}, ()>::{closure#1} as core[a373ad73a504971]::ops::function::FnOnce<()>>::call_once::{shim:vtable#0}
[INFO] [stdout]   23:     0x6357c16bc2ff - <std[617be2ca0a6fd877]::sys::thread::unix::Thread>::new::thread_start
[INFO] [stdout]   24:     0x7c36166e8dfa - <unknown>
[INFO] [stdout]   25:     0x7c361677c3d4 - clone
[INFO] [stdout]   26:                0x0 - <unknown>
[INFO] [stdout] 
[INFO] [stdout] ---- routing_table::tests::test_statistics stdout ----
[INFO] [stdout] 
[INFO] [stdout] thread 'routing_table::tests::test_statistics' (1937) panicked at src/routing_table.rs:566:9:
[INFO] [stdout] assertion `left == right` failed
[INFO] [stdout]   left: 0
[INFO] [stdout]  right: 1
[INFO] [stdout] stack backtrace:
[INFO] [stdout]    0:     0x6357c16bcae1 - <<std[617be2ca0a6fd877]::sys::backtrace::BacktraceLock>::print::DisplayBacktrace as core[a373ad73a504971]::fmt::Display>::fmt
[INFO] [stdout]    1:     0x6357c16d115a - core[a373ad73a504971]::fmt::write
[INFO] [stdout]    2:     0x6357c16c0f3c - <alloc[2e1b2a31b91974c5]::vec::Vec<u8> as core[a373ad73a504971]::io::write::Write>::write_fmt
[INFO] [stdout]    3:     0x6357c16988b6 - std[617be2ca0a6fd877]::panicking::default_hook::{closure#0}
[INFO] [stdout]    4:     0x6357c16b4db9 - std[617be2ca0a6fd877]::panicking::default_hook
[INFO] [stdout]    5:     0x6357c1626b50 - test[aada8e7e76ba119b]::test_main_inner::{closure#0}
[INFO] [stdout]    6:     0x6357c16b50e2 - std[617be2ca0a6fd877]::panicking::panic_with_hook
[INFO] [stdout]    7:     0x6357c1698962 - std[617be2ca0a6fd877]::panicking::panic_handler::{closure#0}
[INFO] [stdout]    8:     0x6357c1691679 - std[617be2ca0a6fd877]::sys::backtrace::__rust_end_short_backtrace::<std[617be2ca0a6fd877]::panicking::panic_handler::{closure#0}, !>
[INFO] [stdout]    9:     0x6357c169956d - __rustc[ea4f61d10b84890b]::rust_begin_unwind
[INFO] [stdout]   10:     0x6357c16d18bc - core[a373ad73a504971]::panicking::panic_fmt
[INFO] [stdout]   11:     0x6357c16d17d3 - core[a373ad73a504971]::panicking::assert_failed_inner
[INFO] [stdout]   12:     0x6357c16cdbbd - core[a373ad73a504971]::panicking::assert_failed::<u64, u64>
[INFO] [stdout]   13:     0x6357c160f740 - <filament_transport[d2d9805f1bc0161e]::routing_table::tests::test_statistics::{closure#0} as core[a373ad73a504971]::ops::function::FnOnce<()>>::call_once
[INFO] [stdout]   14:     0x6357c1619f9b - test[aada8e7e76ba119b]::__rust_begin_short_backtrace::<core[a373ad73a504971]::result::Result<(), alloc[2e1b2a31b91974c5]::string::String>, fn() -> core[a373ad73a504971]::result::Result<(), alloc[2e1b2a31b91974c5]::string::String>>
[INFO] [stdout]   15:     0x6357c1627175 - test[aada8e7e76ba119b]::run_test::{closure#0}
[INFO] [stdout]   16:     0x6357c1620a64 - std[617be2ca0a6fd877]::sys::backtrace::__rust_begin_short_backtrace::<test[aada8e7e76ba119b]::run_test::{closure#1}, ()>
[INFO] [stdout]   17:     0x6357c162a202 - <std[617be2ca0a6fd877]::thread::lifecycle::spawn_unchecked<test[aada8e7e76ba119b]::run_test::{closure#1}, ()>::{closure#1} as core[a373ad73a504971]::ops::function::FnOnce<()>>::call_once::{shim:vtable#0}
[INFO] [stdout]   18:     0x6357c16bc2ff - <std[617be2ca0a6fd877]::sys::thread::unix::Thread>::new::thread_start
[INFO] [stdout]   19:     0x7c36166e8dfa - <unknown>
[INFO] [stdout]   20:     0x7c361677c3d4 - clone
[INFO] [stdout]   21:                0x0 - <unknown>
[INFO] [stdout] 
[INFO] [stdout] ---- routing_table::tests::test_memory_usage stdout ----
[INFO] [stdout] 
[INFO] [stdout] thread 'routing_table::tests::test_memory_usage' (1929) panicked at src/routing_table.rs:585:9:
[INFO] [stdout] assertion failed: memory > 100_000
[INFO] [stdout] stack backtrace:
[INFO] [stdout]    0:     0x6357c16bcae1 - <<std[617be2ca0a6fd877]::sys::backtrace::BacktraceLock>::print::DisplayBacktrace as core[a373ad73a504971]::fmt::Display>::fmt
[INFO] [stdout]    1:     0x6357c16d115a - core[a373ad73a504971]::fmt::write
[INFO] [stdout]    2:     0x6357c16c0f3c - <alloc[2e1b2a31b91974c5]::vec::Vec<u8> as core[a373ad73a504971]::io::write::Write>::write_fmt
[INFO] [stdout]    3:     0x6357c16988b6 - std[617be2ca0a6fd877]::panicking::default_hook::{closure#0}
[INFO] [stdout]    4:     0x6357c16b4db9 - std[617be2ca0a6fd877]::panicking::default_hook
[INFO] [stdout]    5:     0x6357c1626b50 - test[aada8e7e76ba119b]::test_main_inner::{closure#0}
[INFO] [stdout]    6:     0x6357c16b50e2 - std[617be2ca0a6fd877]::panicking::panic_with_hook
[INFO] [stdout]    7:     0x6357c1698994 - std[617be2ca0a6fd877]::panicking::panic_handler::{closure#0}
[INFO] [stdout]    8:     0x6357c1691679 - std[617be2ca0a6fd877]::sys::backtrace::__rust_end_short_backtrace::<std[617be2ca0a6fd877]::panicking::panic_handler::{closure#0}, !>
[INFO] [stdout]    9:     0x6357c169956d - __rustc[ea4f61d10b84890b]::rust_begin_unwind
[INFO] [stdout]   10:     0x6357c16d18bc - core[a373ad73a504971]::panicking::panic_fmt
[INFO] [stdout]   11:     0x6357c16d1882 - core[a373ad73a504971]::panicking::panic
[INFO] [stdout]   12:     0x6357c160fa72 - <filament_transport[d2d9805f1bc0161e]::routing_table::tests::test_memory_usage::{closure#0} as core[a373ad73a504971]::ops::function::FnOnce<()>>::call_once
[INFO] [stdout]   13:     0x6357c1619f9b - test[aada8e7e76ba119b]::__rust_begin_short_backtrace::<core[a373ad73a504971]::result::Result<(), alloc[2e1b2a31b91974c5]::string::String>, fn() -> core[a373ad73a504971]::result::Result<(), alloc[2e1b2a31b91974c5]::string::String>>
[INFO] [stdout]   14:     0x6357c1627175 - test[aada8e7e76ba119b]::run_test::{closure#0}
[INFO] [stdout]   15:     0x6357c1620a64 - std[617be2ca0a6fd877]::sys::backtrace::__rust_begin_short_backtrace::<test[aada8e7e76ba119b]::run_test::{closure#1}, ()>
[INFO] [stdout]   16:     0x6357c162a202 - <std[617be2ca0a6fd877]::thread::lifecycle::spawn_unchecked<test[aada8e7e76ba119b]::run_test::{closure#1}, ()>::{closure#1} as core[a373ad73a504971]::ops::function::FnOnce<()>>::call_once::{shim:vtable#0}
[INFO] [stdout]   17:     0x6357c16bc2ff - <std[617be2ca0a6fd877]::sys::thread::unix::Thread>::new::thread_start
[INFO] [stdout]   18:     0x7c36166e8dfa - <unknown>
[INFO] [stdout]   19:     0x7c361677c3d4 - clone
[INFO] [stdout]   20:                0x0 - <unknown>
[INFO] [stdout] 
[INFO] [stdout] ---- bandwidth::tests::test_bandwidth_reset stdout ----
[INFO] [stdout] 
[INFO] [stdout] thread 'bandwidth::tests::test_bandwidth_reset' (1900) panicked at src/bandwidth.rs:164:9:
[INFO] [stdout] assertion failed: manager.total_bytes() > 0
[INFO] [stdout] stack backtrace:
[INFO] [stdout]    0:     0x6357c16bcae1 - <<std[617be2ca0a6fd877]::sys::backtrace::BacktraceLock>::print::DisplayBacktrace as core[a373ad73a504971]::fmt::Display>::fmt
[INFO] [stdout]    1:     0x6357c16d115a - core[a373ad73a504971]::fmt::write
[INFO] [stdout]    2:     0x6357c16c0f3c - <alloc[2e1b2a31b91974c5]::vec::Vec<u8> as core[a373ad73a504971]::io::write::Write>::write_fmt
[INFO] [stdout]    3:     0x6357c16988b6 - std[617be2ca0a6fd877]::panicking::default_hook::{closure#0}
[INFO] [stdout]    4:     0x6357c16b4db9 - std[617be2ca0a6fd877]::panicking::default_hook
[INFO] [stdout]    5:     0x6357c1626b50 - test[aada8e7e76ba119b]::test_main_inner::{closure#0}
[INFO] [stdout]    6:     0x6357c16b50e2 - std[617be2ca0a6fd877]::panicking::panic_with_hook
[INFO] [stdout]    7:     0x6357c1698994 - std[617be2ca0a6fd877]::panicking::panic_handler::{closure#0}
[INFO] [stdout]    8:     0x6357c1691679 - std[617be2ca0a6fd877]::sys::backtrace::__rust_end_short_backtrace::<std[617be2ca0a6fd877]::panicking::panic_handler::{closure#0}, !>
[INFO] [stdout]    9:     0x6357c169956d - __rustc[ea4f61d10b84890b]::rust_begin_unwind
[INFO] [stdout]   10:     0x6357c16d18bc - core[a373ad73a504971]::panicking::panic_fmt
[INFO] [stdout]   11:     0x6357c16d1882 - core[a373ad73a504971]::panicking::panic
[INFO] [stdout]   12:     0x6357c16198df - <filament_transport[d2d9805f1bc0161e]::bandwidth::tests::test_bandwidth_reset::{closure#0} as core[a373ad73a504971]::ops::function::FnOnce<()>>::call_once
[INFO] [stdout]   13:     0x6357c1619f9b - test[aada8e7e76ba119b]::__rust_begin_short_backtrace::<core[a373ad73a504971]::result::Result<(), alloc[2e1b2a31b91974c5]::string::String>, fn() -> core[a373ad73a504971]::result::Result<(), alloc[2e1b2a31b91974c5]::string::String>>
[INFO] [stdout]   14:     0x6357c1627175 - test[aada8e7e76ba119b]::run_test::{closure#0}
[INFO] [stdout]   15:     0x6357c1620a64 - std[617be2ca0a6fd877]::sys::backtrace::__rust_begin_short_backtrace::<test[aada8e7e76ba119b]::run_test::{closure#1}, ()>
[INFO] [stdout]   16:     0x6357c162a202 - <std[617be2ca0a6fd877]::thread::lifecycle::spawn_unchecked<test[aada8e7e76ba119b]::run_test::{closure#1}, ()>::{closure#1} as core[a373ad73a504971]::ops::function::FnOnce<()>>::call_once::{shim:vtable#0}
[INFO] [stdout]   17:     0x6357c16bc2ff - <std[617be2ca0a6fd877]::sys::thread::unix::Thread>::new::thread_start
[INFO] [stdout]   18:     0x7c36166e8dfa - <unknown>
[INFO] [stdout]   19:     0x7c361677c3d4 - clone
[INFO] [stdout]   20:                0x0 - <unknown>
[INFO] [stdout] 
[INFO] [stdout] 
[INFO] [stdout] failures:
[INFO] [stdout]     announce::tests::test_announce_manager_hop_limit
[INFO] [stdout]     bandwidth::tests::test_bandwidth_reset
[INFO] [stdout]     routing_table::tests::test_memory_usage
[INFO] [stdout]     routing_table::tests::test_statistics
[INFO] [stdout] 
[INFO] [stdout] test result: FAILED. 52 passed; 4 failed; 0 ignored; 0 measured; 0 filtered out; finished in 1.01s
[INFO] [stdout] 
[INFO] [stderr] error: test failed, to rerun pass `--lib`
[INFO] running `Command { std: "docker" "inspect" "526f720ded2c8f72bd7fa1aa19ee102f253a9835106c0f7146797ff77c417d76", kill_on_drop: false }`
[INFO] running `Command { std: "docker" "rm" "-f" "526f720ded2c8f72bd7fa1aa19ee102f253a9835106c0f7146797ff77c417d76", kill_on_drop: false }`
[INFO] [stdout] 526f720ded2c8f72bd7fa1aa19ee102f253a9835106c0f7146797ff77c417d76
