[INFO] fetching crate filament-crypto 0.1.0...
[INFO] testing filament-crypto-0.1.0 against 1.99.0-beta.8+cargoflags=--release for beta-release-1.100-2
[INFO] extracting crate filament-crypto 0.1.0 into /workspace/builds/worker-5-tc1/source
[INFO] started tweaking crates.io crate filament-crypto 0.1.0
[INFO] removed 0 missing tests
[INFO] finished tweaking crates.io crate filament-crypto 0.1.0
[INFO] tweaked toml for crates.io crate filament-crypto 0.1.0 written to /workspace/builds/worker-5-tc1/source/Cargo.toml
[INFO] validating manifest of crates.io crate filament-crypto 0.1.0 on toolchain 1.99.0-beta.8
[INFO] running `Command { std: CARGO_HOME="/workspace/cargo-home" RUSTUP_HOME="/workspace/rustup-home" "/workspace/cargo-home/bin/cargo" "+1.99.0-beta.8" "metadata" "--manifest-path" "Cargo.toml" "--no-deps", kill_on_drop: false }`
[INFO] crate crates.io crate filament-crypto 0.1.0 already has a lockfile, it will not be regenerated
[INFO] running `Command { std: CARGO_HOME="/workspace/cargo-home" RUSTUP_HOME="/workspace/rustup-home" "/workspace/cargo-home/bin/cargo" "+1.99.0-beta.8" "fetch" "--manifest-path" "Cargo.toml", kill_on_drop: false }`
[INFO] running `Command { std: "docker" "create" "-v" "/var/lib/crater-agent-workspace/builds/worker-5-tc1/source:/opt/rustwide/workdir:ro,Z" "-v" "/var/lib/crater-agent-workspace/builds/worker-5-tc1/target:/opt/rustwide/target:rw,Z" "-v" "/var/lib/crater-agent-workspace/cargo-home:/opt/rustwide/cargo-home:ro,Z" "-v" "/var/lib/crater-agent-workspace/rustup-home:/opt/rustwide/rustup-home:ro,Z" "-m" "1610612736" "--network" "none" "ghcr.io/rust-lang/crates-build-env/linux@sha256:77db811e55d90add9212f6832c23229e3de5f1c1f9905e8cb07319ea15df73ac" "sleep" "infinity", kill_on_drop: false }`
[INFO] [stdout] 534025690f1cc33da609642c5c7ffd7d5be193f61d50d3dcb05dae4a62ba5b36
[INFO] running `Command { std: "docker" "start" "534025690f1cc33da609642c5c7ffd7d5be193f61d50d3dcb05dae4a62ba5b36", kill_on_drop: false }`
[INFO] running `Command { std: "docker" "inspect" "534025690f1cc33da609642c5c7ffd7d5be193f61d50d3dcb05dae4a62ba5b36", kill_on_drop: false }`
[INFO] running `Command { std: "docker" "exec" "-e" "SOURCE_DIR=/opt/rustwide/workdir" "-e" "CARGO_HOME=/opt/rustwide/cargo-home" "-e" "RUSTUP_HOME=/opt/rustwide/rustup-home" "-e" "CARGO_TARGET_DIR=/opt/rustwide/target" "-w" "/opt/rustwide/workdir" "--user" "0:0" "534025690f1cc33da609642c5c7ffd7d5be193f61d50d3dcb05dae4a62ba5b36" "/opt/rustwide/cargo-home/bin/cargo" "+1.99.0-beta.8" "metadata" "--no-deps" "--format-version=1", kill_on_drop: false }`
[INFO] running `Command { std: "docker" "inspect" "534025690f1cc33da609642c5c7ffd7d5be193f61d50d3dcb05dae4a62ba5b36", kill_on_drop: false }`
[INFO] running `Command { std: "docker" "exec" "-e" "SOURCE_DIR=/opt/rustwide/workdir" "-e" "CARGO_HOME=/opt/rustwide/cargo-home" "-e" "RUSTUP_HOME=/opt/rustwide/rustup-home" "-e" "CARGO_TARGET_DIR=/opt/rustwide/target" "-e" "CARGO_INCREMENTAL=0" "-e" "RUST_BACKTRACE=full" "-e" "RUSTFLAGS=--cap-lints=warn" "-e" "RUSTDOCFLAGS=--cap-lints=warn" "-w" "/opt/rustwide/workdir" "--user" "0:0" "534025690f1cc33da609642c5c7ffd7d5be193f61d50d3dcb05dae4a62ba5b36" "/opt/rustwide/cargo-home/bin/cargo" "+1.99.0-beta.8" "build" "--frozen" "--message-format=json" "--release", kill_on_drop: false }`
[INFO] [stderr]    Compiling version_check v0.9.5
[INFO] [stderr]    Compiling typenum v1.19.0
[INFO] [stderr]    Compiling proc-macro2 v1.0.103
[INFO] [stderr]    Compiling unicode-ident v1.0.22
[INFO] [stderr]    Compiling quote v1.0.42
[INFO] [stderr]    Compiling subtle v2.6.1
[INFO] [stderr]    Compiling semver v1.0.27
[INFO] [stderr]    Compiling cfg-if v1.0.4
[INFO] [stderr]    Compiling cpufeatures v0.2.17
[INFO] [stderr]    Compiling libc v0.2.177
[INFO] [stderr]    Compiling serde_core v1.0.228
[INFO] [stderr]    Compiling thiserror v1.0.69
[INFO] [stderr]    Compiling serde v1.0.228
[INFO] [stderr]    Compiling rand_core v0.6.4
[INFO] [stderr]    Compiling signature v2.2.0
[INFO] [stderr]    Compiling hex v0.4.3
[INFO] [stderr]    Compiling base64 v0.22.1
[INFO] [stderr]    Compiling ed25519 v2.2.3
[INFO] [stderr]    Compiling generic-array v0.14.7
[INFO] [stderr]    Compiling rustc_version v0.4.1
[INFO] [stderr]    Compiling curve25519-dalek v4.1.3
[INFO] [stderr]    Compiling syn v2.0.111
[INFO] [stderr]    Compiling crypto-common v0.1.7
[INFO] [stderr]    Compiling block-buffer v0.10.4
[INFO] [stderr]    Compiling block-padding v0.3.3
[INFO] [stderr]    Compiling getrandom v0.2.16
[INFO] [stderr]    Compiling digest v0.10.7
[INFO] [stderr]    Compiling inout v0.1.4
[INFO] [stderr]    Compiling cipher v0.4.4
[INFO] [stderr]    Compiling sha2 v0.10.9
[INFO] [stderr]    Compiling hmac v0.12.1
[INFO] [stderr]    Compiling hkdf v0.12.4
[INFO] [stderr]    Compiling cbc v0.1.2
[INFO] [stderr]    Compiling aes v0.8.4
[INFO] [stderr]    Compiling zeroize_derive v1.4.2
[INFO] [stderr]    Compiling curve25519-dalek-derive v0.1.1
[INFO] [stderr]    Compiling thiserror-impl v1.0.69
[INFO] [stderr]    Compiling serde_derive v1.0.228
[INFO] [stderr]    Compiling zeroize v1.8.2
[INFO] [stderr]    Compiling x25519-dalek v2.0.1
[INFO] [stderr]    Compiling ed25519-dalek v2.2.0
[INFO] [stderr]    Compiling filament-crypto v0.1.0 (/opt/rustwide/workdir)
[INFO] [stderr]     Finished `release` profile [optimized] target(s) in 16.51s
[INFO] running `Command { std: "docker" "inspect" "534025690f1cc33da609642c5c7ffd7d5be193f61d50d3dcb05dae4a62ba5b36", kill_on_drop: false }`
[INFO] running `Command { std: "docker" "exec" "-e" "SOURCE_DIR=/opt/rustwide/workdir" "-e" "CARGO_HOME=/opt/rustwide/cargo-home" "-e" "RUSTUP_HOME=/opt/rustwide/rustup-home" "-e" "CARGO_TARGET_DIR=/opt/rustwide/target" "-e" "CARGO_INCREMENTAL=0" "-e" "RUST_BACKTRACE=full" "-e" "RUSTFLAGS=--cap-lints=warn" "-e" "RUSTDOCFLAGS=--cap-lints=warn" "-w" "/opt/rustwide/workdir" "--user" "0:0" "534025690f1cc33da609642c5c7ffd7d5be193f61d50d3dcb05dae4a62ba5b36" "/opt/rustwide/cargo-home/bin/cargo" "+1.99.0-beta.8" "test" "--frozen" "--no-run" "--message-format=json" "--release", kill_on_drop: false }`
[INFO] [stderr]    Compiling libc v0.2.177
[INFO] [stderr]    Compiling getrandom v0.3.4
[INFO] [stderr]    Compiling zerocopy v0.8.30
[INFO] [stderr]    Compiling serde_core v1.0.228
[INFO] [stderr]    Compiling crossbeam-utils v0.8.21
[INFO] [stderr]    Compiling serde v1.0.228
[INFO] [stderr]    Compiling autocfg v1.5.0
[INFO] [stderr]    Compiling rustix v1.1.2
[INFO] [stderr]    Compiling once_cell v1.21.3
[INFO] [stderr]    Compiling rayon-core v1.13.0
[INFO] [stderr]    Compiling regex-syntax v0.8.8
[INFO] [stderr]    Compiling either v1.15.0
[INFO] [stderr]    Compiling serde_json v1.0.145
[INFO] [stderr]    Compiling zerocopy-derive v0.8.30
[INFO] [stderr]    Compiling linux-raw-sys v0.11.0
[INFO] [stderr]    Compiling bitflags v2.10.0
[INFO] [stderr]    Compiling ciborium-io v0.2.2
[INFO] [stderr]    Compiling ryu v1.0.20
[INFO] [stderr]    Compiling plotters-backend v0.3.7
[INFO] [stderr]    Compiling memchr v2.7.6
[INFO] [stderr]    Compiling itoa v1.0.15
[INFO] [stderr]    Compiling clap_lex v0.7.6
[INFO] [stderr]    Compiling anstyle v1.0.13
[INFO] [stderr]    Compiling fastrand v2.3.0
[INFO] [stderr]    Compiling itertools v0.10.5
[INFO] [stderr]    Compiling same-file v1.0.6
[INFO] [stderr]    Compiling clap_builder v4.5.53
[INFO] [stderr]    Compiling quick-error v1.2.3
[INFO] [stderr]    Compiling fnv v1.0.7
[INFO] [stderr]    Compiling bit-vec v0.8.0
[INFO] [stderr]    Compiling cast v0.3.0
[INFO] [stderr]    Compiling num-traits v0.2.19
[INFO] [stderr]    Compiling walkdir v2.5.0
[INFO] [stderr]    Compiling unarray v0.1.4
[INFO] [stderr]    Compiling oorandom v11.1.5
[INFO] [stderr]    Compiling anes v0.1.6
[INFO] [stderr]    Compiling plotters-svg v0.3.7
[INFO] [stderr]    Compiling bit-set v0.8.0
[INFO] [stderr]    Compiling wait-timeout v0.2.1
[INFO] [stderr]    Compiling is-terminal v0.4.17
[INFO] [stderr]    Compiling getrandom v0.2.16
[INFO] [stderr]    Compiling crossbeam-epoch v0.9.18
[INFO] [stderr]    Compiling rand_core v0.9.3
[INFO] [stderr]    Compiling rand_xorshift v0.4.0
[INFO] [stderr]    Compiling rand v0.9.2
[INFO] [stderr]    Compiling crossbeam-deque v0.8.6
[INFO] [stderr]    Compiling plotters v0.3.7
[INFO] [stderr]    Compiling rayon v1.11.0
[INFO] [stderr]    Compiling criterion-plot v0.5.0
[INFO] [stderr]    Compiling regex-automata v0.4.13
[INFO] [stderr]    Compiling clap v4.5.53
[INFO] [stderr]    Compiling tempfile v3.23.0
[INFO] [stderr]    Compiling filament-crypto v0.1.0 (/opt/rustwide/workdir)
[INFO] [stderr]    Compiling rusty-fork v0.3.1
[INFO] [stderr]    Compiling tinytemplate v1.2.1
[INFO] [stderr]    Compiling half v2.7.1
[INFO] [stderr]    Compiling ppv-lite86 v0.2.21
[INFO] [stderr]    Compiling rand_chacha v0.9.0
[INFO] [stderr]    Compiling ciborium-ll v0.2.2
[INFO] [stderr]    Compiling ciborium v0.2.2
[INFO] [stderr]    Compiling proptest v1.9.0
[INFO] [stderr]    Compiling regex v1.12.2
[INFO] [stderr]    Compiling criterion v0.5.1
[INFO] [stderr]     Finished `release` profile [optimized] target(s) in 1m 00s
[INFO] running `Command { std: "docker" "inspect" "534025690f1cc33da609642c5c7ffd7d5be193f61d50d3dcb05dae4a62ba5b36", kill_on_drop: false }`
[INFO] running `Command { std: "docker" "exec" "-e" "SOURCE_DIR=/opt/rustwide/workdir" "-e" "CARGO_HOME=/opt/rustwide/cargo-home" "-e" "RUSTUP_HOME=/opt/rustwide/rustup-home" "-e" "CARGO_TARGET_DIR=/opt/rustwide/target" "-e" "CARGO_INCREMENTAL=0" "-e" "RUST_BACKTRACE=full" "-e" "RUSTFLAGS=--cap-lints=warn" "-e" "RUSTDOCFLAGS=--cap-lints=warn" "-w" "/opt/rustwide/workdir" "--user" "0:0" "534025690f1cc33da609642c5c7ffd7d5be193f61d50d3dcb05dae4a62ba5b36" "/opt/rustwide/cargo-home/bin/cargo" "+1.99.0-beta.8" "test" "--frozen" "--release", kill_on_drop: false }`
[INFO] [stderr]     Finished `release` profile [optimized] target(s) in 0.16s
[INFO] [stderr]      Running unittests src/lib.rs (/opt/rustwide/target/release/deps/filament_crypto-ac742dd93c1a72aa)
[INFO] [stdout] 
[INFO] [stdout] running 54 tests
[INFO] [stdout] test encryption::tests::test_encrypt_decrypt_roundtrip ... ok
[INFO] [stdout] test encryption::tests::test_constant_time_compare ... ok
[INFO] [stdout] test encryption::tests::test_encryption_different_iv ... ok
[INFO] [stdout] test fernet::tests::test_fernet_invalid_key_size ... ok
[INFO] [stdout] test fernet::tests::test_fernet_large_data ... ok
[INFO] [stdout] test encryption::tests::test_ciphertext_too_short ... ok
[INFO] [stdout] test encryption::tests::test_empty_plaintext ... ok
[INFO] [stdout] test encryption::tests::test_tampered_mac_fails ... ok
[INFO] [stdout] test encryption::tests::test_tampered_ciphertext_fails ... ok
[INFO] [stdout] test hkdf::tests::test_derive_key_deterministic ... ok
[INFO] [stdout] test hkdf::tests::test_derive_key_different_info ... ok
[INFO] [stdout] test encryption::tests::test_wrong_key_fails ... ok
[INFO] [stdout] test hkdf::tests::test_derive_key_basic ... ok
[INFO] [stdout] test fernet::tests::test_fernet_different_tokens ... ok
[INFO] [stdout] test fernet::tests::test_constant_time_compare ... ok
[INFO] [stdout] test hkdf::tests::test_derive_key_different_salt ... ok
[INFO] [stdout] test hkdf::tests::test_derive_key_too_large ... ok
[INFO] [stdout] test hkdf::tests::test_derive_link_keys_different_link_id ... ok
[INFO] [stdout] test hkdf::tests::test_derive_packet_key ... ok
[INFO] [stdout] test hkdf::tests::test_derive_packet_key_deterministic ... ok
[INFO] [stdout] test hkdf::tests::test_derive_key_max_length ... ok
[INFO] [stdout] test hkdf::tests::test_derive_link_keys ... ok
[INFO] [stdout] test fernet::tests::test_fernet_ttl_expired ... ok
[INFO] [stdout] test fernet::tests::test_fernet_ttl_valid ... ok
[INFO] [stdout] test hkdf::tests::test_rfc5869_test_case_3 ... ok
[INFO] [stdout] test identity::tests::test_identity_generation ... ok
[INFO] [stdout] test fernet::tests::test_fernet_token_from_string ... ok
[INFO] [stdout] test encryption::tests::test_large_plaintext ... ok
[INFO] [stdout] test hkdf::tests::test_rfc5869_test_case_1 ... ok
[INFO] [stdout] test hkdf::tests::test_rfc5869_test_case_2 ... ok
[INFO] [stdout] test primitives::tests::test_hmac_deterministic ... ok
[INFO] [stdout] test identity::tests::test_identity_hash_deterministic ... ok
[INFO] [stdout] test encryption::tests::test_invalid_key_size ... ok
[INFO] [stdout] test hkdf::tests::test_derive_key_no_salt ... ok
[INFO] [stdout] test hkdf::tests::test_derive_key_variable_length ... ok
[INFO] [stdout] test fernet::tests::test_fernet_roundtrip ... ok
[INFO] [stdout] test fernet::tests::test_fernet_empty_data ... ok
[INFO] [stdout] test identity::tests::test_identity_serialization ... ok
[INFO] [stdout] test hkdf::tests::test_derive_packet_key_different_nonce ... ok
[INFO] [stdout] test primitives::tests::test_hmac_sha256_rfc4231_test_case_1 ... ok
[INFO] [stdout] test primitives::tests::test_hmac_sha256_rfc4231_test_case_2 ... ok
[INFO] [stdout] test primitives::tests::test_sha256_deterministic ... ok
[INFO] [stdout] test identity::tests::test_signature_roundtrip ... ok
[INFO] [stdout] test primitives::tests::test_sha512_deterministic ... ok
[INFO] [stdout] test fernet::tests::test_fernet_tampered_token ... ok
[INFO] [stdout] test identity::tests::test_key_exchange ... ok
[INFO] [stdout] test identity::tests::test_public_identity ... ok
[INFO] [stdout] test primitives::tests::test_sha256_empty ... ok
[INFO] [stdout] test primitives::tests::test_sha256_known_vector ... ok
[INFO] [stdout] test fernet::tests::test_fernet_wrong_key ... ok
[INFO] [stdout] test primitives::tests::test_hmac_sha256_rfc4231_test_case_3 ... ok
[INFO] [stdout] test primitives::tests::test_sha512_empty ... ok
[INFO] [stdout] test primitives::tests::test_verify_hmac_sha256 ... ok
[INFO] [stdout] test primitives::tests::test_sha512_known_vector ... ok
[INFO] [stdout] 
[INFO] [stdout] test result: ok. 54 passed; 0 failed; 0 ignored; 0 measured; 0 filtered out; finished in 0.02s
[INFO] [stdout] 
[INFO] [stderr]      Running tests/encryption_tests.rs (/opt/rustwide/target/release/deps/encryption_tests-13b0494ac2f7d981)
[INFO] [stdout] 
[INFO] [stdout] running 22 tests
[INFO] [stdout] test test_encrypt_produces_different_ciphertexts ... ok
[INFO] [stdout] test test_ciphertext_format ... ok
[INFO] [stdout] test test_block_boundary_15_bytes ... ok
[INFO] [stdout] test test_tampered_hmac_fails ... ok
[INFO] [stdout] test test_large_plaintext ... ok
[INFO] [stdout] test test_tampered_iv_fails ... ok
[INFO] [stdout] test test_truncated_ciphertext_fails ... ok
[INFO] [stdout] test test_invalid_key_size_decrypt ... ok
[INFO] [stdout] test test_invalid_key_size_encrypt ... ok
[INFO] [stdout] test test_single_byte_plaintext ... ok
[INFO] [stdout] test test_unicode_data ... ok
[INFO] [stdout] test test_wrong_key_fails_authentication ... ok
[INFO] [stdout] test test_aes256_cbc_nist_vector ... ok
[INFO] [stdout] test test_binary_data ... ok
[INFO] [stdout] test test_deterministic_with_same_iv ... ok
[INFO] [stdout] test test_block_boundary_17_bytes ... ok
[INFO] [stdout] test test_encrypt_decrypt_roundtrip ... ok
[INFO] [stdout] test test_multiple_encryptions_decryptions ... ok
[INFO] [stdout] test test_block_boundary_16_bytes ... ok
[INFO] [stdout] test test_tampered_ciphertext_fails ... ok
[INFO] [stdout] test test_empty_plaintext ... ok
[INFO] [stdout] test test_very_large_plaintext ... ok
[INFO] [stdout] 
[INFO] [stdout] test result: ok. 22 passed; 0 failed; 0 ignored; 0 measured; 0 filtered out; finished in 0.03s
[INFO] [stdout] 
[INFO] [stderr]      Running tests/identity_tests.rs (/opt/rustwide/target/release/deps/identity_tests-35a35fd35010477c)
[INFO] [stdout] 
[INFO] [stdout] running 13 tests
[INFO] [stdout] test test_identity_hash_length ... ok
[INFO] [stdout] test test_ecdh_shared_secret_length ... ok
[INFO] [stdout] test test_identity_serialization_roundtrip ... ok
[INFO] [stdout] test test_identity_signature_verification ... ok
[INFO] [stdout] test test_public_identity_serialization ... ok
[INFO] [stdout] test test_ed25519_rfc8032_test_vector_2 ... ok
[INFO] [stdout] test test_ed25519_rfc8032_test_vector_3 ... ok
[INFO] [stdout] test test_ecdh_key_exchange ... ok
[INFO] [stdout] test test_multiple_signatures_same_key ... ok
[INFO] [stdout] test test_identity_generation_unique ... ok
[INFO] [stdout] test test_signature_length ... ok
[INFO] [stdout] test test_ed25519_rfc8032_test_vector_1 ... ok
[INFO] [stdout] test test_public_identity_verification ... ok
[INFO] [stdout] 
[INFO] [stdout] test result: ok. 13 passed; 0 failed; 0 ignored; 0 measured; 0 filtered out; finished in 0.01s
[INFO] [stdout] 
[INFO] [stderr]    Doc-tests filament_crypto
[INFO] [stdout] 
[INFO] [stdout] running 21 tests
[INFO] [stdout] test src/identity.rs - identity::Identity::generate (line 92) ... FAILED
[INFO] [stdout] test src/fernet.rs - fernet (line 19) ... FAILED
[INFO] [stdout] test src/hkdf.rs - hkdf::derive_key (line 58) ... FAILED
[INFO] [stdout] test src/hkdf.rs - hkdf::derive_link_keys (line 104) ... FAILED
[INFO] [stdout] test src/fernet.rs - fernet::Fernet::new (line 91) ... FAILED
[INFO] [stdout] test src/primitives.rs - primitives::verify_hmac_sha256 (line 89) ... FAILED
[INFO] [stdout] test src/fernet.rs - fernet::Fernet::decrypt (line 167) ... FAILED
[INFO] [stdout] test src/identity.rs - identity (line 18) ... FAILED
[INFO] [stdout] test src/identity.rs - identity::Identity::key_exchange (line 248) ... FAILED
[INFO] [stdout] test src/encryption.rs - encryption::decrypt (line 159) ... FAILED
[INFO] [stdout] test src/encryption.rs - encryption::encrypt (line 104) ... FAILED
[INFO] [stdout] test src/lib.rs - (line 20) ... FAILED
[INFO] [stdout] test src/encryption.rs - encryption (line 24) ... FAILED
[INFO] [stdout] test src/hkdf.rs - hkdf (line 13) ... ok
[INFO] [stdout] test src/identity.rs - identity::Identity::verify (line 219) ... ok
[INFO] [stdout] test src/hkdf.rs - hkdf::derive_packet_key (line 139) ... ok
[INFO] [stdout] test src/fernet.rs - fernet::Fernet::encrypt (line 115) ... FAILED
[INFO] [stdout] test src/identity.rs - identity::Identity::sign (line 200) ... ok
[INFO] [stdout] test src/primitives.rs - primitives::hmac_sha256 (line 65) ... ok
[INFO] [stdout] test src/primitives.rs - primitives::sha512 (line 41) ... ok
[INFO] [stdout] test src/primitives.rs - primitives::sha256 (line 22) ... ok
[INFO] [stdout] 
[INFO] [stdout] failures:
[INFO] [stdout] 
[INFO] [stdout] ---- src/identity.rs - identity::Identity::generate (line 92) stdout ----
[INFO] [stdout] Couldn't compile the test.
[INFO] [stdout] ---- src/fernet.rs - fernet (line 19) stdout ----
[INFO] [stdout] Couldn't compile the test.
[INFO] [stdout] ---- src/hkdf.rs - hkdf::derive_key (line 58) stdout ----
[INFO] [stdout] Couldn't compile the test.
[INFO] [stdout] ---- src/hkdf.rs - hkdf::derive_link_keys (line 104) stdout ----
[INFO] [stdout] Couldn't compile the test.
[INFO] [stdout] ---- src/fernet.rs - fernet::Fernet::new (line 91) stdout ----
[INFO] [stdout] Couldn't compile the test.
[INFO] [stdout] ---- src/primitives.rs - primitives::verify_hmac_sha256 (line 89) stdout ----
[INFO] [stdout] error[E0432]: unresolved import `filament_crypto::verify_hmac_sha256`
[INFO] [stdout]   --> src/primitives.rs:91:36
[INFO] [stdout]    |
[INFO] [stdout] 91 | use filament_crypto::{hmac_sha256, verify_hmac_sha256};
[INFO] [stdout]    |                                    ^^^^^^^^^^^^^^^^^^ no `verify_hmac_sha256` in the root
[INFO] [stdout] 
[INFO] [stdout] error: aborting due to 1 previous error
[INFO] [stdout] 
[INFO] [stdout] For more information about this error, try `rustc --explain E0432`.
[INFO] [stdout] Couldn't compile the test.
[INFO] [stdout] ---- src/fernet.rs - fernet::Fernet::decrypt (line 167) stdout ----
[INFO] [stdout] Couldn't compile the test.
[INFO] [stdout] ---- src/identity.rs - identity (line 18) stdout ----
[INFO] [stdout] Couldn't compile the test.
[INFO] [stdout] ---- src/identity.rs - identity::Identity::key_exchange (line 248) stdout ----
[INFO] [stdout] Couldn't compile the test.
[INFO] [stdout] ---- src/encryption.rs - encryption::decrypt (line 159) stdout ----
[INFO] [stdout] Couldn't compile the test.
[INFO] [stdout] ---- src/encryption.rs - encryption::encrypt (line 104) stdout ----
[INFO] [stdout] Couldn't compile the test.
[INFO] [stdout] ---- src/lib.rs - (line 20) stdout ----
[INFO] [stdout] Couldn't compile the test.
[INFO] [stdout] ---- src/encryption.rs - encryption (line 24) stdout ----
[INFO] [stdout] Couldn't compile the test.
[INFO] [stdout] ---- src/fernet.rs - fernet::Fernet::encrypt (line 115) stdout ----
[INFO] [stdout] Test executable failed (exit status: 1).
[INFO] [stdout] 
[INFO] [stdout] stderr:
[INFO] [stdout] Error: InvalidKeySize(31)
[INFO] [stdout] 
[INFO] [stdout] 
[INFO] [stdout] 
[INFO] [stdout] failures:
[INFO] [stdout]     src/encryption.rs - encryption (line 24)
[INFO] [stdout]     src/encryption.rs - encryption::decrypt (line 159)
[INFO] [stdout]     src/encryption.rs - encryption::encrypt (line 104)
[INFO] [stdout]     src/fernet.rs - fernet (line 19)
[INFO] [stdout]     src/fernet.rs - fernet::Fernet::decrypt (line 167)
[INFO] [stdout]     src/fernet.rs - fernet::Fernet::encrypt (line 115)
[INFO] [stdout]     src/fernet.rs - fernet::Fernet::new (line 91)
[INFO] [stdout]     src/hkdf.rs - hkdf::derive_key (line 58)
[INFO] [stdout]     src/hkdf.rs - hkdf::derive_link_keys (line 104)
[INFO] [stdout]     src/identity.rs - identity (line 18)
[INFO] [stdout]     src/identity.rs - identity::Identity::generate (line 92)
[INFO] [stdout]     src/identity.rs - identity::Identity::key_exchange (line 248)
[INFO] [stdout]     src/lib.rs - (line 20)
[INFO] [stdout]     src/primitives.rs - primitives::verify_hmac_sha256 (line 89)
[INFO] [stdout] 
[INFO] [stdout] test result: FAILED. 7 passed; 14 failed; 0 ignored; 0 measured; 0 filtered out; finished in 20.53s
[INFO] [stdout] 
[INFO] [stderr] error: doctest failed, to rerun pass `--doc`
[INFO] running `Command { std: "docker" "inspect" "534025690f1cc33da609642c5c7ffd7d5be193f61d50d3dcb05dae4a62ba5b36", kill_on_drop: false }`
[INFO] running `Command { std: "docker" "rm" "-f" "534025690f1cc33da609642c5c7ffd7d5be193f61d50d3dcb05dae4a62ba5b36", kill_on_drop: false }`
[INFO] [stdout] 534025690f1cc33da609642c5c7ffd7d5be193f61d50d3dcb05dae4a62ba5b36
