[INFO] fetching crate fila-sdk 0.1.0...
[INFO] testing fila-sdk-0.1.0 against 1.100.0-beta.1+cargoflags=--release for beta-release-1.100-2
[INFO] extracting crate fila-sdk 0.1.0 into /workspace/builds/worker-6-tc2/source
[INFO] started tweaking crates.io crate fila-sdk 0.1.0
[INFO] removed 0 missing examples
[INFO] removed 0 missing tests
[INFO] finished tweaking crates.io crate fila-sdk 0.1.0
[INFO] tweaked toml for crates.io crate fila-sdk 0.1.0 written to /workspace/builds/worker-6-tc2/source/Cargo.toml
[INFO] validating manifest of crates.io crate fila-sdk 0.1.0 on toolchain 1.100.0-beta.1
[INFO] running `Command { std: CARGO_HOME="/workspace/cargo-home" RUSTUP_HOME="/workspace/rustup-home" "/workspace/cargo-home/bin/cargo" "+1.100.0-beta.1" "metadata" "--manifest-path" "Cargo.toml" "--no-deps", kill_on_drop: false }`
[INFO] crate crates.io crate fila-sdk 0.1.0 already has a lockfile, it will not be regenerated
[INFO] running `Command { std: CARGO_HOME="/workspace/cargo-home" RUSTUP_HOME="/workspace/rustup-home" "/workspace/cargo-home/bin/cargo" "+1.100.0-beta.1" "fetch" "--manifest-path" "Cargo.toml", kill_on_drop: false }`
[INFO] running `Command { std: "docker" "create" "-v" "/var/lib/crater-agent-workspace/builds/worker-6-tc2/source:/opt/rustwide/workdir:ro,Z" "-v" "/var/lib/crater-agent-workspace/builds/worker-6-tc2/target:/opt/rustwide/target:rw,Z" "-v" "/var/lib/crater-agent-workspace/cargo-home:/opt/rustwide/cargo-home:ro,Z" "-v" "/var/lib/crater-agent-workspace/rustup-home:/opt/rustwide/rustup-home:ro,Z" "-m" "1610612736" "--network" "none" "ghcr.io/rust-lang/crates-build-env/linux@sha256:77db811e55d90add9212f6832c23229e3de5f1c1f9905e8cb07319ea15df73ac" "sleep" "infinity", kill_on_drop: false }`
[INFO] [stdout] b13221c50b44162c8c6f1911df094f9248445324a08a06bf7844b13d094f3115
[INFO] running `Command { std: "docker" "start" "b13221c50b44162c8c6f1911df094f9248445324a08a06bf7844b13d094f3115", kill_on_drop: false }`
[INFO] running `Command { std: "docker" "inspect" "b13221c50b44162c8c6f1911df094f9248445324a08a06bf7844b13d094f3115", kill_on_drop: false }`
[INFO] running `Command { std: "docker" "exec" "-e" "SOURCE_DIR=/opt/rustwide/workdir" "-e" "CARGO_HOME=/opt/rustwide/cargo-home" "-e" "RUSTUP_HOME=/opt/rustwide/rustup-home" "-e" "CARGO_TARGET_DIR=/opt/rustwide/target" "-w" "/opt/rustwide/workdir" "--user" "0:0" "b13221c50b44162c8c6f1911df094f9248445324a08a06bf7844b13d094f3115" "/opt/rustwide/cargo-home/bin/cargo" "+1.100.0-beta.1" "metadata" "--no-deps" "--format-version=1", kill_on_drop: false }`
[INFO] running `Command { std: "docker" "inspect" "b13221c50b44162c8c6f1911df094f9248445324a08a06bf7844b13d094f3115", kill_on_drop: false }`
[INFO] running `Command { std: "docker" "exec" "-e" "SOURCE_DIR=/opt/rustwide/workdir" "-e" "CARGO_HOME=/opt/rustwide/cargo-home" "-e" "RUSTUP_HOME=/opt/rustwide/rustup-home" "-e" "CARGO_TARGET_DIR=/opt/rustwide/target" "-e" "CARGO_INCREMENTAL=0" "-e" "RUST_BACKTRACE=full" "-e" "RUSTFLAGS=--cap-lints=warn" "-e" "RUSTDOCFLAGS=--cap-lints=warn" "-w" "/opt/rustwide/workdir" "--user" "0:0" "b13221c50b44162c8c6f1911df094f9248445324a08a06bf7844b13d094f3115" "/opt/rustwide/cargo-home/bin/cargo" "+1.100.0-beta.1" "build" "--frozen" "--message-format=json" "--release", kill_on_drop: false }`
[INFO] [stderr]    Compiling quote v1.0.44
[INFO] [stderr]    Compiling unicode-ident v1.0.23
[INFO] [stderr]    Compiling libc v0.2.181
[INFO] [stderr]    Compiling futures-core v0.3.31
[INFO] [stderr]    Compiling anyhow v1.0.101
[INFO] [stderr]    Compiling either v1.15.0
[INFO] [stderr]    Compiling hashbrown v0.16.1
[INFO] [stderr]    Compiling futures-sink v0.3.31
[INFO] [stderr]    Compiling bitflags v2.10.0
[INFO] [stderr]    Compiling http v1.4.0
[INFO] [stderr]    Compiling pulldown-cmark v0.13.0
[INFO] [stderr]    Compiling tower-service v0.3.3
[INFO] [stderr]    Compiling httparse v1.10.1
[INFO] [stderr]    Compiling getrandom v0.4.1
[INFO] [stderr]    Compiling futures-task v0.3.31
[INFO] [stderr]    Compiling rustix v1.1.3
[INFO] [stderr]    Compiling try-lock v0.2.5
[INFO] [stderr]    Compiling bytes v1.11.1
[INFO] [stderr]    Compiling proc-macro2 v1.0.106
[INFO] [stderr]    Compiling unicase v2.9.0
[INFO] [stderr]    Compiling futures-util v0.3.31
[INFO] [stderr]    Compiling foldhash v0.1.5
[INFO] [stderr]    Compiling atomic-waker v1.1.2
[INFO] [stderr]    Compiling regex-syntax v0.8.9
[INFO] [stderr]    Compiling memchr v2.8.0
[INFO] [stderr]    Compiling linux-raw-sys v0.11.0
[INFO] [stderr]    Compiling itertools v0.14.0
[INFO] [stderr]    Compiling equivalent v1.0.2
[INFO] [stderr]    Compiling hashbrown v0.15.5
[INFO] [stderr]    Compiling futures-channel v0.3.31
[INFO] [stderr]    Compiling want v0.3.1
[INFO] [stderr]    Compiling fastrand v2.3.0
[INFO] [stderr]    Compiling indexmap v2.13.0
[INFO] [stderr]    Compiling fixedbitset v0.5.7
[INFO] [stderr]    Compiling serde_core v1.0.228
[INFO] [stderr]    Compiling syn v2.0.114
[INFO] [stderr]    Compiling tower-layer v0.3.3
[INFO] [stderr]    Compiling smallvec v1.15.1
[INFO] [stderr]    Compiling httpdate v1.0.3
[INFO] [stderr]    Compiling once_cell v1.21.3
[INFO] [stderr]    Compiling sync_wrapper v1.0.2
[INFO] [stderr]    Compiling mime v0.3.17
[INFO] [stderr]    Compiling multimap v0.10.1
[INFO] [stderr]    Compiling petgraph v0.8.3
[INFO] [stderr]    Compiling matchit v0.8.4
[INFO] [stderr]    Compiling base64 v0.22.1
[INFO] [stderr]    Compiling http-body v1.0.1
[INFO] [stderr]    Compiling mio v1.1.1
[INFO] [stderr]    Compiling socket2 v0.6.2
[INFO] [stderr]    Compiling http-body-util v0.1.3
[INFO] [stderr]    Compiling pulldown-cmark-to-cmark v22.0.0
[INFO] [stderr]    Compiling axum-core v0.5.6
[INFO] [stderr]    Compiling regex-automata v0.4.14
[INFO] [stderr]    Compiling tempfile v3.25.0
[INFO] [stderr]    Compiling regex v1.12.3
[INFO] [stderr]    Compiling prettyplease v0.2.37
[INFO] [stderr]    Compiling tokio-macros v2.6.0
[INFO] [stderr]    Compiling tracing-attributes v0.1.31
[INFO] [stderr]    Compiling prost-derive v0.14.3
[INFO] [stderr]    Compiling pin-project-internal v1.1.10
[INFO] [stderr]    Compiling async-trait v0.1.89
[INFO] [stderr]    Compiling thiserror-impl v1.0.69
[INFO] [stderr]    Compiling tonic-build v0.14.3
[INFO] [stderr]    Compiling tokio v1.49.0
[INFO] [stderr]    Compiling pin-project v1.1.10
[INFO] [stderr]    Compiling thiserror v1.0.69
[INFO] [stderr]    Compiling tracing v0.1.44
[INFO] [stderr]    Compiling prost v0.14.3
[INFO] [stderr]    Compiling prost-types v0.14.3
[INFO] [stderr]    Compiling prost-build v0.14.3
[INFO] [stderr]    Compiling tonic-prost-build v0.14.3
[INFO] [stderr]    Compiling fila-proto v0.1.0
[INFO] [stderr]    Compiling tokio-util v0.7.18
[INFO] [stderr]    Compiling tokio-stream v0.1.18
[INFO] [stderr]    Compiling h2 v0.4.13
[INFO] [stderr]    Compiling tower v0.5.3
[INFO] [stderr]    Compiling axum v0.8.8
[INFO] [stderr]    Compiling hyper v1.8.1
[INFO] [stderr]    Compiling hyper-util v0.1.20
[INFO] [stderr]    Compiling hyper-timeout v0.5.2
[INFO] [stderr]    Compiling tonic v0.14.3
[INFO] [stderr]    Compiling tonic-prost v0.14.3
[INFO] [stderr]    Compiling fila-sdk v0.1.0 (/opt/rustwide/workdir)
[INFO] [stderr]     Finished `release` profile [optimized] target(s) in 1m 00s
[INFO] running `Command { std: "docker" "inspect" "b13221c50b44162c8c6f1911df094f9248445324a08a06bf7844b13d094f3115", kill_on_drop: false }`
[INFO] running `Command { std: "docker" "exec" "-e" "SOURCE_DIR=/opt/rustwide/workdir" "-e" "CARGO_HOME=/opt/rustwide/cargo-home" "-e" "RUSTUP_HOME=/opt/rustwide/rustup-home" "-e" "CARGO_TARGET_DIR=/opt/rustwide/target" "-e" "CARGO_INCREMENTAL=0" "-e" "RUST_BACKTRACE=full" "-e" "RUSTFLAGS=--cap-lints=warn" "-e" "RUSTDOCFLAGS=--cap-lints=warn" "-w" "/opt/rustwide/workdir" "--user" "0:0" "b13221c50b44162c8c6f1911df094f9248445324a08a06bf7844b13d094f3115" "/opt/rustwide/cargo-home/bin/cargo" "+1.100.0-beta.1" "test" "--frozen" "--no-run" "--message-format=json" "--release", kill_on_drop: false }`
[INFO] [stderr]    Compiling parking_lot_core v0.9.12
[INFO] [stderr]    Compiling errno v0.3.14
[INFO] [stderr]    Compiling getrandom v0.4.1
[INFO] [stderr]    Compiling signal-hook-registry v1.4.8
[INFO] [stderr]    Compiling tempfile v3.25.0
[INFO] [stderr]    Compiling parking_lot v0.12.5
[INFO] [stderr]    Compiling tokio v1.49.0
[INFO] [stderr]    Compiling tokio-util v0.7.18
[INFO] [stderr]    Compiling tokio-stream v0.1.18
[INFO] [stderr]    Compiling h2 v0.4.13
[INFO] [stderr]    Compiling tower v0.5.3
[INFO] [stderr]    Compiling axum v0.8.8
[INFO] [stderr]    Compiling hyper v1.8.1
[INFO] [stderr]    Compiling hyper-util v0.1.20
[INFO] [stderr]    Compiling hyper-timeout v0.5.2
[INFO] [stderr]    Compiling tonic v0.14.3
[INFO] [stderr]    Compiling tonic-prost v0.14.3
[INFO] [stderr]    Compiling fila-proto v0.1.0
[INFO] [stderr]    Compiling fila-sdk v0.1.0 (/opt/rustwide/workdir)
[INFO] [stderr]     Finished `release` profile [optimized] target(s) in 50.29s
[INFO] running `Command { std: "docker" "inspect" "b13221c50b44162c8c6f1911df094f9248445324a08a06bf7844b13d094f3115", kill_on_drop: false }`
[INFO] running `Command { std: "docker" "exec" "-e" "SOURCE_DIR=/opt/rustwide/workdir" "-e" "CARGO_HOME=/opt/rustwide/cargo-home" "-e" "RUSTUP_HOME=/opt/rustwide/rustup-home" "-e" "CARGO_TARGET_DIR=/opt/rustwide/target" "-e" "CARGO_INCREMENTAL=0" "-e" "RUST_BACKTRACE=full" "-e" "RUSTFLAGS=--cap-lints=warn" "-e" "RUSTDOCFLAGS=--cap-lints=warn" "-w" "/opt/rustwide/workdir" "--user" "0:0" "b13221c50b44162c8c6f1911df094f9248445324a08a06bf7844b13d094f3115" "/opt/rustwide/cargo-home/bin/cargo" "+1.100.0-beta.1" "test" "--frozen" "--release", kill_on_drop: false }`
[INFO] [stderr]     Finished `release` profile [optimized] target(s) in 0.17s
[INFO] [stderr]      Running unittests src/lib.rs (/opt/rustwide/target/release/build/fila-sdk/eab7d9b273e53bae/out/fila_sdk-eab7d9b273e53bae)
[INFO] [stdout] 
[INFO] [stdout] running 0 tests
[INFO] [stdout] 
[INFO] [stdout] test result: ok. 0 passed; 0 failed; 0 ignored; 0 measured; 0 filtered out; finished in 0.00s
[INFO] [stdout] 
[INFO] [stderr]      Running tests/integration.rs (/opt/rustwide/target/release/build/fila-sdk/6aabc74ca6c45720/out/integration-6aabc74ca6c45720)
[INFO] [stdout] 
[INFO] [stdout] running 3 tests
[INFO] [stdout] test enqueue_to_nonexistent_queue ... FAILED
[INFO] [stdout] test enqueue_consume_nack_release ... FAILED
[INFO] [stdout] test enqueue_consume_ack_lifecycle ... FAILED
[INFO] [stdout] 
[INFO] [stdout] failures:
[INFO] [stdout] 
[INFO] [stdout] ---- enqueue_to_nonexistent_queue stdout ----
[INFO] [stdout] 
[INFO] [stdout] thread 'enqueue_to_nonexistent_queue' (2016) panicked at tests/integration.rs:57:9:
[INFO] [stdout] fila-server binary not found at "/opt/target/debug/fila-server". Run `cargo build` first.
[INFO] [stdout] stack backtrace:
[INFO] [stdout]    0:     0x5781221b7cf1 - <<std[617be2ca0a6fd877]::sys::backtrace::BacktraceLock>::print::DisplayBacktrace as core[a373ad73a504971]::fmt::Display>::fmt
[INFO] [stdout]    1:     0x5781221cdafa - core[a373ad73a504971]::fmt::write
[INFO] [stdout]    2:     0x5781221bcbdc - <alloc[2e1b2a31b91974c5]::vec::Vec<u8> as core[a373ad73a504971]::io::write::Write>::write_fmt
[INFO] [stdout]    3:     0x578122191466 - std[617be2ca0a6fd877]::panicking::default_hook::{closure#0}
[INFO] [stdout]    4:     0x5781221aee79 - std[617be2ca0a6fd877]::panicking::default_hook
[INFO] [stdout]    5:     0x5781220beab0 - test[aada8e7e76ba119b]::test_main_inner::{closure#0}
[INFO] [stdout]    6:     0x5781221af1a2 - std[617be2ca0a6fd877]::panicking::panic_with_hook
[INFO] [stdout]    7:     0x578122191512 - std[617be2ca0a6fd877]::panicking::panic_handler::{closure#0}
[INFO] [stdout]    8:     0x57812218a029 - std[617be2ca0a6fd877]::sys::backtrace::__rust_end_short_backtrace::<std[617be2ca0a6fd877]::panicking::panic_handler::{closure#0}, !>
[INFO] [stdout]    9:     0x57812219230d - __rustc[ea4f61d10b84890b]::rust_begin_unwind
[INFO] [stdout]   10:     0x5781221ce25c - core[a373ad73a504971]::panicking::panic_fmt
[INFO] [stdout]   11:     0x57812205b7a1 - <integration[3e22b3759f214973]::TestServer>::start
[INFO] [stdout]   12:     0x5781220557e0 - integration[3e22b3759f214973]::enqueue_to_nonexistent_queue::{closure#0}
[INFO] [stdout]   13:     0x57812206c553 - <tokio[df370b0c0ba12654]::runtime::scheduler::current_thread::Context>::enter::<core[a373ad73a504971]::task::poll::Poll<()>, <tokio[df370b0c0ba12654]::runtime::scheduler::current_thread::CoreGuard>::block_on<core[a373ad73a504971]::pin::Pin<&mut core[a373ad73a504971]::pin::Pin<&mut dyn core[a373ad73a504971]::future::future::Future<Output = ()>>>>::{closure#0}::{closure#0}>
[INFO] [stdout]   14:     0x57812205cddc - <tokio[df370b0c0ba12654]::runtime::context::scoped::Scoped<tokio[df370b0c0ba12654]::runtime::scheduler::Context>>::set::<<tokio[df370b0c0ba12654]::runtime::scheduler::current_thread::CoreGuard>::enter<<tokio[df370b0c0ba12654]::runtime::scheduler::current_thread::CoreGuard>::block_on<core[a373ad73a504971]::pin::Pin<&mut core[a373ad73a504971]::pin::Pin<&mut dyn core[a373ad73a504971]::future::future::Future<Output = ()>>>>::{closure#0}, core[a373ad73a504971]::option::Option<()>>::{closure#0}, (alloc[2e1b2a31b91974c5]::boxed::Box<tokio[df370b0c0ba12654]::runtime::scheduler::current_thread::Core>, core[a373ad73a504971]::option::Option<()>)>
[INFO] [stdout]   15:     0x57812206c8a7 - <tokio[df370b0c0ba12654]::runtime::scheduler::current_thread::CoreGuard>::block_on::<core[a373ad73a504971]::pin::Pin<&mut core[a373ad73a504971]::pin::Pin<&mut dyn core[a373ad73a504971]::future::future::Future<Output = ()>>>>
[INFO] [stdout]   16:     0x578122087fbd - tokio[df370b0c0ba12654]::runtime::context::runtime::enter_runtime::<<tokio[df370b0c0ba12654]::runtime::scheduler::current_thread::CurrentThread>::block_on<core[a373ad73a504971]::pin::Pin<&mut dyn core[a373ad73a504971]::future::future::Future<Output = ()>>>::{closure#0}, ()>
[INFO] [stdout]   17:     0x57812208543e - <tokio[df370b0c0ba12654]::runtime::runtime::Runtime>::block_on::<core[a373ad73a504971]::pin::Pin<&mut dyn core[a373ad73a504971]::future::future::Future<Output = ()>>>
[INFO] [stdout]   18:     0x57812205c74e - <integration[3e22b3759f214973]::enqueue_to_nonexistent_queue::{closure#0} as core[a373ad73a504971]::ops::function::FnOnce<()>>::call_once
[INFO] [stdout]   19:     0x5781220b1efb - test[aada8e7e76ba119b]::__rust_begin_short_backtrace::<core[a373ad73a504971]::result::Result<(), alloc[2e1b2a31b91974c5]::string::String>, fn() -> core[a373ad73a504971]::result::Result<(), alloc[2e1b2a31b91974c5]::string::String>>
[INFO] [stdout]   20:     0x5781220bf0d5 - test[aada8e7e76ba119b]::run_test::{closure#0}
[INFO] [stdout]   21:     0x5781220b89c4 - std[617be2ca0a6fd877]::sys::backtrace::__rust_begin_short_backtrace::<test[aada8e7e76ba119b]::run_test::{closure#1}, ()>
[INFO] [stdout]   22:     0x5781220c2162 - <std[617be2ca0a6fd877]::thread::lifecycle::spawn_unchecked<test[aada8e7e76ba119b]::run_test::{closure#1}, ()>::{closure#1} as core[a373ad73a504971]::ops::function::FnOnce<()>>::call_once::{shim:vtable#0}
[INFO] [stdout]   23:     0x5781221b6bbf - <std[617be2ca0a6fd877]::sys::thread::unix::Thread>::new::thread_start
[INFO] [stdout]   24:     0x7c5e055d8dfa - <unknown>
[INFO] [stdout]   25:     0x7c5e0566c3d4 - clone
[INFO] [stdout]   26:                0x0 - <unknown>
[INFO] [stdout] 
[INFO] [stdout] ---- enqueue_consume_nack_release stdout ----
[INFO] [stdout] 
[INFO] [stdout] thread 'enqueue_consume_nack_release' (2015) panicked at tests/integration.rs:57:9:
[INFO] [stdout] fila-server binary not found at "/opt/target/debug/fila-server". Run `cargo build` first.
[INFO] [stdout] stack backtrace:
[INFO] [stdout]    0:     0x5781221b7cf1 - <<std[617be2ca0a6fd877]::sys::backtrace::BacktraceLock>::print::DisplayBacktrace as core[a373ad73a504971]::fmt::Display>::fmt
[INFO] [stdout]    1:     0x5781221cdafa - core[a373ad73a504971]::fmt::write
[INFO] [stdout]    2:     0x5781221bcbdc - <alloc[2e1b2a31b91974c5]::vec::Vec<u8> as core[a373ad73a504971]::io::write::Write>::write_fmt
[INFO] [stdout]    3:     0x578122191466 - std[617be2ca0a6fd877]::panicking::default_hook::{closure#0}
[INFO] [stdout]    4:     0x5781221aee79 - std[617be2ca0a6fd877]::panicking::default_hook
[INFO] [stdout]    5:     0x5781220beab0 - test[aada8e7e76ba119b]::test_main_inner::{closure#0}
[INFO] [stdout]    6:     0x5781221af1a2 - std[617be2ca0a6fd877]::panicking::panic_with_hook
[INFO] [stdout]    7:     0x578122191512 - std[617be2ca0a6fd877]::panicking::panic_handler::{closure#0}
[INFO] [stdout]    8:     0x57812218a029 - std[617be2ca0a6fd877]::sys::backtrace::__rust_end_short_backtrace::<std[617be2ca0a6fd877]::panicking::panic_handler::{closure#0}, !>
[INFO] [stdout]    9:     0x57812219230d - __rustc[ea4f61d10b84890b]::rust_begin_unwind
[INFO] [stdout]   10:     0x5781221ce25c - core[a373ad73a504971]::panicking::panic_fmt
[INFO] [stdout]   11:     0x57812205b7a1 - <integration[3e22b3759f214973]::TestServer>::start
[INFO] [stdout]   12:     0x5781220526a6 - integration[3e22b3759f214973]::enqueue_consume_nack_release::{closure#0}
[INFO] [stdout]   13:     0x57812206c553 - <tokio[df370b0c0ba12654]::runtime::scheduler::current_thread::Context>::enter::<core[a373ad73a504971]::task::poll::Poll<()>, <tokio[df370b0c0ba12654]::runtime::scheduler::current_thread::CoreGuard>::block_on<core[a373ad73a504971]::pin::Pin<&mut core[a373ad73a504971]::pin::Pin<&mut dyn core[a373ad73a504971]::future::future::Future<Output = ()>>>>::{closure#0}::{closure#0}>
[INFO] [stdout]   14:     0x57812205cddc - <tokio[df370b0c0ba12654]::runtime::context::scoped::Scoped<tokio[df370b0c0ba12654]::runtime::scheduler::Context>>::set::<<tokio[df370b0c0ba12654]::runtime::scheduler::current_thread::CoreGuard>::enter<<tokio[df370b0c0ba12654]::runtime::scheduler::current_thread::CoreGuard>::block_on<core[a373ad73a504971]::pin::Pin<&mut core[a373ad73a504971]::pin::Pin<&mut dyn core[a373ad73a504971]::future::future::Future<Output = ()>>>>::{closure#0}, core[a373ad73a504971]::option::Option<()>>::{closure#0}, (alloc[2e1b2a31b91974c5]::boxed::Box<tokio[df370b0c0ba12654]::runtime::scheduler::current_thread::Core>, core[a373ad73a504971]::option::Option<()>)>
[INFO] [stdout]   15:     0x57812206c8a7 - <tokio[df370b0c0ba12654]::runtime::scheduler::current_thread::CoreGuard>::block_on::<core[a373ad73a504971]::pin::Pin<&mut core[a373ad73a504971]::pin::Pin<&mut dyn core[a373ad73a504971]::future::future::Future<Output = ()>>>>
[INFO] [stdout]   16:     0x578122087fbd - tokio[df370b0c0ba12654]::runtime::context::runtime::enter_runtime::<<tokio[df370b0c0ba12654]::runtime::scheduler::current_thread::CurrentThread>::block_on<core[a373ad73a504971]::pin::Pin<&mut dyn core[a373ad73a504971]::future::future::Future<Output = ()>>>::{closure#0}, ()>
[INFO] [stdout]   17:     0x57812208543e - <tokio[df370b0c0ba12654]::runtime::runtime::Runtime>::block_on::<core[a373ad73a504971]::pin::Pin<&mut dyn core[a373ad73a504971]::future::future::Future<Output = ()>>>
[INFO] [stdout]   18:     0x57812205c5ee - <integration[3e22b3759f214973]::enqueue_consume_nack_release::{closure#0} as core[a373ad73a504971]::ops::function::FnOnce<()>>::call_once
[INFO] [stdout]   19:     0x5781220b1efb - test[aada8e7e76ba119b]::__rust_begin_short_backtrace::<core[a373ad73a504971]::result::Result<(), alloc[2e1b2a31b91974c5]::string::String>, fn() -> core[a373ad73a504971]::result::Result<(), alloc[2e1b2a31b91974c5]::string::String>>
[INFO] [stdout]   20:     0x5781220bf0d5 - test[aada8e7e76ba119b]::run_test::{closure#0}
[INFO] [stdout]   21:     0x5781220b89c4 - std[617be2ca0a6fd877]::sys::backtrace::__rust_begin_short_backtrace::<test[aada8e7e76ba119b]::run_test::{closure#1}, ()>
[INFO] [stdout]   22:     0x5781220c2162 - <std[617be2ca0a6fd877]::thread::lifecycle::spawn_unchecked<test[aada8e7e76ba119b]::run_test::{closure#1}, ()>::{closure#1} as core[a373ad73a504971]::ops::function::FnOnce<()>>::call_once::{shim:vtable#0}
[INFO] [stdout]   23:     0x5781221b6bbf - <std[617be2ca0a6fd877]::sys::thread::unix::Thread>::new::thread_start
[INFO] [stdout]   24:     0x7c5e055d8dfa - <unknown>
[INFO] [stdout]   25:     0x7c5e0566c3d4 - clone
[INFO] [stdout]   26:                0x0 - <unknown>
[INFO] [stdout] 
[INFO] [stdout] ---- enqueue_consume_ack_lifecycle stdout ----
[INFO] [stdout] 
[INFO] [stdout] thread 'enqueue_consume_ack_lifecycle' (2014) panicked at tests/integration.rs:57:9:
[INFO] [stdout] fila-server binary not found at "/opt/target/debug/fila-server". Run `cargo build` first.
[INFO] [stdout] stack backtrace:
[INFO] [stdout]    0:     0x5781221b7cf1 - <<std[617be2ca0a6fd877]::sys::backtrace::BacktraceLock>::print::DisplayBacktrace as core[a373ad73a504971]::fmt::Display>::fmt
[INFO] [stdout]    1:     0x5781221cdafa - core[a373ad73a504971]::fmt::write
[INFO] [stdout]    2:     0x5781221bcbdc - <alloc[2e1b2a31b91974c5]::vec::Vec<u8> as core[a373ad73a504971]::io::write::Write>::write_fmt
[INFO] [stdout]    3:     0x578122191466 - std[617be2ca0a6fd877]::panicking::default_hook::{closure#0}
[INFO] [stdout]    4:     0x5781221aee79 - std[617be2ca0a6fd877]::panicking::default_hook
[INFO] [stdout]    5:     0x5781220beab0 - test[aada8e7e76ba119b]::test_main_inner::{closure#0}
[INFO] [stdout]    6:     0x5781221af1a2 - std[617be2ca0a6fd877]::panicking::panic_with_hook
[INFO] [stdout]    7:     0x578122191512 - std[617be2ca0a6fd877]::panicking::panic_handler::{closure#0}
[INFO] [stdout]    8:     0x57812218a029 - std[617be2ca0a6fd877]::sys::backtrace::__rust_end_short_backtrace::<std[617be2ca0a6fd877]::panicking::panic_handler::{closure#0}, !>
[INFO] [stdout]    9:     0x57812219230d - __rustc[ea4f61d10b84890b]::rust_begin_unwind
[INFO] [stdout]   10:     0x5781221ce25c - core[a373ad73a504971]::panicking::panic_fmt
[INFO] [stdout]   11:     0x57812205b7a1 - <integration[3e22b3759f214973]::TestServer>::start
[INFO] [stdout]   12:     0x578122055d26 - integration[3e22b3759f214973]::enqueue_consume_ack_lifecycle::{closure#0}
[INFO] [stdout]   13:     0x57812206c553 - <tokio[df370b0c0ba12654]::runtime::scheduler::current_thread::Context>::enter::<core[a373ad73a504971]::task::poll::Poll<()>, <tokio[df370b0c0ba12654]::runtime::scheduler::current_thread::CoreGuard>::block_on<core[a373ad73a504971]::pin::Pin<&mut core[a373ad73a504971]::pin::Pin<&mut dyn core[a373ad73a504971]::future::future::Future<Output = ()>>>>::{closure#0}::{closure#0}>
[INFO] [stdout]   14:     0x57812205cddc - <tokio[df370b0c0ba12654]::runtime::context::scoped::Scoped<tokio[df370b0c0ba12654]::runtime::scheduler::Context>>::set::<<tokio[df370b0c0ba12654]::runtime::scheduler::current_thread::CoreGuard>::enter<<tokio[df370b0c0ba12654]::runtime::scheduler::current_thread::CoreGuard>::block_on<core[a373ad73a504971]::pin::Pin<&mut core[a373ad73a504971]::pin::Pin<&mut dyn core[a373ad73a504971]::future::future::Future<Output = ()>>>>::{closure#0}, core[a373ad73a504971]::option::Option<()>>::{closure#0}, (alloc[2e1b2a31b91974c5]::boxed::Box<tokio[df370b0c0ba12654]::runtime::scheduler::current_thread::Core>, core[a373ad73a504971]::option::Option<()>)>
[INFO] [stdout]   15:     0x57812206c8a7 - <tokio[df370b0c0ba12654]::runtime::scheduler::current_thread::CoreGuard>::block_on::<core[a373ad73a504971]::pin::Pin<&mut core[a373ad73a504971]::pin::Pin<&mut dyn core[a373ad73a504971]::future::future::Future<Output = ()>>>>
[INFO] [stdout]   16:     0x578122087fbd - tokio[df370b0c0ba12654]::runtime::context::runtime::enter_runtime::<<tokio[df370b0c0ba12654]::runtime::scheduler::current_thread::CurrentThread>::block_on<core[a373ad73a504971]::pin::Pin<&mut dyn core[a373ad73a504971]::future::future::Future<Output = ()>>>::{closure#0}, ()>
[INFO] [stdout]   17:     0x57812208543e - <tokio[df370b0c0ba12654]::runtime::runtime::Runtime>::block_on::<core[a373ad73a504971]::pin::Pin<&mut dyn core[a373ad73a504971]::future::future::Future<Output = ()>>>
[INFO] [stdout]   18:     0x57812205c8ae - <integration[3e22b3759f214973]::enqueue_consume_ack_lifecycle::{closure#0} as core[a373ad73a504971]::ops::function::FnOnce<()>>::call_once
[INFO] [stdout]   19:     0x5781220b1efb - test[aada8e7e76ba119b]::__rust_begin_short_backtrace::<core[a373ad73a504971]::result::Result<(), alloc[2e1b2a31b91974c5]::string::String>, fn() -> core[a373ad73a504971]::result::Result<(), alloc[2e1b2a31b91974c5]::string::String>>
[INFO] [stdout]   20:     0x5781220bf0d5 - test[aada8e7e76ba119b]::run_test::{closure#0}
[INFO] [stdout]   21:     0x5781220b89c4 - std[617be2ca0a6fd877]::sys::backtrace::__rust_begin_short_backtrace::<test[aada8e7e76ba119b]::run_test::{closure#1}, ()>
[INFO] [stdout]   22:     0x5781220c2162 - <std[617be2ca0a6fd877]::thread::lifecycle::spawn_unchecked<test[aada8e7e76ba119b]::run_test::{closure#1}, ()>::{closure#1} as core[a373ad73a504971]::ops::function::FnOnce<()>>::call_once::{shim:vtable#0}
[INFO] [stdout]   23:     0x5781221b6bbf - <std[617be2ca0a6fd877]::sys::thread::unix::Thread>::new::thread_start
[INFO] [stdout]   24:     0x7c5e055d8dfa - <unknown>
[INFO] [stdout]   25:     0x7c5e0566c3d4 - clone
[INFO] [stdout]   26:                0x0 - <unknown>
[INFO] [stdout] 
[INFO] [stdout] 
[INFO] [stdout] failures:
[INFO] [stdout]     enqueue_consume_ack_lifecycle
[INFO] [stdout]     enqueue_consume_nack_release
[INFO] [stdout]     enqueue_to_nonexistent_queue
[INFO] [stdout] 
[INFO] [stdout] test result: FAILED. 0 passed; 3 failed; 0 ignored; 0 measured; 0 filtered out; finished in 0.00s
[INFO] [stdout] 
[INFO] [stderr] error: test failed, to rerun pass `--test integration`
[INFO] running `Command { std: "docker" "inspect" "b13221c50b44162c8c6f1911df094f9248445324a08a06bf7844b13d094f3115", kill_on_drop: false }`
[INFO] running `Command { std: "docker" "rm" "-f" "b13221c50b44162c8c6f1911df094f9248445324a08a06bf7844b13d094f3115", kill_on_drop: false }`
[INFO] [stdout] b13221c50b44162c8c6f1911df094f9248445324a08a06bf7844b13d094f3115
