[INFO] fetching crate figlet-rs 1.0.0...
[INFO] testing figlet-rs-1.0.0 against 1.100.0-beta.1+cargoflags=--release for beta-release-1.100-2
[INFO] extracting crate figlet-rs 1.0.0 into /workspace/builds/worker-6-tc2/source
[INFO] started tweaking crates.io crate figlet-rs 1.0.0
[INFO] finished tweaking crates.io crate figlet-rs 1.0.0
[INFO] tweaked toml for crates.io crate figlet-rs 1.0.0 written to /workspace/builds/worker-6-tc2/source/Cargo.toml
[INFO] validating manifest of crates.io crate figlet-rs 1.0.0 on toolchain 1.100.0-beta.1
[INFO] running `Command { std: CARGO_HOME="/workspace/cargo-home" RUSTUP_HOME="/workspace/rustup-home" "/workspace/cargo-home/bin/cargo" "+1.100.0-beta.1" "metadata" "--manifest-path" "Cargo.toml" "--no-deps", kill_on_drop: false }`
[INFO] crate crates.io crate figlet-rs 1.0.0 already has a lockfile, it will not be regenerated
[INFO] running `Command { std: CARGO_HOME="/workspace/cargo-home" RUSTUP_HOME="/workspace/rustup-home" "/workspace/cargo-home/bin/cargo" "+1.100.0-beta.1" "fetch" "--manifest-path" "Cargo.toml", kill_on_drop: false }`
[INFO] running `Command { std: "docker" "create" "-v" "/var/lib/crater-agent-workspace/builds/worker-6-tc2/source:/opt/rustwide/workdir:ro,Z" "-v" "/var/lib/crater-agent-workspace/builds/worker-6-tc2/target:/opt/rustwide/target:rw,Z" "-v" "/var/lib/crater-agent-workspace/cargo-home:/opt/rustwide/cargo-home:ro,Z" "-v" "/var/lib/crater-agent-workspace/rustup-home:/opt/rustwide/rustup-home:ro,Z" "-m" "1610612736" "--network" "none" "ghcr.io/rust-lang/crates-build-env/linux@sha256:77db811e55d90add9212f6832c23229e3de5f1c1f9905e8cb07319ea15df73ac" "sleep" "infinity", kill_on_drop: false }`
[INFO] [stdout] 9b807886e525258ac2f461342b1f28d6fad12f03d43392a2a3d496d7ff681529
[INFO] running `Command { std: "docker" "start" "9b807886e525258ac2f461342b1f28d6fad12f03d43392a2a3d496d7ff681529", kill_on_drop: false }`
[INFO] running `Command { std: "docker" "inspect" "9b807886e525258ac2f461342b1f28d6fad12f03d43392a2a3d496d7ff681529", kill_on_drop: false }`
[INFO] running `Command { std: "docker" "exec" "-e" "SOURCE_DIR=/opt/rustwide/workdir" "-e" "CARGO_HOME=/opt/rustwide/cargo-home" "-e" "RUSTUP_HOME=/opt/rustwide/rustup-home" "-e" "CARGO_TARGET_DIR=/opt/rustwide/target" "-w" "/opt/rustwide/workdir" "--user" "0:0" "9b807886e525258ac2f461342b1f28d6fad12f03d43392a2a3d496d7ff681529" "/opt/rustwide/cargo-home/bin/cargo" "+1.100.0-beta.1" "metadata" "--no-deps" "--format-version=1", kill_on_drop: false }`
[INFO] running `Command { std: "docker" "inspect" "9b807886e525258ac2f461342b1f28d6fad12f03d43392a2a3d496d7ff681529", kill_on_drop: false }`
[INFO] running `Command { std: "docker" "exec" "-e" "SOURCE_DIR=/opt/rustwide/workdir" "-e" "CARGO_HOME=/opt/rustwide/cargo-home" "-e" "RUSTUP_HOME=/opt/rustwide/rustup-home" "-e" "CARGO_TARGET_DIR=/opt/rustwide/target" "-e" "CARGO_INCREMENTAL=0" "-e" "RUST_BACKTRACE=full" "-e" "RUSTFLAGS=--cap-lints=warn" "-e" "RUSTDOCFLAGS=--cap-lints=warn" "-w" "/opt/rustwide/workdir" "--user" "0:0" "9b807886e525258ac2f461342b1f28d6fad12f03d43392a2a3d496d7ff681529" "/opt/rustwide/cargo-home/bin/cargo" "+1.100.0-beta.1" "build" "--frozen" "--message-format=json" "--release", kill_on_drop: false }`
[INFO] [stderr]    Compiling simd-adler32 v0.3.8
[INFO] [stderr]    Compiling miniz_oxide v0.8.9
[INFO] [stderr]    Compiling flate2 v1.1.9
[INFO] [stderr]    Compiling zip v0.6.6
[INFO] [stderr]    Compiling figlet-rs v1.0.0 (/opt/rustwide/workdir)
[INFO] [stderr]     Finished `release` profile [optimized] target(s) in 4.07s
[INFO] running `Command { std: "docker" "inspect" "9b807886e525258ac2f461342b1f28d6fad12f03d43392a2a3d496d7ff681529", kill_on_drop: false }`
[INFO] running `Command { std: "docker" "exec" "-e" "SOURCE_DIR=/opt/rustwide/workdir" "-e" "CARGO_HOME=/opt/rustwide/cargo-home" "-e" "RUSTUP_HOME=/opt/rustwide/rustup-home" "-e" "CARGO_TARGET_DIR=/opt/rustwide/target" "-e" "CARGO_INCREMENTAL=0" "-e" "RUST_BACKTRACE=full" "-e" "RUSTFLAGS=--cap-lints=warn" "-e" "RUSTDOCFLAGS=--cap-lints=warn" "-w" "/opt/rustwide/workdir" "--user" "0:0" "9b807886e525258ac2f461342b1f28d6fad12f03d43392a2a3d496d7ff681529" "/opt/rustwide/cargo-home/bin/cargo" "+1.100.0-beta.1" "test" "--frozen" "--no-run" "--message-format=json" "--release", kill_on_drop: false }`
[INFO] [stderr]    Compiling figlet-rs v1.0.0 (/opt/rustwide/workdir)
[INFO] [stderr]     Finished `release` profile [optimized] target(s) in 1.82s
[INFO] running `Command { std: "docker" "inspect" "9b807886e525258ac2f461342b1f28d6fad12f03d43392a2a3d496d7ff681529", kill_on_drop: false }`
[INFO] running `Command { std: "docker" "exec" "-e" "SOURCE_DIR=/opt/rustwide/workdir" "-e" "CARGO_HOME=/opt/rustwide/cargo-home" "-e" "RUSTUP_HOME=/opt/rustwide/rustup-home" "-e" "CARGO_TARGET_DIR=/opt/rustwide/target" "-e" "CARGO_INCREMENTAL=0" "-e" "RUST_BACKTRACE=full" "-e" "RUSTFLAGS=--cap-lints=warn" "-e" "RUSTDOCFLAGS=--cap-lints=warn" "-w" "/opt/rustwide/workdir" "--user" "0:0" "9b807886e525258ac2f461342b1f28d6fad12f03d43392a2a3d496d7ff681529" "/opt/rustwide/cargo-home/bin/cargo" "+1.100.0-beta.1" "test" "--frozen" "--release", kill_on_drop: false }`
[INFO] [stderr]     Finished `release` profile [optimized] target(s) in 0.02s
[INFO] [stderr]      Running unittests src/lib.rs (/opt/rustwide/target/release/build/figlet-rs/6df93e2003f77f8f/out/figlet_rs-6df93e2003f77f8f)
[INFO] [stdout] 
[INFO] [stdout] running 41 tests
[INFO] [stdout] test tests::test_effective_layout_uses_old_layout_compatibility ... ok
[INFO] [stdout] test tests::test_from_content_invalid ... ok
[INFO] [stdout] test tests::test_effective_layout_prefers_full_layout ... ok
[INFO] [stdout] test tests::test_convert ... ok
[INFO] [stdout] test tests::test_convert_single_character ... ok
[INFO] [stdout] test tests::test_figure_display ... ok
[INFO] [stdout] test tests::test_convert_with_unknown_characters ... ok
[INFO] [stdout] test tests::test_figure_is_not_empty ... ok
[INFO] [stdout] test tests::test_convert_all_ascii_printable ... ok
[INFO] [stdout] test tests::test_figure_with_only_unknown_chars ... ok
[INFO] [stdout] test tests::test_figure_character_width_and_height ... ok
[INFO] [stdout] test tests::test_headerline_invalid ... ok
[INFO] [stdout] test tests::test_from_font_data_roundtrip ... ok
[INFO] [stdout] test tests::test_smush_rule_equal ... ok
[INFO] [stdout] test tests::test_convert_empty_string ... ok
[INFO] [stdout] test tests::test_figure_as_str ... ok
[INFO] [stdout] test tests::test_new_headerline ... ok
[INFO] [stdout] test tests::test_smush_rule_lowline_and_hierarchy ... ok
[INFO] [stdout] test tests::test_small_font_loading ... ok
[INFO] [stdout] test tests::test_slant_font_loading ... ok
[INFO] [stdout] test tests::test_toilet_from_content_invalid ... ok
[INFO] [stdout] test tests::test_toilet_header_supports_tlf_signature ... ok
[INFO] [stdout] test tests::test_figfont_clone ... ok
[INFO] [stdout] test tests::test_big_font_loading ... ok
[INFO] [stdout] test tests::test_toilet_builtin_text_font_loading ... ok
[INFO] [stdout] test tests::test_standard_font_loading ... ok
[INFO] [stdout] test tests::test_toilet_unknown_chars_are_skipped ... ok
[INFO] [stdout] test tests::test_small_golden_samples ... FAILED
[INFO] [stdout] test tests::test_big_golden_samples ... FAILED
[INFO] [stdout] test tests::test_slant_golden_samples ... FAILED
[INFO] [stdout] test tests::test_toilet_future_golden_samples ... FAILED
[INFO] [stdout] test tests::test_standard_golden_samples ... FAILED
[INFO] [stdout] test tests::test_toilet_wideterm_golden_samples ... FAILED
[INFO] [stdout] test tests::test_toilet_smblock_golden_samples ... FAILED
[INFO] [stdout] test tests::test_new_figfont ... ok
[INFO] [stdout] test tests::test_latin_characters ... ok
[INFO] [stdout] test tests::test_toilet_from_content ... ok
[INFO] [stdout] test tests::test_toilet_mono9_golden_samples ... FAILED
[INFO] [stdout] test tests::test_toilet_mono12_golden_samples ... FAILED
[INFO] [stdout] test tests::test_toilet_external_zipped_font_matches_builtin ... ok
[INFO] [stdout] test tests::test_toilet_builtin_zipped_font_loading ... ok
[INFO] [stdout] 
[INFO] [stdout] failures:
[INFO] [stdout] 
[INFO] [stdout] ---- tests::test_small_golden_samples stdout ----
[INFO] [stdout] 
[INFO] [stdout] thread 'tests::test_small_golden_samples' (242) panicked at src/lib.rs:45:45:
[INFO] [stdout] called `Result::unwrap()` on an `Err` value: Os { code: 2, kind: NotFound, message: "No such file or directory" }
[INFO] [stdout] stack backtrace:
[INFO] [stdout]    0:     0x652a89144851 - <<std[617be2ca0a6fd877]::sys::backtrace::BacktraceLock>::print::DisplayBacktrace as core[a373ad73a504971]::fmt::Display>::fmt
[INFO] [stdout]    1:     0x652a8915918a - core[a373ad73a504971]::fmt::write
[INFO] [stdout]    2:     0x652a89148a6c - <alloc[2e1b2a31b91974c5]::vec::Vec<u8> as core[a373ad73a504971]::io::write::Write>::write_fmt
[INFO] [stdout]    3:     0x652a891204b6 - std[617be2ca0a6fd877]::panicking::default_hook::{closure#0}
[INFO] [stdout]    4:     0x652a8913c879 - std[617be2ca0a6fd877]::panicking::default_hook
[INFO] [stdout]    5:     0x652a890d8840 - test[aada8e7e76ba119b]::test_main_inner::{closure#0}
[INFO] [stdout]    6:     0x652a8913ca32 - std[617be2ca0a6fd877]::panicking::panic_with_hook
[INFO] [stdout]    7:     0x652a89120562 - std[617be2ca0a6fd877]::panicking::panic_handler::{closure#0}
[INFO] [stdout]    8:     0x652a891190e9 - std[617be2ca0a6fd877]::sys::backtrace::__rust_end_short_backtrace::<std[617be2ca0a6fd877]::panicking::panic_handler::{closure#0}, !>
[INFO] [stdout]    9:     0x652a8912116d - __rustc[ea4f61d10b84890b]::rust_begin_unwind
[INFO] [stdout]   10:     0x652a891598bc - core[a373ad73a504971]::panicking::panic_fmt
[INFO] [stdout]   11:     0x652a89159692 - core[a373ad73a504971]::result::unwrap_failed
[INFO] [stdout]   12:     0x652a890b3177 - figlet_rs[84614400a1b896c6]::tests::assert_golden_fixture_figlet
[INFO] [stdout]   13:     0x652a890b83e5 - <figlet_rs[84614400a1b896c6]::tests::test_small_golden_samples::{closure#0} as core[a373ad73a504971]::ops::function::FnOnce<()>>::call_once
[INFO] [stdout]   14:     0x652a890cbc8b - test[aada8e7e76ba119b]::__rust_begin_short_backtrace::<core[a373ad73a504971]::result::Result<(), alloc[2e1b2a31b91974c5]::string::String>, fn() -> core[a373ad73a504971]::result::Result<(), alloc[2e1b2a31b91974c5]::string::String>>
[INFO] [stdout]   15:     0x652a890d8e65 - test[aada8e7e76ba119b]::run_test::{closure#0}
[INFO] [stdout]   16:     0x652a890d2754 - std[617be2ca0a6fd877]::sys::backtrace::__rust_begin_short_backtrace::<test[aada8e7e76ba119b]::run_test::{closure#1}, ()>
[INFO] [stdout]   17:     0x652a890dbef2 - <std[617be2ca0a6fd877]::thread::lifecycle::spawn_unchecked<test[aada8e7e76ba119b]::run_test::{closure#1}, ()>::{closure#1} as core[a373ad73a504971]::ops::function::FnOnce<()>>::call_once::{shim:vtable#0}
[INFO] [stdout]   18:     0x652a89143a3f - <std[617be2ca0a6fd877]::sys::thread::unix::Thread>::new::thread_start
[INFO] [stdout]   19:     0x772651b75dfa - <unknown>
[INFO] [stdout]   20:     0x772651c093d4 - clone
[INFO] [stdout]   21:                0x0 - <unknown>
[INFO] [stdout] 
[INFO] [stdout] ---- tests::test_big_golden_samples stdout ----
[INFO] [stdout] 
[INFO] [stdout] thread 'tests::test_big_golden_samples' (219) panicked at src/lib.rs:45:45:
[INFO] [stdout] called `Result::unwrap()` on an `Err` value: Os { code: 2, kind: NotFound, message: "No such file or directory" }
[INFO] [stdout] stack backtrace:
[INFO] [stdout]    0:     0x652a89144851 - <<std[617be2ca0a6fd877]::sys::backtrace::BacktraceLock>::print::DisplayBacktrace as core[a373ad73a504971]::fmt::Display>::fmt
[INFO] [stdout]    1:     0x652a8915918a - core[a373ad73a504971]::fmt::write
[INFO] [stdout]    2:     0x652a89148a6c - <alloc[2e1b2a31b91974c5]::vec::Vec<u8> as core[a373ad73a504971]::io::write::Write>::write_fmt
[INFO] [stdout]    3:     0x652a891204b6 - std[617be2ca0a6fd877]::panicking::default_hook::{closure#0}
[INFO] [stdout]    4:     0x652a8913c879 - std[617be2ca0a6fd877]::panicking::default_hook
[INFO] [stdout]    5:     0x652a890d8840 - test[aada8e7e76ba119b]::test_main_inner::{closure#0}
[INFO] [stdout]    6:     0x652a8913ca32 - std[617be2ca0a6fd877]::panicking::panic_with_hook
[INFO] [stdout]    7:     0x652a89120562 - std[617be2ca0a6fd877]::panicking::panic_handler::{closure#0}
[INFO] [stdout]    8:     0x652a891190e9 - std[617be2ca0a6fd877]::sys::backtrace::__rust_end_short_backtrace::<std[617be2ca0a6fd877]::panicking::panic_handler::{closure#0}, !>
[INFO] [stdout]    9:     0x652a8912116d - __rustc[ea4f61d10b84890b]::rust_begin_unwind
[INFO] [stdout]   10:     0x652a891598bc - core[a373ad73a504971]::panicking::panic_fmt
[INFO] [stdout]   11:     0x652a89159692 - core[a373ad73a504971]::result::unwrap_failed
[INFO] [stdout]   12:     0x652a890b3177 - figlet_rs[84614400a1b896c6]::tests::assert_golden_fixture_figlet
[INFO] [stdout]   13:     0x652a890b6425 - <figlet_rs[84614400a1b896c6]::tests::test_big_golden_samples::{closure#0} as core[a373ad73a504971]::ops::function::FnOnce<()>>::call_once
[INFO] [stdout]   14:     0x652a890cbc8b - test[aada8e7e76ba119b]::__rust_begin_short_backtrace::<core[a373ad73a504971]::result::Result<(), alloc[2e1b2a31b91974c5]::string::String>, fn() -> core[a373ad73a504971]::result::Result<(), alloc[2e1b2a31b91974c5]::string::String>>
[INFO] [stdout]   15:     0x652a890d8e65 - test[aada8e7e76ba119b]::run_test::{closure#0}
[INFO] [stdout]   16:     0x652a890d2754 - std[617be2ca0a6fd877]::sys::backtrace::__rust_begin_short_backtrace::<test[aada8e7e76ba119b]::run_test::{closure#1}, ()>
[INFO] [stdout]   17:     0x652a890dbef2 - <std[617be2ca0a6fd877]::thread::lifecycle::spawn_unchecked<test[aada8e7e76ba119b]::run_test::{closure#1}, ()>::{closure#1} as core[a373ad73a504971]::ops::function::FnOnce<()>>::call_once::{shim:vtable#0}
[INFO] [stdout]   18:     0x652a89143a3f - <std[617be2ca0a6fd877]::sys::thread::unix::Thread>::new::thread_start
[INFO] [stdout]   19:     0x772651b75dfa - <unknown>
[INFO] [stdout]   20:     0x772651c093d4 - clone
[INFO] [stdout]   21:                0x0 - <unknown>
[INFO] [stdout] 
[INFO] [stdout] ---- tests::test_slant_golden_samples stdout ----
[INFO] [stdout] 
[INFO] [stdout] thread 'tests::test_slant_golden_samples' (240) panicked at src/lib.rs:45:45:
[INFO] [stdout] called `Result::unwrap()` on an `Err` value: Os { code: 2, kind: NotFound, message: "No such file or directory" }
[INFO] [stdout] stack backtrace:
[INFO] [stdout]    0:     0x652a89144851 - <<std[617be2ca0a6fd877]::sys::backtrace::BacktraceLock>::print::DisplayBacktrace as core[a373ad73a504971]::fmt::Display>::fmt
[INFO] [stdout]    1:     0x652a8915918a - core[a373ad73a504971]::fmt::write
[INFO] [stdout]    2:     0x652a89148a6c - <alloc[2e1b2a31b91974c5]::vec::Vec<u8> as core[a373ad73a504971]::io::write::Write>::write_fmt
[INFO] [stdout]    3:     0x652a891204b6 - std[617be2ca0a6fd877]::panicking::default_hook::{closure#0}
[INFO] [stdout]    4:     0x652a8913c879 - std[617be2ca0a6fd877]::panicking::default_hook
[INFO] [stdout]    5:     0x652a890d8840 - test[aada8e7e76ba119b]::test_main_inner::{closure#0}
[INFO] [stdout]    6:     0x652a8913ca32 - std[617be2ca0a6fd877]::panicking::panic_with_hook
[INFO] [stdout]    7:     0x652a89120562 - std[617be2ca0a6fd877]::panicking::panic_handler::{closure#0}
[INFO] [stdout]    8:     0x652a891190e9 - std[617be2ca0a6fd877]::sys::backtrace::__rust_end_short_backtrace::<std[617be2ca0a6fd877]::panicking::panic_handler::{closure#0}, !>
[INFO] [stdout]    9:     0x652a8912116d - __rustc[ea4f61d10b84890b]::rust_begin_unwind
[INFO] [stderr] error: test failed, to rerun pass `--lib`
[INFO] [stdout]   10:     0x652a891598bc - core[a373ad73a504971]::panicking::panic_fmt
[INFO] [stdout]   11:     0x652a89159692 - core[a373ad73a504971]::result::unwrap_failed
[INFO] [stdout]   12:     0x652a890b3177 - figlet_rs[84614400a1b896c6]::tests::assert_golden_fixture_figlet
[INFO] [stdout]   13:     0x652a890b80e5 - <figlet_rs[84614400a1b896c6]::tests::test_slant_golden_samples::{closure#0} as core[a373ad73a504971]::ops::function::FnOnce<()>>::call_once
[INFO] [stdout]   14:     0x652a890cbc8b - test[aada8e7e76ba119b]::__rust_begin_short_backtrace::<core[a373ad73a504971]::result::Result<(), alloc[2e1b2a31b91974c5]::string::String>, fn() -> core[a373ad73a504971]::result::Result<(), alloc[2e1b2a31b91974c5]::string::String>>
[INFO] [stdout]   15:     0x652a890d8e65 - test[aada8e7e76ba119b]::run_test::{closure#0}
[INFO] [stdout]   16:     0x652a890d2754 - std[617be2ca0a6fd877]::sys::backtrace::__rust_begin_short_backtrace::<test[aada8e7e76ba119b]::run_test::{closure#1}, ()>
[INFO] [stdout]   17:     0x652a890dbef2 - <std[617be2ca0a6fd877]::thread::lifecycle::spawn_unchecked<test[aada8e7e76ba119b]::run_test::{closure#1}, ()>::{closure#1} as core[a373ad73a504971]::ops::function::FnOnce<()>>::call_once::{shim:vtable#0}
[INFO] [stdout]   18:     0x652a89143a3f - <std[617be2ca0a6fd877]::sys::thread::unix::Thread>::new::thread_start
[INFO] [stdout]   19:     0x772651b75dfa - <unknown>
[INFO] [stdout]   20:     0x772651c093d4 - clone
[INFO] [stdout]   21:                0x0 - <unknown>
[INFO] [stdout] 
[INFO] [stdout] ---- tests::test_toilet_future_golden_samples stdout ----
[INFO] [stdout] 
[INFO] [stdout] thread 'tests::test_toilet_future_golden_samples' (252) panicked at src/lib.rs:45:45:
[INFO] [stdout] called `Result::unwrap()` on an `Err` value: Os { code: 2, kind: NotFound, message: "No such file or directory" }
[INFO] [stdout] stack backtrace:
[INFO] [stdout]    0:     0x652a89144851 - <<std[617be2ca0a6fd877]::sys::backtrace::BacktraceLock>::print::DisplayBacktrace as core[a373ad73a504971]::fmt::Display>::fmt
[INFO] [stdout]    1:     0x652a8915918a - core[a373ad73a504971]::fmt::write
[INFO] [stdout]    2:     0x652a89148a6c - <alloc[2e1b2a31b91974c5]::vec::Vec<u8> as core[a373ad73a504971]::io::write::Write>::write_fmt
[INFO] [stdout]    3:     0x652a891204b6 - std[617be2ca0a6fd877]::panicking::default_hook::{closure#0}
[INFO] [stdout]    4:     0x652a8913c879 - std[617be2ca0a6fd877]::panicking::default_hook
[INFO] [stdout]    5:     0x652a890d8840 - test[aada8e7e76ba119b]::test_main_inner::{closure#0}
[INFO] [stdout]    6:     0x652a8913ca32 - std[617be2ca0a6fd877]::panicking::panic_with_hook
[INFO] [stdout]    7:     0x652a89120562 - std[617be2ca0a6fd877]::panicking::panic_handler::{closure#0}
[INFO] [stdout]    8:     0x652a891190e9 - std[617be2ca0a6fd877]::sys::backtrace::__rust_end_short_backtrace::<std[617be2ca0a6fd877]::panicking::panic_handler::{closure#0}, !>
[INFO] [stdout]    9:     0x652a8912116d - __rustc[ea4f61d10b84890b]::rust_begin_unwind
[INFO] [stdout]   10:     0x652a891598bc - core[a373ad73a504971]::panicking::panic_fmt
[INFO] [stdout]   11:     0x652a89159692 - core[a373ad73a504971]::result::unwrap_failed
[INFO] [stdout]   12:     0x652a890b3477 - figlet_rs[84614400a1b896c6]::tests::assert_golden_fixture_toilet
[INFO] [stdout]   13:     0x652a890ba3ec - <figlet_rs[84614400a1b896c6]::tests::test_toilet_future_golden_samples::{closure#0} as core[a373ad73a504971]::ops::function::FnOnce<()>>::call_once
[INFO] [stdout]   14:     0x652a890cbc8b - test[aada8e7e76ba119b]::__rust_begin_short_backtrace::<core[a373ad73a504971]::result::Result<(), alloc[2e1b2a31b91974c5]::string::String>, fn() -> core[a373ad73a504971]::result::Result<(), alloc[2e1b2a31b91974c5]::string::String>>
[INFO] [stdout]   15:     0x652a890d8e65 - test[aada8e7e76ba119b]::run_test::{closure#0}
[INFO] [stdout]   16:     0x652a890d2754 - std[617be2ca0a6fd877]::sys::backtrace::__rust_begin_short_backtrace::<test[aada8e7e76ba119b]::run_test::{closure#1}, ()>
[INFO] [stdout]   17:     0x652a890dbef2 - <std[617be2ca0a6fd877]::thread::lifecycle::spawn_unchecked<test[aada8e7e76ba119b]::run_test::{closure#1}, ()>::{closure#1} as core[a373ad73a504971]::ops::function::FnOnce<()>>::call_once::{shim:vtable#0}
[INFO] [stdout]   18:     0x652a89143a3f - <std[617be2ca0a6fd877]::sys::thread::unix::Thread>::new::thread_start
[INFO] [stdout]   19:     0x772651b75dfa - <unknown>
[INFO] [stdout]   20:     0x772651c093d4 - clone
[INFO] [stdout]   21:                0x0 - <unknown>
[INFO] [stdout] 
[INFO] [stdout] ---- tests::test_standard_golden_samples stdout ----
[INFO] [stdout] 
[INFO] [stdout] thread 'tests::test_standard_golden_samples' (246) panicked at src/lib.rs:45:45:
[INFO] [stdout] called `Result::unwrap()` on an `Err` value: Os { code: 2, kind: NotFound, message: "No such file or directory" }
[INFO] [stdout] stack backtrace:
[INFO] [stdout]    0:     0x652a89144851 - <<std[617be2ca0a6fd877]::sys::backtrace::BacktraceLock>::print::DisplayBacktrace as core[a373ad73a504971]::fmt::Display>::fmt
[INFO] [stdout]    1:     0x652a8915918a - core[a373ad73a504971]::fmt::write
[INFO] [stdout]    2:     0x652a89148a6c - <alloc[2e1b2a31b91974c5]::vec::Vec<u8> as core[a373ad73a504971]::io::write::Write>::write_fmt
[INFO] [stdout]    3:     0x652a891204b6 - std[617be2ca0a6fd877]::panicking::default_hook::{closure#0}
[INFO] [stdout]    4:     0x652a8913c879 - std[617be2ca0a6fd877]::panicking::default_hook
[INFO] [stdout]    5:     0x652a890d8840 - test[aada8e7e76ba119b]::test_main_inner::{closure#0}
[INFO] [stdout]    6:     0x652a8913ca32 - std[617be2ca0a6fd877]::panicking::panic_with_hook
[INFO] [stdout]    7:     0x652a89120562 - std[617be2ca0a6fd877]::panicking::panic_handler::{closure#0}
[INFO] [stdout]    8:     0x652a891190e9 - std[617be2ca0a6fd877]::sys::backtrace::__rust_end_short_backtrace::<std[617be2ca0a6fd877]::panicking::panic_handler::{closure#0}, !>
[INFO] [stdout]    9:     0x652a8912116d - __rustc[ea4f61d10b84890b]::rust_begin_unwind
[INFO] [stdout]   10:     0x652a891598bc - core[a373ad73a504971]::panicking::panic_fmt
[INFO] [stdout]   11:     0x652a89159692 - core[a373ad73a504971]::result::unwrap_failed
[INFO] [stdout]   12:     0x652a890b3177 - figlet_rs[84614400a1b896c6]::tests::assert_golden_fixture_figlet
[INFO] [stdout]   13:     0x652a890b8c65 - <figlet_rs[84614400a1b896c6]::tests::test_standard_golden_samples::{closure#0} as core[a373ad73a504971]::ops::function::FnOnce<()>>::call_once
[INFO] [stdout]   14:     0x652a890cbc8b - test[aada8e7e76ba119b]::__rust_begin_short_backtrace::<core[a373ad73a504971]::result::Result<(), alloc[2e1b2a31b91974c5]::string::String>, fn() -> core[a373ad73a504971]::result::Result<(), alloc[2e1b2a31b91974c5]::string::String>>
[INFO] [stdout]   15:     0x652a890d8e65 - test[aada8e7e76ba119b]::run_test::{closure#0}
[INFO] [stdout]   16:     0x652a890d2754 - std[617be2ca0a6fd877]::sys::backtrace::__rust_begin_short_backtrace::<test[aada8e7e76ba119b]::run_test::{closure#1}, ()>
[INFO] [stdout]   17:     0x652a890dbef2 - <std[617be2ca0a6fd877]::thread::lifecycle::spawn_unchecked<test[aada8e7e76ba119b]::run_test::{closure#1}, ()>::{closure#1} as core[a373ad73a504971]::ops::function::FnOnce<()>>::call_once::{shim:vtable#0}
[INFO] [stdout]   18:     0x652a89143a3f - <std[617be2ca0a6fd877]::sys::thread::unix::Thread>::new::thread_start
[INFO] [stdout]   19:     0x772651b75dfa - <unknown>
[INFO] [stdout]   20:     0x772651c093d4 - clone
[INFO] [stdout]   21:                0x0 - <unknown>
[INFO] [stdout] 
[INFO] [stdout] ---- tests::test_toilet_wideterm_golden_samples stdout ----
[INFO] [stdout] 
[INFO] [stdout] thread 'tests::test_toilet_wideterm_golden_samples' (258) panicked at src/lib.rs:45:45:
[INFO] [stdout] called `Result::unwrap()` on an `Err` value: Os { code: 2, kind: NotFound, message: "No such file or directory" }
[INFO] [stdout] stack backtrace:
[INFO] [stdout]    0:     0x652a89144851 - <<std[617be2ca0a6fd877]::sys::backtrace::BacktraceLock>::print::DisplayBacktrace as core[a373ad73a504971]::fmt::Display>::fmt
[INFO] [stdout]    1:     0x652a8915918a - core[a373ad73a504971]::fmt::write
[INFO] [stdout]    2:     0x652a89148a6c - <alloc[2e1b2a31b91974c5]::vec::Vec<u8> as core[a373ad73a504971]::io::write::Write>::write_fmt
[INFO] [stdout]    3:     0x652a891204b6 - std[617be2ca0a6fd877]::panicking::default_hook::{closure#0}
[INFO] [stdout]    4:     0x652a8913c879 - std[617be2ca0a6fd877]::panicking::default_hook
[INFO] [stdout]    5:     0x652a890d8840 - test[aada8e7e76ba119b]::test_main_inner::{closure#0}
[INFO] [stdout]    6:     0x652a8913ca32 - std[617be2ca0a6fd877]::panicking::panic_with_hook
[INFO] [stdout]    7:     0x652a89120562 - std[617be2ca0a6fd877]::panicking::panic_handler::{closure#0}
[INFO] [stdout]    8:     0x652a891190e9 - std[617be2ca0a6fd877]::sys::backtrace::__rust_end_short_backtrace::<std[617be2ca0a6fd877]::panicking::panic_handler::{closure#0}, !>
[INFO] [stdout]    9:     0x652a8912116d - __rustc[ea4f61d10b84890b]::rust_begin_unwind
[INFO] [stdout]   10:     0x652a891598bc - core[a373ad73a504971]::panicking::panic_fmt
[INFO] [stdout]   11:     0x652a89159692 - core[a373ad73a504971]::result::unwrap_failed
[INFO] [stdout]   12:     0x652a890b3477 - figlet_rs[84614400a1b896c6]::tests::assert_golden_fixture_toilet
[INFO] [stdout]   13:     0x652a890baecc - <figlet_rs[84614400a1b896c6]::tests::test_toilet_wideterm_golden_samples::{closure#0} as core[a373ad73a504971]::ops::function::FnOnce<()>>::call_once
[INFO] [stdout]   14:     0x652a890cbc8b - test[aada8e7e76ba119b]::__rust_begin_short_backtrace::<core[a373ad73a504971]::result::Result<(), alloc[2e1b2a31b91974c5]::string::String>, fn() -> core[a373ad73a504971]::result::Result<(), alloc[2e1b2a31b91974c5]::string::String>>
[INFO] [stdout]   15:     0x652a890d8e65 - test[aada8e7e76ba119b]::run_test::{closure#0}
[INFO] [stdout]   16:     0x652a890d2754 - std[617be2ca0a6fd877]::sys::backtrace::__rust_begin_short_backtrace::<test[aada8e7e76ba119b]::run_test::{closure#1}, ()>
[INFO] [stdout]   17:     0x652a890dbef2 - <std[617be2ca0a6fd877]::thread::lifecycle::spawn_unchecked<test[aada8e7e76ba119b]::run_test::{closure#1}, ()>::{closure#1} as core[a373ad73a504971]::ops::function::FnOnce<()>>::call_once::{shim:vtable#0}
[INFO] [stdout]   18:     0x652a89143a3f - <std[617be2ca0a6fd877]::sys::thread::unix::Thread>::new::thread_start
[INFO] [stdout]   19:     0x772651b75dfa - <unknown>
[INFO] [stdout]   20:     0x772651c093d4 - clone
[INFO] [stdout]   21:                0x0 - <unknown>
[INFO] [stdout] 
[INFO] [stdout] ---- tests::test_toilet_smblock_golden_samples stdout ----
[INFO] [stdout] 
[INFO] [stdout] thread 'tests::test_toilet_smblock_golden_samples' (256) panicked at src/lib.rs:45:45:
[INFO] [stdout] called `Result::unwrap()` on an `Err` value: Os { code: 2, kind: NotFound, message: "No such file or directory" }
[INFO] [stdout] stack backtrace:
[INFO] [stdout]    0:     0x652a89144851 - <<std[617be2ca0a6fd877]::sys::backtrace::BacktraceLock>::print::DisplayBacktrace as core[a373ad73a504971]::fmt::Display>::fmt
[INFO] [stdout]    1:     0x652a8915918a - core[a373ad73a504971]::fmt::write
[INFO] [stdout]    2:     0x652a89148a6c - <alloc[2e1b2a31b91974c5]::vec::Vec<u8> as core[a373ad73a504971]::io::write::Write>::write_fmt
[INFO] [stdout]    3:     0x652a891204b6 - std[617be2ca0a6fd877]::panicking::default_hook::{closure#0}
[INFO] [stdout]    4:     0x652a8913c879 - std[617be2ca0a6fd877]::panicking::default_hook
[INFO] [stdout]    5:     0x652a890d8840 - test[aada8e7e76ba119b]::test_main_inner::{closure#0}
[INFO] [stdout]    6:     0x652a8913ca32 - std[617be2ca0a6fd877]::panicking::panic_with_hook
[INFO] [stdout]    7:     0x652a89120562 - std[617be2ca0a6fd877]::panicking::panic_handler::{closure#0}
[INFO] [stdout]    8:     0x652a891190e9 - std[617be2ca0a6fd877]::sys::backtrace::__rust_end_short_backtrace::<std[617be2ca0a6fd877]::panicking::panic_handler::{closure#0}, !>
[INFO] [stdout]    9:     0x652a8912116d - __rustc[ea4f61d10b84890b]::rust_begin_unwind
[INFO] [stdout]   10:     0x652a891598bc - core[a373ad73a504971]::panicking::panic_fmt
[INFO] [stdout]   11:     0x652a89159692 - core[a373ad73a504971]::result::unwrap_failed
[INFO] [stdout]   12:     0x652a890b3477 - figlet_rs[84614400a1b896c6]::tests::assert_golden_fixture_toilet
[INFO] [stdout]   13:     0x652a890ba936 - <figlet_rs[84614400a1b896c6]::tests::test_toilet_smblock_golden_samples::{closure#0} as core[a373ad73a504971]::ops::function::FnOnce<()>>::call_once
[INFO] [stdout]   14:     0x652a890cbc8b - test[aada8e7e76ba119b]::__rust_begin_short_backtrace::<core[a373ad73a504971]::result::Result<(), alloc[2e1b2a31b91974c5]::string::String>, fn() -> core[a373ad73a504971]::result::Result<(), alloc[2e1b2a31b91974c5]::string::String>>
[INFO] [stdout]   15:     0x652a890d8e65 - test[aada8e7e76ba119b]::run_test::{closure#0}
[INFO] [stdout]   16:     0x652a890d2754 - std[617be2ca0a6fd877]::sys::backtrace::__rust_begin_short_backtrace::<test[aada8e7e76ba119b]::run_test::{closure#1}, ()>
[INFO] [stdout]   17:     0x652a890dbef2 - <std[617be2ca0a6fd877]::thread::lifecycle::spawn_unchecked<test[aada8e7e76ba119b]::run_test::{closure#1}, ()>::{closure#1} as core[a373ad73a504971]::ops::function::FnOnce<()>>::call_once::{shim:vtable#0}
[INFO] [stdout]   18:     0x652a89143a3f - <std[617be2ca0a6fd877]::sys::thread::unix::Thread>::new::thread_start
[INFO] [stdout]   19:     0x772651b75dfa - <unknown>
[INFO] [stdout]   20:     0x772651c093d4 - clone
[INFO] [stdout]   21:                0x0 - <unknown>
[INFO] [stdout] 
[INFO] [stdout] ---- tests::test_toilet_mono9_golden_samples stdout ----
[INFO] [stdout] 
[INFO] [stdout] thread 'tests::test_toilet_mono9_golden_samples' (255) panicked at src/lib.rs:45:45:
[INFO] [stdout] called `Result::unwrap()` on an `Err` value: Os { code: 2, kind: NotFound, message: "No such file or directory" }
[INFO] [stdout] stack backtrace:
[INFO] [stdout]    0:     0x652a89144851 - <<std[617be2ca0a6fd877]::sys::backtrace::BacktraceLock>::print::DisplayBacktrace as core[a373ad73a504971]::fmt::Display>::fmt
[INFO] [stdout]    1:     0x652a8915918a - core[a373ad73a504971]::fmt::write
[INFO] [stdout]    2:     0x652a89148a6c - <alloc[2e1b2a31b91974c5]::vec::Vec<u8> as core[a373ad73a504971]::io::write::Write>::write_fmt
[INFO] [stdout]    3:     0x652a891204b6 - std[617be2ca0a6fd877]::panicking::default_hook::{closure#0}
[INFO] [stdout]    4:     0x652a8913c879 - std[617be2ca0a6fd877]::panicking::default_hook
[INFO] [stdout]    5:     0x652a890d8840 - test[aada8e7e76ba119b]::test_main_inner::{closure#0}
[INFO] [stdout]    6:     0x652a8913ca32 - std[617be2ca0a6fd877]::panicking::panic_with_hook
[INFO] [stdout]    7:     0x652a89120562 - std[617be2ca0a6fd877]::panicking::panic_handler::{closure#0}
[INFO] [stdout]    8:     0x652a891190e9 - std[617be2ca0a6fd877]::sys::backtrace::__rust_end_short_backtrace::<std[617be2ca0a6fd877]::panicking::panic_handler::{closure#0}, !>
[INFO] [stdout]    9:     0x652a8912116d - __rustc[ea4f61d10b84890b]::rust_begin_unwind
[INFO] [stdout]   10:     0x652a891598bc - core[a373ad73a504971]::panicking::panic_fmt
[INFO] [stdout]   11:     0x652a89159692 - core[a373ad73a504971]::result::unwrap_failed
[INFO] [stdout]   12:     0x652a890b3477 - figlet_rs[84614400a1b896c6]::tests::assert_golden_fixture_toilet
[INFO] [stdout]   13:     0x652a890ba15c - <figlet_rs[84614400a1b896c6]::tests::test_toilet_mono9_golden_samples::{closure#0} as core[a373ad73a504971]::ops::function::FnOnce<()>>::call_once
[INFO] [stdout]   14:     0x652a890cbc8b - test[aada8e7e76ba119b]::__rust_begin_short_backtrace::<core[a373ad73a504971]::result::Result<(), alloc[2e1b2a31b91974c5]::string::String>, fn() -> core[a373ad73a504971]::result::Result<(), alloc[2e1b2a31b91974c5]::string::String>>
[INFO] [stdout]   15:     0x652a890d8e65 - test[aada8e7e76ba119b]::run_test::{closure#0}
[INFO] [stdout]   16:     0x652a890d2754 - std[617be2ca0a6fd877]::sys::backtrace::__rust_begin_short_backtrace::<test[aada8e7e76ba119b]::run_test::{closure#1}, ()>
[INFO] [stdout]   17:     0x652a890dbef2 - <std[617be2ca0a6fd877]::thread::lifecycle::spawn_unchecked<test[aada8e7e76ba119b]::run_test::{closure#1}, ()>::{closure#1} as core[a373ad73a504971]::ops::function::FnOnce<()>>::call_once::{shim:vtable#0}
[INFO] [stdout]   18:     0x652a89143a3f - <std[617be2ca0a6fd877]::sys::thread::unix::Thread>::new::thread_start
[INFO] [stdout]   19:     0x772651b75dfa - <unknown>
[INFO] [stdout]   20:     0x772651c093d4 - clone
[INFO] [stdout]   21:                0x0 - <unknown>
[INFO] [stdout] 
[INFO] [stdout] ---- tests::test_toilet_mono12_golden_samples stdout ----
[INFO] [stdout] 
[INFO] [stdout] thread 'tests::test_toilet_mono12_golden_samples' (254) panicked at src/lib.rs:45:45:
[INFO] [stdout] called `Result::unwrap()` on an `Err` value: Os { code: 2, kind: NotFound, message: "No such file or directory" }
[INFO] [stdout] stack backtrace:
[INFO] [stdout]    0:     0x652a89144851 - <<std[617be2ca0a6fd877]::sys::backtrace::BacktraceLock>::print::DisplayBacktrace as core[a373ad73a504971]::fmt::Display>::fmt
[INFO] [stdout]    1:     0x652a8915918a - core[a373ad73a504971]::fmt::write
[INFO] [stdout]    2:     0x652a89148a6c - <alloc[2e1b2a31b91974c5]::vec::Vec<u8> as core[a373ad73a504971]::io::write::Write>::write_fmt
[INFO] [stdout]    3:     0x652a891204b6 - std[617be2ca0a6fd877]::panicking::default_hook::{closure#0}
[INFO] [stdout]    4:     0x652a8913c879 - std[617be2ca0a6fd877]::panicking::default_hook
[INFO] [stdout]    5:     0x652a890d8840 - test[aada8e7e76ba119b]::test_main_inner::{closure#0}
[INFO] [stdout]    6:     0x652a8913ca32 - std[617be2ca0a6fd877]::panicking::panic_with_hook
[INFO] [stdout]    7:     0x652a89120562 - std[617be2ca0a6fd877]::panicking::panic_handler::{closure#0}
[INFO] [stdout]    8:     0x652a891190e9 - std[617be2ca0a6fd877]::sys::backtrace::__rust_end_short_backtrace::<std[617be2ca0a6fd877]::panicking::panic_handler::{closure#0}, !>
[INFO] [stdout]    9:     0x652a8912116d - __rustc[ea4f61d10b84890b]::rust_begin_unwind
[INFO] [stdout]   10:     0x652a891598bc - core[a373ad73a504971]::panicking::panic_fmt
[INFO] [stdout]   11:     0x652a89159692 - core[a373ad73a504971]::result::unwrap_failed
[INFO] [stdout]   12:     0x652a890b3477 - figlet_rs[84614400a1b896c6]::tests::assert_golden_fixture_toilet
[INFO] [stdout]   13:     0x652a890ba6ac - <figlet_rs[84614400a1b896c6]::tests::test_toilet_mono12_golden_samples::{closure#0} as core[a373ad73a504971]::ops::function::FnOnce<()>>::call_once
[INFO] [stdout]   14:     0x652a890cbc8b - test[aada8e7e76ba119b]::__rust_begin_short_backtrace::<core[a373ad73a504971]::result::Result<(), alloc[2e1b2a31b91974c5]::string::String>, fn() -> core[a373ad73a504971]::result::Result<(), alloc[2e1b2a31b91974c5]::string::String>>
[INFO] [stdout]   15:     0x652a890d8e65 - test[aada8e7e76ba119b]::run_test::{closure#0}
[INFO] [stdout]   16:     0x652a890d2754 - std[617be2ca0a6fd877]::sys::backtrace::__rust_begin_short_backtrace::<test[aada8e7e76ba119b]::run_test::{closure#1}, ()>
[INFO] [stdout]   17:     0x652a890dbef2 - <std[617be2ca0a6fd877]::thread::lifecycle::spawn_unchecked<test[aada8e7e76ba119b]::run_test::{closure#1}, ()>::{closure#1} as core[a373ad73a504971]::ops::function::FnOnce<()>>::call_once::{shim:vtable#0}
[INFO] [stdout]   18:     0x652a89143a3f - <std[617be2ca0a6fd877]::sys::thread::unix::Thread>::new::thread_start
[INFO] [stdout]   19:     0x772651b75dfa - <unknown>
[INFO] [stdout]   20:     0x772651c093d4 - clone
[INFO] [stdout]   21:                0x0 - <unknown>
[INFO] [stdout] 
[INFO] [stdout] 
[INFO] [stdout] failures:
[INFO] [stdout]     tests::test_big_golden_samples
[INFO] [stdout]     tests::test_slant_golden_samples
[INFO] [stdout]     tests::test_small_golden_samples
[INFO] [stdout]     tests::test_standard_golden_samples
[INFO] [stdout]     tests::test_toilet_future_golden_samples
[INFO] [stdout]     tests::test_toilet_mono12_golden_samples
[INFO] [stdout]     tests::test_toilet_mono9_golden_samples
[INFO] [stdout]     tests::test_toilet_smblock_golden_samples
[INFO] [stdout]     tests::test_toilet_wideterm_golden_samples
[INFO] [stdout] 
[INFO] [stdout] test result: FAILED. 32 passed; 9 failed; 0 ignored; 0 measured; 0 filtered out; finished in 0.09s
[INFO] [stdout] 
[INFO] running `Command { std: "docker" "inspect" "9b807886e525258ac2f461342b1f28d6fad12f03d43392a2a3d496d7ff681529", kill_on_drop: false }`
[INFO] running `Command { std: "docker" "rm" "-f" "9b807886e525258ac2f461342b1f28d6fad12f03d43392a2a3d496d7ff681529", kill_on_drop: false }`
[INFO] [stdout] 9b807886e525258ac2f461342b1f28d6fad12f03d43392a2a3d496d7ff681529
