[INFO] fetching crate fieldkin 0.2.3...
[INFO] testing fieldkin-0.2.3 against 1.99.0-beta.8+cargoflags=--release for beta-release-1.100-2
[INFO] extracting crate fieldkin 0.2.3 into /workspace/builds/worker-6-tc1/source
[INFO] started tweaking crates.io crate fieldkin 0.2.3
[INFO] removed 0 missing examples
[INFO] removed 0 missing tests
[INFO] finished tweaking crates.io crate fieldkin 0.2.3
[INFO] tweaked toml for crates.io crate fieldkin 0.2.3 written to /workspace/builds/worker-6-tc1/source/Cargo.toml
[INFO] validating manifest of crates.io crate fieldkin 0.2.3 on toolchain 1.99.0-beta.8
[INFO] running `Command { std: CARGO_HOME="/workspace/cargo-home" RUSTUP_HOME="/workspace/rustup-home" "/workspace/cargo-home/bin/cargo" "+1.99.0-beta.8" "metadata" "--manifest-path" "Cargo.toml" "--no-deps", kill_on_drop: false }`
[INFO] crate crates.io crate fieldkin 0.2.3 already has a lockfile, it will not be regenerated
[INFO] running `Command { std: CARGO_HOME="/workspace/cargo-home" RUSTUP_HOME="/workspace/rustup-home" "/workspace/cargo-home/bin/cargo" "+1.99.0-beta.8" "fetch" "--manifest-path" "Cargo.toml", kill_on_drop: false }`
[INFO] [stderr]     Updating crates.io index
[INFO] [stderr]  Downloading crates ...
[INFO] [stderr]   Downloaded signal-hook v0.4.5
[INFO] [stderr]   Downloaded polars-utils v0.55.2
[INFO] [stderr]   Downloaded polars-config v0.55.2
[INFO] [stderr]   Downloaded polars-error v0.55.2
[INFO] [stderr]   Downloaded polars-schema v0.55.2
[INFO] [stderr]   Downloaded polars-dtype v0.55.2
[INFO] [stderr]   Downloaded polars-buffer v0.55.2
[INFO] [stderr]   Downloaded polars-async v0.55.2
[INFO] [stderr]   Downloaded polars-row v0.55.2
[INFO] [stderr]   Downloaded safetensors v0.8.0
[INFO] [stderr]   Downloaded good_lp v1.15.3
[INFO] [stderr]   Downloaded daachorse v3.0.3
[INFO] [stderr]   Downloaded polars-compute v0.55.2
[INFO] [stderr]   Downloaded sprs v0.11.5
[INFO] [stderr]   Downloaded hmac-sha256 v1.1.15
[INFO] [stderr]   Downloaded zerocopy-derive v0.8.62
[INFO] [stderr]   Downloaded rapidfuzz v0.5.0
[INFO] [stderr]   Downloaded ort v2.0.0-rc.13
[INFO] [stderr]   Downloaded ort-sys v2.0.0-rc.13
[INFO] [stderr]   Downloaded microlp v0.6.0
[INFO] [stderr]   Downloaded tokenizers v0.23.2
[INFO] [stderr]   Downloaded polars-arrow v0.55.2
[INFO] [stderr]   Downloaded zerocopy v0.8.62
[INFO] [stderr]   Downloaded lzma-rust2 v0.15.8
[INFO] [stderr]   Downloaded polars-core v0.55.2
[INFO] [stderr]   Downloaded fastembed v7.1.1
[INFO] running `Command { std: "docker" "create" "-v" "/var/lib/crater-agent-workspace/builds/worker-6-tc1/source:/opt/rustwide/workdir:ro,Z" "-v" "/var/lib/crater-agent-workspace/builds/worker-6-tc1/target:/opt/rustwide/target:rw,Z" "-v" "/var/lib/crater-agent-workspace/cargo-home:/opt/rustwide/cargo-home:ro,Z" "-v" "/var/lib/crater-agent-workspace/rustup-home:/opt/rustwide/rustup-home:ro,Z" "-m" "1610612736" "--network" "none" "ghcr.io/rust-lang/crates-build-env/linux@sha256:77db811e55d90add9212f6832c23229e3de5f1c1f9905e8cb07319ea15df73ac" "sleep" "infinity", kill_on_drop: false }`
[INFO] [stdout] c4309d3204a209184e738cc5be32c5da5ba565b0f49e51bf48bf2e18b24d06d7
[INFO] running `Command { std: "docker" "start" "c4309d3204a209184e738cc5be32c5da5ba565b0f49e51bf48bf2e18b24d06d7", kill_on_drop: false }`
[INFO] running `Command { std: "docker" "inspect" "c4309d3204a209184e738cc5be32c5da5ba565b0f49e51bf48bf2e18b24d06d7", kill_on_drop: false }`
[INFO] running `Command { std: "docker" "exec" "-e" "SOURCE_DIR=/opt/rustwide/workdir" "-e" "CARGO_HOME=/opt/rustwide/cargo-home" "-e" "RUSTUP_HOME=/opt/rustwide/rustup-home" "-e" "CARGO_TARGET_DIR=/opt/rustwide/target" "-w" "/opt/rustwide/workdir" "--user" "0:0" "c4309d3204a209184e738cc5be32c5da5ba565b0f49e51bf48bf2e18b24d06d7" "/opt/rustwide/cargo-home/bin/cargo" "+1.99.0-beta.8" "metadata" "--no-deps" "--format-version=1", kill_on_drop: false }`
[INFO] running `Command { std: "docker" "inspect" "c4309d3204a209184e738cc5be32c5da5ba565b0f49e51bf48bf2e18b24d06d7", kill_on_drop: false }`
[INFO] running `Command { std: "docker" "exec" "-e" "SOURCE_DIR=/opt/rustwide/workdir" "-e" "CARGO_HOME=/opt/rustwide/cargo-home" "-e" "RUSTUP_HOME=/opt/rustwide/rustup-home" "-e" "CARGO_TARGET_DIR=/opt/rustwide/target" "-e" "CARGO_INCREMENTAL=0" "-e" "RUST_BACKTRACE=full" "-e" "RUSTFLAGS=--cap-lints=warn" "-e" "RUSTDOCFLAGS=--cap-lints=warn" "-w" "/opt/rustwide/workdir" "--user" "0:0" "c4309d3204a209184e738cc5be32c5da5ba565b0f49e51bf48bf2e18b24d06d7" "/opt/rustwide/cargo-home/bin/cargo" "+1.99.0-beta.8" "build" "--frozen" "--message-format=json" "--release", kill_on_drop: false }`
[INFO] [stderr]    Compiling matrixmultiply v0.3.11
[INFO] [stderr]    Compiling num-complex v0.4.6
[INFO] [stderr]    Compiling num-integer v0.1.47
[INFO] [stderr]    Compiling smallvec v1.16.2
[INFO] [stderr]    Compiling crc32fast v1.5.2
[INFO] [stderr]    Compiling web-time v1.1.0
[INFO] [stderr]    Compiling proc-macro2 v1.0.107
[INFO] [stderr]    Compiling regex-automata v0.4.18
[INFO] [stderr]    Compiling thread_local v1.1.10
[INFO] [stderr]    Compiling csv-core v0.1.13
[INFO] [stderr]    Compiling sha2 v0.10.9
[INFO] [stderr]    Compiling rapidfuzz v0.5.0
[INFO] [stderr]    Compiling csv v1.4.0
[INFO] [stderr]    Compiling fuzzy-matcher v0.3.7
[INFO] [stderr]    Compiling flate2 v1.1.10
[INFO] [stderr]    Compiling quote v1.0.47
[INFO] [stderr]    Compiling syn v3.0.6
[INFO] [stderr]    Compiling ndarray v0.17.2
[INFO] [stderr]    Compiling serde_derive v1.0.229
[INFO] [stderr]    Compiling regex v1.13.1
[INFO] [stderr]    Compiling serde v1.0.229
[INFO] [stderr]    Compiling sprs v0.11.5
[INFO] [stderr]    Compiling microlp v0.6.0
[INFO] [stderr]    Compiling good_lp v1.15.3
[INFO] [stderr]    Compiling fieldkin v0.2.3 (/opt/rustwide/workdir)
[INFO] [stderr]     Finished `release` profile [optimized] target(s) in 36.74s
[INFO] running `Command { std: "docker" "inspect" "c4309d3204a209184e738cc5be32c5da5ba565b0f49e51bf48bf2e18b24d06d7", kill_on_drop: false }`
[INFO] running `Command { std: "docker" "exec" "-e" "SOURCE_DIR=/opt/rustwide/workdir" "-e" "CARGO_HOME=/opt/rustwide/cargo-home" "-e" "RUSTUP_HOME=/opt/rustwide/rustup-home" "-e" "CARGO_TARGET_DIR=/opt/rustwide/target" "-e" "CARGO_INCREMENTAL=0" "-e" "RUST_BACKTRACE=full" "-e" "RUSTFLAGS=--cap-lints=warn" "-e" "RUSTDOCFLAGS=--cap-lints=warn" "-w" "/opt/rustwide/workdir" "--user" "0:0" "c4309d3204a209184e738cc5be32c5da5ba565b0f49e51bf48bf2e18b24d06d7" "/opt/rustwide/cargo-home/bin/cargo" "+1.99.0-beta.8" "test" "--frozen" "--no-run" "--message-format=json" "--release", kill_on_drop: false }`
[INFO] [stderr]    Compiling fieldkin v0.2.3 (/opt/rustwide/workdir)
[INFO] [stderr]     Finished `release` profile [optimized] target(s) in 36.40s
[INFO] running `Command { std: "docker" "inspect" "c4309d3204a209184e738cc5be32c5da5ba565b0f49e51bf48bf2e18b24d06d7", kill_on_drop: false }`
[INFO] running `Command { std: "docker" "exec" "-e" "SOURCE_DIR=/opt/rustwide/workdir" "-e" "CARGO_HOME=/opt/rustwide/cargo-home" "-e" "RUSTUP_HOME=/opt/rustwide/rustup-home" "-e" "CARGO_TARGET_DIR=/opt/rustwide/target" "-e" "CARGO_INCREMENTAL=0" "-e" "RUST_BACKTRACE=full" "-e" "RUSTFLAGS=--cap-lints=warn" "-e" "RUSTDOCFLAGS=--cap-lints=warn" "-w" "/opt/rustwide/workdir" "--user" "0:0" "c4309d3204a209184e738cc5be32c5da5ba565b0f49e51bf48bf2e18b24d06d7" "/opt/rustwide/cargo-home/bin/cargo" "+1.99.0-beta.8" "test" "--frozen" "--release", kill_on_drop: false }`
[INFO] [stderr]     Finished `release` profile [optimized] target(s) in 0.13s
[INFO] [stderr]      Running unittests src/lib.rs (/opt/rustwide/target/release/deps/fieldkin-17ebc0607ab3e678)
[INFO] [stdout] 
[INFO] [stdout] running 52 tests
[INFO] [stdout] test algorithms::distribution::distribution_solver_tests::capture_distribution_problem ... ignored, manual solver diagnostic; requires FIELDKIN_DISTRIBUTION_INPUT and OUTPUT
[INFO] [stdout] test algorithms::coma::tests::selection_is_bidirectional_retains_ties_and_delta_zero_disables_filter ... ok
[INFO] [stdout] test algorithms::distribution::tests::inclusive_quantile_histogram_and_transport ... ok
[INFO] [stdout] test algorithms::distribution::tests::conservative_cutoff_selects_largest_gap ... ok
[INFO] [stdout] test algorithms::flooding::tests::paper_prefix_suffix_examples ... ok
[INFO] [stdout] test algorithms::flooding::tests::sql_type_branches_are_shared_and_coefficients_follow_both_policies ... ok
[INFO] [stdout] test algorithms::coma::tests::repeated_documents_preserve_expanded_idf_scores_details_and_selection ... ok
[INFO] [stdout] test algorithms::cupid::tests::normalization_keeps_upstream_token_types_and_duplicates ... ok
[INFO] [stdout] test algorithms::distribution::tests::bloom_hashes_match_upstream_and_have_no_false_negatives ... ok
[INFO] [stdout] test algorithms::distribution::tests::guarded_work_counts_check_boundaries_and_overflow_without_allocating ... ok
[INFO] [stdout] test algorithms::distribution::tests::guarded_clustering_rejects_before_constructing_a_model ... ok
[INFO] [stdout] test engine::tests::exact_name_beats_near_identical_sibling ... ok
[INFO] [stdout] test algorithms::distribution::tests::directed_integer_clustering_recovers_unique_zero_cost_partition ... ok
[INFO] [stdout] test engine::tests::normal_match_prevents_fallback_interference ... ok
[INFO] [stdout] test engine::tests::obvious_match_is_selected ... ok
[INFO] [stdout] test algorithms::jaccard::tests::guarded_work_counts_check_products_and_sums_without_allocating ... ok
[INFO] [stdout] test engine::tests::abbreviation_fallback_can_rescue_no_match ... ok
[INFO] [stdout] test limits::tests::checked_limits_distinguish_boundary_excess_and_overflow ... ok
[INFO] [stdout] test algorithms::distribution::distribution_solver_tests::conflicting_directed_optima_are_feasible_and_deterministic ... ok
[INFO] [stdout] test metrics::tests::fixed_reports_select_once_and_preserve_metric_bits ... ok
[INFO] [stdout] test results::assignment_storage_tests::guarded_assignment_rejects_before_cost_allocation ... ok
[INFO] [stdout] test algorithms::distribution::tests::sequential_and_parallel_distances_preserve_collected_pair_bits ... ok
[INFO] [stdout] test algorithms::coma::tests::instance_scores_preserve_zero_and_overlapping_document_cosines ... ok
[INFO] [stdout] test results::assignment_storage_tests::guarded_rectangular_selection_checks_all_identities_before_allocation ... ok
[INFO] [stdout] test signals::tests::contained_words_score_highly ... ok
[INFO] [stdout] test results::assignment_storage_tests::rectangular_cost_storage_contains_only_real_cells ... ok
[INFO] [stdout] test algorithms::jaccard::tests::guarded_calls_reject_before_encoding_and_encode_accepted_batch_once ... ok
[INFO] [stdout] test metrics::tests::core_ranking_metrics_still_use_unselected_candidates ... ok
[INFO] [stdout] test signals::tests::exact_name_match_detects_formatting_variants ... ok
[INFO] [stdout] test signals::tests::identical_samples_score_one ... ok
[INFO] [stdout] test signals::tests::exact_names_score_one ... ok
[INFO] [stdout] test algorithms::distribution::tests::sequential_and_parallel_matching_preserve_score_bits_and_details ... ok
[INFO] [stdout] test signals::tests::incompatible_types_score_zero ... ok
[INFO] [stdout] test signals::tests::missing_samples_remain_unavailable ... ok
[INFO] [stdout] test signals::tests::partial_word_overlap_is_not_perfect ... ok
[INFO] [stdout] test signals::tests::repeated_single_value_gets_no_sample_credit ... ok
[INFO] [stdout] test synonyms::tests::known_synonyms_share_a_canonical_word ... ok
[INFO] [stdout] test synonyms::tests::unknown_words_are_unchanged ... ok
[INFO] [stdout] test signals::tests::skim_scores_are_normalized ... ok
[INFO] [stdout] test signals::tests::skim_recognizes_abbreviation ... ok
[INFO] [stdout] test signals::tests::unknown_types_do_not_supply_agreement_evidence ... ok
[INFO] [stdout] test signals::tests::missing_values_do_not_create_distinct_sample_evidence ... ok
[INFO] [stdout] test algorithms::distribution::tests::guarded_direct_and_batch_outputs_preserve_global_ranks_and_score_bits ... ok
[INFO] [stdout] test results::assignment_storage_tests::uniform_single_target_shortcut_avoids_matrix_after_guard_checks ... ok
[INFO] [stdout] test algorithms::jaccard::tests::guarded_direct_and_batch_calls_preserve_scores_and_aggregate_limits ... ok
[INFO] [stdout] test algorithms::distribution::tests::guarded_batches_reject_before_histograms_or_matrices_are_constructed ... ok
[INFO] [stdout] test results::assignment_storage_tests::guarded_empty_singleton_and_rectangular_shortcuts_validate_limits ... ok
[INFO] [stdout] test results::assignment_storage_tests::rectangular_solver_augments_only_the_smaller_dimension ... ok
[INFO] [stdout] test algorithms::jaccard::tests::bigram_bound_is_below_exhaustive_unicode_edit_distance ... ok
[INFO] [stdout] test algorithms::cupid::tests::semantic_matching_uses_entire_wordnet_and_edit_fallback ... ok
[INFO] [stdout] test algorithms::cupid::tests::typed_tokens_use_max_matching_weighted_dice ... ok
[INFO] [stdout] test algorithms::flooding::tests::indexed_propagation_preserves_edges_and_scores_exactly ... ok
[INFO] [stdout] 
[INFO] [stdout] test result: ok. 51 passed; 0 failed; 1 ignored; 0 measured; 0 filtered out; finished in 0.53s
[INFO] [stdout] 
[INFO] [stderr]      Running unittests src/bin/fieldkin.rs (/opt/rustwide/target/release/deps/fieldkin-c933a6a77a269447)
[INFO] [stdout] 
[INFO] [stdout] running 6 tests
[INFO] [stdout] test tests::bounded_reader_propagates_errors_and_checks_overflow_before_reading ... ok
[INFO] [stdout] test tests::bounded_parser_preserves_option_like_and_native_paths_after_separator ... ok
[INFO] [stdout] test tests::bounded_reader_distinguishes_exact_eof_from_an_extra_byte ... ok
[INFO] [stdout] test tests::bounded_reader_retries_interruptions_and_short_reads_without_exceeding_cap_plus_one ... ok
[INFO] [stdout] test tests::bounded_options_have_explicit_finite_defaults_and_accept_zero_counts ... ok
[INFO] [stdout] test tests::bounded_parser_rejects_ambiguous_invalid_and_inapplicable_controls ... ok
[INFO] [stdout] 
[INFO] [stdout] test result: ok. 6 passed; 0 failed; 0 ignored; 0 measured; 0 filtered out; finished in 0.00s
[INFO] [stdout] 
[INFO] [stderr]      Running tests/assignment_compatibility.rs (/opt/rustwide/target/release/deps/assignment_compatibility-532d748eeb81c781)
[INFO] [stdout] 
[INFO] [stdout] running 8 tests
[INFO] [stdout] test singleton_assignment_ties_use_numeric_equality_including_signed_zero ... ok
[INFO] [stdout] test transposition_can_change_ties_and_legacy_threshold_survivors ... ok
[INFO] [stdout] test skipping_dummy_rows_can_change_real_pairs_near_floating_point_ties ... ok
[INFO] [stdout] test tall_singleton_float_ties_need_square_traversal ... ok
[INFO] [stdout] test uniform_single_target_scores_preserve_square_ties_and_bits ... ok
[INFO] [stdout] test highly_rectangular_single_row_and_excluded_tall_selection_avoid_dummy_solves ... ok
[INFO] [stdout] test exhaustive_bounded_singleton_scores_match_square_oracle ... ok
[INFO] [stderr]      Running tests/basic.rs (/opt/rustwide/target/release/deps/basic-fbbaf619e4f05220)
[INFO] [stdout] test rectangular_selectors_preserve_square_oracle_pairs_scores_and_details ... ok
[INFO] [stdout] 
[INFO] [stdout] test result: ok. 8 passed; 0 failed; 0 ignored; 0 measured; 0 filtered out; finished in 0.17s
[INFO] [stdout] 
[INFO] [stdout] 
[INFO] [stdout] running 16 tests
[INFO] [stdout] test empty_names_follow_normalized_name_matching ... ok
[INFO] [stdout] test empty_schemas_have_empty_or_unmatched_results ... ok
[INFO] [stdout] test exact_name_and_type_match ... ok
[INFO] [stdout] test fallible_suggestions_reject_invalid_configuration_even_for_empty_schemas ... ok
[INFO] [stdout] test missing_sample_values_do_not_promote_suggestions_to_matches ... ok
[INFO] [stdout] test tied_strong_sample_evidence_is_weakened ... ok
[INFO] [stdout] test unknown_source_does_not_gain_evidence_when_target_type_is_removed ... ok
[INFO] [stdout] test abbreviation_fallback_runs_only_after_normal_no_match ... ok
[INFO] [stdout] test fallible_suggestions_preserve_original_reports ... ok
[INFO] [stdout] test invalid_configuration_values_are_rejected ... ok
[INFO] [stdout] test missing_sample_guard_respects_threshold_and_preserves_rankings ... ok
[INFO] [stderr]      Running tests/batch_cli.rs (/opt/rustwide/target/release/deps/batch_cli-62ad35bbea9d3f47)
[INFO] [stdout] test incompatible_type_can_leave_an_exact_name_below_threshold ... ok
[INFO] [stdout] test duplicate_names_preserve_source_entries_and_target_ambiguity ... ok
[INFO] [stdout] test candidate_limit_does_not_hide_ambiguity_from_the_decision ... ok
[INFO] [stdout] test finite_thresholds_outside_unit_interval_remain_usable ... ok
[INFO] [stdout] test removing_samples_does_not_promote_a_weak_name_to_a_match ... ok
[INFO] [stdout] 
[INFO] [stdout] test result: ok. 16 passed; 0 failed; 0 ignored; 0 measured; 0 filtered out; finished in 0.02s
[INFO] [stdout] 
[INFO] [stdout] 
[INFO] [stdout] running 21 tests
[INFO] [stdout] test batch_input_errors_are_detected_before_the_matcher_runs ... ok
[INFO] [stdout] test full_sampling_preserves_custom_matcher_inputs_with_or_without_empty_values ... ok
[INFO] [stdout] test explicit_sampling_is_evenly_spaced_deterministic_and_preserves_inputs ... ok
[INFO] [stdout] test direct_matcher_apis_validate_table_identities_without_requiring_two_tables ... ok
[INFO] [stdout] test default_batch_validates_all_tables_before_invoking_a_custom_matcher ... ok
[INFO] [stdout] test three_tables_emit_each_unique_table_pair_with_forward_identity ... ok
[INFO] [stdout] test cli_matches_quoted_csv_against_json_and_emits_table_aware_json ... FAILED
[INFO] [stdout] test bounded_cli_matches_equivalent_sampled_csv_and_json_inputs ... FAILED
[INFO] [stdout] test bounded_cli_enforces_per_file_bytes_without_accepting_valid_prefixes ... FAILED
[INFO] [stdout] test cli_rejects_malformed_inputs_and_unknown_algorithms_with_nonzero_exit ... FAILED
[INFO] [stdout] test bounded_cli_rectangular_modes_match_the_public_selectors ... FAILED
[INFO] [stdout] test sampling_matches_previous_inputs_across_limits_and_preserves_metadata ... ok
[INFO] [stdout] test custom_matcher_default_batch_combines_scores_and_details ... ok
[INFO] [stdout] test bounded_cli_forwards_matching_and_assignment_work_limits ... FAILED
[INFO] [stdout] test zero_sampling_clears_instances_and_keeps_schema_matching_available ... ok
[INFO] [stdout] test cli_accepts_non_utf8_file_paths_and_rejects_non_utf8_text_arguments ... FAILED
[INFO] [stdout] test cli_help_lists_the_available_algorithms ... ok
[INFO] [stdout] test cli_output_errors_exit_without_panicking ... ok
[INFO] [stdout] test sampling_large_columns_preserves_even_spacing ... ok
[INFO] [stdout] test bounded_cli_rejects_unsupported_and_invalid_options_before_input_access ... ok
[INFO] [stdout] test all_matchers_preserve_results_with_the_previous_sampling_rule ... ok
[INFO] [stdout] 
[INFO] [stdout] failures:
[INFO] [stdout] 
[INFO] [stdout] ---- cli_matches_quoted_csv_against_json_and_emits_table_aware_json stdout ----
[INFO] [stdout] 
[INFO] [stdout] thread 'cli_matches_quoted_csv_against_json_and_emits_table_aware_json' (1440) panicked at tests/batch_cli.rs:455:37:
[INFO] [stdout] called `Result::unwrap()` on an `Err` value: Os { code: 30, kind: ReadOnlyFilesystem, message: "Read-only file system" }
[INFO] [stdout] stack backtrace:
[INFO] [stdout]    0:     0x595e5eb01c11 - <<std[70759c8f55707aa4]::sys::backtrace::BacktraceLock>::print::DisplayBacktrace as core[df12db4294e9bfd3]::fmt::Display>::fmt
[INFO] [stdout]    1:     0x595e5eb1962a - core[df12db4294e9bfd3]::fmt::write
[INFO] [stdout]    2:     0x595e5eb065bc - <alloc[2182bb758b4b3781]::vec::Vec<u8> as core[df12db4294e9bfd3]::io::write::Write>::write_fmt
[INFO] [stdout]    3:     0x595e5eadcad6 - std[70759c8f55707aa4]::panicking::default_hook::{closure#0}
[INFO] [stdout]    4:     0x595e5eaf9889 - std[70759c8f55707aa4]::panicking::default_hook
[INFO] [stdout]    5:     0x595e5e90c610 - test[9d35eded1c95d3be]::test_main_inner::<test[9d35eded1c95d3be]::test_main_static::{closure#0}>::{closure#0}
[INFO] [stdout]    6:     0x595e5eaf9bb2 - std[70759c8f55707aa4]::panicking::panic_with_hook
[INFO] [stdout]    7:     0x595e5eadcb82 - std[70759c8f55707aa4]::panicking::panic_handler::{closure#0}
[INFO] [stdout]    8:     0x595e5ead57e9 - std[70759c8f55707aa4]::sys::backtrace::__rust_end_short_backtrace::<std[70759c8f55707aa4]::panicking::panic_handler::{closure#0}, !>
[INFO] [stdout]    9:     0x595e5eadd77d - __rustc[8fa7c3cbc660c2b3]::rust_begin_unwind
[INFO] [stdout]   10:     0x595e5eb19e0c - core[df12db4294e9bfd3]::panicking::panic_fmt
[INFO] [stdout]   11:     0x595e5eb19be2 - core[df12db4294e9bfd3]::result::unwrap_failed
[INFO] [stdout]   12:     0x595e5e8c49f1 - <batch_cli[5cb7f8e0ce15197a]::Fixtures>::new
[INFO] [stdout]   13:     0x595e5e8cd8ad - <batch_cli[5cb7f8e0ce15197a]::cli_matches_quoted_csv_against_json_and_emits_table_aware_json::{closure#0} as core[df12db4294e9bfd3]::ops::function::FnOnce<()>>::call_once
[INFO] [stdout]   14:     0x595e5e8ff8fb - test[9d35eded1c95d3be]::__rust_begin_short_backtrace::<core[df12db4294e9bfd3]::result::Result<(), alloc[2182bb758b4b3781]::string::String>, fn() -> core[df12db4294e9bfd3]::result::Result<(), alloc[2182bb758b4b3781]::string::String>>
[INFO] [stdout]   15:     0x595e5e90cf65 - test[9d35eded1c95d3be]::run_test::{closure#0}
[INFO] [stdout]   16:     0x595e5e906824 - std[70759c8f55707aa4]::sys::backtrace::__rust_begin_short_backtrace::<test[9d35eded1c95d3be]::run_test::{closure#1}, ()>
[INFO] [stdout]   17:     0x595e5e9100c2 - <std[70759c8f55707aa4]::thread::lifecycle::spawn_unchecked<test[9d35eded1c95d3be]::run_test::{closure#1}, ()>::{closure#1} as core[df12db4294e9bfd3]::ops::function::FnOnce<()>>::call_once::{shim:vtable#0}
[INFO] [stdout]   18:     0x595e5eb012e9 - <std[70759c8f55707aa4]::sys::thread::unix::Thread>::new::thread_start
[INFO] [stdout]   19:     0x73eba6bfbdfa - <unknown>
[INFO] [stdout]   20:     0x73eba6c8f3d4 - clone
[INFO] [stdout]   21:                0x0 - <unknown>
[INFO] [stdout] 
[INFO] [stdout] ---- bounded_cli_matches_equivalent_sampled_csv_and_json_inputs stdout ----
[INFO] [stdout] 
[INFO] [stdout] thread 'bounded_cli_matches_equivalent_sampled_csv_and_json_inputs' (1435) panicked at tests/batch_cli.rs:455:37:
[INFO] [stdout] called `Result::unwrap()` on an `Err` value: Os { code: 30, kind: ReadOnlyFilesystem, message: "Read-only file system" }
[INFO] [stdout] stack backtrace:
[INFO] [stdout]    0:     0x595e5eb01c11 - <<std[70759c8f55707aa4]::sys::backtrace::BacktraceLock>::print::DisplayBacktrace as core[df12db4294e9bfd3]::fmt::Display>::fmt
[INFO] [stdout]    1:     0x595e5eb1962a - core[df12db4294e9bfd3]::fmt::write
[INFO] [stdout]    2:     0x595e5eb065bc - <alloc[2182bb758b4b3781]::vec::Vec<u8> as core[df12db4294e9bfd3]::io::write::Write>::write_fmt
[INFO] [stdout]    3:     0x595e5eadcad6 - std[70759c8f55707aa4]::panicking::default_hook::{closure#0}
[INFO] [stdout]    4:     0x595e5eaf9889 - std[70759c8f55707aa4]::panicking::default_hook
[INFO] [stdout]    5:     0x595e5e90c610 - test[9d35eded1c95d3be]::test_main_inner::<test[9d35eded1c95d3be]::test_main_static::{closure#0}>::{closure#0}
[INFO] [stdout]    6:     0x595e5eaf9bb2 - std[70759c8f55707aa4]::panicking::panic_with_hook
[INFO] [stdout]    7:     0x595e5eadcb82 - std[70759c8f55707aa4]::panicking::panic_handler::{closure#0}
[INFO] [stdout]    8:     0x595e5ead57e9 - std[70759c8f55707aa4]::sys::backtrace::__rust_end_short_backtrace::<std[70759c8f55707aa4]::panicking::panic_handler::{closure#0}, !>
[INFO] [stdout]    9:     0x595e5eadd77d - __rustc[8fa7c3cbc660c2b3]::rust_begin_unwind
[INFO] [stdout]   10:     0x595e5eb19e0c - core[df12db4294e9bfd3]::panicking::panic_fmt
[INFO] [stderr] error: test failed, to rerun pass `--test batch_cli`
[INFO] [stdout]   11:     0x595e5eb19be2 - core[df12db4294e9bfd3]::result::unwrap_failed
[INFO] [stdout]   12:     0x595e5e8c49f1 - <batch_cli[5cb7f8e0ce15197a]::Fixtures>::new
[INFO] [stdout]   13:     0x595e5e8cac6d - <batch_cli[5cb7f8e0ce15197a]::bounded_cli_matches_equivalent_sampled_csv_and_json_inputs::{closure#0} as core[df12db4294e9bfd3]::ops::function::FnOnce<()>>::call_once
[INFO] [stdout]   14:     0x595e5e8ff8fb - test[9d35eded1c95d3be]::__rust_begin_short_backtrace::<core[df12db4294e9bfd3]::result::Result<(), alloc[2182bb758b4b3781]::string::String>, fn() -> core[df12db4294e9bfd3]::result::Result<(), alloc[2182bb758b4b3781]::string::String>>
[INFO] [stdout]   15:     0x595e5e90cf65 - test[9d35eded1c95d3be]::run_test::{closure#0}
[INFO] [stdout]   16:     0x595e5e906824 - std[70759c8f55707aa4]::sys::backtrace::__rust_begin_short_backtrace::<test[9d35eded1c95d3be]::run_test::{closure#1}, ()>
[INFO] [stdout]   17:     0x595e5e9100c2 - <std[70759c8f55707aa4]::thread::lifecycle::spawn_unchecked<test[9d35eded1c95d3be]::run_test::{closure#1}, ()>::{closure#1} as core[df12db4294e9bfd3]::ops::function::FnOnce<()>>::call_once::{shim:vtable#0}
[INFO] [stdout]   18:     0x595e5eb012e9 - <std[70759c8f55707aa4]::sys::thread::unix::Thread>::new::thread_start
[INFO] [stdout]   19:     0x73eba6bfbdfa - <unknown>
[INFO] [stdout]   20:     0x73eba6c8f3d4 - clone
[INFO] [stdout]   21:                0x0 - <unknown>
[INFO] [stdout] 
[INFO] [stdout] ---- bounded_cli_enforces_per_file_bytes_without_accepting_valid_prefixes stdout ----
[INFO] [stdout] 
[INFO] [stdout] thread 'bounded_cli_enforces_per_file_bytes_without_accepting_valid_prefixes' (1433) panicked at tests/batch_cli.rs:455:37:
[INFO] [stdout] called `Result::unwrap()` on an `Err` value: Os { code: 30, kind: ReadOnlyFilesystem, message: "Read-only file system" }
[INFO] [stdout] stack backtrace:
[INFO] [stdout]    0:     0x595e5eb01c11 - <<std[70759c8f55707aa4]::sys::backtrace::BacktraceLock>::print::DisplayBacktrace as core[df12db4294e9bfd3]::fmt::Display>::fmt
[INFO] [stdout]    1:     0x595e5eb1962a - core[df12db4294e9bfd3]::fmt::write
[INFO] [stdout]    2:     0x595e5eb065bc - <alloc[2182bb758b4b3781]::vec::Vec<u8> as core[df12db4294e9bfd3]::io::write::Write>::write_fmt
[INFO] [stdout]    3:     0x595e5eadcad6 - std[70759c8f55707aa4]::panicking::default_hook::{closure#0}
[INFO] [stdout]    4:     0x595e5eaf9889 - std[70759c8f55707aa4]::panicking::default_hook
[INFO] [stdout]    5:     0x595e5e90c610 - test[9d35eded1c95d3be]::test_main_inner::<test[9d35eded1c95d3be]::test_main_static::{closure#0}>::{closure#0}
[INFO] [stdout]    6:     0x595e5eaf9bb2 - std[70759c8f55707aa4]::panicking::panic_with_hook
[INFO] [stdout]    7:     0x595e5eadcb82 - std[70759c8f55707aa4]::panicking::panic_handler::{closure#0}
[INFO] [stdout]    8:     0x595e5ead57e9 - std[70759c8f55707aa4]::sys::backtrace::__rust_end_short_backtrace::<std[70759c8f55707aa4]::panicking::panic_handler::{closure#0}, !>
[INFO] [stdout]    9:     0x595e5eadd77d - __rustc[8fa7c3cbc660c2b3]::rust_begin_unwind
[INFO] [stdout]   10:     0x595e5eb19e0c - core[df12db4294e9bfd3]::panicking::panic_fmt
[INFO] [stdout]   11:     0x595e5eb19be2 - core[df12db4294e9bfd3]::result::unwrap_failed
[INFO] [stdout]   12:     0x595e5e8c49f1 - <batch_cli[5cb7f8e0ce15197a]::Fixtures>::new
[INFO] [stdout]   13:     0x595e5e8d0ced - <batch_cli[5cb7f8e0ce15197a]::bounded_cli_enforces_per_file_bytes_without_accepting_valid_prefixes::{closure#0} as core[df12db4294e9bfd3]::ops::function::FnOnce<()>>::call_once
[INFO] [stdout]   14:     0x595e5e8ff8fb - test[9d35eded1c95d3be]::__rust_begin_short_backtrace::<core[df12db4294e9bfd3]::result::Result<(), alloc[2182bb758b4b3781]::string::String>, fn() -> core[df12db4294e9bfd3]::result::Result<(), alloc[2182bb758b4b3781]::string::String>>
[INFO] [stdout]   15:     0x595e5e90cf65 - test[9d35eded1c95d3be]::run_test::{closure#0}
[INFO] [stdout]   16:     0x595e5e906824 - std[70759c8f55707aa4]::sys::backtrace::__rust_begin_short_backtrace::<test[9d35eded1c95d3be]::run_test::{closure#1}, ()>
[INFO] [stdout]   17:     0x595e5e9100c2 - <std[70759c8f55707aa4]::thread::lifecycle::spawn_unchecked<test[9d35eded1c95d3be]::run_test::{closure#1}, ()>::{closure#1} as core[df12db4294e9bfd3]::ops::function::FnOnce<()>>::call_once::{shim:vtable#0}
[INFO] [stdout]   18:     0x595e5eb012e9 - <std[70759c8f55707aa4]::sys::thread::unix::Thread>::new::thread_start
[INFO] [stdout]   19:     0x73eba6bfbdfa - <unknown>
[INFO] [stdout]   20:     0x73eba6c8f3d4 - clone
[INFO] [stdout]   21:                0x0 - <unknown>
[INFO] [stdout] 
[INFO] [stdout] ---- cli_rejects_malformed_inputs_and_unknown_algorithms_with_nonzero_exit stdout ----
[INFO] [stdout] 
[INFO] [stdout] thread 'cli_rejects_malformed_inputs_and_unknown_algorithms_with_nonzero_exit' (1442) panicked at tests/batch_cli.rs:455:37:
[INFO] [stdout] called `Result::unwrap()` on an `Err` value: Os { code: 30, kind: ReadOnlyFilesystem, message: "Read-only file system" }
[INFO] [stdout] stack backtrace:
[INFO] [stdout]    0:     0x595e5eb01c11 - <<std[70759c8f55707aa4]::sys::backtrace::BacktraceLock>::print::DisplayBacktrace as core[df12db4294e9bfd3]::fmt::Display>::fmt
[INFO] [stdout]    1:     0x595e5eb1962a - core[df12db4294e9bfd3]::fmt::write
[INFO] [stdout]    2:     0x595e5eb065bc - <alloc[2182bb758b4b3781]::vec::Vec<u8> as core[df12db4294e9bfd3]::io::write::Write>::write_fmt
[INFO] [stdout]    3:     0x595e5eadcad6 - std[70759c8f55707aa4]::panicking::default_hook::{closure#0}
[INFO] [stdout]    4:     0x595e5eaf9889 - std[70759c8f55707aa4]::panicking::default_hook
[INFO] [stdout]    5:     0x595e5e90c610 - test[9d35eded1c95d3be]::test_main_inner::<test[9d35eded1c95d3be]::test_main_static::{closure#0}>::{closure#0}
[INFO] [stdout]    6:     0x595e5eaf9bb2 - std[70759c8f55707aa4]::panicking::panic_with_hook
[INFO] [stdout]    7:     0x595e5eadcb82 - std[70759c8f55707aa4]::panicking::panic_handler::{closure#0}
[INFO] [stdout]    8:     0x595e5ead57e9 - std[70759c8f55707aa4]::sys::backtrace::__rust_end_short_backtrace::<std[70759c8f55707aa4]::panicking::panic_handler::{closure#0}, !>
[INFO] [stdout]    9:     0x595e5eadd77d - __rustc[8fa7c3cbc660c2b3]::rust_begin_unwind
[INFO] [stdout]   10:     0x595e5eb19e0c - core[df12db4294e9bfd3]::panicking::panic_fmt
[INFO] [stdout]   11:     0x595e5eb19be2 - core[df12db4294e9bfd3]::result::unwrap_failed
[INFO] [stdout]   12:     0x595e5e8c49f1 - <batch_cli[5cb7f8e0ce15197a]::Fixtures>::new
[INFO] [stdout]   13:     0x595e5e8d22bd - <batch_cli[5cb7f8e0ce15197a]::cli_rejects_malformed_inputs_and_unknown_algorithms_with_nonzero_exit::{closure#0} as core[df12db4294e9bfd3]::ops::function::FnOnce<()>>::call_once
[INFO] [stdout]   14:     0x595e5e8ff8fb - test[9d35eded1c95d3be]::__rust_begin_short_backtrace::<core[df12db4294e9bfd3]::result::Result<(), alloc[2182bb758b4b3781]::string::String>, fn() -> core[df12db4294e9bfd3]::result::Result<(), alloc[2182bb758b4b3781]::string::String>>
[INFO] [stdout]   15:     0x595e5e90cf65 - test[9d35eded1c95d3be]::run_test::{closure#0}
[INFO] [stdout]   16:     0x595e5e906824 - std[70759c8f55707aa4]::sys::backtrace::__rust_begin_short_backtrace::<test[9d35eded1c95d3be]::run_test::{closure#1}, ()>
[INFO] [stdout]   17:     0x595e5e9100c2 - <std[70759c8f55707aa4]::thread::lifecycle::spawn_unchecked<test[9d35eded1c95d3be]::run_test::{closure#1}, ()>::{closure#1} as core[df12db4294e9bfd3]::ops::function::FnOnce<()>>::call_once::{shim:vtable#0}
[INFO] [stdout]   18:     0x595e5eb012e9 - <std[70759c8f55707aa4]::sys::thread::unix::Thread>::new::thread_start
[INFO] [stdout]   19:     0x73eba6bfbdfa - <unknown>
[INFO] [stdout]   20:     0x73eba6c8f3d4 - clone
[INFO] [stdout]   21:                0x0 - <unknown>
[INFO] [stdout] 
[INFO] [stdout] ---- bounded_cli_rectangular_modes_match_the_public_selectors stdout ----
[INFO] [stdout] 
[INFO] [stdout] thread 'bounded_cli_rectangular_modes_match_the_public_selectors' (1436) panicked at tests/batch_cli.rs:455:37:
[INFO] [stdout] called `Result::unwrap()` on an `Err` value: Os { code: 30, kind: ReadOnlyFilesystem, message: "Read-only file system" }
[INFO] [stdout] stack backtrace:
[INFO] [stdout]    0:     0x595e5eb01c11 - <<std[70759c8f55707aa4]::sys::backtrace::BacktraceLock>::print::DisplayBacktrace as core[df12db4294e9bfd3]::fmt::Display>::fmt
[INFO] [stdout]    1:     0x595e5eb1962a - core[df12db4294e9bfd3]::fmt::write
[INFO] [stdout]    2:     0x595e5eb065bc - <alloc[2182bb758b4b3781]::vec::Vec<u8> as core[df12db4294e9bfd3]::io::write::Write>::write_fmt
[INFO] [stdout]    3:     0x595e5eadcad6 - std[70759c8f55707aa4]::panicking::default_hook::{closure#0}
[INFO] [stdout]    4:     0x595e5eaf9889 - std[70759c8f55707aa4]::panicking::default_hook
[INFO] [stdout]    5:     0x595e5e90c610 - test[9d35eded1c95d3be]::test_main_inner::<test[9d35eded1c95d3be]::test_main_static::{closure#0}>::{closure#0}
[INFO] [stdout]    6:     0x595e5eaf9bb2 - std[70759c8f55707aa4]::panicking::panic_with_hook
[INFO] [stdout]    7:     0x595e5eadcb82 - std[70759c8f55707aa4]::panicking::panic_handler::{closure#0}
[INFO] [stdout]    8:     0x595e5ead57e9 - std[70759c8f55707aa4]::sys::backtrace::__rust_end_short_backtrace::<std[70759c8f55707aa4]::panicking::panic_handler::{closure#0}, !>
[INFO] [stdout]    9:     0x595e5eadd77d - __rustc[8fa7c3cbc660c2b3]::rust_begin_unwind
[INFO] [stdout]   10:     0x595e5eb19e0c - core[df12db4294e9bfd3]::panicking::panic_fmt
[INFO] [stdout]   11:     0x595e5eb19be2 - core[df12db4294e9bfd3]::result::unwrap_failed
[INFO] [stdout]   12:     0x595e5e8c49f1 - <batch_cli[5cb7f8e0ce15197a]::Fixtures>::new
[INFO] [stdout]   13:     0x595e5e8c8442 - <batch_cli[5cb7f8e0ce15197a]::bounded_cli_rectangular_modes_match_the_public_selectors::{closure#0} as core[df12db4294e9bfd3]::ops::function::FnOnce<()>>::call_once
[INFO] [stdout]   14:     0x595e5e8ff8fb - test[9d35eded1c95d3be]::__rust_begin_short_backtrace::<core[df12db4294e9bfd3]::result::Result<(), alloc[2182bb758b4b3781]::string::String>, fn() -> core[df12db4294e9bfd3]::result::Result<(), alloc[2182bb758b4b3781]::string::String>>
[INFO] [stdout]   15:     0x595e5e90cf65 - test[9d35eded1c95d3be]::run_test::{closure#0}
[INFO] [stdout]   16:     0x595e5e906824 - std[70759c8f55707aa4]::sys::backtrace::__rust_begin_short_backtrace::<test[9d35eded1c95d3be]::run_test::{closure#1}, ()>
[INFO] [stdout]   17:     0x595e5e9100c2 - <std[70759c8f55707aa4]::thread::lifecycle::spawn_unchecked<test[9d35eded1c95d3be]::run_test::{closure#1}, ()>::{closure#1} as core[df12db4294e9bfd3]::ops::function::FnOnce<()>>::call_once::{shim:vtable#0}
[INFO] [stdout]   18:     0x595e5eb012e9 - <std[70759c8f55707aa4]::sys::thread::unix::Thread>::new::thread_start
[INFO] [stdout]   19:     0x73eba6bfbdfa - <unknown>
[INFO] [stdout]   20:     0x73eba6c8f3d4 - clone
[INFO] [stdout]   21:                0x0 - <unknown>
[INFO] [stdout] 
[INFO] [stdout] ---- bounded_cli_forwards_matching_and_assignment_work_limits stdout ----
[INFO] [stdout] 
[INFO] [stdout] thread 'bounded_cli_forwards_matching_and_assignment_work_limits' (1434) panicked at tests/batch_cli.rs:455:37:
[INFO] [stdout] called `Result::unwrap()` on an `Err` value: Os { code: 30, kind: ReadOnlyFilesystem, message: "Read-only file system" }
[INFO] [stdout] stack backtrace:
[INFO] [stdout]    0:     0x595e5eb01c11 - <<std[70759c8f55707aa4]::sys::backtrace::BacktraceLock>::print::DisplayBacktrace as core[df12db4294e9bfd3]::fmt::Display>::fmt
[INFO] [stdout]    1:     0x595e5eb1962a - core[df12db4294e9bfd3]::fmt::write
[INFO] [stdout]    2:     0x595e5eb065bc - <alloc[2182bb758b4b3781]::vec::Vec<u8> as core[df12db4294e9bfd3]::io::write::Write>::write_fmt
[INFO] [stdout]    3:     0x595e5eadcad6 - std[70759c8f55707aa4]::panicking::default_hook::{closure#0}
[INFO] [stdout]    4:     0x595e5eaf9889 - std[70759c8f55707aa4]::panicking::default_hook
[INFO] [stdout]    5:     0x595e5e90c610 - test[9d35eded1c95d3be]::test_main_inner::<test[9d35eded1c95d3be]::test_main_static::{closure#0}>::{closure#0}
[INFO] [stdout]    6:     0x595e5eaf9bb2 - std[70759c8f55707aa4]::panicking::panic_with_hook
[INFO] [stdout]    7:     0x595e5eadcb82 - std[70759c8f55707aa4]::panicking::panic_handler::{closure#0}
[INFO] [stdout]    8:     0x595e5ead57e9 - std[70759c8f55707aa4]::sys::backtrace::__rust_end_short_backtrace::<std[70759c8f55707aa4]::panicking::panic_handler::{closure#0}, !>
[INFO] [stdout]    9:     0x595e5eadd77d - __rustc[8fa7c3cbc660c2b3]::rust_begin_unwind
[INFO] [stdout]   10:     0x595e5eb19e0c - core[df12db4294e9bfd3]::panicking::panic_fmt
[INFO] [stdout]   11:     0x595e5eb19be2 - core[df12db4294e9bfd3]::result::unwrap_failed
[INFO] [stdout]   12:     0x595e5e8c49f1 - <batch_cli[5cb7f8e0ce15197a]::Fixtures>::new
[INFO] [stdout]   13:     0x595e5e8c74ed - <batch_cli[5cb7f8e0ce15197a]::bounded_cli_forwards_matching_and_assignment_work_limits::{closure#0} as core[df12db4294e9bfd3]::ops::function::FnOnce<()>>::call_once
[INFO] [stdout]   14:     0x595e5e8ff8fb - test[9d35eded1c95d3be]::__rust_begin_short_backtrace::<core[df12db4294e9bfd3]::result::Result<(), alloc[2182bb758b4b3781]::string::String>, fn() -> core[df12db4294e9bfd3]::result::Result<(), alloc[2182bb758b4b3781]::string::String>>
[INFO] [stdout]   15:     0x595e5e90cf65 - test[9d35eded1c95d3be]::run_test::{closure#0}
[INFO] [stdout]   16:     0x595e5e906824 - std[70759c8f55707aa4]::sys::backtrace::__rust_begin_short_backtrace::<test[9d35eded1c95d3be]::run_test::{closure#1}, ()>
[INFO] [stdout]   17:     0x595e5e9100c2 - <std[70759c8f55707aa4]::thread::lifecycle::spawn_unchecked<test[9d35eded1c95d3be]::run_test::{closure#1}, ()>::{closure#1} as core[df12db4294e9bfd3]::ops::function::FnOnce<()>>::call_once::{shim:vtable#0}
[INFO] [stdout]   18:     0x595e5eb012e9 - <std[70759c8f55707aa4]::sys::thread::unix::Thread>::new::thread_start
[INFO] [stdout]   19:     0x73eba6bfbdfa - <unknown>
[INFO] [stdout]   20:     0x73eba6c8f3d4 - clone
[INFO] [stdout]   21:                0x0 - <unknown>
[INFO] [stdout] 
[INFO] [stdout] ---- cli_accepts_non_utf8_file_paths_and_rejects_non_utf8_text_arguments stdout ----
[INFO] [stdout] 
[INFO] [stdout] thread 'cli_accepts_non_utf8_file_paths_and_rejects_non_utf8_text_arguments' (1438) panicked at tests/batch_cli.rs:455:37:
[INFO] [stdout] called `Result::unwrap()` on an `Err` value: Os { code: 30, kind: ReadOnlyFilesystem, message: "Read-only file system" }
[INFO] [stdout] stack backtrace:
[INFO] [stdout]    0:     0x595e5eb01c11 - <<std[70759c8f55707aa4]::sys::backtrace::BacktraceLock>::print::DisplayBacktrace as core[df12db4294e9bfd3]::fmt::Display>::fmt
[INFO] [stdout]    1:     0x595e5eb1962a - core[df12db4294e9bfd3]::fmt::write
[INFO] [stdout]    2:     0x595e5eb065bc - <alloc[2182bb758b4b3781]::vec::Vec<u8> as core[df12db4294e9bfd3]::io::write::Write>::write_fmt
[INFO] [stdout]    3:     0x595e5eadcad6 - std[70759c8f55707aa4]::panicking::default_hook::{closure#0}
[INFO] [stdout]    4:     0x595e5eaf9889 - std[70759c8f55707aa4]::panicking::default_hook
[INFO] [stdout]    5:     0x595e5e90c610 - test[9d35eded1c95d3be]::test_main_inner::<test[9d35eded1c95d3be]::test_main_static::{closure#0}>::{closure#0}
[INFO] [stdout]    6:     0x595e5eaf9bb2 - std[70759c8f55707aa4]::panicking::panic_with_hook
[INFO] [stdout]    7:     0x595e5eadcb82 - std[70759c8f55707aa4]::panicking::panic_handler::{closure#0}
[INFO] [stdout]    8:     0x595e5ead57e9 - std[70759c8f55707aa4]::sys::backtrace::__rust_end_short_backtrace::<std[70759c8f55707aa4]::panicking::panic_handler::{closure#0}, !>
[INFO] [stdout]    9:     0x595e5eadd77d - __rustc[8fa7c3cbc660c2b3]::rust_begin_unwind
[INFO] [stdout]   10:     0x595e5eb19e0c - core[df12db4294e9bfd3]::panicking::panic_fmt
[INFO] [stdout]   11:     0x595e5eb19be2 - core[df12db4294e9bfd3]::result::unwrap_failed
[INFO] [stdout]   12:     0x595e5e8c49f1 - <batch_cli[5cb7f8e0ce15197a]::Fixtures>::new
[INFO] [stdout]   13:     0x595e5e8cf27d - <batch_cli[5cb7f8e0ce15197a]::cli_accepts_non_utf8_file_paths_and_rejects_non_utf8_text_arguments::{closure#0} as core[df12db4294e9bfd3]::ops::function::FnOnce<()>>::call_once
[INFO] [stdout]   14:     0x595e5e8ff8fb - test[9d35eded1c95d3be]::__rust_begin_short_backtrace::<core[df12db4294e9bfd3]::result::Result<(), alloc[2182bb758b4b3781]::string::String>, fn() -> core[df12db4294e9bfd3]::result::Result<(), alloc[2182bb758b4b3781]::string::String>>
[INFO] [stdout]   15:     0x595e5e90cf65 - test[9d35eded1c95d3be]::run_test::{closure#0}
[INFO] [stdout]   16:     0x595e5e906824 - std[70759c8f55707aa4]::sys::backtrace::__rust_begin_short_backtrace::<test[9d35eded1c95d3be]::run_test::{closure#1}, ()>
[INFO] [stdout]   17:     0x595e5e9100c2 - <std[70759c8f55707aa4]::thread::lifecycle::spawn_unchecked<test[9d35eded1c95d3be]::run_test::{closure#1}, ()>::{closure#1} as core[df12db4294e9bfd3]::ops::function::FnOnce<()>>::call_once::{shim:vtable#0}
[INFO] [stdout]   18:     0x595e5eb012e9 - <std[70759c8f55707aa4]::sys::thread::unix::Thread>::new::thread_start
[INFO] [stdout]   19:     0x73eba6bfbdfa - <unknown>
[INFO] [stdout]   20:     0x73eba6c8f3d4 - clone
[INFO] [stdout]   21:                0x0 - <unknown>
[INFO] [stdout] 
[INFO] [stdout] 
[INFO] [stdout] failures:
[INFO] [stdout]     bounded_cli_enforces_per_file_bytes_without_accepting_valid_prefixes
[INFO] [stdout]     bounded_cli_forwards_matching_and_assignment_work_limits
[INFO] [stdout]     bounded_cli_matches_equivalent_sampled_csv_and_json_inputs
[INFO] [stdout]     bounded_cli_rectangular_modes_match_the_public_selectors
[INFO] [stdout]     cli_accepts_non_utf8_file_paths_and_rejects_non_utf8_text_arguments
[INFO] [stdout]     cli_matches_quoted_csv_against_json_and_emits_table_aware_json
[INFO] [stdout]     cli_rejects_malformed_inputs_and_unknown_algorithms_with_nonzero_exit
[INFO] [stdout] 
[INFO] [stdout] test result: FAILED. 14 passed; 7 failed; 0 ignored; 0 measured; 0 filtered out; finished in 0.21s
[INFO] [stdout] 
[INFO] running `Command { std: "docker" "inspect" "c4309d3204a209184e738cc5be32c5da5ba565b0f49e51bf48bf2e18b24d06d7", kill_on_drop: false }`
[INFO] running `Command { std: "docker" "rm" "-f" "c4309d3204a209184e738cc5be32c5da5ba565b0f49e51bf48bf2e18b24d06d7", kill_on_drop: false }`
[INFO] [stdout] c4309d3204a209184e738cc5be32c5da5ba565b0f49e51bf48bf2e18b24d06d7
