[INFO] fetching crate field_comparable_derive 0.1.1...
[INFO] testing field_comparable_derive-0.1.1 against 1.99.0-beta.8+cargoflags=--release for beta-release-1.100-2
[INFO] extracting crate field_comparable_derive 0.1.1 into /workspace/builds/worker-7-tc1/source
[INFO] started tweaking crates.io crate field_comparable_derive 0.1.1
[INFO] finished tweaking crates.io crate field_comparable_derive 0.1.1
[INFO] tweaked toml for crates.io crate field_comparable_derive 0.1.1 written to /workspace/builds/worker-7-tc1/source/Cargo.toml
[INFO] validating manifest of crates.io crate field_comparable_derive 0.1.1 on toolchain 1.99.0-beta.8
[INFO] running `Command { std: CARGO_HOME="/workspace/cargo-home" RUSTUP_HOME="/workspace/rustup-home" "/workspace/cargo-home/bin/cargo" "+1.99.0-beta.8" "metadata" "--manifest-path" "Cargo.toml" "--no-deps", kill_on_drop: false }`
[INFO] crate crates.io crate field_comparable_derive 0.1.1 already has a lockfile, it will not be regenerated
[INFO] running `Command { std: CARGO_HOME="/workspace/cargo-home" RUSTUP_HOME="/workspace/rustup-home" "/workspace/cargo-home/bin/cargo" "+1.99.0-beta.8" "fetch" "--manifest-path" "Cargo.toml", kill_on_drop: false }`
[INFO] running `Command { std: "docker" "create" "-v" "/var/lib/crater-agent-workspace/builds/worker-7-tc1/source:/opt/rustwide/workdir:ro,Z" "-v" "/var/lib/crater-agent-workspace/builds/worker-7-tc1/target:/opt/rustwide/target:rw,Z" "-v" "/var/lib/crater-agent-workspace/cargo-home:/opt/rustwide/cargo-home:ro,Z" "-v" "/var/lib/crater-agent-workspace/rustup-home:/opt/rustwide/rustup-home:ro,Z" "-m" "1610612736" "--network" "none" "ghcr.io/rust-lang/crates-build-env/linux@sha256:77db811e55d90add9212f6832c23229e3de5f1c1f9905e8cb07319ea15df73ac" "sleep" "infinity", kill_on_drop: false }`
[INFO] [stdout] 7e82f8b8dec868e9012b113430e810cc6020cd4a6859698be58ddaccac216a9e
[INFO] running `Command { std: "docker" "start" "7e82f8b8dec868e9012b113430e810cc6020cd4a6859698be58ddaccac216a9e", kill_on_drop: false }`
[INFO] running `Command { std: "docker" "inspect" "7e82f8b8dec868e9012b113430e810cc6020cd4a6859698be58ddaccac216a9e", kill_on_drop: false }`
[INFO] running `Command { std: "docker" "exec" "-e" "SOURCE_DIR=/opt/rustwide/workdir" "-e" "CARGO_HOME=/opt/rustwide/cargo-home" "-e" "RUSTUP_HOME=/opt/rustwide/rustup-home" "-e" "CARGO_TARGET_DIR=/opt/rustwide/target" "-w" "/opt/rustwide/workdir" "--user" "0:0" "7e82f8b8dec868e9012b113430e810cc6020cd4a6859698be58ddaccac216a9e" "/opt/rustwide/cargo-home/bin/cargo" "+1.99.0-beta.8" "metadata" "--no-deps" "--format-version=1", kill_on_drop: false }`
[INFO] running `Command { std: "docker" "inspect" "7e82f8b8dec868e9012b113430e810cc6020cd4a6859698be58ddaccac216a9e", kill_on_drop: false }`
[INFO] running `Command { std: "docker" "exec" "-e" "SOURCE_DIR=/opt/rustwide/workdir" "-e" "CARGO_HOME=/opt/rustwide/cargo-home" "-e" "RUSTUP_HOME=/opt/rustwide/rustup-home" "-e" "CARGO_TARGET_DIR=/opt/rustwide/target" "-e" "CARGO_INCREMENTAL=0" "-e" "RUST_BACKTRACE=full" "-e" "RUSTFLAGS=--cap-lints=warn" "-e" "RUSTDOCFLAGS=--cap-lints=warn" "-w" "/opt/rustwide/workdir" "--user" "0:0" "7e82f8b8dec868e9012b113430e810cc6020cd4a6859698be58ddaccac216a9e" "/opt/rustwide/cargo-home/bin/cargo" "+1.99.0-beta.8" "build" "--frozen" "--message-format=json" "--release", kill_on_drop: false }`
[INFO] [stderr]    Compiling proc-macro2 v1.0.101
[INFO] [stderr]    Compiling quote v1.0.40
[INFO] [stderr]    Compiling syn v2.0.106
[INFO] [stderr]    Compiling field_comparable_derive v0.1.1 (/opt/rustwide/workdir)
[INFO] [stderr]     Finished `release` profile [optimized] target(s) in 6.82s
[INFO] running `Command { std: "docker" "inspect" "7e82f8b8dec868e9012b113430e810cc6020cd4a6859698be58ddaccac216a9e", kill_on_drop: false }`
[INFO] running `Command { std: "docker" "exec" "-e" "SOURCE_DIR=/opt/rustwide/workdir" "-e" "CARGO_HOME=/opt/rustwide/cargo-home" "-e" "RUSTUP_HOME=/opt/rustwide/rustup-home" "-e" "CARGO_TARGET_DIR=/opt/rustwide/target" "-e" "CARGO_INCREMENTAL=0" "-e" "RUST_BACKTRACE=full" "-e" "RUSTFLAGS=--cap-lints=warn" "-e" "RUSTDOCFLAGS=--cap-lints=warn" "-w" "/opt/rustwide/workdir" "--user" "0:0" "7e82f8b8dec868e9012b113430e810cc6020cd4a6859698be58ddaccac216a9e" "/opt/rustwide/cargo-home/bin/cargo" "+1.99.0-beta.8" "test" "--frozen" "--no-run" "--message-format=json" "--release", kill_on_drop: false }`
[INFO] [stderr]    Compiling field_comparable_derive v0.1.1 (/opt/rustwide/workdir)
[INFO] [stderr]     Finished `release` profile [optimized] target(s) in 0.42s
[INFO] running `Command { std: "docker" "inspect" "7e82f8b8dec868e9012b113430e810cc6020cd4a6859698be58ddaccac216a9e", kill_on_drop: false }`
[INFO] running `Command { std: "docker" "exec" "-e" "SOURCE_DIR=/opt/rustwide/workdir" "-e" "CARGO_HOME=/opt/rustwide/cargo-home" "-e" "RUSTUP_HOME=/opt/rustwide/rustup-home" "-e" "CARGO_TARGET_DIR=/opt/rustwide/target" "-e" "CARGO_INCREMENTAL=0" "-e" "RUST_BACKTRACE=full" "-e" "RUSTFLAGS=--cap-lints=warn" "-e" "RUSTDOCFLAGS=--cap-lints=warn" "-w" "/opt/rustwide/workdir" "--user" "0:0" "7e82f8b8dec868e9012b113430e810cc6020cd4a6859698be58ddaccac216a9e" "/opt/rustwide/cargo-home/bin/cargo" "+1.99.0-beta.8" "test" "--frozen" "--release", kill_on_drop: false }`
[INFO] [stderr]     Finished `release` profile [optimized] target(s) in 0.02s
[INFO] [stderr]      Running unittests src/lib.rs (/opt/rustwide/target/release/deps/field_comparable_derive-9879d4c4065b296e)
[INFO] [stdout] 
[INFO] [stdout] running 0 tests
[INFO] [stdout] 
[INFO] [stderr]    Doc-tests field_comparable_derive
[INFO] [stdout] test result: ok. 0 passed; 0 failed; 0 ignored; 0 measured; 0 filtered out; finished in 0.00s
[INFO] [stdout] 
[INFO] [stdout] 
[INFO] [stdout] running 3 tests
[INFO] [stdout] test src/lib.rs - (line 21) ... FAILED
[INFO] [stdout] test src/lib.rs - comparable_derive (line 16) ... FAILED
[INFO] [stdout] test src/lib.rs - (line 63) ... FAILED
[INFO] [stdout] 
[INFO] [stdout] failures:
[INFO] [stdout] 
[INFO] [stdout] ---- src/lib.rs - (line 21) stdout ----
[INFO] [stdout] error[E0308]: mismatched types
[INFO] [stdout]   --> src/lib.rs:40:49
[INFO] [stdout]    |
[INFO] [stdout] 40 |     let name_diffs: bool = u1.name_differs_from(u2);
[INFO] [stdout]    |                               ----------------- ^^ expected `String`, found `User`
[INFO] [stdout]    |                               |
[INFO] [stdout]    |                               arguments to this method are incorrect
[INFO] [stdout]    |
[INFO] [stdout] note: method defined here
[INFO] [stdout]   --> src/lib.rs:28:5
[INFO] [stdout]    |
[INFO] [stdout] 25 | #[derive(Comparable)]
[INFO] [stdout]    |          ----------
[INFO] [stdout] ...
[INFO] [stdout] 28 |     name: String,
[INFO] [stdout]    |     ^^^^
[INFO] [stdout] 
[INFO] [stdout] error[E0308]: mismatched types
[INFO] [stdout]   --> src/lib.rs:41:53
[INFO] [stdout]    |
[INFO] [stdout] 41 |     let name_diffs: bool = u1.name_differs_from_ref(&u2);
[INFO] [stdout]    |                               --------------------- ^^^ expected `&String`, found `&User`
[INFO] [stdout]    |                               |
[INFO] [stdout]    |                               arguments to this method are incorrect
[INFO] [stdout]    |
[INFO] [stdout]    = note: expected reference `&String`
[INFO] [stdout]               found reference `&User`
[INFO] [stdout] note: method defined here
[INFO] [stdout]   --> src/lib.rs:28:5
[INFO] [stdout]    |
[INFO] [stdout] 25 | #[derive(Comparable)]
[INFO] [stdout]    |          ----------
[INFO] [stdout] ...
[INFO] [stdout] 28 |     name: String,
[INFO] [stdout]    |     ^^^^
[INFO] [stdout] 
[INFO] [stdout] error[E0308]: mismatched types
[INFO] [stdout]   --> src/lib.rs:43:51
[INFO] [stdout]    |
[INFO] [stdout] 43 |     let email_diffs: bool = u1.email_differs_from(u2);
[INFO] [stdout]    |                                ------------------ ^^ expected `String`, found `User`
[INFO] [stdout]    |                                |
[INFO] [stdout]    |                                arguments to this method are incorrect
[INFO] [stdout]    |
[INFO] [stdout] note: method defined here
[INFO] [stdout]   --> src/lib.rs:29:5
[INFO] [stdout]    |
[INFO] [stdout] 25 | #[derive(Comparable)]
[INFO] [stdout]    |          ----------
[INFO] [stdout] ...
[INFO] [stdout] 29 |     email: String,
[INFO] [stdout]    |     ^^^^^
[INFO] [stdout] 
[INFO] [stdout] error: aborting due to 3 previous errors
[INFO] [stdout] 
[INFO] [stdout] For more information about this error, try `rustc --explain E0308`.
[INFO] [stdout] Couldn't compile the test.
[INFO] [stdout] ---- src/lib.rs - comparable_derive (line 16) stdout ----
[INFO] [stdout] Test executable failed (exit status: 101).
[INFO] [stdout] 
[INFO] [stdout] stderr:
[INFO] [stdout] 
[INFO] [stdout] thread 'main' (307) panicked at src/lib.rs:22:1:
[INFO] [stdout] assertion failed: user1.age_differs_from(user2.age)
[INFO] [stdout] stack backtrace:
[INFO] [stdout]    0:     0x5e3a7bd58561 - std[70759c8f55707aa4]::backtrace_rs::backtrace::libunwind::trace
[INFO] [stdout]                                at /rustc/dfb0accb7f508ae8be965d8629557221c889dd98/library/std/src/../../backtrace/src/backtrace/libunwind.rs:117:9
[INFO] [stdout]    1:     0x5e3a7bd58561 - std[70759c8f55707aa4]::backtrace_rs::backtrace::trace_unsynchronized::<std[70759c8f55707aa4]::sys::backtrace::_print_fmt::{closure#1}>
[INFO] [stdout]                                at /rustc/dfb0accb7f508ae8be965d8629557221c889dd98/library/std/src/../../backtrace/src/backtrace/mod.rs:66:14
[INFO] [stdout]    2:     0x5e3a7bd58561 - std[70759c8f55707aa4]::sys::backtrace::_print_fmt
[INFO] [stdout]                                at /rustc/dfb0accb7f508ae8be965d8629557221c889dd98/library/std/src/sys/backtrace.rs:74:9
[INFO] [stdout]    3:     0x5e3a7bd58561 - <<std[70759c8f55707aa4]::sys::backtrace::BacktraceLock>::print::DisplayBacktrace as core[df12db4294e9bfd3]::fmt::Display>::fmt
[INFO] [stdout]                                at /rustc/dfb0accb7f508ae8be965d8629557221c889dd98/library/std/src/sys/backtrace.rs:44:26
[INFO] [stdout]    4:     0x5e3a7bd689fa - <core[df12db4294e9bfd3]::fmt::rt::Argument>::fmt
[INFO] [stdout]                                at /rustc/dfb0accb7f508ae8be965d8629557221c889dd98/library/core/src/fmt/rt.rs:152:76
[INFO] [stdout]    5:     0x5e3a7bd689fa - core[df12db4294e9bfd3]::fmt::write
[INFO] [stdout]    6:     0x5e3a7bd5b94c - core[df12db4294e9bfd3]::io::write::default_write_fmt::<std[70759c8f55707aa4]::sys::stdio::unix::Stderr>
[INFO] [stdout]                                at /rustc/dfb0accb7f508ae8be965d8629557221c889dd98/library/core/src/io/write.rs:402:11
[INFO] [stdout]    7:     0x5e3a7bd5b94c - <std[70759c8f55707aa4]::sys::stdio::unix::Stderr as core[df12db4294e9bfd3]::io::write::Write>::write_fmt
[INFO] [stdout]                                at /rustc/dfb0accb7f508ae8be965d8629557221c889dd98/library/core/src/io/write.rs:335:13
[INFO] [stdout]    8:     0x5e3a7bd429e6 - <std[70759c8f55707aa4]::sys::backtrace::BacktraceLock>::print
[INFO] [stdout]                                at /rustc/dfb0accb7f508ae8be965d8629557221c889dd98/library/std/src/sys/backtrace.rs:47:9
[INFO] [stdout]    9:     0x5e3a7bd429e6 - std[70759c8f55707aa4]::panicking::default_hook::{closure#0}
[INFO] [stdout]                                at /rustc/dfb0accb7f508ae8be965d8629557221c889dd98/library/std/src/panicking.rs:292:27
[INFO] [stdout]   10:     0x5e3a7bd55071 - std[70759c8f55707aa4]::panicking::default_hook
[INFO] [stdout]                                at /rustc/dfb0accb7f508ae8be965d8629557221c889dd98/library/std/src/panicking.rs:319:9
[INFO] [stdout]   11:     0x5e3a7bd5522b - std[70759c8f55707aa4]::panicking::panic_with_hook
[INFO] [stdout]                                at /rustc/dfb0accb7f508ae8be965d8629557221c889dd98/library/std/src/panicking.rs:815:13
[INFO] [stdout]   12:     0x5e3a7bd42ac4 - std[70759c8f55707aa4]::panicking::panic_handler::{closure#0}
[INFO] [stdout]                                at /rustc/dfb0accb7f508ae8be965d8629557221c889dd98/library/std/src/panicking.rs:681:13
[INFO] [stdout]   13:     0x5e3a7bd3bcb9 - std[70759c8f55707aa4]::sys::backtrace::__rust_end_short_backtrace::<std[70759c8f55707aa4]::panicking::panic_handler::{closure#0}, !>
[INFO] [stdout]                                at /rustc/dfb0accb7f508ae8be965d8629557221c889dd98/library/std/src/sys/backtrace.rs:182:18
[INFO] [stdout]   14:     0x5e3a7bd4320d - __rustc[8fa7c3cbc660c2b3]::rust_begin_unwind
[INFO] [stdout]                                at /rustc/dfb0accb7f508ae8be965d8629557221c889dd98/library/std/src/panicking.rs:679:5
[INFO] [stdout]   15:     0x5e3a7bd690ec - core[df12db4294e9bfd3]::panicking::panic_fmt
[INFO] [stdout]                                at /rustc/dfb0accb7f508ae8be965d8629557221c889dd98/library/core/src/panicking.rs:80:14
[INFO] [stdout]   16:     0x5e3a7bd690b2 - core[df12db4294e9bfd3]::panicking::panic
[INFO] [stdout]                                at /rustc/dfb0accb7f508ae8be965d8629557221c889dd98/library/core/src/panicking.rs:150:5
[INFO] [stdout]   17:     0x5e3a7bd3175e - rust_out[fc2a76a7d39855e1]::main::_doctest_main_src_lib_rs_16_0
[INFO] [stdout]   18:     0x5e3a7bd31246 - rust_out[fc2a76a7d39855e1]::main
[INFO] [stdout]   19:     0x5e3a7bd31bc3 - <fn() as core[df12db4294e9bfd3]::ops::function::FnOnce<()>>::call_once
[INFO] [stdout]   20:     0x5e3a7bd31126 - std[70759c8f55707aa4]::sys::backtrace::__rust_begin_short_backtrace::<fn(), ()>
[INFO] [stdout]   21:     0x5e3a7bd31219 - std[70759c8f55707aa4]::rt::lang_start::<()>::{closure#0}
[INFO] [stdout]   22:     0x5e3a7bd547d9 - <&dyn core[df12db4294e9bfd3]::ops::function::Fn<(), Output = i32> + core[df12db4294e9bfd3]::panic::unwind_safe::RefUnwindSafe + core[df12db4294e9bfd3]::marker::Sync as core[df12db4294e9bfd3]::ops::function::FnOnce<()>>::call_once
[INFO] [stdout]                                at /rustc/dfb0accb7f508ae8be965d8629557221c889dd98/library/core/src/ops/function.rs:287:21
[INFO] [stdout]   23:     0x5e3a7bd547d9 - std[70759c8f55707aa4]::panicking::catch_unwind::do_call::<&dyn core[df12db4294e9bfd3]::ops::function::Fn<(), Output = i32> + core[df12db4294e9bfd3]::panic::unwind_safe::RefUnwindSafe + core[df12db4294e9bfd3]::marker::Sync, i32>
[INFO] [stdout]                                at /rustc/dfb0accb7f508ae8be965d8629557221c889dd98/library/std/src/panicking.rs:576:43
[INFO] [stdout]   24:     0x5e3a7bd547d9 - std[70759c8f55707aa4]::panicking::catch_unwind::<i32, &dyn core[df12db4294e9bfd3]::ops::function::Fn<(), Output = i32> + core[df12db4294e9bfd3]::panic::unwind_safe::RefUnwindSafe + core[df12db4294e9bfd3]::marker::Sync>
[INFO] [stdout]                                at /rustc/dfb0accb7f508ae8be965d8629557221c889dd98/library/std/src/panicking.rs:544:19
[INFO] [stdout]   25:     0x5e3a7bd547d9 - std[70759c8f55707aa4]::panic::catch_unwind::<&dyn core[df12db4294e9bfd3]::ops::function::Fn<(), Output = i32> + core[df12db4294e9bfd3]::panic::unwind_safe::RefUnwindSafe + core[df12db4294e9bfd3]::marker::Sync, i32>
[INFO] [stdout]                                at /rustc/dfb0accb7f508ae8be965d8629557221c889dd98/library/std/src/panic.rs:359:14
[INFO] [stdout]   26:     0x5e3a7bd547d9 - std[70759c8f55707aa4]::rt::lang_start_internal::{closure#0}
[INFO] [stdout]                                at /rustc/dfb0accb7f508ae8be965d8629557221c889dd98/library/std/src/rt.rs:175:24
[INFO] [stdout]   27:     0x5e3a7bd547d9 - std[70759c8f55707aa4]::panicking::catch_unwind::do_call::<std[70759c8f55707aa4]::rt::lang_start_internal::{closure#0}, isize>
[INFO] [stdout]                                at /rustc/dfb0accb7f508ae8be965d8629557221c889dd98/library/std/src/panicking.rs:576:43
[INFO] [stdout]   28:     0x5e3a7bd547d9 - std[70759c8f55707aa4]::panicking::catch_unwind::<isize, std[70759c8f55707aa4]::rt::lang_start_internal::{closure#0}>
[INFO] [stdout]                                at /rustc/dfb0accb7f508ae8be965d8629557221c889dd98/library/std/src/panicking.rs:544:19
[INFO] [stdout]   29:     0x5e3a7bd547d9 - std[70759c8f55707aa4]::panic::catch_unwind::<std[70759c8f55707aa4]::rt::lang_start_internal::{closure#0}, isize>
[INFO] [stdout]                                at /rustc/dfb0accb7f508ae8be965d8629557221c889dd98/library/std/src/panic.rs:359:14
[INFO] [stdout]   30:     0x5e3a7bd547d9 - std[70759c8f55707aa4]::rt::lang_start_internal
[INFO] [stdout]                                at /rustc/dfb0accb7f508ae8be965d8629557221c889dd98/library/std/src/rt.rs:171:5
[INFO] [stdout]   31:     0x5e3a7bd31021 - std[70759c8f55707aa4]::rt::lang_start::<()>
[INFO] [stdout]   32:     0x5e3a7bd31c25 - main
[INFO] [stdout]   33:     0x7fcabbf09601 - <unknown>
[INFO] [stdout]   34:     0x7fcabbf09718 - __libc_start_main
[INFO] [stdout]   35:     0x5e3a7bd30ea5 - _start
[INFO] [stdout]   36:                0x0 - <unknown>
[INFO] [stdout] 
[INFO] [stdout] 
[INFO] [stdout] ---- src/lib.rs - (line 63) stdout ----
[INFO] [stdout] error[E0599]: no method named `compare_fields` found for struct `Utilisateur` in the current scope
[INFO] [stdout]   --> src/lib.rs:79:20
[INFO] [stdout]    |
[INFO] [stdout] 68 | struct Utilisateur {
[INFO] [stdout]    | ------------------ method `compare_fields` not found for this struct
[INFO] [stdout] ...
[INFO] [stdout] 79 |     let diffs = u1.compare_fields(&u2);
[INFO] [stdout]    |                    ^^^^^^^^^^^^^^ method not found in `Utilisateur`
[INFO] [stdout] 
[INFO] [stdout] error[E0599]: no method named `name_differs_from` found for struct `Utilisateur` in the current scope
[INFO] [stdout]   --> src/lib.rs:82:31
[INFO] [stdout]    |
[INFO] [stdout] 68 | struct Utilisateur {
[INFO] [stdout]    | ------------------ method `name_differs_from` not found for this struct
[INFO] [stdout] ...
[INFO] [stdout] 82 |     let name_diffs: bool = u1.name_differs_from(u2);
[INFO] [stdout]    |                               ^^^^^^^^^^^^^^^^^
[INFO] [stdout]    |
[INFO] [stdout] help: there is a method `differs_from` with a similar name
[INFO] [stdout]    |
[INFO] [stdout] 82 -     let name_diffs: bool = u1.name_differs_from(u2);
[INFO] [stdout] 82 +     let name_diffs: bool = u1.differs_from(u2);
[INFO] [stdout]    |
[INFO] [stdout] 
[INFO] [stdout] error[E0599]: no method named `name_differs_from_ref` found for struct `Utilisateur` in the current scope
[INFO] [stdout]   --> src/lib.rs:83:31
[INFO] [stdout]    |
[INFO] [stdout] 68 | struct Utilisateur {
[INFO] [stdout]    | ------------------ method `name_differs_from_ref` not found for this struct
[INFO] [stdout] ...
[INFO] [stdout] 83 |     let name_diffs: bool = u1.name_differs_from_ref(&u2);
[INFO] [stdout]    |                               ^^^^^^^^^^^^^^^^^^^^^
[INFO] [stdout]    |
[INFO] [stdout] help: there is a method `differs_from` with a similar name
[INFO] [stdout]    |
[INFO] [stdout] 83 -     let name_diffs: bool = u1.name_differs_from_ref(&u2);
[INFO] [stdout] 83 +     let name_diffs: bool = u1.differs_from(&u2);
[INFO] [stdout]    |
[INFO] [stdout] 
[INFO] [stdout] error[E0308]: mismatched types
[INFO] [stdout]   --> src/lib.rs:85:51
[INFO] [stdout]    |
[INFO] [stdout] 85 |     let email_diffs: bool = u1.email_differs_from(u2);
[INFO] [stdout]    |                                ------------------ ^^ expected `String`, found `Utilisateur`
[INFO] [stdout]    |                                |
[INFO] [stdout]    |                                arguments to this method are incorrect
[INFO] [stdout]    |
[INFO] [stdout] note: method defined here
[INFO] [stdout]   --> src/lib.rs:71:5
[INFO] [stdout]    |
[INFO] [stdout] 67 | #[derive(Comparable)]
[INFO] [stdout]    |          ----------
[INFO] [stdout] ...
[INFO] [stdout] 71 |     email: String,
[INFO] [stdout]    |     ^^^^^
[INFO] [stdout] 
[INFO] [stdout] error: aborting due to 4 previous errors
[INFO] [stdout] 
[INFO] [stdout] Some errors have detailed explanations: E0308, E0599.
[INFO] [stdout] For more information about an error, try `rustc --explain E0308`.
[INFO] [stdout] Couldn't compile the test.
[INFO] [stdout] 
[INFO] [stdout] failures:
[INFO] [stdout]     src/lib.rs - (line 21)
[INFO] [stdout]     src/lib.rs - (line 63)
[INFO] [stdout]     src/lib.rs - comparable_derive (line 16)
[INFO] [stdout] 
[INFO] [stdout] test result: FAILED. 0 passed; 3 failed; 0 ignored; 0 measured; 0 filtered out; finished in 0.18s
[INFO] [stdout] 
[INFO] [stderr] error: doctest failed, to rerun pass `--doc`
[INFO] running `Command { std: "docker" "inspect" "7e82f8b8dec868e9012b113430e810cc6020cd4a6859698be58ddaccac216a9e", kill_on_drop: false }`
[INFO] running `Command { std: "docker" "rm" "-f" "7e82f8b8dec868e9012b113430e810cc6020cd4a6859698be58ddaccac216a9e", kill_on_drop: false }`
[INFO] [stdout] 7e82f8b8dec868e9012b113430e810cc6020cd4a6859698be58ddaccac216a9e
