[INFO] fetching crate fiducial-protocol 0.9.9...
[INFO] testing fiducial-protocol-0.9.9 against 1.99.0-beta.8+cargoflags=--release for beta-release-1.100-2
[INFO] extracting crate fiducial-protocol 0.9.9 into /workspace/builds/worker-5-tc1/source
[INFO] started tweaking crates.io crate fiducial-protocol 0.9.9
[INFO] removed 0 missing tests
[INFO] finished tweaking crates.io crate fiducial-protocol 0.9.9
[INFO] tweaked toml for crates.io crate fiducial-protocol 0.9.9 written to /workspace/builds/worker-5-tc1/source/Cargo.toml
[INFO] validating manifest of crates.io crate fiducial-protocol 0.9.9 on toolchain 1.99.0-beta.8
[INFO] running `Command { std: CARGO_HOME="/workspace/cargo-home" RUSTUP_HOME="/workspace/rustup-home" "/workspace/cargo-home/bin/cargo" "+1.99.0-beta.8" "metadata" "--manifest-path" "Cargo.toml" "--no-deps", kill_on_drop: false }`
[INFO] crate crates.io crate fiducial-protocol 0.9.9 already has a lockfile, it will not be regenerated
[INFO] running `Command { std: CARGO_HOME="/workspace/cargo-home" RUSTUP_HOME="/workspace/rustup-home" "/workspace/cargo-home/bin/cargo" "+1.99.0-beta.8" "fetch" "--manifest-path" "Cargo.toml", kill_on_drop: false }`
[INFO] running `Command { std: "docker" "create" "-v" "/var/lib/crater-agent-workspace/builds/worker-5-tc1/source:/opt/rustwide/workdir:ro,Z" "-v" "/var/lib/crater-agent-workspace/builds/worker-5-tc1/target:/opt/rustwide/target:rw,Z" "-v" "/var/lib/crater-agent-workspace/cargo-home:/opt/rustwide/cargo-home:ro,Z" "-v" "/var/lib/crater-agent-workspace/rustup-home:/opt/rustwide/rustup-home:ro,Z" "-m" "1610612736" "--network" "none" "ghcr.io/rust-lang/crates-build-env/linux@sha256:77db811e55d90add9212f6832c23229e3de5f1c1f9905e8cb07319ea15df73ac" "sleep" "infinity", kill_on_drop: false }`
[INFO] [stdout] 628dce92e76b219e32eac5d526242eaf3aaca300ef4c1889754b15f95489b0ec
[INFO] running `Command { std: "docker" "start" "628dce92e76b219e32eac5d526242eaf3aaca300ef4c1889754b15f95489b0ec", kill_on_drop: false }`
[INFO] running `Command { std: "docker" "inspect" "628dce92e76b219e32eac5d526242eaf3aaca300ef4c1889754b15f95489b0ec", kill_on_drop: false }`
[INFO] running `Command { std: "docker" "exec" "-e" "SOURCE_DIR=/opt/rustwide/workdir" "-e" "CARGO_HOME=/opt/rustwide/cargo-home" "-e" "RUSTUP_HOME=/opt/rustwide/rustup-home" "-e" "CARGO_TARGET_DIR=/opt/rustwide/target" "-w" "/opt/rustwide/workdir" "--user" "0:0" "628dce92e76b219e32eac5d526242eaf3aaca300ef4c1889754b15f95489b0ec" "/opt/rustwide/cargo-home/bin/cargo" "+1.99.0-beta.8" "metadata" "--no-deps" "--format-version=1", kill_on_drop: false }`
[INFO] running `Command { std: "docker" "inspect" "628dce92e76b219e32eac5d526242eaf3aaca300ef4c1889754b15f95489b0ec", kill_on_drop: false }`
[INFO] running `Command { std: "docker" "exec" "-e" "SOURCE_DIR=/opt/rustwide/workdir" "-e" "CARGO_HOME=/opt/rustwide/cargo-home" "-e" "RUSTUP_HOME=/opt/rustwide/rustup-home" "-e" "CARGO_TARGET_DIR=/opt/rustwide/target" "-e" "CARGO_INCREMENTAL=0" "-e" "RUST_BACKTRACE=full" "-e" "RUSTFLAGS=--cap-lints=warn" "-e" "RUSTDOCFLAGS=--cap-lints=warn" "-w" "/opt/rustwide/workdir" "--user" "0:0" "628dce92e76b219e32eac5d526242eaf3aaca300ef4c1889754b15f95489b0ec" "/opt/rustwide/cargo-home/bin/cargo" "+1.99.0-beta.8" "build" "--frozen" "--message-format=json" "--release", kill_on_drop: false }`
[INFO] [stderr]    Compiling fiducial-protocol v0.9.9 (/opt/rustwide/workdir)
[INFO] [stderr]     Finished `release` profile [optimized] target(s) in 0.16s
[INFO] running `Command { std: "docker" "inspect" "628dce92e76b219e32eac5d526242eaf3aaca300ef4c1889754b15f95489b0ec", kill_on_drop: false }`
[INFO] running `Command { std: "docker" "exec" "-e" "SOURCE_DIR=/opt/rustwide/workdir" "-e" "CARGO_HOME=/opt/rustwide/cargo-home" "-e" "RUSTUP_HOME=/opt/rustwide/rustup-home" "-e" "CARGO_TARGET_DIR=/opt/rustwide/target" "-e" "CARGO_INCREMENTAL=0" "-e" "RUST_BACKTRACE=full" "-e" "RUSTFLAGS=--cap-lints=warn" "-e" "RUSTDOCFLAGS=--cap-lints=warn" "-w" "/opt/rustwide/workdir" "--user" "0:0" "628dce92e76b219e32eac5d526242eaf3aaca300ef4c1889754b15f95489b0ec" "/opt/rustwide/cargo-home/bin/cargo" "+1.99.0-beta.8" "test" "--frozen" "--no-run" "--message-format=json" "--release", kill_on_drop: false }`
[INFO] [stderr]    Compiling fiducial-protocol v0.9.9 (/opt/rustwide/workdir)
[INFO] [stderr]     Finished `release` profile [optimized] target(s) in 0.85s
[INFO] running `Command { std: "docker" "inspect" "628dce92e76b219e32eac5d526242eaf3aaca300ef4c1889754b15f95489b0ec", kill_on_drop: false }`
[INFO] running `Command { std: "docker" "exec" "-e" "SOURCE_DIR=/opt/rustwide/workdir" "-e" "CARGO_HOME=/opt/rustwide/cargo-home" "-e" "RUSTUP_HOME=/opt/rustwide/rustup-home" "-e" "CARGO_TARGET_DIR=/opt/rustwide/target" "-e" "CARGO_INCREMENTAL=0" "-e" "RUST_BACKTRACE=full" "-e" "RUSTFLAGS=--cap-lints=warn" "-e" "RUSTDOCFLAGS=--cap-lints=warn" "-w" "/opt/rustwide/workdir" "--user" "0:0" "628dce92e76b219e32eac5d526242eaf3aaca300ef4c1889754b15f95489b0ec" "/opt/rustwide/cargo-home/bin/cargo" "+1.99.0-beta.8" "test" "--frozen" "--release", kill_on_drop: false }`
[INFO] [stderr]     Finished `release` profile [optimized] target(s) in 0.03s
[INFO] [stderr]      Running unittests src/lib.rs (/opt/rustwide/target/release/deps/fiducial_protocol-e36ece3d730914b0)
[INFO] [stdout] 
[INFO] [stdout] running 18 tests
[INFO] [stdout] test tests::crc32_is_const_evaluable ... ok
[INFO] [stdout] test tests::encode_empty_payload ... ok
[INFO] [stdout] test tests::crc_failure_drops_frame ... ok
[INFO] [stdout] test tests::encoded_len_formula ... ok
[INFO] [stdout] test tests::crc32_standard_check_value ... ok
[INFO] [stdout] test tests::crc32_detects_byte_reorder ... ok
[INFO] [stdout] test tests::crc32_empty_is_zero ... ok
[INFO] [stdout] test tests::newer_remote_accepted_when_min_is_old ... ok
[INFO] [stdout] test tests::decoder_skips_oversized_frame ... ok
[INFO] [stdout] test tests::encode_buffer_too_small ... ok
[INFO] [stdout] test tests::encode_known_payload ... ok
[INFO] [stdout] test tests::is_current_compatible_rejects_old ... ok
[INFO] [stdout] test tests::decoder_resyncs_after_noise ... ok
[INFO] [stdout] test tests::same_version_compatible ... ok
[INFO] [stdout] test tests::roundtrip_empty_payload ... ok
[INFO] [stdout] test tests::is_current_compatible_self ... ok
[INFO] [stdout] test tests::roundtrip_short_payload ... ok
[INFO] [stdout] test tests::old_artifact_rejected_after_breaking_bump ... ok
[INFO] [stdout] 
[INFO] [stdout] test result: ok. 18 passed; 0 failed; 0 ignored; 0 measured; 0 filtered out; finished in 0.01s
[INFO] [stdout] 
[INFO] [stderr]      Running tests/vectors.rs (/opt/rustwide/target/release/deps/vectors-ccddf365aa25256e)
[INFO] [stdout] 
[INFO] [stdout] running 2 tests
[INFO] [stdout] test vectors_are_fresh ... FAILED
[INFO] [stdout] test every_vector_round_trips_through_the_decoder ... ok
[INFO] [stdout] 
[INFO] [stdout] failures:
[INFO] [stdout] 
[INFO] [stdout] ---- vectors_are_fresh stdout ----
[INFO] [stdout] 
[INFO] [stdout] thread 'vectors_are_fresh' (178) panicked at tests/vectors.rs:137:9:
[INFO] [stdout] /opt/docs/protocol/vectors.json is missing.
[INFO] [stdout] Regenerate with:
[INFO] [stdout]   FIDUCIAL_WRITE_VECTORS=1 cargo test -p fiducial-protocol --test vectors
[INFO] [stdout] stack backtrace:
[INFO] [stdout]    0:     0x5cdde68a2051 - <<std[70759c8f55707aa4]::sys::backtrace::BacktraceLock>::print::DisplayBacktrace as core[df12db4294e9bfd3]::fmt::Display>::fmt
[INFO] [stdout]    1:     0x5cdde68b62ba - core[df12db4294e9bfd3]::fmt::write
[INFO] [stdout]    2:     0x5cdde68a650c - <alloc[2182bb758b4b3781]::vec::Vec<u8> as core[df12db4294e9bfd3]::io::write::Write>::write_fmt
[INFO] [stdout]    3:     0x5cdde687d626 - std[70759c8f55707aa4]::panicking::default_hook::{closure#0}
[INFO] [stdout]    4:     0x5cdde689a259 - std[70759c8f55707aa4]::panicking::default_hook
[INFO] [stdout]    5:     0x5cdde68354a0 - test[9d35eded1c95d3be]::test_main_inner::<test[9d35eded1c95d3be]::test_main_static::{closure#0}>::{closure#0}
[INFO] [stdout]    6:     0x5cdde689a412 - std[70759c8f55707aa4]::panicking::panic_with_hook
[INFO] [stdout]    7:     0x5cdde687d6d2 - std[70759c8f55707aa4]::panicking::panic_handler::{closure#0}
[INFO] [stdout]    8:     0x5cdde68761a9 - std[70759c8f55707aa4]::sys::backtrace::__rust_end_short_backtrace::<std[70759c8f55707aa4]::panicking::panic_handler::{closure#0}, !>
[INFO] [stdout]    9:     0x5cdde687e2cd - __rustc[8fa7c3cbc660c2b3]::rust_begin_unwind
[INFO] [stdout]   10:     0x5cdde68b69ec - core[df12db4294e9bfd3]::panicking::panic_fmt
[INFO] [stdout]   11:     0x5cdde682648e - vectors[122cb2c8a6c3ec3c]::vectors_are_fresh::{closure#0}
[INFO] [stdout]   12:     0x5cdde6827e3a - <vectors[122cb2c8a6c3ec3c]::vectors_are_fresh::{closure#0} as core[df12db4294e9bfd3]::ops::function::FnOnce<()>>::call_once
[INFO] [stdout]   13:     0x5cdde682878b - test[9d35eded1c95d3be]::__rust_begin_short_backtrace::<core[df12db4294e9bfd3]::result::Result<(), alloc[2182bb758b4b3781]::string::String>, fn() -> core[df12db4294e9bfd3]::result::Result<(), alloc[2182bb758b4b3781]::string::String>>
[INFO] [stdout]   14:     0x5cdde6835df5 - test[9d35eded1c95d3be]::run_test::{closure#0}
[INFO] [stdout]   15:     0x5cdde682f6b4 - std[70759c8f55707aa4]::sys::backtrace::__rust_begin_short_backtrace::<test[9d35eded1c95d3be]::run_test::{closure#1}, ()>
[INFO] [stdout]   16:     0x5cdde6838f52 - <std[70759c8f55707aa4]::thread::lifecycle::spawn_unchecked<test[9d35eded1c95d3be]::run_test::{closure#1}, ()>::{closure#1} as core[df12db4294e9bfd3]::ops::function::FnOnce<()>>::call_once::{shim:vtable#0}
[INFO] [stdout]   17:     0x5cdde68a13c9 - <std[70759c8f55707aa4]::sys::thread::unix::Thread>::new::thread_start
[INFO] [stdout]   18:     0x7a6c6587fdfa - <unknown>
[INFO] [stdout]   19:     0x7a6c659133d4 - clone
[INFO] [stdout]   20:                0x0 - <unknown>
[INFO] [stdout] 
[INFO] [stdout] 
[INFO] [stdout] failures:
[INFO] [stdout]     vectors_are_fresh
[INFO] [stdout] 
[INFO] [stdout] test result: FAILED. 1 passed; 1 failed; 0 ignored; 0 measured; 0 filtered out; finished in 0.00s
[INFO] [stdout] 
[INFO] [stderr] error: test failed, to rerun pass `--test vectors`
[INFO] running `Command { std: "docker" "inspect" "628dce92e76b219e32eac5d526242eaf3aaca300ef4c1889754b15f95489b0ec", kill_on_drop: false }`
[INFO] running `Command { std: "docker" "rm" "-f" "628dce92e76b219e32eac5d526242eaf3aaca300ef4c1889754b15f95489b0ec", kill_on_drop: false }`
[INFO] [stdout] 628dce92e76b219e32eac5d526242eaf3aaca300ef4c1889754b15f95489b0ec
