[INFO] fetching crate fidius-python 0.5.9...
[INFO] testing fidius-python-0.5.9 against 1.100.0-beta.1+cargoflags=--release for beta-release-1.100-2
[INFO] extracting crate fidius-python 0.5.9 into /workspace/builds/worker-7-tc2/source
[INFO] started tweaking crates.io crate fidius-python 0.5.9
[INFO] removed 0 missing tests
[INFO] finished tweaking crates.io crate fidius-python 0.5.9
[INFO] tweaked toml for crates.io crate fidius-python 0.5.9 written to /workspace/builds/worker-7-tc2/source/Cargo.toml
[INFO] validating manifest of crates.io crate fidius-python 0.5.9 on toolchain 1.100.0-beta.1
[INFO] running `Command { std: CARGO_HOME="/workspace/cargo-home" RUSTUP_HOME="/workspace/rustup-home" "/workspace/cargo-home/bin/cargo" "+1.100.0-beta.1" "metadata" "--manifest-path" "Cargo.toml" "--no-deps", kill_on_drop: false }`
[INFO] crate crates.io crate fidius-python 0.5.9 already has a lockfile, it will not be regenerated
[INFO] running `Command { std: CARGO_HOME="/workspace/cargo-home" RUSTUP_HOME="/workspace/rustup-home" "/workspace/cargo-home/bin/cargo" "+1.100.0-beta.1" "fetch" "--manifest-path" "Cargo.toml", kill_on_drop: false }`
[INFO] running `Command { std: "docker" "create" "-v" "/var/lib/crater-agent-workspace/builds/worker-7-tc2/source:/opt/rustwide/workdir:ro,Z" "-v" "/var/lib/crater-agent-workspace/builds/worker-7-tc2/target:/opt/rustwide/target:rw,Z" "-v" "/var/lib/crater-agent-workspace/cargo-home:/opt/rustwide/cargo-home:ro,Z" "-v" "/var/lib/crater-agent-workspace/rustup-home:/opt/rustwide/rustup-home:ro,Z" "-m" "1610612736" "--network" "none" "ghcr.io/rust-lang/crates-build-env/linux@sha256:77db811e55d90add9212f6832c23229e3de5f1c1f9905e8cb07319ea15df73ac" "sleep" "infinity", kill_on_drop: false }`
[INFO] [stdout] a339ae5637ac3ff7b50bd7b36c6f8b91b23f96f7eab419026a8e7ce7706cc1f1
[INFO] running `Command { std: "docker" "start" "a339ae5637ac3ff7b50bd7b36c6f8b91b23f96f7eab419026a8e7ce7706cc1f1", kill_on_drop: false }`
[INFO] running `Command { std: "docker" "inspect" "a339ae5637ac3ff7b50bd7b36c6f8b91b23f96f7eab419026a8e7ce7706cc1f1", kill_on_drop: false }`
[INFO] running `Command { std: "docker" "exec" "-e" "SOURCE_DIR=/opt/rustwide/workdir" "-e" "CARGO_HOME=/opt/rustwide/cargo-home" "-e" "RUSTUP_HOME=/opt/rustwide/rustup-home" "-e" "CARGO_TARGET_DIR=/opt/rustwide/target" "-w" "/opt/rustwide/workdir" "--user" "0:0" "a339ae5637ac3ff7b50bd7b36c6f8b91b23f96f7eab419026a8e7ce7706cc1f1" "/opt/rustwide/cargo-home/bin/cargo" "+1.100.0-beta.1" "metadata" "--no-deps" "--format-version=1", kill_on_drop: false }`
[INFO] running `Command { std: "docker" "inspect" "a339ae5637ac3ff7b50bd7b36c6f8b91b23f96f7eab419026a8e7ce7706cc1f1", kill_on_drop: false }`
[INFO] running `Command { std: "docker" "exec" "-e" "SOURCE_DIR=/opt/rustwide/workdir" "-e" "CARGO_HOME=/opt/rustwide/cargo-home" "-e" "RUSTUP_HOME=/opt/rustwide/rustup-home" "-e" "CARGO_TARGET_DIR=/opt/rustwide/target" "-e" "CARGO_INCREMENTAL=0" "-e" "RUST_BACKTRACE=full" "-e" "RUSTFLAGS=--cap-lints=warn" "-e" "RUSTDOCFLAGS=--cap-lints=warn" "-w" "/opt/rustwide/workdir" "--user" "0:0" "a339ae5637ac3ff7b50bd7b36c6f8b91b23f96f7eab419026a8e7ce7706cc1f1" "/opt/rustwide/cargo-home/bin/cargo" "+1.100.0-beta.1" "build" "--frozen" "--message-format=json" "--release", kill_on_drop: false }`
[INFO] [stderr]    Compiling target-lexicon v0.13.5
[INFO] [stderr]    Compiling syn v3.0.5
[INFO] [stderr]    Compiling syn v2.0.119
[INFO] [stderr]    Compiling generic-array v0.14.7
[INFO] [stderr]    Compiling bzip2-sys v0.1.13+1.0.8
[INFO] [stderr]    Compiling indexmap v2.14.2
[INFO] [stderr]    Compiling memoffset v0.9.1
[INFO] [stderr]    Compiling toml_write v0.1.2
[INFO] [stderr]    Compiling winnow v0.7.15
[INFO] [stderr]    Compiling xattr v1.6.1
[INFO] [stderr]    Compiling filetime v0.2.29
[INFO] [stderr]    Compiling tar v0.4.46
[INFO] [stderr]    Compiling block-buffer v0.10.4
[INFO] [stderr]    Compiling crypto-common v0.1.7
[INFO] [stderr]    Compiling pyo3-build-config v0.25.1
[INFO] [stderr]    Compiling bzip2 v0.5.2
[INFO] [stderr]    Compiling digest v0.10.7
[INFO] [stderr]    Compiling unindent v0.2.4
[INFO] [stderr]    Compiling sha2 v0.10.9
[INFO] [stderr]    Compiling inventory v0.3.24
[INFO] [stderr]    Compiling pyo3-ffi v0.25.1
[INFO] [stderr]    Compiling pyo3-macros-backend v0.25.1
[INFO] [stderr]    Compiling pyo3 v0.25.1
[INFO] [stderr]    Compiling fidius-python v0.5.9 (/opt/rustwide/workdir)
[INFO] [stderr]    Compiling serde_derive v1.0.229
[INFO] [stderr]    Compiling thiserror-impl v2.0.20
[INFO] [stderr]    Compiling thiserror v2.0.20
[INFO] [stderr]    Compiling tracing-attributes v0.1.31
[INFO] [stderr]    Compiling tracing v0.1.44
[INFO] [stderr]    Compiling serde v1.0.229
[INFO] [stderr]    Compiling serde_spanned v0.6.9
[INFO] [stderr]    Compiling toml_datetime v0.6.11
[INFO] [stderr]    Compiling bincode v1.3.3
[INFO] [stderr]    Compiling toml_edit v0.22.27
[INFO] [stderr]    Compiling fidius-guest v0.5.9
[INFO] [stderr]    Compiling pyo3-macros v0.25.1
[INFO] [stderr]    Compiling toml v0.8.23
[INFO] [stderr]    Compiling fidius-core v0.5.9
[INFO] [stderr]     Finished `release` profile [optimized] target(s) in 1m 02s
[INFO] running `Command { std: "docker" "inspect" "a339ae5637ac3ff7b50bd7b36c6f8b91b23f96f7eab419026a8e7ce7706cc1f1", kill_on_drop: false }`
[INFO] running `Command { std: "docker" "exec" "-e" "SOURCE_DIR=/opt/rustwide/workdir" "-e" "CARGO_HOME=/opt/rustwide/cargo-home" "-e" "RUSTUP_HOME=/opt/rustwide/rustup-home" "-e" "CARGO_TARGET_DIR=/opt/rustwide/target" "-e" "CARGO_INCREMENTAL=0" "-e" "RUST_BACKTRACE=full" "-e" "RUSTFLAGS=--cap-lints=warn" "-e" "RUSTDOCFLAGS=--cap-lints=warn" "-w" "/opt/rustwide/workdir" "--user" "0:0" "a339ae5637ac3ff7b50bd7b36c6f8b91b23f96f7eab419026a8e7ce7706cc1f1" "/opt/rustwide/cargo-home/bin/cargo" "+1.100.0-beta.1" "test" "--frozen" "--no-run" "--message-format=json" "--release", kill_on_drop: false }`
[INFO] [stderr]    Compiling fidius-python v0.5.9 (/opt/rustwide/workdir)
[INFO] [stderr]     Finished `release` profile [optimized] target(s) in 3.04s
[INFO] running `Command { std: "docker" "inspect" "a339ae5637ac3ff7b50bd7b36c6f8b91b23f96f7eab419026a8e7ce7706cc1f1", kill_on_drop: false }`
[INFO] running `Command { std: "docker" "exec" "-e" "SOURCE_DIR=/opt/rustwide/workdir" "-e" "CARGO_HOME=/opt/rustwide/cargo-home" "-e" "RUSTUP_HOME=/opt/rustwide/rustup-home" "-e" "CARGO_TARGET_DIR=/opt/rustwide/target" "-e" "CARGO_INCREMENTAL=0" "-e" "RUST_BACKTRACE=full" "-e" "RUSTFLAGS=--cap-lints=warn" "-e" "RUSTDOCFLAGS=--cap-lints=warn" "-w" "/opt/rustwide/workdir" "--user" "0:0" "a339ae5637ac3ff7b50bd7b36c6f8b91b23f96f7eab419026a8e7ce7706cc1f1" "/opt/rustwide/cargo-home/bin/cargo" "+1.100.0-beta.1" "test" "--frozen" "--release", kill_on_drop: false }`
[INFO] [stderr]     Finished `release` profile [optimized] target(s) in 0.09s
[INFO] [stderr]      Running unittests src/lib.rs (/opt/rustwide/target/release/build/fidius-python/8af701c71257adac/out/fidius_python-8af701c71257adac)
[INFO] [stdout] 
[INFO] [stdout] running 5 tests
[INFO] [stdout] test value_bridge::tests::roundtrip_primitives ... ok
[INFO] [stdout] test stream::tests::yields_items_then_end ... ok
[INFO] [stdout] test stream::tests::cancel_runs_generator_finally ... ok
[INFO] [stdout] test error::tests::maps_value_error_to_plugin_error ... ok
[INFO] [stdout] test stream::tests::generator_exception_becomes_error ... ok
[INFO] [stdout] 
[INFO] [stdout] test result: ok. 5 passed; 0 failed; 0 ignored; 0 measured; 0 filtered out; finished in 0.14s
[INFO] [stdout] 
[INFO] [stderr]      Running tests/loader_e2e.rs (/opt/rustwide/target/release/build/fidius-python/d0b3542e1a9e26c5/out/loader_e2e-d0b3542e1a9e26c5)
[INFO] [stdout] 
[INFO] [stdout] running 7 tests
[INFO] [stdout] test typed_call_with_struct_args ... FAILED
[INFO] [stdout] test typed_call_round_trip_string ... FAILED
[INFO] [stdout] test wire_mode_mismatch_typed_called_as_raw_errors ... FAILED
[INFO] [stdout] test out_of_range_method_index_errors ... FAILED
[INFO] [stdout] test plugin_error_round_trips_with_code_and_details ... FAILED
[INFO] [stdout] test raw_call_round_trip_2mb ... FAILED
[INFO] [stdout] test interface_hash_mismatch_is_rejected ... FAILED
[INFO] [stdout] 
[INFO] [stdout] failures:
[INFO] [stdout] 
[INFO] [stdout] ---- typed_call_with_struct_args stdout ----
[INFO] [stdout] 
[INFO] [stdout] thread 'typed_call_with_struct_args' (978) panicked at tests/loader_e2e.rs:160:41:
[INFO] [stdout] called `Result::unwrap()` on an `Err` value: Os { code: 2, kind: NotFound, message: "No such file or directory" }
[INFO] [stdout] stack backtrace:
[INFO] [stdout]    0:     0x57141dd3fa41 - <<std[617be2ca0a6fd877]::sys::backtrace::BacktraceLock>::print::DisplayBacktrace as core[a373ad73a504971]::fmt::Display>::fmt
[INFO] [stdout]    1:     0x57141dd5515a - core[a373ad73a504971]::fmt::write
[INFO] [stdout]    2:     0x57141dd43f9c - <alloc[2e1b2a31b91974c5]::vec::Vec<u8> as core[a373ad73a504971]::io::write::Write>::write_fmt
[INFO] [stdout]    3:     0x57141dd19206 - std[617be2ca0a6fd877]::panicking::default_hook::{closure#0}
[INFO] [stdout]    4:     0x57141dd362c9 - std[617be2ca0a6fd877]::panicking::default_hook
[INFO] [stdout]    5:     0x57141dc6ff90 - test[aada8e7e76ba119b]::test_main_inner::{closure#0}
[INFO] [stdout]    6:     0x57141dd365f2 - std[617be2ca0a6fd877]::panicking::panic_with_hook
[INFO] [stdout]    7:     0x57141dd192b2 - std[617be2ca0a6fd877]::panicking::panic_handler::{closure#0}
[INFO] [stdout]    8:     0x57141dd11c79 - std[617be2ca0a6fd877]::sys::backtrace::__rust_end_short_backtrace::<std[617be2ca0a6fd877]::panicking::panic_handler::{closure#0}, !>
[INFO] [stdout]    9:     0x57141dd19ebd - __rustc[ea4f61d10b84890b]::rust_begin_unwind
[INFO] [stdout]   10:     0x57141dd558bc - core[a373ad73a504971]::panicking::panic_fmt
[INFO] [stdout]   11:     0x57141dd55692 - core[a373ad73a504971]::result::unwrap_failed
[INFO] [stdout]   12:     0x57141dc5c413 - loader_e2e[153b0d29ea64bb89]::copy_dir
[INFO] [stdout]   13:     0x57141dc5b8cc - loader_e2e[153b0d29ea64bb89]::make_plugin
[INFO] [stdout]   14:     0x57141dc5bd63 - loader_e2e[153b0d29ea64bb89]::load_greeter
[INFO] [stdout]   15:     0x57141dc5d9fe - <loader_e2e[153b0d29ea64bb89]::typed_call_with_struct_args::{closure#0} as core[a373ad73a504971]::ops::function::FnOnce<()>>::call_once
[INFO] [stdout]   16:     0x57141dc633db - test[aada8e7e76ba119b]::__rust_begin_short_backtrace::<core[a373ad73a504971]::result::Result<(), alloc[2e1b2a31b91974c5]::string::String>, fn() -> core[a373ad73a504971]::result::Result<(), alloc[2e1b2a31b91974c5]::string::String>>
[INFO] [stdout]   17:     0x57141dc705b5 - test[aada8e7e76ba119b]::run_test::{closure#0}
[INFO] [stdout]   18:     0x57141dc69ea4 - std[617be2ca0a6fd877]::sys::backtrace::__rust_begin_short_backtrace::<test[aada8e7e76ba119b]::run_test::{closure#1}, ()>
[INFO] [stdout]   19:     0x57141dc73642 - <std[617be2ca0a6fd877]::thread::lifecycle::spawn_unchecked<test[aada8e7e76ba119b]::run_test::{closure#1}, ()>::{closure#1} as core[a373ad73a504971]::ops::function::FnOnce<()>>::call_once::{shim:vtable#0}
[INFO] [stdout]   20:     0x57141dd3ec5f - <std[617be2ca0a6fd877]::sys::thread::unix::Thread>::new::thread_start
[INFO] [stdout]   21:     0x79d017bd5dfa - <unknown>
[INFO] [stdout]   22:     0x79d017c693d4 - clone
[INFO] [stdout]   23:                0x0 - <unknown>
[INFO] [stdout] 
[INFO] [stdout] ---- typed_call_round_trip_string stdout ----
[INFO] [stdout] 
[INFO] [stdout] thread 'typed_call_round_trip_string' (977) panicked at tests/loader_e2e.rs:160:41:
[INFO] [stdout] called `Result::unwrap()` on an `Err` value: Os { code: 2, kind: NotFound, message: "No such file or directory" }
[INFO] [stdout] stack backtrace:
[INFO] [stdout]    0:     0x57141dd3fa41 - <<std[617be2ca0a6fd877]::sys::backtrace::BacktraceLock>::print::DisplayBacktrace as core[a373ad73a504971]::fmt::Display>::fmt
[INFO] [stdout]    1:     0x57141dd5515a - core[a373ad73a504971]::fmt::write
[INFO] [stdout]    2:     0x57141dd43f9c - <alloc[2e1b2a31b91974c5]::vec::Vec<u8> as core[a373ad73a504971]::io::write::Write>::write_fmt
[INFO] [stdout]    3:     0x57141dd19206 - std[617be2ca0a6fd877]::panicking::default_hook::{closure#0}
[INFO] [stdout]    4:     0x57141dd362c9 - std[617be2ca0a6fd877]::panicking::default_hook
[INFO] [stdout]    5:     0x57141dc6ff90 - test[aada8e7e76ba119b]::test_main_inner::{closure#0}
[INFO] [stdout]    6:     0x57141dd365f2 - std[617be2ca0a6fd877]::panicking::panic_with_hook
[INFO] [stdout]    7:     0x57141dd192b2 - std[617be2ca0a6fd877]::panicking::panic_handler::{closure#0}
[INFO] [stdout]    8:     0x57141dd11c79 - std[617be2ca0a6fd877]::sys::backtrace::__rust_end_short_backtrace::<std[617be2ca0a6fd877]::panicking::panic_handler::{closure#0}, !>
[INFO] [stdout]    9:     0x57141dd19ebd - __rustc[ea4f61d10b84890b]::rust_begin_unwind
[INFO] [stdout]   10:     0x57141dd558bc - core[a373ad73a504971]::panicking::panic_fmt
[INFO] [stdout]   11:     0x57141dd55692 - core[a373ad73a504971]::result::unwrap_failed
[INFO] [stdout]   12:     0x57141dc5c413 - loader_e2e[153b0d29ea64bb89]::copy_dir
[INFO] [stdout]   13:     0x57141dc5b8cc - loader_e2e[153b0d29ea64bb89]::make_plugin
[INFO] [stdout]   14:     0x57141dc5bd63 - loader_e2e[153b0d29ea64bb89]::load_greeter
[INFO] [stdout]   15:     0x57141dc5e11f - <loader_e2e[153b0d29ea64bb89]::typed_call_round_trip_string::{closure#0} as core[a373ad73a504971]::ops::function::FnOnce<()>>::call_once
[INFO] [stdout]   16:     0x57141dc633db - test[aada8e7e76ba119b]::__rust_begin_short_backtrace::<core[a373ad73a504971]::result::Result<(), alloc[2e1b2a31b91974c5]::string::String>, fn() -> core[a373ad73a504971]::result::Result<(), alloc[2e1b2a31b91974c5]::string::String>>
[INFO] [stdout]   17:     0x57141dc705b5 - test[aada8e7e76ba119b]::run_test::{closure#0}
[INFO] [stdout]   18:     0x57141dc69ea4 - std[617be2ca0a6fd877]::sys::backtrace::__rust_begin_short_backtrace::<test[aada8e7e76ba119b]::run_test::{closure#1}, ()>
[INFO] [stdout]   19:     0x57141dc73642 - <std[617be2ca0a6fd877]::thread::lifecycle::spawn_unchecked<test[aada8e7e76ba119b]::run_test::{closure#1}, ()>::{closure#1} as core[a373ad73a504971]::ops::function::FnOnce<()>>::call_once::{shim:vtable#0}
[INFO] [stdout]   20:     0x57141dd3ec5f - <std[617be2ca0a6fd877]::sys::thread::unix::Thread>::new::thread_start
[INFO] [stdout]   21:     0x79d017bd5dfa - <unknown>
[INFO] [stdout]   22:     0x79d017c693d4 - clone
[INFO] [stdout]   23:                0x0 - <unknown>
[INFO] [stdout] 
[INFO] [stdout] ---- wire_mode_mismatch_typed_called_as_raw_errors stdout ----
[INFO] [stdout] 
[INFO] [stdout] thread 'wire_mode_mismatch_typed_called_as_raw_errors' (979) panicked at tests/loader_e2e.rs:160:41:
[INFO] [stdout] called `Result::unwrap()` on an `Err` value: Os { code: 2, kind: NotFound, message: "No such file or directory" }
[INFO] [stdout] stack backtrace:
[INFO] [stdout]    0:     0x57141dd3fa41 - <<std[617be2ca0a6fd877]::sys::backtrace::BacktraceLock>::print::DisplayBacktrace as core[a373ad73a504971]::fmt::Display>::fmt
[INFO] [stdout]    1:     0x57141dd5515a - core[a373ad73a504971]::fmt::write
[INFO] [stdout]    2:     0x57141dd43f9c - <alloc[2e1b2a31b91974c5]::vec::Vec<u8> as core[a373ad73a504971]::io::write::Write>::write_fmt
[INFO] [stdout]    3:     0x57141dd19206 - std[617be2ca0a6fd877]::panicking::default_hook::{closure#0}
[INFO] [stdout]    4:     0x57141dd362c9 - std[617be2ca0a6fd877]::panicking::default_hook
[INFO] [stdout]    5:     0x57141dc6ff90 - test[aada8e7e76ba119b]::test_main_inner::{closure#0}
[INFO] [stdout]    6:     0x57141dd365f2 - std[617be2ca0a6fd877]::panicking::panic_with_hook
[INFO] [stdout]    7:     0x57141dd192b2 - std[617be2ca0a6fd877]::panicking::panic_handler::{closure#0}
[INFO] [stdout]    8:     0x57141dd11c79 - std[617be2ca0a6fd877]::sys::backtrace::__rust_end_short_backtrace::<std[617be2ca0a6fd877]::panicking::panic_handler::{closure#0}, !>
[INFO] [stdout]    9:     0x57141dd19ebd - __rustc[ea4f61d10b84890b]::rust_begin_unwind
[INFO] [stdout]   10:     0x57141dd558bc - core[a373ad73a504971]::panicking::panic_fmt
[INFO] [stdout]   11:     0x57141dd55692 - core[a373ad73a504971]::result::unwrap_failed
[INFO] [stdout]   12:     0x57141dc5c413 - loader_e2e[153b0d29ea64bb89]::copy_dir
[INFO] [stdout]   13:     0x57141dc5b8cc - loader_e2e[153b0d29ea64bb89]::make_plugin
[INFO] [stdout]   14:     0x57141dc5bd63 - loader_e2e[153b0d29ea64bb89]::load_greeter
[INFO] [stdout]   15:     0x57141dc5edfe - <loader_e2e[153b0d29ea64bb89]::wire_mode_mismatch_typed_called_as_raw_errors::{closure#0} as core[a373ad73a504971]::ops::function::FnOnce<()>>::call_once
[INFO] [stdout]   16:     0x57141dc633db - test[aada8e7e76ba119b]::__rust_begin_short_backtrace::<core[a373ad73a504971]::result::Result<(), alloc[2e1b2a31b91974c5]::string::String>, fn() -> core[a373ad73a504971]::result::Result<(), alloc[2e1b2a31b91974c5]::string::String>>
[INFO] [stdout]   17:     0x57141dc705b5 - test[aada8e7e76ba119b]::run_test::{closure#0}
[INFO] [stdout]   18:     0x57141dc69ea4 - std[617be2ca0a6fd877]::sys::backtrace::__rust_begin_short_backtrace::<test[aada8e7e76ba119b]::run_test::{closure#1}, ()>
[INFO] [stdout]   19:     0x57141dc73642 - <std[617be2ca0a6fd877]::thread::lifecycle::spawn_unchecked<test[aada8e7e76ba119b]::run_test::{closure#1}, ()>::{closure#1} as core[a373ad73a504971]::ops::function::FnOnce<()>>::call_once::{shim:vtable#0}
[INFO] [stdout]   20:     0x57141dd3ec5f - <std[617be2ca0a6fd877]::sys::thread::unix::Thread>::new::thread_start
[INFO] [stdout]   21:     0x79d017bd5dfa - <unknown>
[INFO] [stdout]   22:     0x79d017c693d4 - clone
[INFO] [stdout]   23:                0x0 - <unknown>
[INFO] [stdout] 
[INFO] [stdout] ---- out_of_range_method_index_errors stdout ----
[INFO] [stdout] 
[INFO] [stdout] thread 'out_of_range_method_index_errors' (974) panicked at tests/loader_e2e.rs:160:41:
[INFO] [stdout] called `Result::unwrap()` on an `Err` value: Os { code: 2, kind: NotFound, message: "No such file or directory" }
[INFO] [stdout] stack backtrace:
[INFO] [stdout]    0:     0x57141dd3fa41 - <<std[617be2ca0a6fd877]::sys::backtrace::BacktraceLock>::print::DisplayBacktrace as core[a373ad73a504971]::fmt::Display>::fmt
[INFO] [stdout]    1:     0x57141dd5515a - core[a373ad73a504971]::fmt::write
[INFO] [stdout]    2:     0x57141dd43f9c - <alloc[2e1b2a31b91974c5]::vec::Vec<u8> as core[a373ad73a504971]::io::write::Write>::write_fmt
[INFO] [stdout]    3:     0x57141dd19206 - std[617be2ca0a6fd877]::panicking::default_hook::{closure#0}
[INFO] [stdout]    4:     0x57141dd362c9 - std[617be2ca0a6fd877]::panicking::default_hook
[INFO] [stdout]    5:     0x57141dc6ff90 - test[aada8e7e76ba119b]::test_main_inner::{closure#0}
[INFO] [stdout]    6:     0x57141dd365f2 - std[617be2ca0a6fd877]::panicking::panic_with_hook
[INFO] [stdout]    7:     0x57141dd192b2 - std[617be2ca0a6fd877]::panicking::panic_handler::{closure#0}
[INFO] [stdout]    8:     0x57141dd11c79 - std[617be2ca0a6fd877]::sys::backtrace::__rust_end_short_backtrace::<std[617be2ca0a6fd877]::panicking::panic_handler::{closure#0}, !>
[INFO] [stdout]    9:     0x57141dd19ebd - __rustc[ea4f61d10b84890b]::rust_begin_unwind
[INFO] [stdout]   10:     0x57141dd558bc - core[a373ad73a504971]::panicking::panic_fmt
[INFO] [stdout]   11:     0x57141dd55692 - core[a373ad73a504971]::result::unwrap_failed
[INFO] [stdout]   12:     0x57141dc5c413 - loader_e2e[153b0d29ea64bb89]::copy_dir
[INFO] [stdout]   13:     0x57141dc5b8cc - loader_e2e[153b0d29ea64bb89]::make_plugin
[INFO] [stdout]   14:     0x57141dc5bd63 - loader_e2e[153b0d29ea64bb89]::load_greeter
[INFO] [stdout]   15:     0x57141dc5e6ee - <loader_e2e[153b0d29ea64bb89]::out_of_range_method_index_errors::{closure#0} as core[a373ad73a504971]::ops::function::FnOnce<()>>::call_once
[INFO] [stdout]   16:     0x57141dc633db - test[aada8e7e76ba119b]::__rust_begin_short_backtrace::<core[a373ad73a504971]::result::Result<(), alloc[2e1b2a31b91974c5]::string::String>, fn() -> core[a373ad73a504971]::result::Result<(), alloc[2e1b2a31b91974c5]::string::String>>
[INFO] [stdout]   17:     0x57141dc705b5 - test[aada8e7e76ba119b]::run_test::{closure#0}
[INFO] [stdout]   18:     0x57141dc69ea4 - std[617be2ca0a6fd877]::sys::backtrace::__rust_begin_short_backtrace::<test[aada8e7e76ba119b]::run_test::{closure#1}, ()>
[INFO] [stdout]   19:     0x57141dc73642 - <std[617be2ca0a6fd877]::thread::lifecycle::spawn_unchecked<test[aada8e7e76ba119b]::run_test::{closure#1}, ()>::{closure#1} as core[a373ad73a504971]::ops::function::FnOnce<()>>::call_once::{shim:vtable#0}
[INFO] [stdout]   20:     0x57141dd3ec5f - <std[617be2ca0a6fd877]::sys::thread::unix::Thread>::new::thread_start
[INFO] [stdout]   21:     0x79d017bd5dfa - <unknown>
[INFO] [stdout]   22:     0x79d017c693d4 - clone
[INFO] [stdout]   23:                0x0 - <unknown>
[INFO] [stdout] 
[INFO] [stdout] ---- plugin_error_round_trips_with_code_and_details stdout ----
[INFO] [stdout] 
[INFO] [stdout] thread 'plugin_error_round_trips_with_code_and_details' (975) panicked at tests/loader_e2e.rs:160:41:
[INFO] [stdout] called `Result::unwrap()` on an `Err` value: Os { code: 2, kind: NotFound, message: "No such file or directory" }
[INFO] [stdout] stack backtrace:
[INFO] [stdout]    0:     0x57141dd3fa41 - <<std[617be2ca0a6fd877]::sys::backtrace::BacktraceLock>::print::DisplayBacktrace as core[a373ad73a504971]::fmt::Display>::fmt
[INFO] [stdout]    1:     0x57141dd5515a - core[a373ad73a504971]::fmt::write
[INFO] [stdout]    2:     0x57141dd43f9c - <alloc[2e1b2a31b91974c5]::vec::Vec<u8> as core[a373ad73a504971]::io::write::Write>::write_fmt
[INFO] [stdout]    3:     0x57141dd19206 - std[617be2ca0a6fd877]::panicking::default_hook::{closure#0}
[INFO] [stdout]    4:     0x57141dd362c9 - std[617be2ca0a6fd877]::panicking::default_hook
[INFO] [stdout]    5:     0x57141dc6ff90 - test[aada8e7e76ba119b]::test_main_inner::{closure#0}
[INFO] [stdout]    6:     0x57141dd365f2 - std[617be2ca0a6fd877]::panicking::panic_with_hook
[INFO] [stdout]    7:     0x57141dd192b2 - std[617be2ca0a6fd877]::panicking::panic_handler::{closure#0}
[INFO] [stdout]    8:     0x57141dd11c79 - std[617be2ca0a6fd877]::sys::backtrace::__rust_end_short_backtrace::<std[617be2ca0a6fd877]::panicking::panic_handler::{closure#0}, !>
[INFO] [stdout]    9:     0x57141dd19ebd - __rustc[ea4f61d10b84890b]::rust_begin_unwind
[INFO] [stdout]   10:     0x57141dd558bc - core[a373ad73a504971]::panicking::panic_fmt
[INFO] [stdout]   11:     0x57141dd55692 - core[a373ad73a504971]::result::unwrap_failed
[INFO] [stdout]   12:     0x57141dc5c413 - loader_e2e[153b0d29ea64bb89]::copy_dir
[INFO] [stdout]   13:     0x57141dc5b8cc - loader_e2e[153b0d29ea64bb89]::make_plugin
[INFO] [stdout]   14:     0x57141dc5f176 - <loader_e2e[153b0d29ea64bb89]::plugin_error_round_trips_with_code_and_details::{closure#0} as core[a373ad73a504971]::ops::function::FnOnce<()>>::call_once
[INFO] [stdout]   15:     0x57141dc633db - test[aada8e7e76ba119b]::__rust_begin_short_backtrace::<core[a373ad73a504971]::result::Result<(), alloc[2e1b2a31b91974c5]::string::String>, fn() -> core[a373ad73a504971]::result::Result<(), alloc[2e1b2a31b91974c5]::string::String>>
[INFO] [stdout]   16:     0x57141dc705b5 - test[aada8e7e76ba119b]::run_test::{closure#0}
[INFO] [stdout]   17:     0x57141dc69ea4 - std[617be2ca0a6fd877]::sys::backtrace::__rust_begin_short_backtrace::<test[aada8e7e76ba119b]::run_test::{closure#1}, ()>
[INFO] [stdout]   18:     0x57141dc73642 - <std[617be2ca0a6fd877]::thread::lifecycle::spawn_unchecked<test[aada8e7e76ba119b]::run_test::{closure#1}, ()>::{closure#1} as core[a373ad73a504971]::ops::function::FnOnce<()>>::call_once::{shim:vtable#0}
[INFO] [stdout]   19:     0x57141dd3ec5f - <std[617be2ca0a6fd877]::sys::thread::unix::Thread>::new::thread_start
[INFO] [stdout]   20:     0x79d017bd5dfa - <unknown>
[INFO] [stdout]   21:     0x79d017c693d4 - clone
[INFO] [stdout]   22:                0x0 - <unknown>
[INFO] [stdout] 
[INFO] [stdout] ---- raw_call_round_trip_2mb stdout ----
[INFO] [stdout] 
[INFO] [stdout] thread 'raw_call_round_trip_2mb' (976) panicked at tests/loader_e2e.rs:160:41:
[INFO] [stdout] called `Result::unwrap()` on an `Err` value: Os { code: 2, kind: NotFound, message: "No such file or directory" }
[INFO] [stdout] stack backtrace:
[INFO] [stdout]    0:     0x57141dd3fa41 - <<std[617be2ca0a6fd877]::sys::backtrace::BacktraceLock>::print::DisplayBacktrace as core[a373ad73a504971]::fmt::Display>::fmt
[INFO] [stdout]    1:     0x57141dd5515a - core[a373ad73a504971]::fmt::write
[INFO] [stdout]    2:     0x57141dd43f9c - <alloc[2e1b2a31b91974c5]::vec::Vec<u8> as core[a373ad73a504971]::io::write::Write>::write_fmt
[INFO] [stdout]    3:     0x57141dd19206 - std[617be2ca0a6fd877]::panicking::default_hook::{closure#0}
[INFO] [stdout]    4:     0x57141dd362c9 - std[617be2ca0a6fd877]::panicking::default_hook
[INFO] [stdout]    5:     0x57141dc6ff90 - test[aada8e7e76ba119b]::test_main_inner::{closure#0}
[INFO] [stdout]    6:     0x57141dd365f2 - std[617be2ca0a6fd877]::panicking::panic_with_hook
[INFO] [stdout]    7:     0x57141dd192b2 - std[617be2ca0a6fd877]::panicking::panic_handler::{closure#0}
[INFO] [stdout]    8:     0x57141dd11c79 - std[617be2ca0a6fd877]::sys::backtrace::__rust_end_short_backtrace::<std[617be2ca0a6fd877]::panicking::panic_handler::{closure#0}, !>
[INFO] [stdout]    9:     0x57141dd19ebd - __rustc[ea4f61d10b84890b]::rust_begin_unwind
[INFO] [stdout]   10:     0x57141dd558bc - core[a373ad73a504971]::panicking::panic_fmt
[INFO] [stdout]   11:     0x57141dd55692 - core[a373ad73a504971]::result::unwrap_failed
[INFO] [stdout]   12:     0x57141dc5c413 - loader_e2e[153b0d29ea64bb89]::copy_dir
[INFO] [stdout]   13:     0x57141dc5b8cc - loader_e2e[153b0d29ea64bb89]::make_plugin
[INFO] [stdout]   14:     0x57141dc5bd63 - loader_e2e[153b0d29ea64bb89]::load_greeter
[INFO] [stdout]   15:     0x57141dc5d521 - <loader_e2e[153b0d29ea64bb89]::raw_call_round_trip_2mb::{closure#0} as core[a373ad73a504971]::ops::function::FnOnce<()>>::call_once
[INFO] [stdout]   16:     0x57141dc633db - test[aada8e7e76ba119b]::__rust_begin_short_backtrace::<core[a373ad73a504971]::result::Result<(), alloc[2e1b2a31b91974c5]::string::String>, fn() -> core[a373ad73a504971]::result::Result<(), alloc[2e1b2a31b91974c5]::string::String>>
[INFO] [stdout]   17:     0x57141dc705b5 - test[aada8e7e76ba119b]::run_test::{closure#0}
[INFO] [stdout]   18:     0x57141dc69ea4 - std[617be2ca0a6fd877]::sys::backtrace::__rust_begin_short_backtrace::<test[aada8e7e76ba119b]::run_test::{closure#1}, ()>
[INFO] [stdout]   19:     0x57141dc73642 - <std[617be2ca0a6fd877]::thread::lifecycle::spawn_unchecked<test[aada8e7e76ba119b]::run_test::{closure#1}, ()>::{closure#1} as core[a373ad73a504971]::ops::function::FnOnce<()>>::call_once::{shim:vtable#0}
[INFO] [stdout]   20:     0x57141dd3ec5f - <std[617be2ca0a6fd877]::sys::thread::unix::Thread>::new::thread_start
[INFO] [stdout]   21:     0x79d017bd5dfa - <unknown>
[INFO] [stdout]   22:     0x79d017c693d4 - clone
[INFO] [stdout]   23:                0x0 - <unknown>
[INFO] [stdout] 
[INFO] [stdout] ---- interface_hash_mismatch_is_rejected stdout ----
[INFO] [stdout] 
[INFO] [stdout] thread 'interface_hash_mismatch_is_rejected' (973) panicked at tests/loader_e2e.rs:160:41:
[INFO] [stdout] called `Result::unwrap()` on an `Err` value: Os { code: 2, kind: NotFound, message: "No such file or directory" }
[INFO] [stdout] stack backtrace:
[INFO] [stdout]    0:     0x57141dd3fa41 - <<std[617be2ca0a6fd877]::sys::backtrace::BacktraceLock>::print::DisplayBacktrace as core[a373ad73a504971]::fmt::Display>::fmt
[INFO] [stdout]    1:     0x57141dd5515a - core[a373ad73a504971]::fmt::write
[INFO] [stdout]    2:     0x57141dd43f9c - <alloc[2e1b2a31b91974c5]::vec::Vec<u8> as core[a373ad73a504971]::io::write::Write>::write_fmt
[INFO] [stdout]    3:     0x57141dd19206 - std[617be2ca0a6fd877]::panicking::default_hook::{closure#0}
[INFO] [stdout]    4:     0x57141dd362c9 - std[617be2ca0a6fd877]::panicking::default_hook
[INFO] [stdout]    5:     0x57141dc6ff90 - test[aada8e7e76ba119b]::test_main_inner::{closure#0}
[INFO] [stdout]    6:     0x57141dd365f2 - std[617be2ca0a6fd877]::panicking::panic_with_hook
[INFO] [stdout]    7:     0x57141dd192b2 - std[617be2ca0a6fd877]::panicking::panic_handler::{closure#0}
[INFO] [stdout]    8:     0x57141dd11c79 - std[617be2ca0a6fd877]::sys::backtrace::__rust_end_short_backtrace::<std[617be2ca0a6fd877]::panicking::panic_handler::{closure#0}, !>
[INFO] [stdout]    9:     0x57141dd19ebd - __rustc[ea4f61d10b84890b]::rust_begin_unwind
[INFO] [stdout]   10:     0x57141dd558bc - core[a373ad73a504971]::panicking::panic_fmt
[INFO] [stdout]   11:     0x57141dd55692 - core[a373ad73a504971]::result::unwrap_failed
[INFO] [stdout]   12:     0x57141dc5c413 - loader_e2e[153b0d29ea64bb89]::copy_dir
[INFO] [stdout]   13:     0x57141dc5b8cc - loader_e2e[153b0d29ea64bb89]::make_plugin
[INFO] [stdout]   14:     0x57141dc5ea58 - <loader_e2e[153b0d29ea64bb89]::interface_hash_mismatch_is_rejected::{closure#0} as core[a373ad73a504971]::ops::function::FnOnce<()>>::call_once
[INFO] [stdout]   15:     0x57141dc633db - test[aada8e7e76ba119b]::__rust_begin_short_backtrace::<core[a373ad73a504971]::result::Result<(), alloc[2e1b2a31b91974c5]::string::String>, fn() -> core[a373ad73a504971]::result::Result<(), alloc[2e1b2a31b91974c5]::string::String>>
[INFO] [stdout]   16:     0x57141dc705b5 - test[aada8e7e76ba119b]::run_test::{closure#0}
[INFO] [stdout]   17:     0x57141dc69ea4 - std[617be2ca0a6fd877]::sys::backtrace::__rust_begin_short_backtrace::<test[aada8e7e76ba119b]::run_test::{closure#1}, ()>
[INFO] [stdout]   18:     0x57141dc73642 - <std[617be2ca0a6fd877]::thread::lifecycle::spawn_unchecked<test[aada8e7e76ba119b]::run_test::{closure#1}, ()>::{closure#1} as core[a373ad73a504971]::ops::function::FnOnce<()>>::call_once::{shim:vtable#0}
[INFO] [stdout]   19:     0x57141dd3ec5f - <std[617be2ca0a6fd877]::sys::thread::unix::Thread>::new::thread_start
[INFO] [stdout]   20:     0x79d017bd5dfa - <unknown>
[INFO] [stdout]   21:     0x79d017c693d4 - clone
[INFO] [stdout]   22:                0x0 - <unknown>
[INFO] [stdout] 
[INFO] [stdout] 
[INFO] [stdout] failures:
[INFO] [stdout]     interface_hash_mismatch_is_rejected
[INFO] [stdout]     out_of_range_method_index_errors
[INFO] [stdout]     plugin_error_round_trips_with_code_and_details
[INFO] [stdout]     raw_call_round_trip_2mb
[INFO] [stdout]     typed_call_round_trip_string
[INFO] [stdout]     typed_call_with_struct_args
[INFO] [stdout]     wire_mode_mismatch_typed_called_as_raw_errors
[INFO] [stdout] 
[INFO] [stdout] test result: FAILED. 0 passed; 7 failed; 0 ignored; 0 measured; 0 filtered out; finished in 0.00s
[INFO] [stdout] 
[INFO] [stderr] error: test failed, to rerun pass `--test loader_e2e`
[INFO] running `Command { std: "docker" "inspect" "a339ae5637ac3ff7b50bd7b36c6f8b91b23f96f7eab419026a8e7ce7706cc1f1", kill_on_drop: false }`
[INFO] running `Command { std: "docker" "rm" "-f" "a339ae5637ac3ff7b50bd7b36c6f8b91b23f96f7eab419026a8e7ce7706cc1f1", kill_on_drop: false }`
[INFO] [stdout] a339ae5637ac3ff7b50bd7b36c6f8b91b23f96f7eab419026a8e7ce7706cc1f1
