[INFO] fetching crate fibre_ioc 0.5.3...
[INFO] testing fibre_ioc-0.5.3 against 1.100.0-beta.1+cargoflags=--release for beta-release-1.100-2
[INFO] extracting crate fibre_ioc 0.5.3 into /workspace/builds/worker-2-tc2/source
[INFO] started tweaking crates.io crate fibre_ioc 0.5.3
[INFO] removed 0 missing examples
[INFO] finished tweaking crates.io crate fibre_ioc 0.5.3
[INFO] tweaked toml for crates.io crate fibre_ioc 0.5.3 written to /workspace/builds/worker-2-tc2/source/Cargo.toml
[INFO] validating manifest of crates.io crate fibre_ioc 0.5.3 on toolchain 1.100.0-beta.1
[INFO] running `Command { std: CARGO_HOME="/workspace/cargo-home" RUSTUP_HOME="/workspace/rustup-home" "/workspace/cargo-home/bin/cargo" "+1.100.0-beta.1" "metadata" "--manifest-path" "Cargo.toml" "--no-deps", kill_on_drop: false }`
[INFO] crate crates.io crate fibre_ioc 0.5.3 already has a lockfile, it will not be regenerated
[INFO] running `Command { std: CARGO_HOME="/workspace/cargo-home" RUSTUP_HOME="/workspace/rustup-home" "/workspace/cargo-home/bin/cargo" "+1.100.0-beta.1" "fetch" "--manifest-path" "Cargo.toml", kill_on_drop: false }`
[INFO] [stderr] warning: `package.homepage` is redundant with `package.repository`
[INFO] [stderr]   --> Cargo.toml:47:12
[INFO] [stderr]    |
[INFO] [stderr] 47 | homepage = "https://github.com/excsn/fibre"
[INFO] [stderr]    |            ^^^^^^^^^^^^^^^^^^^^^^^^^^^^^^^^
[INFO] [stderr] ...
[INFO] [stderr] 52 | repository = "https://github.com/excsn/fibre"
[INFO] [stderr]    |              --------------------------------
[INFO] [stderr]    |
[INFO] [stderr]    = note: `cargo::redundant_homepage` is set to `warn` by default
[INFO] [stderr] help: consider removing `package.homepage`
[INFO] [stderr] warning: `fibre_ioc` (manifest) generated 1 warning
[INFO] running `Command { std: "docker" "create" "-v" "/var/lib/crater-agent-workspace/builds/worker-2-tc2/source:/opt/rustwide/workdir:ro,Z" "-v" "/var/lib/crater-agent-workspace/builds/worker-2-tc2/target:/opt/rustwide/target:rw,Z" "-v" "/var/lib/crater-agent-workspace/cargo-home:/opt/rustwide/cargo-home:ro,Z" "-v" "/var/lib/crater-agent-workspace/rustup-home:/opt/rustwide/rustup-home:ro,Z" "-m" "1610612736" "--network" "none" "ghcr.io/rust-lang/crates-build-env/linux@sha256:77db811e55d90add9212f6832c23229e3de5f1c1f9905e8cb07319ea15df73ac" "sleep" "infinity", kill_on_drop: false }`
[INFO] [stdout] a16aa3259697ce7504f226945a93b58ace9aaf2cb43c977ae046ac9e6ac70573
[INFO] running `Command { std: "docker" "start" "a16aa3259697ce7504f226945a93b58ace9aaf2cb43c977ae046ac9e6ac70573", kill_on_drop: false }`
[INFO] running `Command { std: "docker" "inspect" "a16aa3259697ce7504f226945a93b58ace9aaf2cb43c977ae046ac9e6ac70573", kill_on_drop: false }`
[INFO] running `Command { std: "docker" "exec" "-e" "SOURCE_DIR=/opt/rustwide/workdir" "-e" "CARGO_HOME=/opt/rustwide/cargo-home" "-e" "RUSTUP_HOME=/opt/rustwide/rustup-home" "-e" "CARGO_TARGET_DIR=/opt/rustwide/target" "-w" "/opt/rustwide/workdir" "--user" "0:0" "a16aa3259697ce7504f226945a93b58ace9aaf2cb43c977ae046ac9e6ac70573" "/opt/rustwide/cargo-home/bin/cargo" "+1.100.0-beta.1" "metadata" "--no-deps" "--format-version=1", kill_on_drop: false }`
[INFO] running `Command { std: "docker" "inspect" "a16aa3259697ce7504f226945a93b58ace9aaf2cb43c977ae046ac9e6ac70573", kill_on_drop: false }`
[INFO] running `Command { std: "docker" "exec" "-e" "SOURCE_DIR=/opt/rustwide/workdir" "-e" "CARGO_HOME=/opt/rustwide/cargo-home" "-e" "RUSTUP_HOME=/opt/rustwide/rustup-home" "-e" "CARGO_TARGET_DIR=/opt/rustwide/target" "-e" "CARGO_INCREMENTAL=0" "-e" "RUST_BACKTRACE=full" "-e" "RUSTFLAGS=--cap-lints=warn" "-e" "RUSTDOCFLAGS=--cap-lints=warn" "-w" "/opt/rustwide/workdir" "--user" "0:0" "a16aa3259697ce7504f226945a93b58ace9aaf2cb43c977ae046ac9e6ac70573" "/opt/rustwide/cargo-home/bin/cargo" "+1.100.0-beta.1" "build" "--frozen" "--message-format=json" "--release", kill_on_drop: false }`
[INFO] [stderr] warning: `package.homepage` is redundant with `package.repository`
[INFO] [stderr]   --> Cargo.toml:47:12
[INFO] [stderr]    |
[INFO] [stderr] 47 | homepage = "https://github.com/excsn/fibre"
[INFO] [stderr]    |            ^^^^^^^^^^^^^^^^^^^^^^^^^^^^^^^^
[INFO] [stderr] ...
[INFO] [stderr] 52 | repository = "https://github.com/excsn/fibre"
[INFO] [stderr]    |              --------------------------------
[INFO] [stderr]    |
[INFO] [stderr]    = note: `cargo::redundant_homepage` is set to `warn` by default
[INFO] [stderr] help: consider removing `package.homepage`
[INFO] [stderr] warning: `fibre_ioc` (manifest) generated 1 warning
[INFO] [stderr]    Compiling hashbrown v0.14.5
[INFO] [stderr]    Compiling parking_lot_core v0.9.12
[INFO] [stderr]    Compiling dashmap v5.5.3
[INFO] [stderr]    Compiling fibre_ioc v0.5.3 (/opt/rustwide/workdir)
[INFO] [stdout] warning: unused import: `TypeId`
[INFO] [stdout]  --> src/container.rs:5:21
[INFO] [stdout]   |
[INFO] [stdout] 5 | use std::any::{Any, TypeId};
[INFO] [stdout]   |                     ^^^^^^
[INFO] [stdout]   |
[INFO] [stdout]   = note: `#[warn(unused_imports)]` (part of `#[warn(unused)]`) on by default
[INFO] [stdout] 
[INFO] [stdout] 
[INFO] [stdout] warning: unused import: `std::sync::Arc`
[INFO] [stdout]  --> src/core.rs:7:5
[INFO] [stdout]   |
[INFO] [stdout] 7 | use std::sync::Arc;
[INFO] [stdout]   |     ^^^^^^^^^^^^^^
[INFO] [stdout] 
[INFO] [stdout] 
[INFO] [stderr]     Finished `release` profile [optimized] target(s) in 2.02s
[INFO] running `Command { std: "docker" "inspect" "a16aa3259697ce7504f226945a93b58ace9aaf2cb43c977ae046ac9e6ac70573", kill_on_drop: false }`
[INFO] running `Command { std: "docker" "exec" "-e" "SOURCE_DIR=/opt/rustwide/workdir" "-e" "CARGO_HOME=/opt/rustwide/cargo-home" "-e" "RUSTUP_HOME=/opt/rustwide/rustup-home" "-e" "CARGO_TARGET_DIR=/opt/rustwide/target" "-e" "CARGO_INCREMENTAL=0" "-e" "RUST_BACKTRACE=full" "-e" "RUSTFLAGS=--cap-lints=warn" "-e" "RUSTDOCFLAGS=--cap-lints=warn" "-w" "/opt/rustwide/workdir" "--user" "0:0" "a16aa3259697ce7504f226945a93b58ace9aaf2cb43c977ae046ac9e6ac70573" "/opt/rustwide/cargo-home/bin/cargo" "+1.100.0-beta.1" "test" "--frozen" "--no-run" "--message-format=json" "--release", kill_on_drop: false }`
[INFO] [stderr] warning: `package.homepage` is redundant with `package.repository`
[INFO] [stderr]   --> Cargo.toml:47:12
[INFO] [stderr]    |
[INFO] [stderr] 47 | homepage = "https://github.com/excsn/fibre"
[INFO] [stderr]    |            ^^^^^^^^^^^^^^^^^^^^^^^^^^^^^^^^
[INFO] [stderr] ...
[INFO] [stderr] 52 | repository = "https://github.com/excsn/fibre"
[INFO] [stderr]    |              --------------------------------
[INFO] [stderr]    |
[INFO] [stderr]    = note: `cargo::redundant_homepage` is set to `warn` by default
[INFO] [stderr] help: consider removing `package.homepage`
[INFO] [stderr] warning: `fibre_ioc` (manifest) generated 1 warning
[INFO] [stderr]    Compiling fibre_ioc v0.5.3 (/opt/rustwide/workdir)
[INFO] [stdout] warning: unused import: `TypeId`
[INFO] [stdout]  --> src/container.rs:5:21
[INFO] [stdout]   |
[INFO] [stdout] 5 | use std::any::{Any, TypeId};
[INFO] [stdout]   |                     ^^^^^^
[INFO] [stdout]   |
[INFO] [stdout]   = note: `#[warn(unused_imports)]` (part of `#[warn(unused)]`) on by default
[INFO] [stdout] 
[INFO] [stdout] 
[INFO] [stdout] warning: unused import: `std::sync::Arc`
[INFO] [stdout]  --> src/core.rs:7:5
[INFO] [stdout]   |
[INFO] [stdout] 7 | use std::sync::Arc;
[INFO] [stdout]   |     ^^^^^^^^^^^^^^
[INFO] [stdout] 
[INFO] [stdout] 
[INFO] [stdout] warning: unused import: `TypeId`
[INFO] [stdout]  --> src/container.rs:5:21
[INFO] [stdout]   |
[INFO] [stdout] 5 | use std::any::{Any, TypeId};
[INFO] [stdout]   |                     ^^^^^^
[INFO] [stdout]   |
[INFO] [stdout]   = note: `#[warn(unused_imports)]` (part of `#[warn(unused)]`) on by default
[INFO] [stdout] 
[INFO] [stdout] 
[INFO] [stdout] warning: unused import: `std::sync::Arc`
[INFO] [stdout]  --> src/core.rs:7:5
[INFO] [stdout]   |
[INFO] [stdout] 7 | use std::sync::Arc;
[INFO] [stdout]   |     ^^^^^^^^^^^^^^
[INFO] [stdout] 
[INFO] [stdout] 
[INFO] [stderr]     Finished `release` profile [optimized] target(s) in 0.88s
[INFO] running `Command { std: "docker" "inspect" "a16aa3259697ce7504f226945a93b58ace9aaf2cb43c977ae046ac9e6ac70573", kill_on_drop: false }`
[INFO] running `Command { std: "docker" "exec" "-e" "SOURCE_DIR=/opt/rustwide/workdir" "-e" "CARGO_HOME=/opt/rustwide/cargo-home" "-e" "RUSTUP_HOME=/opt/rustwide/rustup-home" "-e" "CARGO_TARGET_DIR=/opt/rustwide/target" "-e" "CARGO_INCREMENTAL=0" "-e" "RUST_BACKTRACE=full" "-e" "RUSTFLAGS=--cap-lints=warn" "-e" "RUSTDOCFLAGS=--cap-lints=warn" "-w" "/opt/rustwide/workdir" "--user" "0:0" "a16aa3259697ce7504f226945a93b58ace9aaf2cb43c977ae046ac9e6ac70573" "/opt/rustwide/cargo-home/bin/cargo" "+1.100.0-beta.1" "test" "--frozen" "--release", kill_on_drop: false }`
[INFO] [stderr] warning: `package.homepage` is redundant with `package.repository`
[INFO] [stderr]   --> Cargo.toml:47:12
[INFO] [stderr]    |
[INFO] [stderr] 47 | homepage = "https://github.com/excsn/fibre"
[INFO] [stderr]    |            ^^^^^^^^^^^^^^^^^^^^^^^^^^^^^^^^
[INFO] [stderr] ...
[INFO] [stderr] 52 | repository = "https://github.com/excsn/fibre"
[INFO] [stderr]    |              --------------------------------
[INFO] [stderr]    |
[INFO] [stderr]    = note: `cargo::redundant_homepage` is set to `warn` by default
[INFO] [stderr] help: consider removing `package.homepage`
[INFO] [stderr] warning: `fibre_ioc` (manifest) generated 1 warning
[INFO] [stderr] warning: unused import: `TypeId`
[INFO] [stderr]  --> src/container.rs:5:21
[INFO] [stderr]   |
[INFO] [stderr] 5 | use std::any::{Any, TypeId};
[INFO] [stderr]   |                     ^^^^^^
[INFO] [stderr]   |
[INFO] [stderr]   = note: `#[warn(unused_imports)]` (part of `#[warn(unused)]`) on by default
[INFO] [stderr] 
[INFO] [stderr] warning: unused import: `std::sync::Arc`
[INFO] [stderr]  --> src/core.rs:7:5
[INFO] [stderr]   |
[INFO] [stderr] 7 | use std::sync::Arc;
[INFO] [stderr]   |     ^^^^^^^^^^^^^^
[INFO] [stderr] 
[INFO] [stderr] warning: `fibre_ioc` (lib) generated 2 warnings (run `cargo fix --lib -p fibre_ioc` to apply 2 suggestions)
[INFO] [stderr] warning: `fibre_ioc` (lib test) generated 2 warnings (2 duplicates)
[INFO] [stderr]     Finished `release` profile [optimized] target(s) in 0.02s
[INFO] [stderr]      Running unittests src/lib.rs (/opt/rustwide/target/release/build/fibre_ioc/d87632116c64c9df/out/fibre_ioc-d87632116c64c9df)
[INFO] [stdout] 
[INFO] [stdout] running 0 tests
[INFO] [stdout] 
[INFO] [stdout] test result: ok. 0 passed; 0 failed; 0 ignored; 0 measured; 0 filtered out; finished in 0.00s
[INFO] [stdout] 
[INFO] [stderr]    Doc-tests fibre_ioc
[INFO] [stdout] 
[INFO] [stdout] running 6 tests
[INFO] [stdout] test src/macros.rs - macros::resolve (line 176) ... FAILED
[INFO] [stdout] test src/lib.rs - (line 19) ... FAILED
[INFO] [stdout] test src/macros.rs - macros::maybe_resolve (line 140) ... ok
[INFO] [stdout] test src/global.rs - global::global (line 17) ... ok
[INFO] [stdout] test src/macros.rs - macros::maybe_resolve_from (line 21) ... ok
[INFO] [stdout] test src/macros.rs - macros::resolve_from (line 69) ... ok
[INFO] [stdout] 
[INFO] [stdout] failures:
[INFO] [stdout] 
[INFO] [stdout] ---- src/macros.rs - macros::resolve (line 176) stdout ----
[INFO] [stdout] error[E0277]: expected an `Fn()` closure, found `Option<_>`
[INFO] [stdout]    --> src/macros.rs:182:24
[INFO] [stdout]     |
[INFO] [stdout] 182 | global().add_singleton(None, || String::from("hello"));
[INFO] [stdout]     |          ------------- ^^^^ expected an `Fn()` closure, found `Option<_>`
[INFO] [stdout]     |          |
[INFO] [stdout]     |          required by a bound introduced by this call
[INFO] [stdout]     |
[INFO] [stdout]     = help: the trait `Fn()` is not implemented for `Option<_>`
[INFO] [stdout]     = note: wrap the `Option<_>` in a closure with no arguments: `|| { /* code */ }`
[INFO] [stdout] note: required by a bound in `Container::add_singleton`
[INFO] [stdout]    --> src/container.rs:97:19
[INFO] [stdout]     |
[INFO] [stdout]  17 | impl Container {
[INFO] [stdout] ...
[INFO] [stdout]  95 |   pub fn add_singleton<T: Any + Send + Sync>(
[INFO] [stdout]  96 |     &self,
[INFO] [stdout]  97 |     factory: impl Fn() -> T + Send + Sync + 'static,
[INFO] [stdout]     |                   ^^^^^^^^^ required by this bound in `Container::add_singleton`
[INFO] [stdout] 
[INFO] [stdout] error[E0061]: this method takes 1 argument but 2 arguments were supplied
[INFO] [stdout]    --> src/macros.rs:182:10
[INFO] [stdout]     |
[INFO] [stdout] 182 | global().add_singleton(None, || String::from("hello"));
[INFO] [stdout]     |          ^^^^^^^^^^^^^       ------------------------ unexpected argument #2 of type `{closure@src/macros.rs:9:30: 9:32}`
[INFO] [stdout]     |
[INFO] [stdout] note: method defined here
[INFO] [stdout]    --> src/container.rs:95:10
[INFO] [stdout]     |
[INFO] [stdout]  95 |   pub fn add_singleton<T: Any + Send + Sync>(
[INFO] [stdout]     |          ^^^^^^^^^^^^^
[INFO] [stdout] help: remove the extra argument
[INFO] [stdout]     |
[INFO] [stdout] 182 - global().add_singleton(None, || String::from("hello"));
[INFO] [stdout] 182 + global().add_singleton(None);
[INFO] [stdout]     |
[INFO] [stdout] 
[INFO] [stdout] error: aborting due to 2 previous errors
[INFO] [stdout] 
[INFO] [stdout] Some errors have detailed explanations: E0061, E0277.
[INFO] [stdout] For more information about an error, try `rustc --explain E0061`.
[INFO] [stdout] Couldn't compile the test.
[INFO] [stdout] ---- src/lib.rs - (line 19) stdout ----
[INFO] [stdout] error[E0277]: expected an `Fn()` closure, found `Option<&str>`
[INFO] [stdout]   --> src/lib.rs:41:28
[INFO] [stdout]    |
[INFO] [stdout] 41 |     global().add_singleton(Some("greeting_message"), || String::from("Hello, World!"));
[INFO] [stdout]    |              ------------- ^^^^^^^^^^^^^^^^^^^^^^^^ expected an `Fn()` closure, found `Option<&str>`
[INFO] [stdout]    |              |
[INFO] [stdout]    |              required by a bound introduced by this call
[INFO] [stdout]    |
[INFO] [stdout]    = help: the trait `Fn()` is not implemented for `Option<&str>`
[INFO] [stdout]    = note: wrap the `Option<&str>` in a closure with no arguments: `|| { /* code */ }`
[INFO] [stdout] note: required by a bound in `Container::add_singleton`
[INFO] [stdout]   --> src/container.rs:97:19
[INFO] [stdout]    |
[INFO] [stdout] 17 | impl Container {
[INFO] [stdout] ...
[INFO] [stdout] 95 |   pub fn add_singleton<T: Any + Send + Sync>(
[INFO] [stdout] 96 |     &self,
[INFO] [stdout] 97 |     factory: impl Fn() -> T + Send + Sync + 'static,
[INFO] [stdout]    |                   ^^^^^^^^^ required by this bound in `Container::add_singleton`
[INFO] [stdout] 
[INFO] [stdout] error[E0061]: this method takes 1 argument but 2 arguments were supplied
[INFO] [stdout]   --> src/lib.rs:41:14
[INFO] [stdout]    |
[INFO] [stdout] 41 |     global().add_singleton(Some("greeting_message"), || String::from("Hello, World!"));
[INFO] [stdout]    |              ^^^^^^^^^^^^^                           -------------------------------- unexpected argument #2 of type `{closure@src/lib.rs:24:54: 24:56}`
[INFO] [stdout]    |
[INFO] [stdout] note: method defined here
[INFO] [stdout]   --> src/container.rs:95:10
[INFO] [stdout]    |
[INFO] [stdout] 95 |   pub fn add_singleton<T: Any + Send + Sync>(
[INFO] [stdout]    |          ^^^^^^^^^^^^^
[INFO] [stdout] help: remove the extra argument
[INFO] [stdout]    |
[INFO] [stdout] 41 -     global().add_singleton(Some("greeting_message"), || String::from("Hello, World!"));
[INFO] [stdout] 41 +     global().add_singleton(Some("greeting_message"));
[INFO] [stdout]    |
[INFO] [stdout] 
[INFO] [stdout] error[E0107]: method takes 1 generic argument but 2 generic arguments were supplied
[INFO] [stdout]    --> src/lib.rs:45:14
[INFO] [stdout]     |
[INFO] [stdout]  45 |     global().add_singleton_trait::<dyn Greeter, _>(None, || {
[INFO] [stdout]     |              ^^^^^^^^^^^^^^^^^^^              --- help: remove the unnecessary generic argument
[INFO] [stdout]     |              |
[INFO] [stdout]     |              expected 1 generic argument
[INFO] [stdout]     |
[INFO] [stdout] note: method defined here, with 1 generic parameter: `I`
[INFO] [stdout]    --> src/container.rs:125:10
[INFO] [stdout]     |
[INFO] [stdout] 125 |   pub fn add_singleton_trait<I: ?Sized + Any + Send + Sync>(
[INFO] [stdout]     |          ^^^^^^^^^^^^^^^^^^^ -
[INFO] [stdout]     = note: `impl Trait` cannot be explicitly specified as a generic argument
[INFO] [stdout] 
[INFO] [stdout] error[E0277]: `dyn Greeter` cannot be sent between threads safely
[INFO] [stdout]    --> src/lib.rs:45:36
[INFO] [stdout]     |
[INFO] [stdout]  45 |     global().add_singleton_trait::<dyn Greeter, _>(None, || {
[INFO] [stdout]     |              -------------------   ^^^^^^^^^^^ `dyn Greeter` cannot be sent between threads safely
[INFO] [stdout]     |              |
[INFO] [stdout]     |              required by a bound introduced by this call
[INFO] [stdout]     |
[INFO] [stdout]     = help: the trait `Send` is not implemented for `dyn Greeter`
[INFO] [stdout] note: required by a bound in `Container::add_singleton_trait`
[INFO] [stdout]    --> src/container.rs:125:48
[INFO] [stdout]     |
[INFO] [stdout]  17 | impl Container {
[INFO] [stdout] ...
[INFO] [stdout] 125 |   pub fn add_singleton_trait<I: ?Sized + Any + Send + Sync>(
[INFO] [stdout]     |                                                ^^^^ required by this bound in `Container::add_singleton_trait`
[INFO] [stdout] 
[INFO] [stdout] error[E0277]: `dyn Greeter` cannot be shared between threads safely
[INFO] [stdout]    --> src/lib.rs:45:36
[INFO] [stdout]     |
[INFO] [stdout]  45 |     global().add_singleton_trait::<dyn Greeter, _>(None, || {
[INFO] [stdout]     |              -------------------   ^^^^^^^^^^^ `dyn Greeter` cannot be shared between threads safely
[INFO] [stdout]     |              |
[INFO] [stdout]     |              required by a bound introduced by this call
[INFO] [stdout]     |
[INFO] [stdout]     = help: the trait `Sync` is not implemented for `dyn Greeter`
[INFO] [stdout] note: required by a bound in `Container::add_singleton_trait`
[INFO] [stdout]    --> src/container.rs:125:55
[INFO] [stdout]     |
[INFO] [stdout]  17 | impl Container {
[INFO] [stdout] ...
[INFO] [stdout] 125 |   pub fn add_singleton_trait<I: ?Sized + Any + Send + Sync>(
[INFO] [stdout]     |                                                       ^^^^ required by this bound in `Container::add_singleton_trait`
[INFO] [stdout] 
[INFO] [stdout] error[E0277]: expected an `Fn()` closure, found `Option<_>`
[INFO] [stdout]    --> src/lib.rs:45:49
[INFO] [stdout]     |
[INFO] [stdout]  45 |     global().add_singleton_trait::<dyn Greeter, _>(None, || {
[INFO] [stdout]     |              -------------------                ^ expected an `Fn()` closure, found `Option<_>`
[INFO] [stdout]     |              |
[INFO] [stdout]     |              required by a bound introduced by this call
[INFO] [stdout]     |
[INFO] [stdout]     = help: the trait `Fn()` is not implemented for `Option<_>`
[INFO] [stdout]     = note: wrap the `Option<_>` in a closure with no arguments: `|| { /* code */ }`
[INFO] [stdout] note: required by a bound in `Container::add_singleton_trait`
[INFO] [stdout]    --> src/container.rs:127:19
[INFO] [stdout]     |
[INFO] [stdout]  17 | impl Container {
[INFO] [stdout] ...
[INFO] [stdout] 125 |   pub fn add_singleton_trait<I: ?Sized + Any + Send + Sync>(
[INFO] [stdout] 126 |     &self,
[INFO] [stdout] 127 |     factory: impl Fn() -> Arc<I> + Send + Sync + 'static,
[INFO] [stdout]     |                   ^^^^^^^^^^^^^^ required by this bound in `Container::add_singleton_trait`
[INFO] [stdout] 
[INFO] [stdout] error[E0277]: expected an `FnOnce()` closure, found `Option<_>`
[INFO] [stdout]    --> src/lib.rs:45:52
[INFO] [stdout]     |
[INFO] [stdout]  45 |     global().add_singleton_trait::<dyn Greeter, _>(None, || {
[INFO] [stdout]     |              -------------------                   ^^^^ expected an `FnOnce()` closure, found `Option<_>`
[INFO] [stdout]     |              |
[INFO] [stdout]     |              required by a bound introduced by this call
[INFO] [stdout]     |
[INFO] [stdout]     = help: the trait `FnOnce()` is not implemented for `Option<_>`
[INFO] [stdout]     = note: wrap the `Option<_>` in a closure with no arguments: `|| { /* code */ }`
[INFO] [stdout] note: required by a bound in `Container::add_singleton_trait`
[INFO] [stdout]    --> src/container.rs:127:27
[INFO] [stdout]     |
[INFO] [stdout]  17 | impl Container {
[INFO] [stdout] ...
[INFO] [stdout] 125 |   pub fn add_singleton_trait<I: ?Sized + Any + Send + Sync>(
[INFO] [stdout] 126 |     &self,
[INFO] [stdout] 127 |     factory: impl Fn() -> Arc<I> + Send + Sync + 'static,
[INFO] [stdout]     |                           ^^^^^^ required by this bound in `Container::add_singleton_trait`
[INFO] [stdout] 
[INFO] [stdout] error[E0061]: this method takes 1 argument but 2 arguments were supplied
[INFO] [stdout]    --> src/lib.rs:45:14
[INFO] [stdout]     |
[INFO] [stdout]  45 |       global().add_singleton_trait::<dyn Greeter, _>(None, || {
[INFO] [stdout]     |  ______________^^^^^^^^^^^^^^^^^^^^^^^^^^^^^^^^^^^^^_______-
[INFO] [stdout]  46 | |         let message = resolve!(String, "greeting_message");
[INFO] [stdout]  47 | |         EnglishGreeter { message: (*message).clone() }
[INFO] [stdout]  48 | |     });
[INFO] [stdout]     | |_____- unexpected argument #2 of type `{closure@src/lib.rs:28:58: 28:60}`
[INFO] [stdout]     |
[INFO] [stdout] note: method defined here
[INFO] [stdout]    --> src/container.rs:125:10
[INFO] [stdout]     |
[INFO] [stdout] 125 |   pub fn add_singleton_trait<I: ?Sized + Any + Send + Sync>(
[INFO] [stdout]     |          ^^^^^^^^^^^^^^^^^^^
[INFO] [stdout] help: remove the extra argument
[INFO] [stdout]     |
[INFO] [stdout]  45 -     global().add_singleton_trait::<dyn Greeter, _>(None, || {
[INFO] [stdout]  46 -         let message = resolve!(String, "greeting_message");
[INFO] [stdout]  47 -         EnglishGreeter { message: (*message).clone() }
[INFO] [stdout]  48 -     });
[INFO] [stdout]  45 +     global().add_singleton_trait::<dyn Greeter, _>(None);
[INFO] [stdout]     |
[INFO] [stdout] 
[INFO] [stdout] error[E0277]: `dyn Greeter` cannot be sent between threads safely
[INFO] [stdout]    --> src/lib.rs:51:27
[INFO] [stdout]     |
[INFO] [stdout]  51 |     let greeter_service = resolve!(trait Greeter);
[INFO] [stdout]     |                           ^^^^^^^^^^^^^^^^^^^^^^^
[INFO] [stdout]     |                           |
[INFO] [stdout]     |                           `dyn Greeter` cannot be sent between threads safely
[INFO] [stdout]     |                           required by a bound introduced by this call
[INFO] [stdout]     |
[INFO] [stdout]     = help: the trait `Send` is not implemented for `dyn Greeter`
[INFO] [stdout] note: required by a bound in `Container::get`
[INFO] [stdout]    --> src/container.rs:141:32
[INFO] [stdout]     |
[INFO] [stdout]  17 | impl Container {
[INFO] [stdout] ...
[INFO] [stdout] 141 |   pub fn get<T: ?Sized + Any + Send + Sync>(&self, name: Option<&str>) -> Option<Arc<T>> {
[INFO] [stdout]     |                                ^^^^ required by this bound in `Container::get`
[INFO] [stdout]     = note: this error originates in the macro `$crate::maybe_resolve_from` which comes from the expansion of the macro `resolve` (in Nightly builds, run with -Z macro-backtrace for more info)
[INFO] [stdout] 
[INFO] [stdout] error[E0277]: `dyn Greeter` cannot be shared between threads safely
[INFO] [stdout]    --> src/lib.rs:51:27
[INFO] [stdout]     |
[INFO] [stdout]  51 |     let greeter_service = resolve!(trait Greeter);
[INFO] [stdout]     |                           ^^^^^^^^^^^^^^^^^^^^^^^
[INFO] [stdout]     |                           |
[INFO] [stdout]     |                           `dyn Greeter` cannot be shared between threads safely
[INFO] [stdout]     |                           required by a bound introduced by this call
[INFO] [stdout]     |
[INFO] [stdout]     = help: the trait `Sync` is not implemented for `dyn Greeter`
[INFO] [stdout] note: required by a bound in `Container::get`
[INFO] [stdout]    --> src/container.rs:141:39
[INFO] [stdout]     |
[INFO] [stdout]  17 | impl Container {
[INFO] [stdout] ...
[INFO] [stdout] 141 |   pub fn get<T: ?Sized + Any + Send + Sync>(&self, name: Option<&str>) -> Option<Arc<T>> {
[INFO] [stdout]     |                                       ^^^^ required by this bound in `Container::get`
[INFO] [stdout]     = note: this error originates in the macro `$crate::maybe_resolve_from` which comes from the expansion of the macro `resolve` (in Nightly builds, run with -Z macro-backtrace for more info)
[INFO] [stdout] 
[INFO] [stdout] error: aborting due to 10 previous errors
[INFO] [stdout] 
[INFO] [stdout] Some errors have detailed explanations: E0061, E0107, E0277.
[INFO] [stdout] For more information about an error, try `rustc --explain E0061`.
[INFO] [stdout] Couldn't compile the test.
[INFO] [stdout] 
[INFO] [stdout] failures:
[INFO] [stdout]     src/lib.rs - (line 19)
[INFO] [stdout]     src/macros.rs - macros::resolve (line 176)
[INFO] [stdout] 
[INFO] [stdout] test result: FAILED. 4 passed; 2 failed; 0 ignored; 0 measured; 0 filtered out; finished in 0.43s
[INFO] [stdout] 
[INFO] [stdout] all doctests ran in 0.54s; merged doctests compilation took 0.11s
[INFO] [stderr] error: doctest failed, to rerun pass `--doc`
[INFO] running `Command { std: "docker" "inspect" "a16aa3259697ce7504f226945a93b58ace9aaf2cb43c977ae046ac9e6ac70573", kill_on_drop: false }`
[INFO] running `Command { std: "docker" "rm" "-f" "a16aa3259697ce7504f226945a93b58ace9aaf2cb43c977ae046ac9e6ac70573", kill_on_drop: false }`
[INFO] [stdout] a16aa3259697ce7504f226945a93b58ace9aaf2cb43c977ae046ac9e6ac70573
