[INFO] fetching crate fiberplane-pdk 1.0.0-beta.14...
[INFO] testing fiberplane-pdk-1.0.0-beta.14 against 1.99.0-beta.8+cargoflags=--release for beta-release-1.100-2
[INFO] extracting crate fiberplane-pdk 1.0.0-beta.14 into /workspace/builds/worker-6-tc1/source
[INFO] started tweaking crates.io crate fiberplane-pdk 1.0.0-beta.14
[INFO] finished tweaking crates.io crate fiberplane-pdk 1.0.0-beta.14
[INFO] tweaked toml for crates.io crate fiberplane-pdk 1.0.0-beta.14 written to /workspace/builds/worker-6-tc1/source/Cargo.toml
[INFO] validating manifest of crates.io crate fiberplane-pdk 1.0.0-beta.14 on toolchain 1.99.0-beta.8
[INFO] running `Command { std: CARGO_HOME="/workspace/cargo-home" RUSTUP_HOME="/workspace/rustup-home" "/workspace/cargo-home/bin/cargo" "+1.99.0-beta.8" "metadata" "--manifest-path" "Cargo.toml" "--no-deps", kill_on_drop: false }`
[INFO] running `Command { std: CARGO_HOME="/workspace/cargo-home" RUSTUP_HOME="/workspace/rustup-home" "/workspace/cargo-home/bin/cargo" "+1.99.0-beta.8" "generate-lockfile" "--manifest-path" "Cargo.toml", kill_on_drop: false }`
[INFO] [stderr]     Updating crates.io index
[INFO] [stderr]      Locking 109 packages to highest compatible versions
[INFO] [stderr]       Adding serde_qs v0.12.0 (available: v1.1.3)
[INFO] running `Command { std: CARGO_HOME="/workspace/cargo-home" RUSTUP_HOME="/workspace/rustup-home" "/workspace/cargo-home/bin/cargo" "+1.99.0-beta.8" "fetch" "--manifest-path" "Cargo.toml", kill_on_drop: false }`
[INFO] [stderr]  Downloading crates ...
[INFO] [stderr]   Downloaded trybuild v1.0.122
[INFO] [stderr]   Downloaded toml v1.1.8+spec-1.1.0
[INFO] [stderr]   Downloaded target-tuple v1.0.2
[INFO] [stderr]   Downloaded serde_spanned v1.1.2
[INFO] [stderr]   Downloaded fiberplane-provider-bindings v2.0.0-beta.14
[INFO] [stderr]   Downloaded base64uuid v1.1.0
[INFO] [stderr]   Downloaded toml_writer v1.1.3+spec-1.1.0
[INFO] [stderr]   Downloaded fp-bindgen-support v3.0.0
[INFO] [stderr]   Downloaded fiberplane-pdk-macros v1.0.0-beta.14
[INFO] [stderr]   Downloaded fp-bindgen-macros v3.0.0
[INFO] [stderr]   Downloaded typed-builder v0.12.0
[INFO] [stderr]   Downloaded fp-bindgen v3.0.0
[INFO] [stderr]   Downloaded serde_qs v0.12.0
[INFO] [stderr]   Downloaded fiberplane-models v1.0.0-beta.14
[INFO] running `Command { std: "docker" "create" "-v" "/var/lib/crater-agent-workspace/builds/worker-6-tc1/source:/opt/rustwide/workdir:ro,Z" "-v" "/var/lib/crater-agent-workspace/builds/worker-6-tc1/target:/opt/rustwide/target:rw,Z" "-v" "/var/lib/crater-agent-workspace/cargo-home:/opt/rustwide/cargo-home:ro,Z" "-v" "/var/lib/crater-agent-workspace/rustup-home:/opt/rustwide/rustup-home:ro,Z" "-m" "1610612736" "--network" "none" "ghcr.io/rust-lang/crates-build-env/linux@sha256:77db811e55d90add9212f6832c23229e3de5f1c1f9905e8cb07319ea15df73ac" "sleep" "infinity", kill_on_drop: false }`
[INFO] [stdout] a3453f682dab407f4ea5f7042eb4f6b30d37ec2fc0ada739f64afc88288a7cf3
[INFO] running `Command { std: "docker" "start" "a3453f682dab407f4ea5f7042eb4f6b30d37ec2fc0ada739f64afc88288a7cf3", kill_on_drop: false }`
[INFO] running `Command { std: "docker" "inspect" "a3453f682dab407f4ea5f7042eb4f6b30d37ec2fc0ada739f64afc88288a7cf3", kill_on_drop: false }`
[INFO] running `Command { std: "docker" "exec" "-e" "SOURCE_DIR=/opt/rustwide/workdir" "-e" "CARGO_HOME=/opt/rustwide/cargo-home" "-e" "RUSTUP_HOME=/opt/rustwide/rustup-home" "-e" "CARGO_TARGET_DIR=/opt/rustwide/target" "-w" "/opt/rustwide/workdir" "--user" "0:0" "a3453f682dab407f4ea5f7042eb4f6b30d37ec2fc0ada739f64afc88288a7cf3" "/opt/rustwide/cargo-home/bin/cargo" "+1.99.0-beta.8" "metadata" "--no-deps" "--format-version=1", kill_on_drop: false }`
[INFO] running `Command { std: "docker" "inspect" "a3453f682dab407f4ea5f7042eb4f6b30d37ec2fc0ada739f64afc88288a7cf3", kill_on_drop: false }`
[INFO] running `Command { std: "docker" "exec" "-e" "SOURCE_DIR=/opt/rustwide/workdir" "-e" "CARGO_HOME=/opt/rustwide/cargo-home" "-e" "RUSTUP_HOME=/opt/rustwide/rustup-home" "-e" "CARGO_TARGET_DIR=/opt/rustwide/target" "-e" "CARGO_INCREMENTAL=0" "-e" "RUST_BACKTRACE=full" "-e" "RUSTFLAGS=--cap-lints=warn" "-e" "RUSTDOCFLAGS=--cap-lints=warn" "-w" "/opt/rustwide/workdir" "--user" "0:0" "a3453f682dab407f4ea5f7042eb4f6b30d37ec2fc0ada739f64afc88288a7cf3" "/opt/rustwide/cargo-home/bin/cargo" "+1.99.0-beta.8" "build" "--frozen" "--message-format=json" "--release", kill_on_drop: false }`
[INFO] [stderr]    Compiling stable_deref_trait v1.2.1
[INFO] [stderr]    Compiling serde_core v1.0.229
[INFO] [stderr]    Compiling syn v3.0.9
[INFO] [stderr]    Compiling syn v1.0.109
[INFO] [stderr]    Compiling litemap v0.8.3
[INFO] [stderr]    Compiling writeable v0.6.4
[INFO] [stderr]    Compiling proc-macro-error-attr v1.0.4
[INFO] [stderr]    Compiling serde v1.0.229
[INFO] [stderr]    Compiling num-conv v0.2.2
[INFO] [stderr]    Compiling utf8_iter v1.0.4
[INFO] [stderr]    Compiling time-core v0.1.9
[INFO] [stderr]    Compiling proc-macro-error v1.0.4
[INFO] [stderr]    Compiling num-traits v0.2.19
[INFO] [stderr]    Compiling icu_normalizer_data v2.3.0
[INFO] [stderr]    Compiling icu_properties_data v2.3.0
[INFO] [stderr]    Compiling memchr v2.8.3
[INFO] [stderr]    Compiling time-macros v0.2.32
[INFO] [stderr]    Compiling rmp v0.8.15
[INFO] [stderr]    Compiling smallvec v1.16.3
[INFO] [stderr]    Compiling serde_bytes v0.11.19
[INFO] [stderr]    Compiling aho-corasick v1.1.5
[INFO] [stderr]    Compiling deranged v0.5.9
[INFO] [stderr]    Compiling thiserror v1.0.69
[INFO] [stderr]    Compiling zmij v1.0.23
[INFO] [stderr]    Compiling proc-macro2 v1.0.107
[INFO] [stderr]    Compiling regex-syntax v0.8.11
[INFO] [stderr]    Compiling powerfmt v0.2.1
[INFO] [stderr]    Compiling percent-encoding v2.3.2
[INFO] [stderr]    Compiling regex-automata v0.4.18
[INFO] [stderr]    Compiling synstructure v0.14.0
[INFO] [stderr]    Compiling time v0.3.55
[INFO] [stderr]    Compiling form_urlencoded v1.2.2
[INFO] [stderr]    Compiling zerofrom-derive v0.1.8
[INFO] [stderr]    Compiling yoke-derive v0.8.4
[INFO] [stderr]    Compiling zerovec-derive v0.11.6
[INFO] [stderr]    Compiling displaydoc v0.2.7
[INFO] [stderr]    Compiling serde_derive v1.0.229
[INFO] [stderr]    Compiling zerofrom v0.1.8
[INFO] [stderr]    Compiling yoke v0.8.3
[INFO] [stderr]    Compiling zerotrie v0.2.5
[INFO] [stderr]    Compiling zerovec v0.11.8
[INFO] [stderr]    Compiling typed-builder v0.12.0
[INFO] [stderr]    Compiling tinystr v0.8.4
[INFO] [stderr]    Compiling potential_utf v0.1.6
[INFO] [stderr]    Compiling icu_locale_core v2.3.0
[INFO] [stderr]    Compiling icu_collections v2.3.0
[INFO] [stderr]    Compiling strum_macros v0.24.3
[INFO] [stderr]    Compiling fp-bindgen-macros v3.0.0
[INFO] [stderr]    Compiling icu_provider v2.3.1
[INFO] [stderr]    Compiling icu_normalizer v2.3.0
[INFO] [stderr]    Compiling icu_properties v2.3.0
[INFO] [stderr]    Compiling bytes v1.12.1
[INFO] [stderr]    Compiling rmpv v1.3.1
[INFO] [stderr]    Compiling rmp-serde v1.3.1
[INFO] [stderr]    Compiling idna_adapter v1.2.2
[INFO] [stderr]    Compiling idna v1.1.0
[INFO] [stderr]    Compiling serde_json v1.0.154
[INFO] [stderr]    Compiling tracing-attributes v0.1.31
[INFO] [stderr]    Compiling uuid v1.28.0
[INFO] [stderr]    Compiling base64 v0.13.1
[INFO] [stderr]    Compiling itoa v1.0.18
[INFO] [stderr]    Compiling base64uuid v1.1.0
[INFO] [stderr]    Compiling url v2.5.8
[INFO] [stderr]    Compiling quote v1.0.47
[INFO] [stderr]    Compiling tracing v0.1.44
[INFO] [stderr]    Compiling regex v1.13.1
[INFO] [stderr]    Compiling ordered-float v4.6.0
[INFO] [stderr]    Compiling lazy_static v1.5.1
[INFO] [stderr]    Compiling strum v0.24.1
[INFO] [stderr]    Compiling http v0.2.12
[INFO] [stderr]    Compiling Inflector v0.11.4
[INFO] [stderr]    Compiling fiberplane-models v1.0.0-beta.14
[INFO] [stderr]    Compiling fp-bindgen-support v3.0.0
[INFO] [stderr]    Compiling serde_qs v0.12.0
[INFO] [stderr]    Compiling fp-bindgen v3.0.0
[INFO] [stderr]    Compiling fiberplane-pdk-macros v1.0.0-beta.14
[INFO] [stderr]    Compiling fiberplane-provider-bindings v2.0.0-beta.14
[INFO] [stderr]    Compiling fiberplane-pdk v1.0.0-beta.14 (/opt/rustwide/workdir)
[INFO] [stderr]     Finished `release` profile [optimized] target(s) in 3m 31s
[INFO] running `Command { std: "docker" "inspect" "a3453f682dab407f4ea5f7042eb4f6b30d37ec2fc0ada739f64afc88288a7cf3", kill_on_drop: false }`
[INFO] running `Command { std: "docker" "exec" "-e" "SOURCE_DIR=/opt/rustwide/workdir" "-e" "CARGO_HOME=/opt/rustwide/cargo-home" "-e" "RUSTUP_HOME=/opt/rustwide/rustup-home" "-e" "CARGO_TARGET_DIR=/opt/rustwide/target" "-e" "CARGO_INCREMENTAL=0" "-e" "RUST_BACKTRACE=full" "-e" "RUSTFLAGS=--cap-lints=warn" "-e" "RUSTDOCFLAGS=--cap-lints=warn" "-w" "/opt/rustwide/workdir" "--user" "0:0" "a3453f682dab407f4ea5f7042eb4f6b30d37ec2fc0ada739f64afc88288a7cf3" "/opt/rustwide/cargo-home/bin/cargo" "+1.99.0-beta.8" "test" "--frozen" "--no-run" "--message-format=json" "--release", kill_on_drop: false }`
[INFO] [stderr]    Compiling winnow v1.0.4
[INFO] [stderr]    Compiling target-tuple v1.0.2
[INFO] [stderr]    Compiling toml_datetime v1.1.2+spec-1.1.0
[INFO] [stderr]    Compiling serde_spanned v1.1.2
[INFO] [stderr]    Compiling toml_writer v1.1.3+spec-1.1.0
[INFO] [stderr]    Compiling glob v0.3.4
[INFO] [stderr]    Compiling toml_parser v1.1.5+spec-1.1.0
[INFO] [stderr]    Compiling toml v1.1.8+spec-1.1.0
[INFO] [stderr]    Compiling trybuild v1.0.122
[INFO] [stderr]    Compiling fiberplane-pdk v1.0.0-beta.14 (/opt/rustwide/workdir)
[INFO] [stderr]     Finished `release` profile [optimized] target(s) in 26.20s
[INFO] running `Command { std: "docker" "inspect" "a3453f682dab407f4ea5f7042eb4f6b30d37ec2fc0ada739f64afc88288a7cf3", kill_on_drop: false }`
[INFO] running `Command { std: "docker" "exec" "-e" "SOURCE_DIR=/opt/rustwide/workdir" "-e" "CARGO_HOME=/opt/rustwide/cargo-home" "-e" "RUSTUP_HOME=/opt/rustwide/rustup-home" "-e" "CARGO_TARGET_DIR=/opt/rustwide/target" "-e" "CARGO_INCREMENTAL=0" "-e" "RUST_BACKTRACE=full" "-e" "RUSTFLAGS=--cap-lints=warn" "-e" "RUSTDOCFLAGS=--cap-lints=warn" "-w" "/opt/rustwide/workdir" "--user" "0:0" "a3453f682dab407f4ea5f7042eb4f6b30d37ec2fc0ada739f64afc88288a7cf3" "/opt/rustwide/cargo-home/bin/cargo" "+1.99.0-beta.8" "test" "--frozen" "--release", kill_on_drop: false }`
[INFO] [stderr]     Finished `release` profile [optimized] target(s) in 0.19s
[INFO] [stderr]      Running unittests src/lib.rs (/opt/rustwide/target/release/deps/fiberplane_pdk-01d1e9846197a11e)
[INFO] [stdout] 
[INFO] [stdout] running 5 tests
[INFO] [stdout] test types::date_time_range::tests::deserialize_from_bytes ... ok
[INFO] [stdout] test types::date_time_range::tests::back_and_forth_url ... ok
[INFO] [stdout] test parse_query::tests::parse_array_query ... ok
[INFO] [stdout] test parse_query::tests::parse_sample_provider_query ... ok
[INFO] [stdout] test types::date_time_range::tests::deserialize_from_url ... ok
[INFO] [stderr]      Running tests/schema.rs (/opt/rustwide/target/release/deps/schema-727460de664988bd)
[INFO] [stdout] 
[INFO] [stdout] test result: ok. 5 passed; 0 failed; 0 ignored; 0 measured; 0 filtered out; finished in 0.00s
[INFO] [stdout] 
[INFO] [stdout] 
[INFO] [stdout] running 1 test
[INFO] [stderr]    Compiling proc-macro2 v1.0.107
[INFO] [stderr]    Compiling quote v1.0.47
[INFO] [stderr]    Compiling unicode-ident v1.0.27
[INFO] [stderr]    Compiling serde_core v1.0.229
[INFO] [stderr]    Compiling serde v1.0.229
[INFO] [stderr]    Compiling autocfg v1.5.1
[INFO] [stderr]    Compiling icu_properties_data v2.3.0
[INFO] [stderr]    Compiling icu_normalizer_data v2.3.0
[INFO] [stderr]    Compiling stable_deref_trait v1.2.1
[INFO] [stderr]    Compiling syn v1.0.109
[INFO] [stderr]    Compiling thiserror v1.0.69
[INFO] [stderr]    Compiling zmij v1.0.23
[INFO] [stderr]    Compiling version_check v0.9.5
[INFO] [stderr]    Compiling writeable v0.6.4
[INFO] [stderr]    Compiling serde_json v1.0.154
[INFO] [stderr]    Compiling litemap v0.8.3
[INFO] [stderr]    Compiling proc-macro-error-attr v1.0.4
[INFO] [stderr]    Compiling num-traits v0.2.19
[INFO] [stderr]    Compiling num-conv v0.2.2
[INFO] [stderr]    Compiling utf8_iter v1.0.4
[INFO] [stderr]    Compiling syn v3.0.9
[INFO] [stderr]    Compiling syn v2.0.119
[INFO] [stderr]    Compiling time-core v0.1.9
[INFO] [stderr]    Compiling memchr v2.8.3
[INFO] [stderr]    Compiling time-macros v0.2.32
[INFO] [stderr]    Compiling proc-macro-error v1.0.4
[INFO] [stderr]    Compiling rustversion v1.0.23
[INFO] [stderr]    Compiling rmp v0.8.15
[INFO] [stderr]    Compiling smallvec v1.16.3
[INFO] [stderr]    Compiling serde_bytes v0.11.19
[INFO] [stderr]    Compiling percent-encoding v2.3.2
[INFO] [stderr]    Compiling heck v0.4.1
[INFO] [stderr]    Compiling itoa v1.0.18
[INFO] [stderr]    Compiling synstructure v0.14.0
[INFO] [stderr]    Compiling deranged v0.5.9
[INFO] [stderr]    Compiling aho-corasick v1.1.5
[INFO] [stderr]    Compiling regex-syntax v0.8.11
[INFO] [stderr]    Compiling once_cell v1.21.4
[INFO] [stderr]    Compiling powerfmt v0.2.1
[INFO] [stderr]    Compiling zerofrom-derive v0.1.8
[INFO] [stderr]    Compiling yoke-derive v0.8.4
[INFO] [stderr]    Compiling zerovec-derive v0.11.6
[INFO] [stderr]    Compiling displaydoc v0.2.7
[INFO] [stderr]    Compiling serde_derive v1.0.229
[INFO] [stderr]    Compiling zerofrom v0.1.8
[INFO] [stderr]    Compiling yoke v0.8.3
[INFO] [stderr]    Compiling regex-automata v0.4.18
[INFO] [stderr]    Compiling zerotrie v0.2.5
[INFO] [stderr]    Compiling strum_macros v0.24.3
[INFO] [stderr]    Compiling typed-builder v0.12.0
[INFO] [stderr]    Compiling fp-bindgen-macros v3.0.0
[INFO] [stdout] test schema_generation has been running for over 60 seconds
[INFO] [stderr]    Compiling zerovec v0.11.8
[INFO] [stderr]    Compiling thiserror-impl v1.0.69
[INFO] [stderr]    Compiling tinystr v0.8.4
[INFO] [stderr]    Compiling icu_locale_core v2.3.0
[INFO] [stderr]    Compiling potential_utf v0.1.6
[INFO] [stderr]    Compiling icu_collections v2.3.0
[INFO] [stderr]    Compiling tracing-attributes v0.1.31
[INFO] [stderr]    Compiling time v0.3.55
[INFO] [stderr]    Compiling icu_provider v2.3.1
[INFO] [stderr]    Compiling icu_normalizer v2.3.0
[INFO] [stderr]    Compiling icu_properties v2.3.0
[INFO] [stderr]    Compiling form_urlencoded v1.2.2
[INFO] [stderr]    Compiling tracing-core v0.1.36
[INFO] [stderr]    Compiling bytes v1.12.1
[INFO] [stderr]    Compiling idna_adapter v1.2.2
[INFO] [stderr]    Compiling rmpv v1.3.1
[INFO] [stderr]    Compiling idna v1.1.0
[INFO] [stderr]    Compiling rmp-serde v1.3.1
[INFO] [stderr]    Compiling base64 v0.13.1
[INFO] [stderr]    Compiling uuid v1.28.0
[INFO] [stderr]    Compiling pin-project-lite v0.2.17
[INFO] [stderr]    Compiling url v2.5.8
[INFO] [stderr]    Compiling base64uuid v1.1.0
[INFO] [stderr]    Compiling tracing v0.1.44
[INFO] [stderr]    Compiling regex v1.13.1
[INFO] [stderr]    Compiling ordered-float v4.6.0
[INFO] [stderr]    Compiling strum v0.24.1
[INFO] [stderr]    Compiling fnv v1.0.7
[INFO] [stderr]    Compiling lazy_static v1.5.1
[INFO] [stderr]    Compiling yansi v1.0.1
[INFO] [stderr]    Compiling diff v0.1.13
[INFO] [stderr]    Compiling Inflector v0.11.4
[INFO] [stderr]    Compiling http v0.2.12
[INFO] [stderr]    Compiling fiberplane-models v1.0.0-beta.14
[INFO] [stderr]    Compiling pretty_assertions v1.4.1
[INFO] [stderr]    Compiling fp-bindgen-support v3.0.0
[INFO] [stderr]    Compiling serde_qs v0.12.0
[INFO] [stderr]    Compiling fp-bindgen v3.0.0
[INFO] [stderr]    Compiling fiberplane-provider-bindings v2.0.0-beta.14
[INFO] [stderr]    Compiling fiberplane-pdk-macros v1.0.0-beta.14
[INFO] [stderr]    Compiling fiberplane-pdk v1.0.0-beta.14 (/opt/rustwide/workdir)
[INFO] [stderr]    Compiling fiberplane-pdk-tests v0.0.0 (/opt/rustwide/target/tests/trybuild/fiberplane-pdk)
[INFO] [stderr]     Finished `dev` profile [unoptimized + debuginfo] target(s) in 2m 41s
[INFO] [stderr] 
[INFO] [stderr] 
[INFO] [stderr] test tests/schema/pass/multiple_strings.rs [should pass] ... ok
[INFO] [stdout] test schema_generation ... FAILED
[INFO] [stderr] test tests/schema/fail/array_field.rs [should fail to compile] ... mismatch
[INFO] [stdout] 
[INFO] [stderr] 
[INFO] [stdout] failures:
[INFO] [stderr] EXPECTED:
[INFO] [stdout] 
[INFO] [stderr] ┈┈┈┈┈┈┈┈┈┈┈┈┈┈┈┈┈┈┈┈┈┈┈┈┈┈┈┈┈┈┈┈┈┈┈┈┈┈┈┈┈┈┈┈┈┈┈┈┈┈┈┈┈┈┈┈┈┈┈┈
[INFO] [stdout] ---- schema_generation stdout ----
[INFO] [stderr] error[E0599]: no function or associated item named `schema` found for struct `RowItem` in the current scope
[INFO] [stdout] 
[INFO] [stderr]   --> tests/schema/fail/array_field.rs:14:23
[INFO] [stdout] thread 'schema_generation' (1972) panicked at /opt/rustwide/cargo-home/registry/src/index.crates.io-1949cf8c6b5b557f/trybuild-1.0.122/src/run.rs:103:13:
[INFO] [stderr]    |
[INFO] [stdout] 1 of 2 tests failed
[INFO] [stderr] 9  | pub struct RowItem {
[INFO] [stdout] stack backtrace:
[INFO] [stderr]    | ------------------ function or associated item `schema` not found for this struct
[INFO] [stdout]    0:     0x58a8a2d2acd1 - <<std[70759c8f55707aa4]::sys::backtrace::BacktraceLock>::print::DisplayBacktrace as core[df12db4294e9bfd3]::fmt::Display>::fmt
[INFO] [stderr] ...
[INFO] [stdout]    1:     0x58a8a2d4135a - core[df12db4294e9bfd3]::fmt::write
[INFO] [stderr] 14 | #[derive(Deserialize, QuerySchema)]
[INFO] [stdout]    2:     0x58a8a2d2f79c - <alloc[2182bb758b4b3781]::vec::Vec<u8> as core[df12db4294e9bfd3]::io::write::Write>::write_fmt
[INFO] [stderr]    |                       ^^^^^^^^^^^ function or associated item not found in `RowItem`
[INFO] [stdout]    3:     0x58a8a2d041b6 - std[70759c8f55707aa4]::panicking::default_hook::{closure#0}
[INFO] [stderr]    |
[INFO] [stdout]    4:     0x58a8a2d22349 - std[70759c8f55707aa4]::panicking::default_hook
[INFO] [stderr]    = note: this error originates in the derive macro `QuerySchema` (in Nightly builds, run with -Z macro-backtrace for more info)
[INFO] [stdout]    5:     0x58a8a2cbb620 - test[9d35eded1c95d3be]::test_main_inner::<test[9d35eded1c95d3be]::test_main_static::{closure#0}>::{closure#0}
[INFO] [stderr] ┈┈┈┈┈┈┈┈┈┈┈┈┈┈┈┈┈┈┈┈┈┈┈┈┈┈┈┈┈┈┈┈┈┈┈┈┈┈┈┈┈┈┈┈┈┈┈┈┈┈┈┈┈┈┈┈┈┈┈┈
[INFO] [stdout]    6:     0x58a8a2d22502 - std[70759c8f55707aa4]::panicking::panic_with_hook
[INFO] [stderr] 
[INFO] [stdout]    7:     0x58a8a2d04262 - std[70759c8f55707aa4]::panicking::panic_handler::{closure#0}
[INFO] [stderr] ACTUAL OUTPUT:
[INFO] [stdout]    8:     0x58a8a2cfcb29 - std[70759c8f55707aa4]::sys::backtrace::__rust_end_short_backtrace::<std[70759c8f55707aa4]::panicking::panic_handler::{closure#0}, !>
[INFO] [stderr] ┈┈┈┈┈┈┈┈┈┈┈┈┈┈┈┈┈┈┈┈┈┈┈┈┈┈┈┈┈┈┈┈┈┈┈┈┈┈┈┈┈┈┈┈┈┈┈┈┈┈┈┈┈┈┈┈┈┈┈┈
[INFO] [stdout]    9:     0x58a8a2d04e5d - __rustc[8fa7c3cbc660c2b3]::rust_begin_unwind
[INFO] [stderr] error[E0599]: no associated function or constant named `schema` found for struct `RowItem` in the current scope
[INFO] [stdout]   10:     0x58a8a2d41acc - core[df12db4294e9bfd3]::panicking::panic_fmt
[INFO] [stderr]   --> tests/schema/fail/array_field.rs:14:23
[INFO] [stdout]   11:     0x58a8a2c0ed4b - <trybuild[3c46f533a990135c]::Runner>::run
[INFO] [stderr]    |
[INFO] [stdout]   12:     0x58a8a2c12140 - <trybuild[3c46f533a990135c]::TestCases as core[df12db4294e9bfd3]::ops::drop::Drop>::drop
[INFO] [stderr]  9 | pub struct RowItem {
[INFO] [stdout]   13:     0x58a8a2c08c76 - schema[715c67af94c51173]::schema_generation
[INFO] [stderr]    | ------------------ associated function or constant `schema` not found for this struct
[INFO] [stdout]   14:     0x58a8a2c08ea9 - <schema[715c67af94c51173]::schema_generation::{closure#0} as core[df12db4294e9bfd3]::ops::function::FnOnce<()>>::call_once
[INFO] [stderr] ...
[INFO] [stdout]   15:     0x58a8a2cae90b - test[9d35eded1c95d3be]::__rust_begin_short_backtrace::<core[df12db4294e9bfd3]::result::Result<(), alloc[2182bb758b4b3781]::string::String>, fn() -> core[df12db4294e9bfd3]::result::Result<(), alloc[2182bb758b4b3781]::string::String>>
[INFO] [stderr] 14 | #[derive(Deserialize, QuerySchema)]
[INFO] [stdout]   16:     0x58a8a2cbbf75 - test[9d35eded1c95d3be]::run_test::{closure#0}
[INFO] [stderr]    |                       ^^^^^^^^^^^ associated function or constant not found in `RowItem`
[INFO] [stdout]   17:     0x58a8a2cb5834 - std[70759c8f55707aa4]::sys::backtrace::__rust_begin_short_backtrace::<test[9d35eded1c95d3be]::run_test::{closure#1}, ()>
[INFO] [stderr]    |
[INFO] [stdout]   18:     0x58a8a2cbf0d2 - <std[70759c8f55707aa4]::thread::lifecycle::spawn_unchecked<test[9d35eded1c95d3be]::run_test::{closure#1}, ()>::{closure#1} as core[df12db4294e9bfd3]::ops::function::FnOnce<()>>::call_once::{shim:vtable#0}
[INFO] [stderr]    = note: this error originates in the derive macro `QuerySchema` (in Nightly builds, run with -Z macro-backtrace for more info)
[INFO] [stdout]   19:     0x58a8a2d29f89 - <std[70759c8f55707aa4]::sys::thread::unix::Thread>::new::thread_start
[INFO] [stderr] ┈┈┈┈┈┈┈┈┈┈┈┈┈┈┈┈┈┈┈┈┈┈┈┈┈┈┈┈┈┈┈┈┈┈┈┈┈┈┈┈┈┈┈┈┈┈┈┈┈┈┈┈┈┈┈┈┈┈┈┈
[INFO] [stdout]   20:     0x7db376bd1dfa - <unknown>
[INFO] [stderr] note: If the actual output is the correct output you can bless it by rerunning
[INFO] [stdout]   21:     0x7db376c653d4 - clone
[INFO] [stderr]       your test with the environment variable TRYBUILD=overwrite
[INFO] [stdout]   22:                0x0 - <unknown>
[INFO] [stderr] 
[INFO] [stdout] 
[INFO] [stderr] 
[INFO] [stdout] 
[INFO] [stderr] 
[INFO] [stdout] failures:
[INFO] [stderr] error: test failed, to rerun pass `--test schema`
[INFO] [stdout]     schema_generation
[INFO] [stdout] 
[INFO] [stdout] test result: FAILED. 0 passed; 1 failed; 0 ignored; 0 measured; 0 filtered out; finished in 229.22s
[INFO] [stdout] 
[INFO] running `Command { std: "docker" "inspect" "a3453f682dab407f4ea5f7042eb4f6b30d37ec2fc0ada739f64afc88288a7cf3", kill_on_drop: false }`
[INFO] running `Command { std: "docker" "rm" "-f" "a3453f682dab407f4ea5f7042eb4f6b30d37ec2fc0ada739f64afc88288a7cf3", kill_on_drop: false }`
[INFO] [stdout] a3453f682dab407f4ea5f7042eb4f6b30d37ec2fc0ada739f64afc88288a7cf3
