[INFO] fetching crate fg-sra 0.2.0...
[INFO] testing fg-sra-0.2.0 against 1.100.0-beta.1+cargoflags=--release for beta-release-1.100-2
[INFO] extracting crate fg-sra 0.2.0 into /workspace/builds/worker-3-tc2/source
[INFO] started tweaking crates.io crate fg-sra 0.2.0
[INFO] removed 0 missing tests
[INFO] finished tweaking crates.io crate fg-sra 0.2.0
[INFO] tweaked toml for crates.io crate fg-sra 0.2.0 written to /workspace/builds/worker-3-tc2/source/Cargo.toml
[INFO] validating manifest of crates.io crate fg-sra 0.2.0 on toolchain 1.100.0-beta.1
[INFO] running `Command { std: CARGO_HOME="/workspace/cargo-home" RUSTUP_HOME="/workspace/rustup-home" "/workspace/cargo-home/bin/cargo" "+1.100.0-beta.1" "metadata" "--manifest-path" "Cargo.toml" "--no-deps", kill_on_drop: false }`
[INFO] crate crates.io crate fg-sra 0.2.0 already has a lockfile, it will not be regenerated
[INFO] running `Command { std: CARGO_HOME="/workspace/cargo-home" RUSTUP_HOME="/workspace/rustup-home" "/workspace/cargo-home/bin/cargo" "+1.100.0-beta.1" "fetch" "--manifest-path" "Cargo.toml", kill_on_drop: false }`
[INFO] [stderr] warning: `package.homepage` is redundant with `package.repository`
[INFO] [stderr]   --> Cargo.toml:74:12
[INFO] [stderr]    |
[INFO] [stderr] 74 | homepage = "https://github.com/fg-labs/fg-sra"
[INFO] [stderr]    |            ^^^^^^^^^^^^^^^^^^^^^^^^^^^^^^^^^^^
[INFO] [stderr] ...
[INFO] [stderr] 79 | repository = "https://github.com/fg-labs/fg-sra"
[INFO] [stderr]    |              -----------------------------------
[INFO] [stderr]    |
[INFO] [stderr]    = note: `cargo::redundant_homepage` is set to `warn` by default
[INFO] [stderr] help: consider removing `package.homepage`
[INFO] [stderr] warning: `fg-sra` (manifest) generated 1 warning
[INFO] running `Command { std: "docker" "create" "-v" "/var/lib/crater-agent-workspace/builds/worker-3-tc2/source:/opt/rustwide/workdir:ro,Z" "-v" "/var/lib/crater-agent-workspace/builds/worker-3-tc2/target:/opt/rustwide/target:rw,Z" "-v" "/var/lib/crater-agent-workspace/cargo-home:/opt/rustwide/cargo-home:ro,Z" "-v" "/var/lib/crater-agent-workspace/rustup-home:/opt/rustwide/rustup-home:ro,Z" "-m" "1610612736" "--network" "none" "ghcr.io/rust-lang/crates-build-env/linux@sha256:77db811e55d90add9212f6832c23229e3de5f1c1f9905e8cb07319ea15df73ac" "sleep" "infinity", kill_on_drop: false }`
[INFO] [stdout] cc7093132c6cd44db43694d5dcc768829a6bcccd7d5acd0a37cbb553503d34ac
[INFO] running `Command { std: "docker" "start" "cc7093132c6cd44db43694d5dcc768829a6bcccd7d5acd0a37cbb553503d34ac", kill_on_drop: false }`
[INFO] running `Command { std: "docker" "inspect" "cc7093132c6cd44db43694d5dcc768829a6bcccd7d5acd0a37cbb553503d34ac", kill_on_drop: false }`
[INFO] running `Command { std: "docker" "exec" "-e" "SOURCE_DIR=/opt/rustwide/workdir" "-e" "CARGO_HOME=/opt/rustwide/cargo-home" "-e" "RUSTUP_HOME=/opt/rustwide/rustup-home" "-e" "CARGO_TARGET_DIR=/opt/rustwide/target" "-w" "/opt/rustwide/workdir" "--user" "0:0" "cc7093132c6cd44db43694d5dcc768829a6bcccd7d5acd0a37cbb553503d34ac" "/opt/rustwide/cargo-home/bin/cargo" "+1.100.0-beta.1" "metadata" "--no-deps" "--format-version=1", kill_on_drop: false }`
[INFO] running `Command { std: "docker" "inspect" "cc7093132c6cd44db43694d5dcc768829a6bcccd7d5acd0a37cbb553503d34ac", kill_on_drop: false }`
[INFO] running `Command { std: "docker" "exec" "-e" "SOURCE_DIR=/opt/rustwide/workdir" "-e" "CARGO_HOME=/opt/rustwide/cargo-home" "-e" "RUSTUP_HOME=/opt/rustwide/rustup-home" "-e" "CARGO_TARGET_DIR=/opt/rustwide/target" "-e" "CARGO_INCREMENTAL=0" "-e" "RUST_BACKTRACE=full" "-e" "RUSTFLAGS=--cap-lints=warn" "-e" "RUSTDOCFLAGS=--cap-lints=warn" "-w" "/opt/rustwide/workdir" "--user" "0:0" "cc7093132c6cd44db43694d5dcc768829a6bcccd7d5acd0a37cbb553503d34ac" "/opt/rustwide/cargo-home/bin/cargo" "+1.100.0-beta.1" "build" "--frozen" "--message-format=json" "--release", kill_on_drop: false }`
[INFO] [stderr] warning: `package.homepage` is redundant with `package.repository`
[INFO] [stderr]   --> Cargo.toml:74:12
[INFO] [stderr]    |
[INFO] [stderr] 74 | homepage = "https://github.com/fg-labs/fg-sra"
[INFO] [stderr]    |            ^^^^^^^^^^^^^^^^^^^^^^^^^^^^^^^^^^^
[INFO] [stderr] ...
[INFO] [stderr] 79 | repository = "https://github.com/fg-labs/fg-sra"
[INFO] [stderr]    |              -----------------------------------
[INFO] [stderr]    |
[INFO] [stderr]    = note: `cargo::redundant_homepage` is set to `warn` by default
[INFO] [stderr] help: consider removing `package.homepage`
[INFO] [stderr] warning: `fg-sra` (manifest) generated 1 warning
[INFO] [stderr]    Compiling find-msvc-tools v0.1.11
[INFO] [stderr]    Compiling glob v0.3.4
[INFO] [stderr]    Compiling prettyplease v0.3.0
[INFO] [stderr]    Compiling minimal-lexical v0.2.1
[INFO] [stderr]    Compiling libc v0.2.189
[INFO] [stderr]    Compiling bindgen v0.73.2
[INFO] [stderr]    Compiling bitflags v2.13.1
[INFO] [stderr]    Compiling rustc-hash v2.1.3
[INFO] [stderr]    Compiling syn v3.0.4
[INFO] [stderr]    Compiling syn v2.0.119
[INFO] [stderr]    Compiling crc32fast v1.5.1
[INFO] [stderr]    Compiling ordered-float v2.10.1
[INFO] [stderr]    Compiling crossbeam-utils v0.8.22
[INFO] [stderr]    Compiling regex-automata v0.1.10
[INFO] [stderr]    Compiling chrono v0.4.45
[INFO] [stderr]    Compiling errno v0.3.14
[INFO] [stderr]    Compiling signal-hook v0.4.4
[INFO] [stderr]    Compiling itoa v0.4.8
[INFO] [stderr]    Compiling cc v1.4.4
[INFO] [stderr]    Compiling signal-hook-registry v1.4.8
[INFO] [stderr]    Compiling clap_builder v4.6.7
[INFO] [stderr]    Compiling libbz2-rs-sys v0.2.5
[INFO] [stderr]    Compiling flate2 v1.1.10
[INFO] [stderr]    Compiling nom v7.1.3
[INFO] [stderr]    Compiling clang-sys v1.9.1
[INFO] [stderr]    Compiling crossbeam-channel v0.5.17
[INFO] [stderr]    Compiling cmake v0.1.58
[INFO] [stderr]    Compiling bzip2 v0.6.1
[INFO] [stderr]    Compiling libdeflate-sys v1.26.1
[INFO] [stderr]    Compiling libz-sys v1.1.29
[INFO] [stderr]    Compiling thiserror-impl v1.0.69
[INFO] [stderr]    Compiling cexpr v0.6.0
[INFO] [stderr]    Compiling thiserror v1.0.69
[INFO] [stderr]    Compiling serde_derive v1.0.229
[INFO] [stderr]    Compiling clap_derive v4.6.7
[INFO] [stderr]    Compiling clap v4.6.7
[INFO] [stderr]    Compiling serde v1.0.229
[INFO] [stderr]    Compiling bstr v0.2.17
[INFO] [stderr]    Compiling serde-value v0.7.0
[INFO] [stderr]    Compiling serde-aux v4.7.0
[INFO] [stderr]    Compiling csv v1.1.6
[INFO] [stderr]    Compiling libdeflater v1.26.1
[INFO] [stderr]    Compiling bgzf v0.5.0
[INFO] [stderr]    Compiling fgoxide v0.6.0
[INFO] [stderr]    Compiling fg-sra-vdb-sys v0.2.0
[INFO] [stderr]    Compiling fg-sra-vdb v0.2.0
[INFO] [stderr]    Compiling fg-sra v0.2.0 (/opt/rustwide/workdir)
[INFO] [stderr]     Finished `release` profile [optimized] target(s) in 4m 01s
[INFO] running `Command { std: "docker" "inspect" "cc7093132c6cd44db43694d5dcc768829a6bcccd7d5acd0a37cbb553503d34ac", kill_on_drop: false }`
[INFO] running `Command { std: "docker" "exec" "-e" "SOURCE_DIR=/opt/rustwide/workdir" "-e" "CARGO_HOME=/opt/rustwide/cargo-home" "-e" "RUSTUP_HOME=/opt/rustwide/rustup-home" "-e" "CARGO_TARGET_DIR=/opt/rustwide/target" "-e" "CARGO_INCREMENTAL=0" "-e" "RUST_BACKTRACE=full" "-e" "RUSTFLAGS=--cap-lints=warn" "-e" "RUSTDOCFLAGS=--cap-lints=warn" "-w" "/opt/rustwide/workdir" "--user" "0:0" "cc7093132c6cd44db43694d5dcc768829a6bcccd7d5acd0a37cbb553503d34ac" "/opt/rustwide/cargo-home/bin/cargo" "+1.100.0-beta.1" "test" "--frozen" "--no-run" "--message-format=json" "--release", kill_on_drop: false }`
[INFO] [stderr] warning: `package.homepage` is redundant with `package.repository`
[INFO] [stderr]   --> Cargo.toml:74:12
[INFO] [stderr]    |
[INFO] [stderr] 74 | homepage = "https://github.com/fg-labs/fg-sra"
[INFO] [stderr]    |            ^^^^^^^^^^^^^^^^^^^^^^^^^^^^^^^^^^^
[INFO] [stderr] ...
[INFO] [stderr] 79 | repository = "https://github.com/fg-labs/fg-sra"
[INFO] [stderr]    |              -----------------------------------
[INFO] [stderr]    |
[INFO] [stderr]    = note: `cargo::redundant_homepage` is set to `warn` by default
[INFO] [stderr] help: consider removing `package.homepage`
[INFO] [stderr] warning: `fg-sra` (manifest) generated 1 warning
[INFO] [stderr]    Compiling regex-syntax v0.8.11
[INFO] [stderr]    Compiling aho-corasick v1.1.5
[INFO] [stderr]    Compiling syn v2.0.119
[INFO] [stderr]    Compiling semver v1.0.28
[INFO] [stderr]    Compiling rustc_version v0.4.1
[INFO] [stderr]    Compiling rstest_macros v0.27.0
[INFO] [stderr]    Compiling regex-automata v0.4.18
[INFO] [stderr]    Compiling thiserror-impl v1.0.69
[INFO] [stderr]    Compiling regex v1.13.1
[INFO] [stderr]    Compiling bindgen v0.73.2
[INFO] [stderr]    Compiling thiserror v1.0.69
[INFO] [stderr]    Compiling fgoxide v0.6.0
[INFO] [stderr]    Compiling bgzf v0.5.0
[INFO] [stderr]    Compiling rstest v0.27.0
[INFO] [stderr]    Compiling fg-sra-vdb-sys v0.2.0
[INFO] [stderr]    Compiling fg-sra-vdb v0.2.0
[INFO] [stderr]    Compiling fg-sra v0.2.0 (/opt/rustwide/workdir)
[INFO] [stderr]     Finished `release` profile [optimized] target(s) in 3m 43s
[INFO] running `Command { std: "docker" "inspect" "cc7093132c6cd44db43694d5dcc768829a6bcccd7d5acd0a37cbb553503d34ac", kill_on_drop: false }`
[INFO] running `Command { std: "docker" "exec" "-e" "SOURCE_DIR=/opt/rustwide/workdir" "-e" "CARGO_HOME=/opt/rustwide/cargo-home" "-e" "RUSTUP_HOME=/opt/rustwide/rustup-home" "-e" "CARGO_TARGET_DIR=/opt/rustwide/target" "-e" "CARGO_INCREMENTAL=0" "-e" "RUST_BACKTRACE=full" "-e" "RUSTFLAGS=--cap-lints=warn" "-e" "RUSTDOCFLAGS=--cap-lints=warn" "-w" "/opt/rustwide/workdir" "--user" "0:0" "cc7093132c6cd44db43694d5dcc768829a6bcccd7d5acd0a37cbb553503d34ac" "/opt/rustwide/cargo-home/bin/cargo" "+1.100.0-beta.1" "test" "--frozen" "--release", kill_on_drop: false }`
[INFO] [stderr] warning: `package.homepage` is redundant with `package.repository`
[INFO] [stderr]   --> Cargo.toml:74:12
[INFO] [stderr]    |
[INFO] [stderr] 74 | homepage = "https://github.com/fg-labs/fg-sra"
[INFO] [stderr]    |            ^^^^^^^^^^^^^^^^^^^^^^^^^^^^^^^^^^^
[INFO] [stderr] ...
[INFO] [stderr] 79 | repository = "https://github.com/fg-labs/fg-sra"
[INFO] [stderr]    |              -----------------------------------
[INFO] [stderr]    |
[INFO] [stderr]    = note: `cargo::redundant_homepage` is set to `warn` by default
[INFO] [stderr] help: consider removing `package.homepage`
[INFO] [stderr] warning: `fg-sra` (manifest) generated 1 warning
[INFO] [stderr]     Finished `release` profile [optimized] target(s) in 0.22s
[INFO] [stderr]      Running unittests src/main.rs (/opt/rustwide/target/release/build/fg-sra/aeb9f42c32e0b6ec/out/fg_sra-aeb9f42c32e0b6ec)
[INFO] [stdout] 
[INFO] [stdout] running 510 tests
[INFO] [stdout] test aligned::tests::batch_region_mode_repeated_reference_only_overcounts ... ok
[INFO] [stdout] test aligned::tests::test_assign_bam_ref_ids ... ok
[INFO] [stdout] test aligned::tests::batch_groups_references_under_budget ... ok
[INFO] [stdout] test aligned::tests::batch_empty_work_items ... ok
[INFO] [stdout] test aligned::tests::reconstructed_read_matches_virtual_read_column ... ok
[INFO] [stdout] test aligned::tests::test_assign_bam_ref_ids_needs_only_output_references ... ok
[INFO] [stdout] test aligned::tests::batch_never_splits_a_reference ... ok
[INFO] [stdout] test aligned::tests::batch_oversized_reference_is_own_batch ... ok
[INFO] [stdout] test aligned::tests::ref_boundaries_match_ref_name_column ... ok
[INFO] [stdout] test aligned::tests::test_check_rows_covered ... ok
[INFO] [stdout] test aligned::tests::test_collect_row_range_single_ref_large ... ok
[INFO] [stdout] test aligned::tests::test_collect_row_range_single_ref_small ... ok
[INFO] [stdout] test aligned::tests::test_empty_ref ... ok
[INFO] [stdout] test aligned::tests::test_find_descents_ignores_equal_and_rising_keys ... ok
[INFO] [stdout] test aligned::tests::test_find_descents_rejects_unsorted_table ... ok
[INFO] [stdout] test aligned::tests::test_find_descents_in_slice_detects_drop_at_slice_start ... ok
[INFO] [stdout] test aligned::tests::test_find_descents_reports_drops_in_ref_id_and_position ... ok
[INFO] [stdout] test aligned::tests::test_collect_row_range_empty_boundaries ... ok
[INFO] [stdout] test aligned::tests::test_abbreviate_names ... ok
[INFO] [stdout] test aligned::tests::test_collect_row_range_multiple_refs ... ok
[INFO] [stdout] test aligned::tests::test_collect_row_range_split_reference_keeps_run_labels ... ok
[INFO] [stdout] test aligned::tests::test_data_cursor_cache_bytes ... ok
[INFO] [stdout] test aligned::tests::test_large_chunk_sequence ... ok
[INFO] [stdout] test aligned::tests::test_multiple_refs_multiple_chunks_out_of_order ... ok
[INFO] [stdout] test aligned::tests::test_discover_runs_single_batch ... ok
[INFO] [stdout] test aligned::tests::test_multiple_refs_one_chunk_each ... ok
[INFO] [stdout] test aligned::tests::test_nonzero_base_order_orders_from_base ... ok
[INFO] [stdout] test aligned::tests::test_out_of_order_refs ... ok
[INFO] [stdout] test aligned::tests::test_parse_region_invalid_numbers ... ok
[INFO] [stdout] test aligned::tests::test_group_runs_by_reference ... ok
[INFO] [stdout] test aligned::tests::test_group_runs_by_reference_restores_reference_order ... ok
[INFO] [stdout] test aligned::tests::test_parse_region_invalid_format ... ok
[INFO] [stdout] test aligned::tests::test_discover_runs_detects_batch_restart_within_a_reference ... ok
[INFO] [stdout] test aligned::tests::test_parse_region_start_one ... ok
[INFO] [stdout] test aligned::tests::test_parse_region_name_only ... ok
[INFO] [stdout] test aligned::tests::test_pool_size_equals_threads ... ok
[INFO] [stdout] test aligned::tests::test_pool_size_minimum_one ... ok
[INFO] [stdout] test aligned::tests::test_parse_region_with_coordinates ... ok
[INFO] [stdout] test aligned::tests::test_pool_size_override_zero_clamped_to_one ... ok
[INFO] [stdout] test aligned::tests::test_region_work_items_cover_every_run_of_a_split_reference ... ok
[INFO] [stdout] test aligned::tests::test_planned_work_items_of_reordered_batches_are_sorted ... ok
[INFO] [stdout] test aligned::tests::test_pool_size_clamped_by_work_items ... ok
[INFO] [stdout] test aligned::tests::test_pool_size_override_clamped_by_work_items ... ok
[INFO] [stdout] test aligned::tests::test_region_work_items_errors ... ok
[INFO] [stdout] test aligned::tests::test_resolve_bam_ref_id_without_header_uses_reflist_index ... ok
[INFO] [stdout] test aligned::tests::test_region_work_items_resolve_alternate_name ... ok
[INFO] [stdout] test aligned::tests::test_planned_region_work_items_classification ... ok
[INFO] [stdout] test aligned::tests::test_pool_size_override_used ... ok
[INFO] [stdout] test aligned::tests::test_resolve_bam_ref_id_missing_from_header_is_error ... ok
[INFO] [stdout] test aligned::tests::test_resolve_bam_ref_id_uses_header_map ... ok
[INFO] [stdout] test aligned::tests::test_single_ref_multiple_chunks ... ok
[INFO] [stdout] test aligned::tests::test_find_sorted_segments_splits_at_descents ... ok
[INFO] [stdout] test aligned::tests::test_split_layout_warning ... ok
[INFO] [stdout] test aligned::tests::test_split_references_break_order_only_when_output ... ok
[INFO] [stdout] test aligned::tests::test_slice_row_range_tiles_range ... ok
[INFO] [stdout] test aligned::tests::test_tables_are_coordinate_sorted ... ok
[INFO] [stdout] test aligned::tests::test_target_chunk_size_minimum ... ok
[INFO] [stdout] test archive::tests::accession_drops_sralite ... ok
[INFO] [stdout] test archive::tests::accession_drops_the_version_of_a_downloaded_lite_object ... ok
[INFO] [stdout] test archive::tests::accession_is_the_file_name_without_sra ... ok
[INFO] [stdout] test archive::tests::default_table_is_sequence_in_an_aligned_database ... ok
[INFO] [stdout] test archive::tests::default_table_is_sequence_without_a_consensus_table ... ok
[INFO] [stdout] test aligned::tests::test_target_chunk_size_scales_with_threads ... ok
[INFO] [stdout] test aligned::tests::test_work_items_are_coordinate_sorted ... ok
[INFO] [stdout] test archive::tests::accession_drops_lite_sra ... ok
[INFO] [stdout] test archive::tests::existing_local_file_is_made_absolute ... ok
[INFO] [stdout] test archive::tests::missing_local_file_is_passed_through_as_given ... ok
[INFO] [stdout] test archive::tests::other_extensions_are_kept ... ok
[INFO] [stdout] test archive::tests::accession_drops_the_version_of_a_downloaded_object ... ok
[INFO] [stdout] test archive::tests::default_table_is_consensus_in_a_native_long_read_database ... ok
[INFO] [stdout] test archive::tests::bare_accession_is_kept ... ok
[INFO] [stdout] test archive::tests::numeric_suffix_of_a_name_that_is_not_an_accession_is_kept ... ok
[INFO] [stdout] test aligned::tests::test_single_ref_single_chunk ... ok
[INFO] [stdout] test archive::tests::platform_names_follow_the_schema ... ok
[INFO] [stdout] test archive::tests::trailing_slash_is_ignored ... ok
[INFO] [stdout] test archive::tests::undefined_and_unknown_platforms_have_no_name ... ok
[INFO] [stdout] test archive::tests::url_query_is_dropped ... ok
[INFO] [stdout] test cli::tests::test_aligned_region ... ok
[INFO] [stdout] test cli::tests::test_cache_refs_single_accession ... ok
[INFO] [stdout] test cli::tests::test_cigar_and_formatting ... ok
[INFO] [stdout] test cli::tests::test_compression_flags ... ok
[INFO] [stdout] test cli::tests::test_fasta_fastq ... ok
[INFO] [stdout] test cli::tests::test_header_for_output_checks_order_only_for_coordinate_claims ... ok
[INFO] [stdout] test cli::tests::test_header_options ... ok
[INFO] [stdout] test cli::tests::test_header_for_output_demotes_only_unsorted_coordinate_claims ... ok
[INFO] [stdout] test cli::tests::test_min_mapq ... ok
[INFO] [stdout] test cli::tests::test_missing_accession_fails ... ok
[INFO] [stdout] test cli::tests::test_cache_refs_missing_accession_fails ... ok
[INFO] [stdout] test cli::tests::test_minimal_args ... ok
[INFO] [stdout] test cli::tests::test_bam_output_format ... ok
[INFO] [stdout] test cli::tests::test_cache_refs_multiple_accessions ... ok
[INFO] [stdout] test cli::tests::test_bam_with_several_accessions_is_rejected ... ok
[INFO] [stdout] test cli::tests::test_missing_subcommand_fails ... ok
[INFO] [stdout] test bgzf_writer::tests::dropped_writer_writes_no_eof_block ... ok
[INFO] [stdout] test cli::tests::test_multiple_accessions ... ok
[INFO] [stdout] test cli::tests::test_offline_flag ... ok
[INFO] [stdout] test bgzf_writer::tests::sink_error_is_reported_by_finish ... ok
[INFO] [stdout] test cli::tests::test_output_file ... ok
[INFO] [stdout] test aligned::tests::test_discover_runs_two_sorted_batches ... ok
[INFO] [stdout] test cli::tests::test_output_mode ... ok
[INFO] [stdout] test archive::tests::url_accession_is_the_last_path_segment ... ok
[INFO] [stdout] test bgzf_writer::tests::empty_output_is_just_the_eof_block ... ok
[INFO] [stdout] test cli::tests::test_primary_and_unaligned ... ok
[INFO] [stdout] test cli::tests::test_qual_quant_rejected_when_parsing ... ok
[INFO] [stdout] test cli::tests::test_threads ... ok
[INFO] [stdout] test cli::tests::test_output_that_is_an_input_archive_is_refused ... ok
[INFO] [stdout] test cli::tests::test_sam_with_several_accessions_needs_no_header ... ok
[INFO] [stdout] test cli::tests::test_pool_size_flag ... ok
[INFO] [stdout] test cli::tests::test_short_flags ... ok
[INFO] [stdout] test fastq::counts::tests::each_outcome_has_its_own_counter ... ok
[INFO] [stdout] test cli::tests::test_qual_quant ... ok
[INFO] [stdout] test cli::tests::test_pairs_partly_aligned_spots ... ok
[INFO] [stdout] test cli::tests::test_single_or_headerless_accessions_are_accepted ... ok
[INFO] [stdout] test cli::tests::test_qual_quant_parse_error_shows_cause ... ok
[INFO] [stdout] test fastq::counts::tests::empty_reads_are_not_counted ... ok
[INFO] [stdout] test fastq::counts::tests::merged_counts_are_the_sum_of_both ... ok
[INFO] [stdout] test fastq::counts::tests::total_bases_include_technical_reads ... ok
[INFO] [stdout] test fastq::defline::tests::dollar_at_the_end_is_an_error ... ok
[INFO] [stdout] test fastq::defline::tests::double_dollar_is_a_literal_dollar ... ok
[INFO] [stdout] test fastq::defline::tests::leading_at_sign_is_dropped ... ok
[INFO] [stdout] test fastq::defline::tests::empty_template_is_an_error ... ok
[INFO] [stdout] test fastq::counts::tests::reads_and_bases_are_counted_by_type_and_filter ... ok
[INFO] [stdout] test fastq::defline::tests::every_variable_is_substituted ... ok
[INFO] [stdout] test fastq::counts::tests::reads_of_dropped_spots_are_still_counted ... ok
[INFO] [stdout] test fastq::defline::tests::empty_spot_group_renders_as_nothing ... ok
[INFO] [stdout] test fastq::defline::tests::fasterq_dump_default_template_renders_as_it_does ... ok
[INFO] [stdout] test fastq::defline::tests::multibyte_text_after_a_dollar_is_an_error_not_a_panic ... ok
[INFO] [stdout] test fastq::defline::tests::leading_greater_than_sign_is_dropped ... ok
[INFO] [stdout] test fastq::defline::tests::line_break_is_an_error ... ok
[INFO] [stdout] test fastq::defline::tests::only_one_leading_at_sign_is_dropped ... ok
[INFO] [stdout] test fastq::defline::tests::spot_name_use_is_detected ... ok
[INFO] [stdout] test fastq::defline::tests::spot_name_falls_back_to_spot_id_when_there_is_none ... ok
[INFO] [stdout] test fastq::defline::tests::spot_group_use_is_detected ... ok
[INFO] [stdout] test fastq::counts::tests::nothing_written_hint_counts_spots_skipped_by_subsampling ... ok
[INFO] [stdout] test fastq::format::tests::qualities_above_93_are_clamped_to_tilde ... ok
[INFO] [stdout] test fastq::format::tests::read_length_variable_is_the_selected_read_length ... ok
[INFO] [stdout] test fastq::defline::tests::default_template_is_accession_dot_spot ... ok
[INFO] [stdout] test fastq::format::tests::fastq_record_has_a_bare_plus_line_and_phred_33_qualities ... ok
[INFO] [stdout] test fastq::format::tests::spot_name_and_group_come_from_the_spot ... ok
[INFO] [stdout] test fastq::counts::tests::merged_spots_skipped_by_subsampling_are_the_sum_of_both ... ok
[INFO] [stdout] test fastq::defline::tests::truncated_variable_is_an_error ... ok
[INFO] [stdout] test bgzf_writer::tests::output_is_identical_at_any_thread_count_or_write_size ... ok
[INFO] [stdout] test fastq::defline::tests::unknown_variable_is_an_error ... ok
[INFO] [stdout] test fastq::format::tests::fasta_record_has_no_qualities ... ok
[INFO] [stdout] test fastq::format::tests::record_holds_only_the_selected_read ... ok
[INFO] [stdout] test fastq::format::tests::records_append_to_the_buffer ... ok
[INFO] [stdout] test fastq::defline::tests::template_of_only_an_at_sign_is_an_error ... ok
[INFO] [stdout] test fastq::defline::tests::variable_directly_followed_by_text_is_recognised ... ok
[INFO] [stdout] test fastq::pipeline::tests::failed_run_writes_no_end_of_file_block ... ok
[INFO] [stdout] test bgzf_writer::tests::output_decompresses_to_the_input_and_ends_with_eof ... ok
[INFO] [stdout] test fastq::pipeline::tests::failed_run_leaves_existing_outputs_untouched ... ok
[INFO] [stdout] test fastq::pipeline::tests::bgzf_output_ends_with_the_end_of_file_block ... ok
[INFO] [stdout] test fastq::pipeline::tests::read_error_fails_the_run_with_that_error ... ok
[INFO] [stdout] test fastq::pipeline::tests::invalid_spot_fails_the_run ... ok
[INFO] [stdout] test fastq::pipeline::tests::counts_cover_every_spot_converted ... ok
[INFO] [stdout] test fastq::pipeline::tests::interleaved_output_holds_each_pairs_mates_in_turn ... ok
[INFO] [stdout] test fastq::pipeline::tests::fifo_output_is_written_in_place ... ok
[INFO] [stdout] test fastq::pipeline::tests::unwritable_later_output_fails_the_run_with_its_own_error ... ok
[INFO] [stdout] test fastq::pipeline::tests::unwritable_output_fails_the_run ... ok
[INFO] [stdout] test fastq::prefetch::tests::a_few_alignments_sharing_a_block_are_far_together ... ok
[INFO] [stdout] test fastq::prefetch::tests::batch_alignments_alone_in_their_block_are_far ... ok
[INFO] [stdout] test fastq::prefetch::tests::nothing_prefetched_finds_nothing ... ok
[INFO] [stdout] test fastq::pipeline::tests::each_batch_is_started_before_its_spots_are_read ... ok
[INFO] [stdout] test fastq::prefetch::tests::batch_alignments_in_a_crowded_block_are_not_far ... ok
[INFO] [stdout] test fastq::prefetch::tests::ids_not_prefetched_are_absent ... ok
[INFO] [stdout] test fastq::prefetch::tests::prefetched_reads_are_found_by_id_across_chunks ... ok
[INFO] [stdout] test fastq::prefetch::tests::unaligned_reads_are_never_far ... ok
[INFO] [stdout] test fastq::prefetch::tests::parallel_chunks_reports_an_error ... ok
[INFO] [stdout] test fastq::reader::tests::all_nul_text_becomes_empty ... ok
[INFO] [stdout] test fastq::prefetch::tests::parallel_chunks_keeps_item_order ... ok
[INFO] [stdout] test fastq::reader::tests::nul_padding_is_cut_from_text ... ok
[INFO] [stdout] test fastq::reader::tests::text_without_nul_is_unchanged ... ok
[INFO] [stdout] test fastq::spot::tests::empty_mate_is_absent_rather_than_too_short ... ok
[INFO] [stdout] test fastq::spot::tests::empty_first_mate_makes_the_second_an_orphan_numbered_two ... ok
[INFO] [stdout] test fastq::reader::tests::rna_charset_differs_from_dna_only_at_t ... ok
[INFO] [stdout] test fastq::pipeline::tests::spots_skipped_by_subsampling_are_never_read_but_are_counted ... ok
[INFO] [stdout] test fastq::spot::tests::empty_second_mate_makes_the_first_an_orphan_numbered_one ... ok
[INFO] [stdout] test fastq::spot::tests::empty_technical_read_counts_as_missing ... ok
[INFO] [stdout] test fastq::spot::tests::empty_third_biological_read_still_leaves_a_pair ... ok
[INFO] [stdout] test fastq::spot::tests::filtered_spot_is_reported_as_filtered_even_without_its_output ... ok
[INFO] [stdout] test fastq::spot::tests::forward_technical_read_is_not_biological ... ok
[INFO] [stdout] test fastq::spot::tests::mismatched_per_read_column_lengths_are_invalid ... ok
[INFO] [stdout] test fastq::spot::tests::mates_at_the_minimum_length_pass ... ok
[INFO] [stdout] test fastq::pipeline::tests::technical_reads_line_up_with_the_spots_written ... ok
[INFO] [stdout] test fastq::spot::tests::negative_read_start_is_invalid ... ok
[INFO] [stdout] test fastq::spot::tests::one_biological_read_is_unpaired ... ok
[INFO] [stdout] test fastq::prefetch::tests::parallel_chunks_threads_have_room_for_deep_library_stacks ... ok
[INFO] [stdout] test fastq::pipeline::tests::mates_go_to_their_outputs_in_spot_order ... ok
[INFO] [stdout] test fastq::pipeline::tests::only_the_requested_spots_are_converted ... ok
[INFO] [stdout] test fastq::pipeline::tests::subsampling_keeps_or_skips_each_spot_in_every_output_together ... ok
[INFO] [stdout] test fastq::spot::tests::missing_qualities_are_valid_when_not_read ... ok
[INFO] [stdout] test fastq::spot::tests::orientation_bits_do_not_hide_a_biological_read ... ok
[INFO] [stdout] test fastq::spot::tests::read_filter_values_match_the_schema ... ok
[INFO] [stdout] test fastq::spot::tests::pair_without_paired_output_is_unrouted ... ok
[INFO] [stdout] test fastq::spot::tests::read_qualities_are_empty_when_not_read ... ok
[INFO] [stdout] test fastq::spot::tests::rejected_technical_read_does_not_fail_the_spot ... ok
[INFO] [stdout] test fastq::spot::tests::read_filter_names_are_the_values_read_filter_takes ... ok
[INFO] [stdout] test fastq::spot::tests::short_technical_read_does_not_fail_the_spot ... ok
[INFO] [stdout] test fastq::spot::tests::qualities_shorter_than_the_bases_are_invalid ... ok
[INFO] [stdout] test fastq::spot::tests::read_start_outside_the_spot_is_invalid ... ok
[INFO] [stdout] test fastq::spot::tests::read_bases_and_qualities_come_from_the_read_start ... ok
[INFO] [stdout] test fastq::spot::tests::rejected_mate_is_kept_by_default ... ok
[INFO] [stdout] test fastq::spot::tests::rejected_mate_fails_the_whole_spot_when_reject_is_not_kept ... ok
[INFO] [stdout] test fastq::spot::tests::single_read_without_unpaired_output_is_unrouted ... ok
[INFO] [stdout] test fastq::spot::tests::read_lengths_not_summing_to_the_bases_are_invalid ... ok
[INFO] [stdout] test fastq::spot::tests::spot_with_only_empty_reads_has_no_bio_reads ... ok
[INFO] [stdout] test fastq::spot::tests::spot_with_only_technical_reads_has_no_bio_reads ... ok
[INFO] [stdout] test fastq::spot::tests::spot_with_the_expected_technical_reads_is_written ... ok
[INFO] [stdout] test fastq::spot::tests::technical_reads_are_numbered_among_non_empty_technical_slots ... ok
[INFO] [stdout] test fastq::spot::tests::technical_reads_are_skipped_when_numbering_mates ... ok
[INFO] [stdout] test fastq::spot::tests::short_mate_fails_the_whole_spot ... ok
[INFO] [stdout] test fastq::spot::tests::three_biological_reads_are_too_many ... ok
[INFO] [stdout] test fastq::spot::tests::technical_reads_are_not_checked_on_unrouted_spots ... ok
[INFO] [stdout] test fastq::spot::tests::two_biological_reads_are_a_pair ... ok
[INFO] [stdout] test fastq::spot::tests::well_formed_spot_is_valid ... ok
[INFO] [stdout] test fastq::subsample::tests::a_fraction_below_one_does_not_keep_all ... ok
[INFO] [stdout] test fastq::spot::tests::spot_with_fewer_technical_reads_than_expected_is_a_mismatch ... ok
[INFO] [stdout] test fastq::subsample::tests::a_fraction_of_one_keeps_every_spot ... ok
[INFO] [stdout] test fastq::subsample::tests::a_fraction_that_is_not_a_number_is_refused ... ok
[INFO] [stdout] test fastq::subsample::tests::about_the_fraction_of_a_range_of_large_spot_ids_is_kept ... ok
[INFO] [stdout] test fastq::spot::tests::unknown_read_filter_value_is_invalid ... ok
[INFO] [stdout] test fastq::subsample::tests::fractions_of_zero_or_less_are_refused ... ok
[INFO] [stdout] test fastq::subsample::tests::about_the_fraction_of_a_small_range_is_kept ... ok
[INFO] [stdout] test fastq::subsample::tests::the_same_seed_keeps_the_same_spots ... ok
[INFO] [stdout] test fastq::tests::compression_level_above_12_is_a_parse_error ... ok
[INFO] [stdout] test fastq::subsample::tests::a_smaller_fraction_keeps_a_subset_of_a_larger_ones_spots ... ok
[INFO] [stdout] test fastq::tests::every_spot_is_kept_by_default ... ok
[INFO] [stdout] test fastq::tests::gz_and_bgz_paths_are_bgzf_under_auto ... ok
[INFO] [stdout] test fastq::tests::interleaved_conflicts_with_r1 ... ok
[INFO] [stdout] test fastq::tests::invalid_defline_is_a_parse_error ... ok
[INFO] [stdout] test fastq::tests::min_spot_above_max_spot_is_refused ... ok
[INFO] [stdout] test fastq::tests::other_paths_and_stdout_are_plain_under_auto ... ok
[INFO] [stdout] test fastq::subsample::tests::neighbouring_spots_are_kept_independently ... ok
[INFO] [stdout] test fastq::tests::explicit_compression_applies_whatever_the_extension ... ok
[INFO] [stdout] test fastq::subsample::tests::about_the_fraction_of_spots_is_kept ... ok
[INFO] [stdout] test fastq::tests::output_hard_linked_to_the_input_is_refused ... ok
[INFO] [stdout] test fastq::tests::an_input_that_is_not_a_local_file_has_no_outputs_to_refuse ... ok
[INFO] [stdout] test fastq::tests::output_spelling_the_input_differently_is_refused ... ok
[INFO] [stdout] test fastq::tests::outputs_naming_the_same_file_are_refused ... ok
[INFO] [stdout] test fastq::tests::r1_requires_r2 ... ok
[INFO] [stdout] test fastq::tests::router_keeps_every_filter_by_default ... ok
[INFO] [stdout] test fastq::tests::router_keeps_only_the_filters_listed ... ok
[INFO] [stdout] test fastq::tests::r2_requires_r1 ... ok
[INFO] [stdout] test fastq::tests::some_biological_output_is_required ... ok
[INFO] [stdout] test fastq::tests::read_filter_takes_a_comma_separated_list ... ok
[INFO] [stdout] test fastq::subsample::tests::fractions_over_one_are_refused ... ok
[INFO] [stdout] test fastq::pipeline::tests::workers_have_room_for_deep_library_stacks ... ok
[INFO] [stdout] test fastq::tests::subsample_fraction_of_zero_is_refused ... ok
[INFO] [stdout] test fastq::tests::subsample_fraction_over_one_is_refused ... ok
[INFO] [stdout] test fastq::tests::subsample_fraction_and_seed_parse ... ok
[INFO] [stdout] test fastq::tests::the_same_path_twice_is_refused ... ok
[INFO] [stdout] test fastq::tests::technical_with_only_pairs_is_accepted ... ok
[INFO] [stdout] test fastq::tests::two_outputs_to_stdout_are_refused ... ok
[INFO] [stdout] test fastq::tests::zero_threads_is_a_parse_error ... ok
[INFO] [stdout] test fastq::tests::unpaired_alone_is_enough ... ok
[INFO] [stdout] test header::tests::test_add_missing_sq_lines_appends_after_last_sq ... ok
[INFO] [stdout] test fastq::tests::technical_with_both_pairs_and_unpaired_is_refused ... ok
[INFO] [stdout] test fastq::tests::technical_template_among_several_paths_is_refused ... ok
[INFO] [stdout] test header::tests::test_add_missing_sq_lines_matches_either_name_form ... ok
[INFO] [stdout] test fastq::tests::technical_can_be_repeated ... ok
[INFO] [stdout] test fastq::subsample::tests::fractions_up_to_one_are_accepted ... ok
[INFO] [stdout] test header::tests::test_add_missing_sq_lines_complete_header_unchanged ... ok
[INFO] [stdout] test header::tests::test_add_missing_sq_lines_without_sq_goes_after_hd ... ok
[INFO] [stdout] test fastq::subsample::tests::neighbouring_seeds_keep_spots_independently ... ok
[INFO] [stdout] test header::tests::test_add_name_aliases_maps_other_form_to_same_id ... ok
[INFO] [stdout] test header::tests::test_add_name_aliases_never_shadows_existing_name ... ok
[INFO] [stdout] test header::tests::test_generate_header_with_comments ... ok
[INFO] [stdout] test header::tests::test_demote_coordinate_sort_order ... ok
[INFO] [stdout] test fastq::tests::outputs_other_than_the_input_are_accepted ... ok
[INFO] [stdout] test fastq::tests::pairs_with_defaults_parse ... ok
[INFO] [stdout] test header::tests::test_demote_coordinate_sort_order_leaves_other_orders ... ok
[INFO] [stdout] test header::tests::test_empty_header_gets_newline ... ok
[INFO] [stdout] test header::tests::test_header_without_trailing_newline ... ok
[INFO] [stdout] test info::tests::biological_read_counts_are_annotated_with_where_fastq_sends_them ... ok
[INFO] [stdout] test info::tests::non_empty_reads_are_counted_by_filter ... ok
[INFO] [stdout] test info::tests::report_shows_the_archive_and_its_layout ... ok
[INFO] [stdout] test info::tests::slot_lengths_are_summarised_over_non_empty_reads ... ok
[INFO] [stdout] test info::tests::slot_types_are_biological_technical_or_mixed ... ok
[INFO] [stdout] test info::tests::report_shows_alignments_of_an_aligned_archive ... ok
[INFO] [stdout] test header::tests::test_header_file_is_read ... ok
[INFO] [stdout] test info::tests::many_spot_groups_are_truncated ... ok
[INFO] [stdout] test info::tests::qualities_mention_a_constant_value ... ok
[INFO] [stdout] test info::tests::report_shows_no_spot_range_for_an_empty_archive ... ok
[INFO] [stdout] test info::tests::spots_are_counted_by_biological_and_technical_reads ... ok
[INFO] [stdout] test matecache::tests::test_clear ... ok
[INFO] [stdout] test matecache::tests::test_take_missing ... ok
[INFO] [stdout] test matecache::tests::test_insert_and_take ... ok
[INFO] [stdout] test header::tests::test_header_file_missing_returns_error ... ok
[INFO] [stdout] test output::tests::test_existing_temp_path_is_not_followed_or_reused ... ok
[INFO] [stdout] test info::tests::spots_with_fewer_slots_count_only_the_slots_they_have ... ok
[INFO] [stdout] test output::tests::test_build_ref_name_to_id ... ok
[INFO] [stdout] test output::tests::test_parse_sq_lines ... ok
[INFO] [stdout] test output::tests::test_name_too_long_for_temp_suffix_is_written_in_place ... ok
[INFO] [stdout] test fastq::tests::outputs_of_a_run_stopped_early_are_not_written ... ok
[INFO] [stdout] test fastq::pipeline::tests::subsampled_output_is_identical_at_one_and_four_threads ... ok
[INFO] [stdout] test output::tests::test_directory_output_path_is_rejected_up_front ... ok
[INFO] [stdout] test output::tests::test_parse_sq_lines_empty ... ok
[INFO] [stdout] test output::tests::test_hard_linked_output_keeps_links ... ok
[INFO] [stdout] test output::tests::test_replacing_output_keeps_its_group ... ok
[INFO] [stdout] test output::tests::test_read_only_output_file_is_rejected_up_front ... ok
[INFO] [stdout] test output::tests::test_failed_rename_keeps_completed_output ... ok
[INFO] [stdout] test output::tests::test_file_output_appears_only_after_finish ... ok
[INFO] [stdout] test output::tests::test_write_bam_header ... ok
[INFO] [stdout] test output::tests::test_writing_to_dev_null_is_direct ... ok
[INFO] [stdout] test output::tests::test_symlinked_output_writes_through_link ... ok
[INFO] [stdout] test output::tests::test_finished_bzip2_output_is_complete ... ok
[INFO] [stdout] test output::tests::test_unfinished_output_keeps_existing_file ... ok
[INFO] [stdout] test output::tests::test_finished_bam_ends_with_bgzf_eof ... ok
[INFO] [stdout] test output::tests::test_writable_file_in_read_only_directory_is_written ... ok
[INFO] [stdout] test pending_file::tests::test_file_identity_follows_dangling_links_to_their_target ... ok
[INFO] [stdout] test pending_file::tests::test_refuse_overwriting_input ... ok
[INFO] [stdout] test pending_file::tests::test_second_output_with_the_same_temporary_name_is_refused ... ok
[INFO] [stdout] test pending_file::tests::test_file_identity ... ok
[INFO] [stdout] test pending_file::tests::test_is_ignored_reports_ignored_signals ... ok
[INFO] [stdout] test pending_file::tests::test_write_mode ... ok
[INFO] [stdout] test progress::tests::test_complete_emits_when_not_on_boundary ... ok
[INFO] [stdout] test progress::tests::test_complete_skips_when_on_boundary ... ok
[INFO] [stdout] test progress::tests::test_format_count_millions ... ok
[INFO] [stdout] test progress::tests::test_format_count_small ... ok
[INFO] [stdout] test progress::tests::test_format_count_zero ... ok
[INFO] [stdout] test output::tests::test_unfinished_output_leaves_no_file ... ok
[INFO] [stdout] test progress::tests::test_format_duration_exact_minute ... ok
[INFO] [stdout] test progress::tests::test_format_duration_hour_and_minutes ... ok
[INFO] [stdout] test output::tests::test_text_sink_finish_reports_trailer_write_error ... ok
[INFO] [stdout] test progress::tests::test_format_count_thousand ... ok
[INFO] [stdout] test progress::tests::test_format_duration_minutes_and_seconds ... ok
[INFO] [stdout] test progress::tests::test_format_rate_zero_duration ... ok
[INFO] [stdout] test progress::tests::test_record_crosses_interval ... ok
[INFO] [stdout] test progress::tests::test_record_crosses_multiple_intervals ... ok
[INFO] [stdout] test progress::tests::test_format_duration_exact_hour ... ok
[INFO] [stdout] test progress::tests::test_format_rate_fast ... ok
[INFO] [stdout] test progress::tests::test_format_rate_slow ... ok
[INFO] [stdout] test progress::tests::test_format_duration_zero ... ok
[INFO] [stdout] test progress::tests::test_zero_interval_record_does_not_panic ... ok
[INFO] [stdout] test progress::tests::test_reference_done_increments ... ok
[INFO] [stdout] test progress::tests::test_zero_interval_complete_emits ... ok
[INFO] [stdout] test progress::tests::test_format_duration_seconds ... ok
[INFO] [stdout] test quality::tests::test_parse_accepts_limits ... ok
[INFO] [stdout] test quality::tests::test_parse_explicit_values ... ok
[INFO] [stdout] test progress::tests::test_record_no_log_before_interval ... ok
[INFO] [stdout] test quality::tests::test_parse_averages_ranges ... ok
[INFO] [stdout] test quality::tests::test_average_phred_within_range ... ok
[INFO] [stdout] test quality::tests::test_parse_identity_outside_ranges ... ok
[INFO] [stdout] test quality::tests::test_parse_ranges_in_any_order_with_whitespace ... ok
[INFO] [stdout] test quality::tests::test_parse_rejects::case_02_empty_range ... ok
[INFO] [stdout] test quality::tests::test_parse_rejects::case_04_bad_low ... ok
[INFO] [stdout] test quality::tests::test_parse_readme_examples ... ok
[INFO] [stdout] test quality::tests::test_parse_rejects::case_01_empty_spec ... ok
[INFO] [stdout] test quality::tests::test_parse_rejects::case_05_negative_low ... ok
[INFO] [stdout] test quality::tests::test_parse_rejects::case_03_no_colon ... ok
[INFO] [stdout] test quality::tests::test_parse_rejects::case_06_bad_high ... ok
[INFO] [stdout] test quality::tests::test_parse_rejects::case_07_bad_value ... ok
[INFO] [stdout] test quality::tests::test_parse_rejects::case_12_value_above_93 ... ok
[INFO] [stdout] test quality::tests::test_parse_rejects::case_08_missing_value ... ok
[INFO] [stdout] test quality::tests::test_parse_rejects::case_14_overlapping_out_of_order ... ok
[INFO] [stdout] test quality::tests::test_parse_rejects::case_15_same_range_twice ... ok
[INFO] [stdout] test quality::tests::test_parse_rejects::case_09_empty_bounds ... ok
[INFO] [stdout] test quality::tests::test_parse_rejects::case_13_overlapping ... ok
[INFO] [stdout] test quality::tests::test_quantize_phred ... ok
[INFO] [stdout] test quality::tests::test_parse_rejects::case_11_high_above_94 ... ok
[INFO] [stdout] test quality::tests::test_parse_rejects::case_10_reversed_bounds ... ok
[INFO] [stdout] test quality::tests::test_quantize_phred33 ... ok
[INFO] [stdout] test quality::tests::test_parse_rejects_sam_dump_spec ... ok
[INFO] [stdout] test record::tests::test_aligned_qual_quant ... ok
[INFO] [stdout] test record::tests::test_aligned_record_bam_structure ... ok
[INFO] [stdout] test record::tests::test_aligned_record_basic ... ok
[INFO] [stdout] test record::tests::test_aligned_record_read_filter_reject ... ok
[INFO] [stdout] test record::tests::test_aligned_record_with_mate_cache ... ok
[INFO] [stdout] test record::tests::test_aligned_fasta ... ok
[INFO] [stdout] test record::tests::test_aligned_record_tags ... ok
[INFO] [stdout] test record::tests::test_aligned_fastq ... ok
[INFO] [stdout] test record::tests::test_aligned_omit_quality ... ok
[INFO] [stdout] test record::tests::test_aligned_record_with_prefix_and_spot_group ... ok
[INFO] [stdout] test record::tests::test_apply_read_filter ... ok
[INFO] [stdout] test record::tests::test_base_to_bam_codes ... ok
[INFO] [stdout] test record::tests::test_cigar_ref_length_all_ref_consuming ... ok
[INFO] [stdout] test record::tests::test_cigar_ref_length_non_ref_only ... ok
[INFO] [stdout] test record::tests::test_cigar_ref_length_simple ... ok
[INFO] [stdout] test record::tests::test_encode_sequence_odd_length ... ok
[INFO] [stdout] test quality::tests::test_parse_single_quality_range ... ok
[INFO] [stdout] test record::tests::test_encode_sequence_single_base ... ok
[INFO] [stdout] test record::tests::test_complement ... ok
[INFO] [stdout] test record::tests::test_encode_sequence_even_length ... ok
[INFO] [stdout] test record::tests::test_reg2bin_unmapped_convention ... ok
[INFO] [stdout] test record::tests::test_pair_with_unaligned_mate::case_2_mate_not_written ... ok
[INFO] [stdout] test record::tests::test_parse_cigar_to_bam ... ok
[INFO] [stdout] test record::tests::test_parse_cigar_to_bam_all_ops ... ok
[INFO] [stdout] test record::tests::test_reg2bin_small_region ... ok
[INFO] [stdout] test record::tests::test_reg2bin_wider_region ... ok
[INFO] [stdout] test record::tests::test_strip_paired_flags ... ok
[INFO] [stdout] test record::tests::test_unaligned_fastq ... ok
[INFO] [stdout] test record::tests::test_unaligned_qname_with_spot_group::case_1_sam ... ok
[INFO] [stdout] test record::tests::test_unaligned_fasta ... ok
[INFO] [stdout] test record::tests::test_unaligned_omit_quality ... ok
[INFO] [stdout] test record::tests::test_unaligned_fastx_ignores_reverse::case_2_fastq ... ok
[INFO] [stdout] test record::tests::test_unaligned_qname_with_spot_group::case_3_fasta ... ok
[INFO] [stdout] test record::tests::test_unaligned_qname_with_spot_group::case_4_fastq ... ok
[INFO] [stdout] test record::tests::test_unaligned_qual_quant ... ok
[INFO] [stdout] test record::tests::test_unaligned_qname_with_spot_group::case_2_bam ... ok
[INFO] [stdout] test record::tests::test_unaligned_record_bam_mate::case_1_reference_with_id ... ok
[INFO] [stdout] test record::tests::test_unaligned_record_bam_mate::case_2_reference_without_id ... ok
[INFO] [stdout] test record::tests::test_unaligned_record_bam_structure ... ok
[INFO] [stdout] test record::tests::test_unaligned_record_basic ... ok
[INFO] [stdout] test record::tests::test_unaligned_record_paired::case_1_neither_aligned_first ... ok
[INFO] [stdout] test record::tests::test_unaligned_record_paired::case_2_neither_aligned_last ... ok
[INFO] [stdout] test record::tests::test_unaligned_record_paired::case_3_mate_typed_reverse ... ok
[INFO] [stdout] test record::tests::test_unaligned_record_paired::case_4_mate_aligned_first ... ok
[INFO] [stdout] test record::tests::test_unaligned_record_paired::case_5_mate_aligned_last ... ok
[INFO] [stdout] test record::tests::test_unaligned_record_paired::case_6_mate_aligned_reverse ... ok
[INFO] [stdout] test record::tests::test_unaligned_record_reverse_bam::case_1_reverse ... ok
[INFO] [stdout] test record::tests::test_unaligned_record_reverse_bam::case_3_no_orientation ... ok
[INFO] [stdout] test record::tests::test_unaligned_record_reverse_bam::case_2_forward ... ok
[INFO] [stdout] test record::tests::test_unaligned_record_reverse_bam::case_4_reverse_without_option ... ok
[INFO] [stdout] test record::tests::test_unaligned_fastx_ignores_reverse::case_1_fasta ... ok
[INFO] [stdout] test record::tests::test_unaligned_record_reverse_iupac ... ok
[INFO] [stdout] test record::tests::test_unaligned_record_reverse_iupac_bam ... ok
[INFO] [stdout] test record::tests::test_unaligned_record_reverse_rna ... ok
[INFO] [stdout] test record::tests::test_unaligned_record_reverse_sam::case_1_reverse ... ok
[INFO] [stdout] test record::tests::test_unaligned_record_reverse_sam::case_2_forward ... ok
[INFO] [stdout] test record::tests::test_unaligned_record_reverse_sam::case_3_no_orientation ... ok
[INFO] [stdout] test record::tests::test_unaligned_record_reverse_sam::case_4_reverse_without_option ... ok
[INFO] [stdout] test record::tests::test_unaligned_record_rna_bam::case_1_reversed ... ok
[INFO] [stdout] test record::tests::test_unaligned_record_rna_bam::case_2_as_stored ... ok
[INFO] [stdout] test record::tests::test_unaligned_reverse_qual_quant_bam ... ok
[INFO] [stdout] test record::tests::test_unaligned_reverse_qual_quant_sam ... ok
[INFO] [stdout] test record::tests::test_unmapped_rnext_pnext ... ok
[INFO] [stdout] test record::tests::test_write_bam_tag_i64_large ... ok
[INFO] [stdout] test record::tests::test_write_bam_tag_i64_small ... ok
[INFO] [stdout] test record::tests::test_write_bam_tag_str ... ok
[INFO] [stdout] test record::tests::test_write_bam_tag_u32_byte ... ok
[INFO] [stdout] test record::tests::test_write_bam_tag_u32_int ... ok
[INFO] [stdout] test record::tests::test_write_qname_variants ... ok
[INFO] [stdout] test refstore::tests::charset_maps_common_codes ... ok
[INFO] [stdout] test refstore::tests::charset_maps_every_code_including_iupac ... ok
[INFO] [stdout] test refstore::tests::charset_masks_high_bits ... ok
[INFO] [stdout] test record::tests::test_write_bam_tag_u32_short ... ok
[INFO] [stdout] test refstore::tests::locate_offsets_by_whole_rows_from_the_reference_start ... ok
[INFO] [stdout] test refstore::tests::locate_without_a_row_length_uses_the_offset_as_the_position ... ok
[INFO] [stdout] test refstore::tests::merged_stores_hold_every_reference ... ok
[INFO] [stdout] test cli::tests::test_unopenable_accession_leaves_existing_output_file_untouched ... ok
[INFO] [stdout] test refstore::tests::reference_rows_find_the_reference_covering_a_row ... ok
[INFO] [stdout] test refstore::tests::reference_rows_outside_every_range_have_no_reference ... ok
[INFO] [stdout] test refstore::tests::split_by_length_balances_total_length ... ok
[INFO] [stdout] test refstore::tests::split_by_length_makes_no_more_groups_than_references ... ok
[INFO] [stdout] test output::tests::test_replacing_output_keeps_its_permissions ... ok
[INFO] [stdout] test refstore::tests::window_at_or_past_end_is_empty_not_error ... ok
[INFO] [stdout] test refstore::tests::window_in_range_borrows ... ok
[INFO] [stdout] test refstore::tests::split_by_length_of_nothing_is_empty ... ok
[INFO] [stdout] test refstore::tests::window_len::case_3 ... ok
[INFO] [stdout] test refstore::tests::window_errors ... ok
[INFO] [stdout] test refstore::tests::window_len::case_2 ... ok
[INFO] [stdout] test refstore::tests::window_len::case_4 ... ok
[INFO] [stdout] test refstore::tests::window_len::case_5 ... ok
[INFO] [stdout] test refstore::tests::window_rejects_wrap_longer_than_reference ... ok
[INFO] [stdout] test refstore::tests::window_truncates_at_end_when_not_wrapping ... ok
[INFO] [stdout] test refstore::tests::window_wraps_when_circular_or_local ... ok
[INFO] [stdout] test refstore::tests::window_wraps_from_position_at_or_past_end ... ok
[INFO] [stdout] test restore_read::tests::aligned_and_unaligned_reads_are_spliced_in_slot_order ... ok
[INFO] [stdout] test refstore::tests::window_len::case_1 ... ok
[INFO] [stdout] test restore_read::tests::all_zero_tests_every_byte ... ok
[INFO] [stdout] test restore_read::tests::errors_without_mismatch::case_1_length_mismatch ... ok
[INFO] [stdout] test output::tests::test_finished_gzip_output_is_complete ... ok
[INFO] [stdout] test restore_read::tests::complement_follows_the_4na_bit_reversal ... ok
[INFO] [stdout] test restore_read::tests::forward_aligned_read_is_copied ... ok
[INFO] [stdout] test restore_read::tests::mismatch_exhausted ... ok
[INFO] [stdout] test restore_read::tests::ploidy_two_resets_reference_index ... ok
[INFO] [stdout] test restore_read::tests::reconstructs::case_1_all_match_4m ... ok
[INFO] [stdout] test restore_read::tests::reconstructs::case_2_single_mismatch ... ok
[INFO] [stdout] test restore_read::tests::errors_without_mismatch::case_2_ref_offset_exhausted ... ok
[INFO] [stdout] test restore_read::tests::reconstructs::case_3_left_soft_clip_2s2m ... ok
[INFO] [stdout] test restore_read::tests::reconstructs::case_5_deletion_2m2d2m ... ok
[INFO] [stdout] test record::tests::test_pair_with_unaligned_mate::case_1_mate_written ... ok
[INFO] [stdout] test restore_read::tests::reconstructs::case_6_right_soft_clip_2m2s ... ok
[INFO] [stdout] test restore_read::tests::reconstructs::case_8_dot_for_4na_zero ... ok
[INFO] [stdout] test restore_read::tests::reconstructs::case_9_empty_read ... ok
[INFO] [stdout] test restore_read::tests::reverse_aligned_read_is_reverse_complemented ... ok
[INFO] [stdout] test restore_read::tests::spot_of_unaligned_reads_is_cmp_read ... ok
[INFO] [stdout] test restore_read::tests::ungapped_mismatches_are_patched_at_their_flags ... ok
[INFO] [stdout] test restore_read::tests::reconstructs::case_7_bi_negative_skips_hro ... ok
[INFO] [stdout] test restore_read::tests::reconstructs::case_4_insertion_2m1i2m ... ok
[INFO] [stdout] test restore_read::tests::ungapped_read_reuses_the_output_buffer ... ok
[INFO] [stdout] test restore_read::tests::errors_without_mismatch::case_4_ref_index_past_end ... ok
[INFO] [stdout] test restore_read::tests::ungapped_read_without_mismatches_is_the_reference_window ... ok
[INFO] [stdout] test restore_read::tests::ungapped_read_shorter_than_its_window_takes_the_first_bases ... ok
[INFO] [stdout] test unaligned::tests::parallel_conversion_matches_serial_conversion_on_an_aligned_archive ... ok
[INFO] [stdout] test refstore::tests::loaders_open_the_archive_once_and_match_a_one_thread_preload ... FAILED
[INFO] [stdout] test restore_read::tests::aligned_read_of_the_wrong_length_is_an_error ... ok
[INFO] [stdout] test unaligned::tests::test_pairing_of_a_read_whose_mate_is_not_looked_up ... ok
[INFO] [stdout] test restore_read::tests::cmp_read_too_short_for_the_unaligned_reads_is_an_error ... ok
[INFO] [stdout] test restore_read::tests::aligned_read_without_an_orientation_is_an_error ... ok
[INFO] [stdout] test unaligned::tests::test_pairing_of_unaligned_mates ... ok
[INFO] [stdout] test restore_read::tests::ungapped_read_reports_mismatch_shortage_at_its_flag ... ok
[INFO] [stdout] test unaligned::tests::test_reads_to_emit ... ok
[INFO] [stdout] test unaligned::tests::test_template_place_of_three_reads ... ok
[INFO] [stdout] test unaligned::tests::test_selection_visits_listed_spots_once_each ... ok
[INFO] [stdout] test unaligned::tests::test_unaligned_read_offsets_when_cmp_read_holds_every_base ... ok
[INFO] [stdout] test restore_read::tests::errors_without_mismatch::case_3_ref_index_negative ... ok
[INFO] [stdout] test unaligned::tests::test_template_place_skips_technical_reads ... ok
[INFO] [stdout] test unaligned::tests::test_unaligned_read_offsets_fail_when_cmp_read_is_short ... ok
[INFO] [stdout] test pending_file::tests::test_failed_commit_all_keeps_the_outputs_it_did_not_rename ... ok
[INFO] [stdout] test unaligned::tests::test_unaligned_read_offsets_skip_aligned_reads ... ok
[INFO] [stdout] test unaligned::tests::test_template_place_of_a_pair ... ok
[INFO] [stdout] test unaligned::tests::parallel_conversion_from_cmp_read_matches_serial_conversion_from_read ... FAILED
[INFO] [stdout] test unaligned::tests::test_selection_keeps_only_mates_of_listed_alignments ... ok
[INFO] [stdout] test pending_file::tests::test_commit_all_renames_every_output ... ok
[INFO] [stdout] test fastq::pipeline::tests::bgzf_output_decompresses_to_the_plain_output ... ok
[INFO] [stdout] test output::tests::test_temp_file_is_tracked_for_signal_cleanup_until_finished ... ok
[INFO] [stdout] test fastq::pipeline::tests::output_bytes_are_the_same_at_any_thread_count ... ok
[INFO] [stdout] test fastq::pipeline::tests::closed_pipe_stops_the_run_early_without_error ... ok
[INFO] [stdout] test aligned::tests::test_discover_runs_varied_batch_layouts ... ok
[INFO] [stdout] 
[INFO] [stdout] failures:
[INFO] [stdout] 
[INFO] [stdout] ---- refstore::tests::loaders_open_the_archive_once_and_match_a_one_thread_preload stdout ----
[INFO] [stdout] 
[INFO] [stdout] thread 'refstore::tests::loaders_open_the_archive_once_and_match_a_one_thread_preload' (12300) panicked at src/refstore.rs:597:25:
[INFO] [stdout] called `Result::unwrap()` on an `Err` value: VDB error (rc=0x9be50398, mod=19, tgt=31, ctx=20, obj=14, state=24)
[INFO] [stdout] 
[INFO] [stdout] Stack backtrace:
[INFO] [stdout]    0: <anyhow::Error as core::convert::From<fg_sra_vdb::error::VdbError>>::from
[INFO] [stdout]    1: fg_sra::refstore::tests::loaders_open_the_archive_once_and_match_a_one_thread_preload::{closure#0}
[INFO] [stdout]    2: <fg_sra::refstore::tests::loaders_open_the_archive_once_and_match_a_one_thread_preload::{closure#0} as core::ops::function::FnOnce<()>>::call_once
[INFO] [stdout]    3: test::__rust_begin_short_backtrace::<core::result::Result<(), alloc::string::String>, fn() -> core::result::Result<(), alloc::string::String>>
[INFO] [stdout]    4: test::run_test::{closure#0}
[INFO] [stdout]    5: std::sys::backtrace::__rust_begin_short_backtrace::<test::run_test::{closure#1}, ()>
[INFO] [stdout]    6: <std::thread::lifecycle::spawn_unchecked<test::run_test::{closure#1}, ()>::{closure#1} as core::ops::function::FnOnce<()>>::call_once::{shim:vtable#0}
[INFO] [stdout]    7: <std::sys::thread::unix::Thread>::new::thread_start
[INFO] [stdout]    8: <unknown>
[INFO] [stdout]    9: clone
[INFO] [stdout] stack backtrace:
[INFO] [stdout]    0:     0x643c5a5b73c1 - <<std[617be2ca0a6fd877]::sys::backtrace::BacktraceLock>::print::DisplayBacktrace as core[a373ad73a504971]::fmt::Display>::fmt
[INFO] [stdout]    1:     0x643c5a5cefaa - core[a373ad73a504971]::fmt::write
[INFO] [stdout]    2:     0x643c5a5bcf5c - <alloc[2e1b2a31b91974c5]::vec::Vec<u8> as core[a373ad73a504971]::io::write::Write>::write_fmt
[INFO] [stdout]    3:     0x643c5a58f156 - std[617be2ca0a6fd877]::panicking::default_hook::{closure#0}
[INFO] [stdout]    4:     0x643c5a5ad349 - std[617be2ca0a6fd877]::panicking::default_hook
[INFO] [stdout]    5:     0x643c5a2a1020 - test[aada8e7e76ba119b]::test_main_inner::{closure#0}
[INFO] [stdout]    6:     0x643c5a5ad672 - std[617be2ca0a6fd877]::panicking::panic_with_hook
[INFO] [stdout]    7:     0x643c5a58f202 - std[617be2ca0a6fd877]::panicking::panic_handler::{closure#0}
[INFO] [stdout]    8:     0x643c5a5874d9 - std[617be2ca0a6fd877]::sys::backtrace::__rust_end_short_backtrace::<std[617be2ca0a6fd877]::panicking::panic_handler::{closure#0}, !>
[INFO] [stdout]    9:     0x643c5a59031d - __rustc[ea4f61d10b84890b]::rust_begin_unwind
[INFO] [stdout]   10:     0x643c5a5cf6dc - core[a373ad73a504971]::panicking::panic_fmt
[INFO] [stdout]   11:     0x643c5a5cf4b2 - core[a373ad73a504971]::result::unwrap_failed
[INFO] [stdout]   12:     0x643c5a16e228 - <fg_sra[d21e54de01e24e59]::refstore::tests::loaders_open_the_archive_once_and_match_a_one_thread_preload::{closure#0} as core[a373ad73a504971]::ops::function::FnOnce<()>>::call_once
[INFO] [stdout]   13:     0x643c5a29446b - test[aada8e7e76ba119b]::__rust_begin_short_backtrace::<core[a373ad73a504971]::result::Result<(), alloc[2e1b2a31b91974c5]::string::String>, fn() -> core[a373ad73a504971]::result::Result<(), alloc[2e1b2a31b91974c5]::string::String>>
[INFO] [stdout]   14:     0x643c5a2a1645 - test[aada8e7e76ba119b]::run_test::{closure#0}
[INFO] [stdout]   15:     0x643c5a29af34 - std[617be2ca0a6fd877]::sys::backtrace::__rust_begin_short_backtrace::<test[aada8e7e76ba119b]::run_test::{closure#1}, ()>
[INFO] [stdout]   16:     0x643c5a2a46d2 - <std[617be2ca0a6fd877]::thread::lifecycle::spawn_unchecked<test[aada8e7e76ba119b]::run_test::{closure#1}, ()>::{closure#1} as core[a373ad73a504971]::ops::function::FnOnce<()>>::call_once::{shim:vtable#0}
[INFO] [stdout]   17:     0x643c5a5b638f - <std[617be2ca0a6fd877]::sys::thread::unix::Thread>::new::thread_start
[INFO] [stdout]   18:     0x7847dabb9dfa - <unknown>
[INFO] [stdout]   19:     0x7847dac4d3d4 - clone
[INFO] [stdout]   20:                0x0 - <unknown>
[INFO] [stdout] 
[INFO] [stdout] ---- unaligned::tests::parallel_conversion_from_cmp_read_matches_serial_conversion_from_read stdout ----
[INFO] [stdout] 
[INFO] [stdout] thread 'unaligned::tests::parallel_conversion_from_cmp_read_matches_serial_conversion_from_read' (12350) panicked at src/unaligned.rs:888:48:
[INFO] [stdout] called `Result::unwrap()` on an `Err` value: Rc(2615477144)
[INFO] [stdout] stack backtrace:
[INFO] [stdout]    0:     0x643c5a5b73c1 - <<std[617be2ca0a6fd877]::sys::backtrace::BacktraceLock>::print::DisplayBacktrace as core[a373ad73a504971]::fmt::Display>::fmt
[INFO] [stdout]    1:     0x643c5a5cefaa - core[a373ad73a504971]::fmt::write
[INFO] [stdout]    2:     0x643c5a5bcf5c - <alloc[2e1b2a31b91974c5]::vec::Vec<u8> as core[a373ad73a504971]::io::write::Write>::write_fmt
[INFO] [stdout]    3:     0x643c5a58f156 - std[617be2ca0a6fd877]::panicking::default_hook::{closure#0}
[INFO] [stdout]    4:     0x643c5a5ad349 - std[617be2ca0a6fd877]::panicking::default_hook
[INFO] [stdout]    5:     0x643c5a2a1020 - test[aada8e7e76ba119b]::test_main_inner::{closure#0}
[INFO] [stdout]    6:     0x643c5a5ad672 - std[617be2ca0a6fd877]::panicking::panic_with_hook
[INFO] [stdout]    7:     0x643c5a58f202 - std[617be2ca0a6fd877]::panicking::panic_handler::{closure#0}
[INFO] [stdout]    8:     0x643c5a5874d9 - std[617be2ca0a6fd877]::sys::backtrace::__rust_end_short_backtrace::<std[617be2ca0a6fd877]::panicking::panic_handler::{closure#0}, !>
[INFO] [stdout]    9:     0x643c5a59031d - __rustc[ea4f61d10b84890b]::rust_begin_unwind
[INFO] [stdout]   10:     0x643c5a5cf6dc - core[a373ad73a504971]::panicking::panic_fmt
[INFO] [stdout]   11:     0x643c5a5cf4b2 - core[a373ad73a504971]::result::unwrap_failed
[INFO] [stdout]   12:     0x643c5a171019 - fg_sra[d21e54de01e24e59]::unaligned::tests::convert_archive::<fg_sra[d21e54de01e24e59]::unaligned::tests::serial_and_parallel::{closure#0}::{closure#0}>
[INFO] [stdout]   13:     0x643c5a1cea76 - <[bool; 2usize]>::try_map::<core[a373ad73a504971]::ops::try_trait::NeverShortCircuit<(alloc[2e1b2a31b91974c5]::vec::Vec<u8>, alloc[2e1b2a31b91974c5]::vec::Vec<u8>)>, <core[a373ad73a504971]::ops::try_trait::NeverShortCircuit<(alloc[2e1b2a31b91974c5]::vec::Vec<u8>, alloc[2e1b2a31b91974c5]::vec::Vec<u8>)>>::wrap_mut_1<bool, fg_sra[d21e54de01e24e59]::unaligned::tests::serial_and_parallel::{closure#0}>::{closure#0}>
[INFO] [stdout]   14:     0x643c5a181590 - <fg_sra[d21e54de01e24e59]::unaligned::tests::parallel_conversion_from_cmp_read_matches_serial_conversion_from_read::{closure#0} as core[a373ad73a504971]::ops::function::FnOnce<()>>::call_once
[INFO] [stdout]   15:     0x643c5a29446b - test[aada8e7e76ba119b]::__rust_begin_short_backtrace::<core[a373ad73a504971]::result::Result<(), alloc[2e1b2a31b91974c5]::string::String>, fn() -> core[a373ad73a504971]::result::Result<(), alloc[2e1b2a31b91974c5]::string::String>>
[INFO] [stdout]   16:     0x643c5a2a1645 - test[aada8e7e76ba119b]::run_test::{closure#0}
[INFO] [stdout]   17:     0x643c5a29af34 - std[617be2ca0a6fd877]::sys::backtrace::__rust_begin_short_backtrace::<test[aada8e7e76ba119b]::run_test::{closure#1}, ()>
[INFO] [stdout]   18:     0x643c5a2a46d2 - <std[617be2ca0a6fd877]::thread::lifecycle::spawn_unchecked<test[aada8e7e76ba119b]::run_test::{closure#1}, ()>::{closure#1} as core[a373ad73a504971]::ops::function::FnOnce<()>>::call_once::{shim:vtable#0}
[INFO] [stdout]   19:     0x643c5a5b638f - <std[617be2ca0a6fd877]::sys::thread::unix::Thread>::new::thread_start
[INFO] [stdout]   20:     0x7847dabb9dfa - <unknown>
[INFO] [stdout]   21:     0x7847dac4d3d4 - clone
[INFO] [stdout]   22:                0x0 - <unknown>
[INFO] [stdout] 
[INFO] [stdout] 
[INFO] [stdout] failures:
[INFO] [stdout]     refstore::tests::loaders_open_the_archive_once_and_match_a_one_thread_preload
[INFO] [stdout]     unaligned::tests::parallel_conversion_from_cmp_read_matches_serial_conversion_from_read
[INFO] [stdout] 
[INFO] [stdout] test result: FAILED. 508 passed; 2 failed; 0 ignored; 0 measured; 0 filtered out; finished in 1.27s
[INFO] [stdout] 
[INFO] [stderr] error: test failed, to rerun pass `--bin fg-sra`
[INFO] running `Command { std: "docker" "inspect" "cc7093132c6cd44db43694d5dcc768829a6bcccd7d5acd0a37cbb553503d34ac", kill_on_drop: false }`
[INFO] running `Command { std: "docker" "rm" "-f" "cc7093132c6cd44db43694d5dcc768829a6bcccd7d5acd0a37cbb553503d34ac", kill_on_drop: false }`
[INFO] [stdout] cc7093132c6cd44db43694d5dcc768829a6bcccd7d5acd0a37cbb553503d34ac
