[INFO] fetching crate fg-sra-vdb 0.2.0...
[INFO] testing fg-sra-vdb-0.2.0 against 1.100.0-beta.1+cargoflags=--release for beta-release-1.100-2
[INFO] extracting crate fg-sra-vdb 0.2.0 into /workspace/builds/worker-4-tc2/source
[INFO] started tweaking crates.io crate fg-sra-vdb 0.2.0
[INFO] removed 0 missing tests
[INFO] finished tweaking crates.io crate fg-sra-vdb 0.2.0
[INFO] tweaked toml for crates.io crate fg-sra-vdb 0.2.0 written to /workspace/builds/worker-4-tc2/source/Cargo.toml
[INFO] validating manifest of crates.io crate fg-sra-vdb 0.2.0 on toolchain 1.100.0-beta.1
[INFO] running `Command { std: CARGO_HOME="/workspace/cargo-home" RUSTUP_HOME="/workspace/rustup-home" "/workspace/cargo-home/bin/cargo" "+1.100.0-beta.1" "metadata" "--manifest-path" "Cargo.toml" "--no-deps", kill_on_drop: false }`
[INFO] crate crates.io crate fg-sra-vdb 0.2.0 already has a lockfile, it will not be regenerated
[INFO] running `Command { std: CARGO_HOME="/workspace/cargo-home" RUSTUP_HOME="/workspace/rustup-home" "/workspace/cargo-home/bin/cargo" "+1.100.0-beta.1" "fetch" "--manifest-path" "Cargo.toml", kill_on_drop: false }`
[INFO] running `Command { std: "docker" "create" "-v" "/var/lib/crater-agent-workspace/builds/worker-4-tc2/source:/opt/rustwide/workdir:ro,Z" "-v" "/var/lib/crater-agent-workspace/builds/worker-4-tc2/target:/opt/rustwide/target:rw,Z" "-v" "/var/lib/crater-agent-workspace/cargo-home:/opt/rustwide/cargo-home:ro,Z" "-v" "/var/lib/crater-agent-workspace/rustup-home:/opt/rustwide/rustup-home:ro,Z" "-m" "1610612736" "--network" "none" "ghcr.io/rust-lang/crates-build-env/linux@sha256:77db811e55d90add9212f6832c23229e3de5f1c1f9905e8cb07319ea15df73ac" "sleep" "infinity", kill_on_drop: false }`
[INFO] [stdout] ff5fa3c361a692daf2b6ba591fd46e10557332c283658547020413607b710149
[INFO] running `Command { std: "docker" "start" "ff5fa3c361a692daf2b6ba591fd46e10557332c283658547020413607b710149", kill_on_drop: false }`
[INFO] running `Command { std: "docker" "inspect" "ff5fa3c361a692daf2b6ba591fd46e10557332c283658547020413607b710149", kill_on_drop: false }`
[INFO] running `Command { std: "docker" "exec" "-e" "SOURCE_DIR=/opt/rustwide/workdir" "-e" "CARGO_HOME=/opt/rustwide/cargo-home" "-e" "RUSTUP_HOME=/opt/rustwide/rustup-home" "-e" "CARGO_TARGET_DIR=/opt/rustwide/target" "-w" "/opt/rustwide/workdir" "--user" "0:0" "ff5fa3c361a692daf2b6ba591fd46e10557332c283658547020413607b710149" "/opt/rustwide/cargo-home/bin/cargo" "+1.100.0-beta.1" "metadata" "--no-deps" "--format-version=1", kill_on_drop: false }`
[INFO] running `Command { std: "docker" "inspect" "ff5fa3c361a692daf2b6ba591fd46e10557332c283658547020413607b710149", kill_on_drop: false }`
[INFO] running `Command { std: "docker" "exec" "-e" "SOURCE_DIR=/opt/rustwide/workdir" "-e" "CARGO_HOME=/opt/rustwide/cargo-home" "-e" "RUSTUP_HOME=/opt/rustwide/rustup-home" "-e" "CARGO_TARGET_DIR=/opt/rustwide/target" "-e" "CARGO_INCREMENTAL=0" "-e" "RUST_BACKTRACE=full" "-e" "RUSTFLAGS=--cap-lints=warn" "-e" "RUSTDOCFLAGS=--cap-lints=warn" "-w" "/opt/rustwide/workdir" "--user" "0:0" "ff5fa3c361a692daf2b6ba591fd46e10557332c283658547020413607b710149" "/opt/rustwide/cargo-home/bin/cargo" "+1.100.0-beta.1" "build" "--frozen" "--message-format=json" "--release", kill_on_drop: false }`
[INFO] [stderr]    Compiling quote v1.0.47
[INFO] [stderr]    Compiling glob v0.3.4
[INFO] [stderr]    Compiling prettyplease v0.3.0
[INFO] [stderr]    Compiling cfg-if v1.0.4
[INFO] [stderr]    Compiling regex-syntax v0.8.11
[INFO] [stderr]    Compiling minimal-lexical v0.2.1
[INFO] [stderr]    Compiling find-msvc-tools v0.1.11
[INFO] [stderr]    Compiling bindgen v0.73.2
[INFO] [stderr]    Compiling rustc-hash v2.1.3
[INFO] [stderr]    Compiling bitflags v2.13.1
[INFO] [stderr]    Compiling libc v0.2.189
[INFO] [stderr]    Compiling libloading v0.8.9
[INFO] [stderr]    Compiling nom v7.1.3
[INFO] [stderr]    Compiling cc v1.4.4
[INFO] [stderr]    Compiling syn v3.0.4
[INFO] [stderr]    Compiling clang-sys v1.9.1
[INFO] [stderr]    Compiling regex-automata v0.4.18
[INFO] [stderr]    Compiling cmake v0.1.58
[INFO] [stderr]    Compiling cexpr v0.6.0
[INFO] [stderr]    Compiling regex v1.13.1
[INFO] [stderr]    Compiling fg-sra-vdb-sys v0.2.0
[INFO] [stderr]    Compiling fg-sra-vdb v0.2.0 (/opt/rustwide/workdir)
[INFO] [stderr] warning: unused dependency `anyhow`
[INFO] [stderr]  --> Cargo.toml:1:15
[INFO] [stderr]   |
[INFO] [stderr] 1 | [dependencies.anyhow]
[INFO] [stderr]   |               ^^^^^^^
[INFO] [stderr]   |
[INFO] [stderr]   = note: `cargo::unused_dependencies` is set to `warn` by default
[INFO] [stderr] help: consider removing the dependency on `anyhow`
[INFO] [stderr] warning: `fg-sra-vdb` (manifest) generated 1 warning
[INFO] [stderr]     Finished `release` profile [optimized] target(s) in 2m 32s
[INFO] running `Command { std: "docker" "inspect" "ff5fa3c361a692daf2b6ba591fd46e10557332c283658547020413607b710149", kill_on_drop: false }`
[INFO] running `Command { std: "docker" "exec" "-e" "SOURCE_DIR=/opt/rustwide/workdir" "-e" "CARGO_HOME=/opt/rustwide/cargo-home" "-e" "RUSTUP_HOME=/opt/rustwide/rustup-home" "-e" "CARGO_TARGET_DIR=/opt/rustwide/target" "-e" "CARGO_INCREMENTAL=0" "-e" "RUST_BACKTRACE=full" "-e" "RUSTFLAGS=--cap-lints=warn" "-e" "RUSTDOCFLAGS=--cap-lints=warn" "-w" "/opt/rustwide/workdir" "--user" "0:0" "ff5fa3c361a692daf2b6ba591fd46e10557332c283658547020413607b710149" "/opt/rustwide/cargo-home/bin/cargo" "+1.100.0-beta.1" "test" "--frozen" "--no-run" "--message-format=json" "--release", kill_on_drop: false }`
[INFO] [stderr]    Compiling fg-sra-vdb v0.2.0 (/opt/rustwide/workdir)
[INFO] [stderr] warning: unused dependency `anyhow`
[INFO] [stderr]  --> Cargo.toml:1:15
[INFO] [stderr]   |
[INFO] [stderr] 1 | [dependencies.anyhow]
[INFO] [stderr]   |               ^^^^^^^
[INFO] [stderr]   |
[INFO] [stderr]   = note: `cargo::unused_dependencies` is set to `warn` by default
[INFO] [stderr] help: consider removing the dependency on `anyhow`
[INFO] [stderr] warning: `fg-sra-vdb` (manifest) generated 1 warning
[INFO] [stderr]     Finished `release` profile [optimized] target(s) in 1.78s
[INFO] running `Command { std: "docker" "inspect" "ff5fa3c361a692daf2b6ba591fd46e10557332c283658547020413607b710149", kill_on_drop: false }`
[INFO] running `Command { std: "docker" "exec" "-e" "SOURCE_DIR=/opt/rustwide/workdir" "-e" "CARGO_HOME=/opt/rustwide/cargo-home" "-e" "RUSTUP_HOME=/opt/rustwide/rustup-home" "-e" "CARGO_TARGET_DIR=/opt/rustwide/target" "-e" "CARGO_INCREMENTAL=0" "-e" "RUST_BACKTRACE=full" "-e" "RUSTFLAGS=--cap-lints=warn" "-e" "RUSTDOCFLAGS=--cap-lints=warn" "-w" "/opt/rustwide/workdir" "--user" "0:0" "ff5fa3c361a692daf2b6ba591fd46e10557332c283658547020413607b710149" "/opt/rustwide/cargo-home/bin/cargo" "+1.100.0-beta.1" "test" "--frozen" "--release", kill_on_drop: false }`
[INFO] [stderr] warning: unused dependency `anyhow`
[INFO] [stderr]  --> Cargo.toml:1:15
[INFO] [stderr]   |
[INFO] [stderr] 1 | [dependencies.anyhow]
[INFO] [stderr]   |               ^^^^^^^
[INFO] [stderr]   |
[INFO] [stderr]   = note: `cargo::unused_dependencies` is set to `warn` by default
[INFO] [stderr] help: consider removing the dependency on `anyhow`
[INFO] [stderr] warning: `fg-sra-vdb` (manifest) generated 1 warning
[INFO] [stderr]     Finished `release` profile [optimized] target(s) in 0.06s
[INFO] [stderr]      Running unittests src/lib.rs (/opt/rustwide/target/release/build/fg-sra-vdb/53b3b003d7e8fdf1/out/fg_sra_vdb-53b3b003d7e8fdf1)
[INFO] [stdout] 
[INFO] [stdout] running 34 tests
[INFO] [stdout] test cursor::tests::blob_without_the_row_read_is_refused ... ok
[INFO] [stdout] test error::tests::test_check_rc_ok ... ok
[INFO] [stdout] test error::tests::test_error_fields ... ok
[INFO] [stdout] test error::tests::test_error_is_done ... ok
[INFO] [stdout] test error::tests::test_is_network_error_true ... ok
[INFO] [stdout] test error::tests::test_is_network_error_invalid_nul_byte ... ok
[INFO] [stdout] test error::tests::test_path_to_cstring_refuses_percent ... ok
[INFO] [stdout] test error::tests::test_to_cstring ... ok
[INFO] [stdout] test cursor::tests::blob_rows_run_from_the_first_row_for_the_count_given ... ok
[INFO] [stdout] test error::tests::test_is_network_error_specific_rc ... ok
[INFO] [stdout] test cursor::tests::check_elem_bits_rejects_narrower_cell ... ok
[INFO] [stdout] test cursor::tests::check_elem_bits_rejects_wider_cell ... ok
[INFO] [stdout] test error::tests::test_is_network_error_done_not_network ... ok
[INFO] [stdout] test error::tests::test_is_network_error_false ... ok
[INFO] [stdout] test error::tests::test_elem_bits_mismatch ... ok
[INFO] [stdout] test cursor::tests::check_elem_bits_accepts_matching_width ... ok
[INFO] [stdout] test error::tests::test_invalid_nul_byte ... ok
[INFO] [stdout] test error::tests::test_error_is_not_found ... ok
[INFO] [stdout] test error::tests::test_check_rc_err ... ok
[INFO] [stdout] test error::tests::test_error_other_states_are_not_not_found ... ok
[INFO] [stdout] test iterator::tests::test_check_rc_done_success ... ok
[INFO] [stdout] test iterator::tests::test_check_rc_done_done ... ok
[INFO] [stdout] test retry::tests::test_non_network_error_not_retried ... ok
[INFO] [stdout] test iterator::tests::test_check_rc_done_error ... ok
[INFO] [stdout] test retry::tests::test_succeeds_on_first_try ... ok
[INFO] [stdout] test iterator::tests::test_align_id_src_values ... ok
[INFO] [stdout] test manager::tests::negative_path_type_is_a_bad_path ... ok
[INFO] [stdout] test manager::tests::plain_directory_is_other ... ok
[INFO] [stdout] test manager::tests::table_reached_through_a_symlink_is_still_a_table ... ok
[INFO] [stdout] test manager::tests::database_path_type_is_recognised ... ok
[INFO] [stdout] test manager::tests::databases_outliving_their_managers_can_be_released_on_several_threads_at_once ... FAILED
[INFO] [stdout] test manager::tests::managers_can_be_made_and_released_on_several_threads_at_once ... ok
[INFO] [stdout] test retry::tests::test_succeeds_after_two_failures ... ok
[INFO] [stdout] test retry::tests::test_exhausts_all_retries ... ok
[INFO] [stdout] 
[INFO] [stdout] failures:
[INFO] [stdout] 
[INFO] [stdout] ---- manager::tests::databases_outliving_their_managers_can_be_released_on_several_threads_at_once stdout ----
[INFO] [stdout] 
[INFO] [stdout] thread '<unnamed>' (4986) panicked at src/manager.rs:213:70:
[INFO] [stdout] called `Result::unwrap()` on an `Err` value: Rc(2615477144)
[INFO] [stdout] stack backtrace:
[INFO] [stdout]    0:     0x59847d332321 - <<std[617be2ca0a6fd877]::sys::backtrace::BacktraceLock>::print::DisplayBacktrace as core[a373ad73a504971]::fmt::Display>::fmt
[INFO] [stdout]    1:     0x59847d34654a - core[a373ad73a504971]::fmt::write
[INFO] [stdout]    2:     0x59847d33658c - <alloc[2e1b2a31b91974c5]::vec::Vec<u8> as core[a373ad73a504971]::io::write::Write>::write_fmt
[INFO] [stdout]    3:     0x59847d30e316 - std[617be2ca0a6fd877]::panicking::default_hook::{closure#0}
[INFO] [stdout]    4:     0x59847d32a6e9 - std[617be2ca0a6fd877]::panicking::default_hook
[INFO] [stdout]    5:     0x59847d2c6b80 - test[aada8e7e76ba119b]::test_main_inner::{closure#0}
[INFO] [stdout]    6:     0x59847d32aa12 - std[617be2ca0a6fd877]::panicking::panic_with_hook
[INFO] [stdout]    7:     0x59847d30e3c2 - std[617be2ca0a6fd877]::panicking::panic_handler::{closure#0}
[INFO] [stdout]    8:     0x59847d3070d9 - std[617be2ca0a6fd877]::sys::backtrace::__rust_end_short_backtrace::<std[617be2ca0a6fd877]::panicking::panic_handler::{closure#0}, !>
[INFO] [stdout]    9:     0x59847d30efcd - __rustc[ea4f61d10b84890b]::rust_begin_unwind
[INFO] [stdout]   10:     0x59847d346c7c - core[a373ad73a504971]::panicking::panic_fmt
[INFO] [stdout]   11:     0x59847d346a52 - core[a373ad73a504971]::result::unwrap_failed
[INFO] [stdout]   12:     0x59847d09a467 - std[617be2ca0a6fd877]::sys::backtrace::__rust_begin_short_backtrace::<fg_sra_vdb[c985f5421c13d236]::manager::tests::databases_outliving_their_managers_can_be_released_on_several_threads_at_once::{closure#0}::{closure#0}, ()>
[INFO] [stdout]   13:     0x59847d09c5ff - <std[617be2ca0a6fd877]::thread::lifecycle::spawn_unchecked<fg_sra_vdb[c985f5421c13d236]::manager::tests::databases_outliving_their_managers_can_be_released_on_several_threads_at_once::{closure#0}::{closure#0}, ()>::{closure#1} as core[a373ad73a504971]::ops::function::FnOnce<()>>::call_once::{shim:vtable#0}
[INFO] [stdout]   14:     0x59847d331b6f - <std[617be2ca0a6fd877]::sys::thread::unix::Thread>::new::thread_start
[INFO] [stdout]   15:     0x7d6c73192dfa - <unknown>
[INFO] [stdout]   16:     0x7d6c732263d4 - clone
[INFO] [stdout]   17:                0x0 - <unknown>
[INFO] [stdout] 
[INFO] [stdout] thread '<unnamed>' (4987) panicked at src/manager.rs:213:70:
[INFO] [stdout] called `Result::unwrap()` on an `Err` value: Rc(2615477144)
[INFO] [stdout] stack backtrace:
[INFO] [stdout]    0:     0x59847d332321 - <<std[617be2ca0a6fd877]::sys::backtrace::BacktraceLock>::print::DisplayBacktrace as core[a373ad73a504971]::fmt::Display>::fmt
[INFO] [stdout]    1:     0x59847d34654a - core[a373ad73a504971]::fmt::write
[INFO] [stdout]    2:     0x59847d33658c - <alloc[2e1b2a31b91974c5]::vec::Vec<u8> as core[a373ad73a504971]::io::write::Write>::write_fmt
[INFO] [stdout]    3:     0x59847d30e316 - std[617be2ca0a6fd877]::panicking::default_hook::{closure#0}
[INFO] [stdout]    4:     0x59847d32a6e9 - std[617be2ca0a6fd877]::panicking::default_hook
[INFO] [stdout]    5:     0x59847d2c6b80 - test[aada8e7e76ba119b]::test_main_inner::{closure#0}
[INFO] [stdout]    6:     0x59847d32aa12 - std[617be2ca0a6fd877]::panicking::panic_with_hook
[INFO] [stdout]    7:     0x59847d30e3c2 - std[617be2ca0a6fd877]::panicking::panic_handler::{closure#0}
[INFO] [stdout]    8:     0x59847d3070d9 - std[617be2ca0a6fd877]::sys::backtrace::__rust_end_short_backtrace::<std[617be2ca0a6fd877]::panicking::panic_handler::{closure#0}, !>
[INFO] [stdout]    9:     0x59847d30efcd - __rustc[ea4f61d10b84890b]::rust_begin_unwind
[INFO] [stdout]   10:     0x59847d346c7c - core[a373ad73a504971]::panicking::panic_fmt
[INFO] [stdout]   11:     0x59847d346a52 - core[a373ad73a504971]::result::unwrap_failed
[INFO] [stdout]   12:     0x59847d09a467 - std[617be2ca0a6fd877]::sys::backtrace::__rust_begin_short_backtrace::<fg_sra_vdb[c985f5421c13d236]::manager::tests::databases_outliving_their_managers_can_be_released_on_several_threads_at_once::{closure#0}::{closure#0}, ()>
[INFO] [stdout]   13:     0x59847d09c5ff - <std[617be2ca0a6fd877]::thread::lifecycle::spawn_unchecked<fg_sra_vdb[c985f5421c13d236]::manager::tests::databases_outliving_their_managers_can_be_released_on_several_threads_at_once::{closure#0}::{closure#0}, ()>::{closure#1} as core[a373ad73a504971]::ops::function::FnOnce<()>>::call_once::{shim:vtable#0}
[INFO] [stdout]   14:     0x59847d331b6f - <std[617be2ca0a6fd877]::sys::thread::unix::Thread>::new::thread_start
[INFO] [stdout]   15:     0x7d6c73192dfa - <unknown>
[INFO] [stdout]   16:     0x7d6c732263d4 - clone
[INFO] [stdout]   17:                0x0 - <unknown>
[INFO] [stdout] 
[INFO] [stdout] thread '<unnamed>' (4990) panicked at src/manager.rs:213:70:
[INFO] [stdout] called `Result::unwrap()` on an `Err` value: Rc(2615477144)
[INFO] [stdout] stack backtrace:
[INFO] [stdout]    0:     0x59847d332321 - <<std[617be2ca0a6fd877]::sys::backtrace::BacktraceLock>::print::DisplayBacktrace as core[a373ad73a504971]::fmt::Display>::fmt
[INFO] [stdout]    1:     0x59847d34654a - core[a373ad73a504971]::fmt::write
[INFO] [stdout]    2:     0x59847d33658c - <alloc[2e1b2a31b91974c5]::vec::Vec<u8> as core[a373ad73a504971]::io::write::Write>::write_fmt
[INFO] [stdout]    3:     0x59847d30e316 - std[617be2ca0a6fd877]::panicking::default_hook::{closure#0}
[INFO] [stdout]    4:     0x59847d32a6e9 - std[617be2ca0a6fd877]::panicking::default_hook
[INFO] [stdout]    5:     0x59847d2c6b80 - test[aada8e7e76ba119b]::test_main_inner::{closure#0}
[INFO] [stdout]    6:     0x59847d32aa12 - std[617be2ca0a6fd877]::panicking::panic_with_hook
[INFO] [stdout]    7:     0x59847d30e3c2 - std[617be2ca0a6fd877]::panicking::panic_handler::{closure#0}
[INFO] [stdout]    8:     0x59847d3070d9 - std[617be2ca0a6fd877]::sys::backtrace::__rust_end_short_backtrace::<std[617be2ca0a6fd877]::panicking::panic_handler::{closure#0}, !>
[INFO] [stdout]    9:     0x59847d30efcd - __rustc[ea4f61d10b84890b]::rust_begin_unwind
[INFO] [stdout]   10:     0x59847d346c7c - core[a373ad73a504971]::panicking::panic_fmt
[INFO] [stdout]   11:     0x59847d346a52 - core[a373ad73a504971]::result::unwrap_failed
[INFO] [stdout]   12:     0x59847d09a467 - std[617be2ca0a6fd877]::sys::backtrace::__rust_begin_short_backtrace::<fg_sra_vdb[c985f5421c13d236]::manager::tests::databases_outliving_their_managers_can_be_released_on_several_threads_at_once::{closure#0}::{closure#0}, ()>
[INFO] [stdout]   13:     0x59847d09c5ff - <std[617be2ca0a6fd877]::thread::lifecycle::spawn_unchecked<fg_sra_vdb[c985f5421c13d236]::manager::tests::databases_outliving_their_managers_can_be_released_on_several_threads_at_once::{closure#0}::{closure#0}, ()>::{closure#1} as core[a373ad73a504971]::ops::function::FnOnce<()>>::call_once::{shim:vtable#0}
[INFO] [stdout]   14:     0x59847d331b6f - <std[617be2ca0a6fd877]::sys::thread::unix::Thread>::new::thread_start
[INFO] [stdout]   15:     0x7d6c73192dfa - <unknown>
[INFO] [stdout]   16:     0x7d6c732263d4 - clone
[INFO] [stdout]   17:                0x0 - <unknown>
[INFO] [stdout] 
[INFO] [stdout] thread '<unnamed>' (4992) panicked at src/manager.rs:213:70:
[INFO] [stdout] called `Result::unwrap()` on an `Err` value: Rc(2615477144)
[INFO] [stdout] stack backtrace:
[INFO] [stdout]    0:     0x59847d332321 - <<std[617be2ca0a6fd877]::sys::backtrace::BacktraceLock>::print::DisplayBacktrace as core[a373ad73a504971]::fmt::Display>::fmt
[INFO] [stdout]    1:     0x59847d34654a - core[a373ad73a504971]::fmt::write
[INFO] [stdout]    2:     0x59847d33658c - <alloc[2e1b2a31b91974c5]::vec::Vec<u8> as core[a373ad73a504971]::io::write::Write>::write_fmt
[INFO] [stdout]    3:     0x59847d30e316 - std[617be2ca0a6fd877]::panicking::default_hook::{closure#0}
[INFO] [stdout]    4:     0x59847d32a6e9 - std[617be2ca0a6fd877]::panicking::default_hook
[INFO] [stdout]    5:     0x59847d2c6b80 - test[aada8e7e76ba119b]::test_main_inner::{closure#0}
[INFO] [stdout]    6:     0x59847d32aa12 - std[617be2ca0a6fd877]::panicking::panic_with_hook
[INFO] [stdout]    7:     0x59847d30e3c2 - std[617be2ca0a6fd877]::panicking::panic_handler::{closure#0}
[INFO] [stdout]    8:     0x59847d3070d9 - std[617be2ca0a6fd877]::sys::backtrace::__rust_end_short_backtrace::<std[617be2ca0a6fd877]::panicking::panic_handler::{closure#0}, !>
[INFO] [stdout]    9:     0x59847d30efcd - __rustc[ea4f61d10b84890b]::rust_begin_unwind
[INFO] [stdout]   10:     0x59847d346c7c - core[a373ad73a504971]::panicking::panic_fmt
[INFO] [stdout]   11:     0x59847d346a52 - core[a373ad73a504971]::result::unwrap_failed
[INFO] [stdout]   12:     0x59847d09a467 - std[617be2ca0a6fd877]::sys::backtrace::__rust_begin_short_backtrace::<fg_sra_vdb[c985f5421c13d236]::manager::tests::databases_outliving_their_managers_can_be_released_on_several_threads_at_once::{closure#0}::{closure#0}, ()>
[INFO] [stdout]   13:     0x59847d09c5ff - <std[617be2ca0a6fd877]::thread::lifecycle::spawn_unchecked<fg_sra_vdb[c985f5421c13d236]::manager::tests::databases_outliving_their_managers_can_be_released_on_several_threads_at_once::{closure#0}::{closure#0}, ()>::{closure#1} as core[a373ad73a504971]::ops::function::FnOnce<()>>::call_once::{shim:vtable#0}
[INFO] [stdout]   14:     0x59847d331b6f - <std[617be2ca0a6fd877]::sys::thread::unix::Thread>::new::thread_start
[INFO] [stdout]   15:     0x7d6c73192dfa - <unknown>
[INFO] [stdout]   16:     0x7d6c732263d4 - clone
[INFO] [stdout]   17:                0x0 - <unknown>
[INFO] [stdout] 
[INFO] [stdout] thread '<unnamed>' (4989) panicked at src/manager.rs:213:70:
[INFO] [stdout] called `Result::unwrap()` on an `Err` value: Rc(2615477144)
[INFO] [stdout] stack backtrace:
[INFO] [stdout]    0:     0x59847d332321 - <<std[617be2ca0a6fd877]::sys::backtrace::BacktraceLock>::print::DisplayBacktrace as core[a373ad73a504971]::fmt::Display>::fmt
[INFO] [stdout]    1:     0x59847d34654a - core[a373ad73a504971]::fmt::write
[INFO] [stdout]    2:     0x59847d33658c - <alloc[2e1b2a31b91974c5]::vec::Vec<u8> as core[a373ad73a504971]::io::write::Write>::write_fmt
[INFO] [stdout]    3:     0x59847d30e316 - std[617be2ca0a6fd877]::panicking::default_hook::{closure#0}
[INFO] [stdout]    4:     0x59847d32a6e9 - std[617be2ca0a6fd877]::panicking::default_hook
[INFO] [stdout]    5:     0x59847d2c6b80 - test[aada8e7e76ba119b]::test_main_inner::{closure#0}
[INFO] [stdout]    6:     0x59847d32aa12 - std[617be2ca0a6fd877]::panicking::panic_with_hook
[INFO] [stdout]    7:     0x59847d30e3c2 - std[617be2ca0a6fd877]::panicking::panic_handler::{closure#0}
[INFO] [stdout]    8:     0x59847d3070d9 - std[617be2ca0a6fd877]::sys::backtrace::__rust_end_short_backtrace::<std[617be2ca0a6fd877]::panicking::panic_handler::{closure#0}, !>
[INFO] [stdout]    9:     0x59847d30efcd - __rustc[ea4f61d10b84890b]::rust_begin_unwind
[INFO] [stdout]   10:     0x59847d346c7c - core[a373ad73a504971]::panicking::panic_fmt
[INFO] [stdout]   11:     0x59847d346a52 - core[a373ad73a504971]::result::unwrap_failed
[INFO] [stdout]   12:     0x59847d09a467 - std[617be2ca0a6fd877]::sys::backtrace::__rust_begin_short_backtrace::<fg_sra_vdb[c985f5421c13d236]::manager::tests::databases_outliving_their_managers_can_be_released_on_several_threads_at_once::{closure#0}::{closure#0}, ()>
[INFO] [stdout]   13:     0x59847d09c5ff - <std[617be2ca0a6fd877]::thread::lifecycle::spawn_unchecked<fg_sra_vdb[c985f5421c13d236]::manager::tests::databases_outliving_their_managers_can_be_released_on_several_threads_at_once::{closure#0}::{closure#0}, ()>::{closure#1} as core[a373ad73a504971]::ops::function::FnOnce<()>>::call_once::{shim:vtable#0}
[INFO] [stdout]   14:     0x59847d331b6f - <std[617be2ca0a6fd877]::sys::thread::unix::Thread>::new::thread_start
[INFO] [stdout]   15:     0x7d6c73192dfa - <unknown>
[INFO] [stdout]   16:     0x7d6c732263d4 - clone
[INFO] [stdout]   17:                0x0 - <unknown>
[INFO] [stdout] 
[INFO] [stdout] thread '<unnamed>' (4991) panicked at src/manager.rs:213:70:
[INFO] [stdout] called `Result::unwrap()` on an `Err` value: Rc(2615477144)
[INFO] [stdout] stack backtrace:
[INFO] [stdout]    0:     0x59847d332321 - <<std[617be2ca0a6fd877]::sys::backtrace::BacktraceLock>::print::DisplayBacktrace as core[a373ad73a504971]::fmt::Display>::fmt
[INFO] [stdout]    1:     0x59847d34654a - core[a373ad73a504971]::fmt::write
[INFO] [stdout]    2:     0x59847d33658c - <alloc[2e1b2a31b91974c5]::vec::Vec<u8> as core[a373ad73a504971]::io::write::Write>::write_fmt
[INFO] [stdout]    3:     0x59847d30e316 - std[617be2ca0a6fd877]::panicking::default_hook::{closure#0}
[INFO] [stdout]    4:     0x59847d32a6e9 - std[617be2ca0a6fd877]::panicking::default_hook
[INFO] [stdout]    5:     0x59847d2c6b80 - test[aada8e7e76ba119b]::test_main_inner::{closure#0}
[INFO] [stdout]    6:     0x59847d32aa12 - std[617be2ca0a6fd877]::panicking::panic_with_hook
[INFO] [stdout]    7:     0x59847d30e3c2 - std[617be2ca0a6fd877]::panicking::panic_handler::{closure#0}
[INFO] [stdout]    8:     0x59847d3070d9 - std[617be2ca0a6fd877]::sys::backtrace::__rust_end_short_backtrace::<std[617be2ca0a6fd877]::panicking::panic_handler::{closure#0}, !>
[INFO] [stdout]    9:     0x59847d30efcd - __rustc[ea4f61d10b84890b]::rust_begin_unwind
[INFO] [stdout]   10:     0x59847d346c7c - core[a373ad73a504971]::panicking::panic_fmt
[INFO] [stdout]   11:     0x59847d346a52 - core[a373ad73a504971]::result::unwrap_failed
[INFO] [stdout]   12:     0x59847d09a467 - std[617be2ca0a6fd877]::sys::backtrace::__rust_begin_short_backtrace::<fg_sra_vdb[c985f5421c13d236]::manager::tests::databases_outliving_their_managers_can_be_released_on_several_threads_at_once::{closure#0}::{closure#0}, ()>
[INFO] [stdout]   13:     0x59847d09c5ff - <std[617be2ca0a6fd877]::thread::lifecycle::spawn_unchecked<fg_sra_vdb[c985f5421c13d236]::manager::tests::databases_outliving_their_managers_can_be_released_on_several_threads_at_once::{closure#0}::{closure#0}, ()>::{closure#1} as core[a373ad73a504971]::ops::function::FnOnce<()>>::call_once::{shim:vtable#0}
[INFO] [stdout]   14:     0x59847d331b6f - <std[617be2ca0a6fd877]::sys::thread::unix::Thread>::new::thread_start
[INFO] [stdout]   15:     0x7d6c73192dfa - <unknown>
[INFO] [stdout]   16:     0x7d6c732263d4 - clone
[INFO] [stdout]   17:                0x0 - <unknown>
[INFO] [stdout] 
[INFO] [stdout] thread '<unnamed>' (4993) panicked at src/manager.rs:213:70:
[INFO] [stdout] called `Result::unwrap()` on an `Err` value: Rc(2615477144)
[INFO] [stdout] stack backtrace:
[INFO] [stdout]    0:     0x59847d332321 - <<std[617be2ca0a6fd877]::sys::backtrace::BacktraceLock>::print::DisplayBacktrace as core[a373ad73a504971]::fmt::Display>::fmt
[INFO] [stdout]    1:     0x59847d34654a - core[a373ad73a504971]::fmt::write
[INFO] [stdout]    2:     0x59847d33658c - <alloc[2e1b2a31b91974c5]::vec::Vec<u8> as core[a373ad73a504971]::io::write::Write>::write_fmt
[INFO] [stdout]    3:     0x59847d30e316 - std[617be2ca0a6fd877]::panicking::default_hook::{closure#0}
[INFO] [stdout]    4:     0x59847d32a6e9 - std[617be2ca0a6fd877]::panicking::default_hook
[INFO] [stdout]    5:     0x59847d2c6b80 - test[aada8e7e76ba119b]::test_main_inner::{closure#0}
[INFO] [stdout]    6:     0x59847d32aa12 - std[617be2ca0a6fd877]::panicking::panic_with_hook
[INFO] [stdout]    7:     0x59847d30e3c2 - std[617be2ca0a6fd877]::panicking::panic_handler::{closure#0}
[INFO] [stdout]    8:     0x59847d3070d9 - std[617be2ca0a6fd877]::sys::backtrace::__rust_end_short_backtrace::<std[617be2ca0a6fd877]::panicking::panic_handler::{closure#0}, !>
[INFO] [stdout]    9:     0x59847d30efcd - __rustc[ea4f61d10b84890b]::rust_begin_unwind
[INFO] [stdout]   10:     0x59847d346c7c - core[a373ad73a504971]::panicking::panic_fmt
[INFO] [stdout]   11:     0x59847d346a52 - core[a373ad73a504971]::result::unwrap_failed
[INFO] [stdout]   12:     0x59847d09a467 - std[617be2ca0a6fd877]::sys::backtrace::__rust_begin_short_backtrace::<fg_sra_vdb[c985f5421c13d236]::manager::tests::databases_outliving_their_managers_can_be_released_on_several_threads_at_once::{closure#0}::{closure#0}, ()>
[INFO] [stdout]   13:     0x59847d09c5ff - <std[617be2ca0a6fd877]::thread::lifecycle::spawn_unchecked<fg_sra_vdb[c985f5421c13d236]::manager::tests::databases_outliving_their_managers_can_be_released_on_several_threads_at_once::{closure#0}::{closure#0}, ()>::{closure#1} as core[a373ad73a504971]::ops::function::FnOnce<()>>::call_once::{shim:vtable#0}
[INFO] [stdout]   14:     0x59847d331b6f - <std[617be2ca0a6fd877]::sys::thread::unix::Thread>::new::thread_start
[INFO] [stdout]   15:     0x7d6c73192dfa - <unknown>
[INFO] [stdout]   16:     0x7d6c732263d4 - clone
[INFO] [stdout]   17:                0x0 - <unknown>
[INFO] [stdout] 
[INFO] [stdout] thread '<unnamed>' (4988) panicked at src/manager.rs:213:70:
[INFO] [stdout] called `Result::unwrap()` on an `Err` value: Rc(2615477144)
[INFO] [stdout] stack backtrace:
[INFO] [stdout]    0:     0x59847d332321 - <<std[617be2ca0a6fd877]::sys::backtrace::BacktraceLock>::print::DisplayBacktrace as core[a373ad73a504971]::fmt::Display>::fmt
[INFO] [stdout]    1:     0x59847d34654a - core[a373ad73a504971]::fmt::write
[INFO] [stdout]    2:     0x59847d33658c - <alloc[2e1b2a31b91974c5]::vec::Vec<u8> as core[a373ad73a504971]::io::write::Write>::write_fmt
[INFO] [stdout]    3:     0x59847d30e316 - std[617be2ca0a6fd877]::panicking::default_hook::{closure#0}
[INFO] [stdout]    4:     0x59847d32a6e9 - std[617be2ca0a6fd877]::panicking::default_hook
[INFO] [stdout]    5:     0x59847d2c6b80 - test[aada8e7e76ba119b]::test_main_inner::{closure#0}
[INFO] [stdout]    6:     0x59847d32aa12 - std[617be2ca0a6fd877]::panicking::panic_with_hook
[INFO] [stdout]    7:     0x59847d30e3c2 - std[617be2ca0a6fd877]::panicking::panic_handler::{closure#0}
[INFO] [stdout]    8:     0x59847d3070d9 - std[617be2ca0a6fd877]::sys::backtrace::__rust_end_short_backtrace::<std[617be2ca0a6fd877]::panicking::panic_handler::{closure#0}, !>
[INFO] [stdout]    9:     0x59847d30efcd - __rustc[ea4f61d10b84890b]::rust_begin_unwind
[INFO] [stdout]   10:     0x59847d346c7c - core[a373ad73a504971]::panicking::panic_fmt
[INFO] [stdout]   11:     0x59847d346a52 - core[a373ad73a504971]::result::unwrap_failed
[INFO] [stdout]   12:     0x59847d09a467 - std[617be2ca0a6fd877]::sys::backtrace::__rust_begin_short_backtrace::<fg_sra_vdb[c985f5421c13d236]::manager::tests::databases_outliving_their_managers_can_be_released_on_several_threads_at_once::{closure#0}::{closure#0}, ()>
[INFO] [stdout]   13:     0x59847d09c5ff - <std[617be2ca0a6fd877]::thread::lifecycle::spawn_unchecked<fg_sra_vdb[c985f5421c13d236]::manager::tests::databases_outliving_their_managers_can_be_released_on_several_threads_at_once::{closure#0}::{closure#0}, ()>::{closure#1} as core[a373ad73a504971]::ops::function::FnOnce<()>>::call_once::{shim:vtable#0}
[INFO] [stdout]   14:     0x59847d331b6f - <std[617be2ca0a6fd877]::sys::thread::unix::Thread>::new::thread_start
[INFO] [stdout]   15:     0x7d6c73192dfa - <unknown>
[INFO] [stdout]   16:     0x7d6c732263d4 - clone
[INFO] [stdout]   17:                0x0 - <unknown>
[INFO] [stdout] 
[INFO] [stdout] thread 'manager::tests::databases_outliving_their_managers_can_be_released_on_several_threads_at_once' (4977) panicked at src/manager.rs:208:9:
[INFO] [stdout] a scoped thread panicked
[INFO] [stdout] stack backtrace:
[INFO] [stdout]    0:     0x59847d332321 - <<std[617be2ca0a6fd877]::sys::backtrace::BacktraceLock>::print::DisplayBacktrace as core[a373ad73a504971]::fmt::Display>::fmt
[INFO] [stdout]    1:     0x59847d34654a - core[a373ad73a504971]::fmt::write
[INFO] [stdout]    2:     0x59847d33658c - <alloc[2e1b2a31b91974c5]::vec::Vec<u8> as core[a373ad73a504971]::io::write::Write>::write_fmt
[INFO] [stdout]    3:     0x59847d30e316 - std[617be2ca0a6fd877]::panicking::default_hook::{closure#0}
[INFO] [stdout]    4:     0x59847d32a6e9 - std[617be2ca0a6fd877]::panicking::default_hook
[INFO] [stdout]    5:     0x59847d2c6b80 - test[aada8e7e76ba119b]::test_main_inner::{closure#0}
[INFO] [stdout]    6:     0x59847d32aa12 - std[617be2ca0a6fd877]::panicking::panic_with_hook
[INFO] [stdout]    7:     0x59847d30e3f4 - std[617be2ca0a6fd877]::panicking::panic_handler::{closure#0}
[INFO] [stdout]    8:     0x59847d3070d9 - std[617be2ca0a6fd877]::sys::backtrace::__rust_end_short_backtrace::<std[617be2ca0a6fd877]::panicking::panic_handler::{closure#0}, !>
[INFO] [stdout]    9:     0x59847d30efcd - __rustc[ea4f61d10b84890b]::rust_begin_unwind
[INFO] [stdout]   10:     0x59847d346c7c - core[a373ad73a504971]::panicking::panic_fmt
[INFO] [stdout]   11:     0x59847d09d10a - <fg_sra_vdb[c985f5421c13d236]::manager::tests::databases_outliving_their_managers_can_be_released_on_several_threads_at_once::{closure#0} as core[a373ad73a504971]::ops::function::FnOnce<()>>::call_once
[INFO] [stdout]   12:     0x59847d2b9fcb - test[aada8e7e76ba119b]::__rust_begin_short_backtrace::<core[a373ad73a504971]::result::Result<(), alloc[2e1b2a31b91974c5]::string::String>, fn() -> core[a373ad73a504971]::result::Result<(), alloc[2e1b2a31b91974c5]::string::String>>
[INFO] [stdout]   13:     0x59847d2c71a5 - test[aada8e7e76ba119b]::run_test::{closure#0}
[INFO] [stdout]   14:     0x59847d2c0a94 - std[617be2ca0a6fd877]::sys::backtrace::__rust_begin_short_backtrace::<test[aada8e7e76ba119b]::run_test::{closure#1}, ()>
[INFO] [stdout]   15:     0x59847d2ca232 - <std[617be2ca0a6fd877]::thread::lifecycle::spawn_unchecked<test[aada8e7e76ba119b]::run_test::{closure#1}, ()>::{closure#1} as core[a373ad73a504971]::ops::function::FnOnce<()>>::call_once::{shim:vtable#0}
[INFO] [stdout]   16:     0x59847d331b6f - <std[617be2ca0a6fd877]::sys::thread::unix::Thread>::new::thread_start
[INFO] [stdout]   17:     0x7d6c73192dfa - <unknown>
[INFO] [stdout]   18:     0x7d6c732263d4 - clone
[INFO] [stdout]   19:                0x0 - <unknown>
[INFO] [stdout] 
[INFO] [stdout] 
[INFO] [stdout] failures:
[INFO] [stdout]     manager::tests::databases_outliving_their_managers_can_be_released_on_several_threads_at_once
[INFO] [stdout] 
[INFO] [stdout] test result: FAILED. 33 passed; 1 failed; 0 ignored; 0 measured; 0 filtered out; finished in 2.11s
[INFO] [stdout] 
[INFO] [stderr] error: test failed, to rerun pass `--lib`
[INFO] running `Command { std: "docker" "inspect" "ff5fa3c361a692daf2b6ba591fd46e10557332c283658547020413607b710149", kill_on_drop: false }`
[INFO] running `Command { std: "docker" "rm" "-f" "ff5fa3c361a692daf2b6ba591fd46e10557332c283658547020413607b710149", kill_on_drop: false }`
[INFO] [stdout] ff5fa3c361a692daf2b6ba591fd46e10557332c283658547020413607b710149
