[INFO] fetching crate ff-probe 0.18.4...
[INFO] testing ff-probe-0.18.4 against 1.100.0-beta.1+cargoflags=--release for beta-release-1.100-2
[INFO] extracting crate ff-probe 0.18.4 into /workspace/builds/worker-3-tc2/source
[INFO] started tweaking crates.io crate ff-probe 0.18.4
[INFO] removed 0 missing examples
[INFO] removed 0 missing tests
[INFO] finished tweaking crates.io crate ff-probe 0.18.4
[INFO] tweaked toml for crates.io crate ff-probe 0.18.4 written to /workspace/builds/worker-3-tc2/source/Cargo.toml
[INFO] validating manifest of crates.io crate ff-probe 0.18.4 on toolchain 1.100.0-beta.1
[INFO] running `Command { std: CARGO_HOME="/workspace/cargo-home" RUSTUP_HOME="/workspace/rustup-home" "/workspace/cargo-home/bin/cargo" "+1.100.0-beta.1" "metadata" "--manifest-path" "Cargo.toml" "--no-deps", kill_on_drop: false }`
[INFO] crate crates.io crate ff-probe 0.18.4 already has a lockfile, it will not be regenerated
[INFO] running `Command { std: CARGO_HOME="/workspace/cargo-home" RUSTUP_HOME="/workspace/rustup-home" "/workspace/cargo-home/bin/cargo" "+1.100.0-beta.1" "fetch" "--manifest-path" "Cargo.toml", kill_on_drop: false }`
[INFO] running `Command { std: "docker" "create" "-v" "/var/lib/crater-agent-workspace/builds/worker-3-tc2/source:/opt/rustwide/workdir:ro,Z" "-v" "/var/lib/crater-agent-workspace/builds/worker-3-tc2/target:/opt/rustwide/target:rw,Z" "-v" "/var/lib/crater-agent-workspace/cargo-home:/opt/rustwide/cargo-home:ro,Z" "-v" "/var/lib/crater-agent-workspace/rustup-home:/opt/rustwide/rustup-home:ro,Z" "-m" "1610612736" "--network" "none" "ghcr.io/rust-lang/crates-build-env/linux@sha256:77db811e55d90add9212f6832c23229e3de5f1c1f9905e8cb07319ea15df73ac" "sleep" "infinity", kill_on_drop: false }`
[INFO] [stdout] a327d169d1867e20f763cd40233032a784838216f7fe7834610620476f868b2c
[INFO] running `Command { std: "docker" "start" "a327d169d1867e20f763cd40233032a784838216f7fe7834610620476f868b2c", kill_on_drop: false }`
[INFO] running `Command { std: "docker" "inspect" "a327d169d1867e20f763cd40233032a784838216f7fe7834610620476f868b2c", kill_on_drop: false }`
[INFO] running `Command { std: "docker" "exec" "-e" "SOURCE_DIR=/opt/rustwide/workdir" "-e" "CARGO_HOME=/opt/rustwide/cargo-home" "-e" "RUSTUP_HOME=/opt/rustwide/rustup-home" "-e" "CARGO_TARGET_DIR=/opt/rustwide/target" "-w" "/opt/rustwide/workdir" "--user" "0:0" "a327d169d1867e20f763cd40233032a784838216f7fe7834610620476f868b2c" "/opt/rustwide/cargo-home/bin/cargo" "+1.100.0-beta.1" "metadata" "--no-deps" "--format-version=1", kill_on_drop: false }`
[INFO] running `Command { std: "docker" "inspect" "a327d169d1867e20f763cd40233032a784838216f7fe7834610620476f868b2c", kill_on_drop: false }`
[INFO] running `Command { std: "docker" "exec" "-e" "SOURCE_DIR=/opt/rustwide/workdir" "-e" "CARGO_HOME=/opt/rustwide/cargo-home" "-e" "RUSTUP_HOME=/opt/rustwide/rustup-home" "-e" "CARGO_TARGET_DIR=/opt/rustwide/target" "-e" "CARGO_INCREMENTAL=0" "-e" "RUST_BACKTRACE=full" "-e" "RUSTFLAGS=--cap-lints=warn" "-e" "RUSTDOCFLAGS=--cap-lints=warn" "-w" "/opt/rustwide/workdir" "--user" "0:0" "a327d169d1867e20f763cd40233032a784838216f7fe7834610620476f868b2c" "/opt/rustwide/cargo-home/bin/cargo" "+1.100.0-beta.1" "build" "--frozen" "--message-format=json" "--release", kill_on_drop: false }`
[INFO] [stderr]    Compiling bitflags v2.13.2
[INFO] [stderr]    Compiling libloading v0.8.9
[INFO] [stderr]    Compiling ff-common v0.18.4
[INFO] [stderr]    Compiling syn v3.0.6
[INFO] [stderr]    Compiling clang-sys v1.9.1
[INFO] [stderr]    Compiling prettyplease v0.3.0
[INFO] [stderr]    Compiling thiserror-impl v2.0.21
[INFO] [stderr]    Compiling bindgen v0.73.2
[INFO] [stderr]    Compiling thiserror v2.0.21
[INFO] [stderr]    Compiling ff-format v0.18.4
[INFO] [stderr]    Compiling ff-sys v0.18.4
[INFO] [stderr]    Compiling ff-probe v0.18.4 (/opt/rustwide/workdir)
[INFO] [stderr]     Finished `release` profile [optimized] target(s) in 22.22s
[INFO] running `Command { std: "docker" "inspect" "a327d169d1867e20f763cd40233032a784838216f7fe7834610620476f868b2c", kill_on_drop: false }`
[INFO] running `Command { std: "docker" "exec" "-e" "SOURCE_DIR=/opt/rustwide/workdir" "-e" "CARGO_HOME=/opt/rustwide/cargo-home" "-e" "RUSTUP_HOME=/opt/rustwide/rustup-home" "-e" "CARGO_TARGET_DIR=/opt/rustwide/target" "-e" "CARGO_INCREMENTAL=0" "-e" "RUST_BACKTRACE=full" "-e" "RUSTFLAGS=--cap-lints=warn" "-e" "RUSTDOCFLAGS=--cap-lints=warn" "-w" "/opt/rustwide/workdir" "--user" "0:0" "a327d169d1867e20f763cd40233032a784838216f7fe7834610620476f868b2c" "/opt/rustwide/cargo-home/bin/cargo" "+1.100.0-beta.1" "test" "--frozen" "--no-run" "--message-format=json" "--release", kill_on_drop: false }`
[INFO] [stderr]    Compiling crossbeam-utils v0.8.23
[INFO] [stderr]    Compiling zerocopy v0.8.59
[INFO] [stderr]    Compiling crossbeam-epoch v0.9.21
[INFO] [stderr]    Compiling crossbeam-deque v0.8.8
[INFO] [stderr]    Compiling num-traits v0.2.19
[INFO] [stderr]    Compiling zerocopy-derive v0.8.59
[INFO] [stderr]    Compiling serde_derive v1.0.229
[INFO] [stderr]    Compiling cc v1.5.1
[INFO] [stderr]    Compiling either v1.18.0
[INFO] [stderr]    Compiling rayon-core v1.13.0
[INFO] [stderr]    Compiling plotters-backend v0.3.7
[INFO] [stderr]    Compiling serde_json v1.0.151
[INFO] [stderr]    Compiling regex-automata v0.4.18
[INFO] [stderr]    Compiling clap_builder v4.6.7
[INFO] [stderr]    Compiling cast v0.3.0
[INFO] [stderr]    Compiling page_size v0.6.0
[INFO] [stderr]    Compiling oorandom v11.1.5
[INFO] [stderr]    Compiling anes v0.1.6
[INFO] [stderr]    Compiling ff-decode v0.18.4
[INFO] [stderr]    Compiling itertools v0.13.0
[INFO] [stderr]    Compiling plotters-svg v0.3.7
[INFO] [stderr]    Compiling alloca v0.4.0
[INFO] [stderr]    Compiling plotters v0.3.7
[INFO] [stderr]    Compiling rayon v1.12.0
[INFO] [stderr]    Compiling criterion-plot v0.8.2
[INFO] [stderr]    Compiling regex v1.13.1
[INFO] [stderr]    Compiling clap v4.6.7
[INFO] [stderr]    Compiling serde v1.0.229
[INFO] [stderr]    Compiling tinytemplate v1.2.1
[INFO] [stderr]    Compiling half v2.7.1
[INFO] [stderr]    Compiling ciborium-ll v0.2.2
[INFO] [stderr]    Compiling ciborium v0.2.2
[INFO] [stderr]    Compiling criterion v0.8.2
[INFO] [stderr]    Compiling ff-probe v0.18.4 (/opt/rustwide/workdir)
[INFO] [stderr]     Finished `release` profile [optimized] target(s) in 51.17s
[INFO] running `Command { std: "docker" "inspect" "a327d169d1867e20f763cd40233032a784838216f7fe7834610620476f868b2c", kill_on_drop: false }`
[INFO] running `Command { std: "docker" "exec" "-e" "SOURCE_DIR=/opt/rustwide/workdir" "-e" "CARGO_HOME=/opt/rustwide/cargo-home" "-e" "RUSTUP_HOME=/opt/rustwide/rustup-home" "-e" "CARGO_TARGET_DIR=/opt/rustwide/target" "-e" "CARGO_INCREMENTAL=0" "-e" "RUST_BACKTRACE=full" "-e" "RUSTFLAGS=--cap-lints=warn" "-e" "RUSTDOCFLAGS=--cap-lints=warn" "-w" "/opt/rustwide/workdir" "--user" "0:0" "a327d169d1867e20f763cd40233032a784838216f7fe7834610620476f868b2c" "/opt/rustwide/cargo-home/bin/cargo" "+1.100.0-beta.1" "test" "--frozen" "--release", kill_on_drop: false }`
[INFO] [stderr]     Finished `release` profile [optimized] target(s) in 0.14s
[INFO] [stderr]      Running unittests src/lib.rs (/opt/rustwide/target/release/build/ff-probe/b47380c6b2eca04a/out/ff_probe-b47380c6b2eca04a)
[INFO] [stdout] 
[INFO] [stdout] running 65 tests
[INFO] [stdout] test error::tests::test_cannot_open_error ... ok
[INFO] [stdout] test error::tests::test_file_not_found_error ... ok
[INFO] [stdout] test probe::probe_inner::tests::test_bitrate_fallback_calculation ... ok
[INFO] [stdout] test error::tests::test_no_streams_error ... ok
[INFO] [stdout] test probe::builder::tests::open_should_return_file_not_found_for_nonexistent_path ... ok
[INFO] [stdout] test probe::probe_inner::tests::pts_to_duration_should_convert_mpeg_ts_timebase_correctly ... ok
[INFO] [stdout] test probe::probe_inner::tests::pts_to_duration_should_return_zero_for_negative_pts ... ok
[INFO] [stdout] test probe::probe_inner::tests::pts_to_duration_should_return_zero_for_zero_pts ... ok
[INFO] [stdout] test probe::probe_inner::tests::test_av_time_base_constant ... ok
[INFO] [stdout] test probe::probe_inner::tests::pts_to_duration_should_convert_millisecond_timebase_correctly ... ok
[INFO] [stdout] test probe::probe_inner::tests::test_bitrate_typical_video_file ... ok
[INFO] [stdout] test probe::probe_inner::tests::test_duration_conversion ... ok
[INFO] [stdout] test probe::probe_inner::tests::test_bitrate_zero_duration ... ok
[INFO] [stdout] test probe::probe_inner::tests::test_map_audio_codec_aac ... ok
[INFO] [stdout] test probe::probe_inner::tests::test_map_audio_codec_ac3 ... ok
[INFO] [stdout] test probe::probe_inner::tests::test_map_audio_codec_alac ... ok
[INFO] [stdout] test probe::probe_inner::tests::test_map_audio_codec_dts ... ok
[INFO] [stdout] test probe::probe_inner::tests::test_map_audio_codec_eac3 ... ok
[INFO] [stdout] test probe::probe_inner::tests::test_map_audio_codec_opus ... ok
[INFO] [stdout] test probe::probe_inner::tests::test_bitrate_zero_file_size ... ok
[INFO] [stdout] test probe::probe_inner::tests::test_map_audio_codec_pcm ... ok
[INFO] [stdout] test probe::probe_inner::tests::test_map_audio_codec_vorbis ... ok
[INFO] [stdout] test probe::probe_inner::tests::test_map_color_primaries_bt2020 ... ok
[INFO] [stdout] test error::tests::test_invalid_media_error ... ok
[INFO] [stdout] test probe::probe_inner::tests::test_map_color_range_limited ... ok
[INFO] [stdout] test error::tests::probe_ffmpeg_should_be_other ... ok
[INFO] [stdout] test error::tests::ffmpeg_should_display_code_and_message ... ok
[INFO] [stdout] test probe::probe_inner::tests::test_map_color_primaries_sd ... ok
[INFO] [stdout] test error::tests::test_io_error_conversion ... ok
[INFO] [stdout] test probe::probe_inner::tests::test_map_color_primaries_unknown ... ok
[INFO] [stdout] test error::tests::probe_io_should_be_fatal ... ok
[INFO] [stdout] test probe::probe_inner::tests::test_map_audio_codec_flac ... ok
[INFO] [stdout] test probe::probe_inner::tests::test_map_color_range_full ... ok
[INFO] [stdout] test probe::probe_inner::tests::test_map_color_primaries_bt709 ... ok
[INFO] [stdout] test probe::probe_inner::tests::test_map_color_space_bt2020 ... ok
[INFO] [stdout] test probe::probe_inner::tests::test_map_pixel_format_yuv420p ... ok
[INFO] [stdout] test probe::probe_inner::tests::test_map_sample_format_f64 ... ok
[INFO] [stdout] test probe::probe_inner::tests::test_map_audio_codec_unknown ... ok
[INFO] [stdout] test probe::probe_inner::tests::test_map_pixel_format_yuv420p10le ... ok
[INFO] [stdout] test probe::probe_inner::tests::test_map_pixel_format_nv12 ... ok
[INFO] [stdout] test probe::probe_inner::tests::test_map_color_range_unknown ... ok
[INFO] [stdout] test probe::probe_inner::tests::test_map_pixel_format_rgba ... ok
[INFO] [stdout] test probe::probe_inner::tests::test_map_pixel_format_unknown ... ok
[INFO] [stdout] test probe::probe_inner::tests::test_map_color_space_bt709 ... ok
[INFO] [stdout] test probe::probe_inner::tests::test_map_color_space_sd ... ok
[INFO] [stdout] test probe::probe_inner::tests::test_map_sample_format_f32 ... ok
[INFO] [stdout] test probe::probe_inner::tests::test_map_sample_format_u8 ... ok
[INFO] [stdout] test probe::probe_inner::tests::test_map_color_space_unknown ... ok
[INFO] [stdout] test probe::probe_inner::tests::test_map_color_space_rgb ... ok
[INFO] [stdout] test probe::probe_inner::tests::test_map_sample_format_unknown ... ok
[INFO] [stdout] test probe::probe_inner::tests::test_map_sample_format_i32 ... ok
[INFO] [stdout] test tests::test_open_nonexistent_file ... ok
[INFO] [stdout] test probe::probe_inner::tests::test_map_video_codec_vp9 ... ok
[INFO] [stdout] test tests::test_prelude_exports ... ok
[INFO] [stdout] test probe::probe_inner::tests::test_map_video_codec_hevc ... ok
[INFO] [stdout] test probe::probe_inner::tests::test_map_video_codec_unknown ... ok
[INFO] [stdout] test probe::probe_inner::tests::test_map_sample_format_i16 ... ok
[INFO] [stdout] test probe::probe_inner::tests::test_map_sample_format_planar ... ok
[INFO] [stdout] test probe::probe_inner::tests::test_map_video_codec_h264 ... ok
[INFO] [stdout] test tests::test_probe_error_display ... ok
[INFO] [stdout] test probe::probe_inner::tests::test_map_video_codec_av1 ... ok
[INFO] [stdout] test probe::probe_inner::tests::test_bitrate_high_quality_video ... ok
[INFO] [stdout] test probe::probe_inner::tests::test_map_audio_codec_mp3 ... ok
[INFO] [stdout] test probe::probe_inner::tests::test_bitrate_fallback_with_subsecond_duration ... ok
[INFO] [stdout] test probe::builder::tests::open_should_return_error_for_invalid_media ... ok
[INFO] [stdout] 
[INFO] [stdout] test result: ok. 65 passed; 0 failed; 0 ignored; 0 measured; 0 filtered out; finished in 0.06s
[INFO] [stdout] 
[INFO] [stderr]      Running tests/integration_tests.rs (/opt/rustwide/target/release/build/ff-probe/6db440b393598065/out/integration_tests-6db440b393598065)
[INFO] [stdout] 
[INFO] [stdout] running 43 tests
[INFO] [stdout] test probe_should_report_decoder_availability_agreeing_with_the_decoder ... ok
[INFO] [stdout] test probe_should_report_decoder_availability_for_an_audio_stream ... ok
[INFO] [stdout] test test_probe_audio_file_has_audio_stream ... FAILED
[INFO] [stdout] test test_probe_audio_file_audio_stream_properties ... FAILED
[INFO] [stdout] test test_probe_audio_file_bitrate ... FAILED
[INFO] [stdout] test test_probe_audio_file_metadata_keys ... FAILED
[INFO] [stdout] test test_probe_audio_file_metadata_accessible ... FAILED
[INFO] [stdout] test test_probe_bitrate_consistency ... FAILED
[INFO] [stdout] test test_probe_audio_file_duration ... FAILED
[INFO] [stdout] test test_probe_audio_channels ... FAILED
[INFO] [stdout] test test_probe_audio_file_opens_successfully ... FAILED
[INFO] [stdout] test test_probe_nonexistent_file ... ok
[INFO] [stdout] test test_probe_video_file_bitrate ... FAILED
[INFO] [stdout] test test_probe_invalid_file ... ok
[INFO] [stdout] test test_probe_audio_file_path ... FAILED
[INFO] [stdout] test test_probe_audio_file_sample_format ... FAILED
[INFO] [stdout] test test_probe_audio_file_has_correct_format ... FAILED
[INFO] [stdout] test test_probe_audio_stream_bitrate ... FAILED
[INFO] [stdout] test test_probe_video_file_duration ... FAILED
[INFO] [stdout] test test_probe_video_file_has_no_subtitle_streams ... FAILED
[INFO] [stdout] test test_probe_video_file_has_video_stream ... FAILED
[INFO] [stdout] test test_probe_audio_file_no_video_stream ... FAILED
[INFO] [stdout] test test_probe_video_file_has_subtitles_returns_false ... FAILED
[INFO] [stdout] test test_probe_video_file_metadata_keys ... FAILED
[INFO] [stdout] test test_probe_audio_file_stream_counts ... FAILED
[INFO] [stdout] test test_probe_video_frame_rate ... FAILED
[INFO] [stdout] test test_probe_video_file_path ... FAILED
[INFO] [stdout] test test_probe_video_file_opens_successfully ... FAILED
[INFO] [stdout] test test_probe_video_stream_bitrate ... FAILED
[INFO] [stdout] test test_probe_video_file_metadata_accessible ... FAILED
[INFO] [stdout] test test_probe_video_file_has_correct_format ... FAILED
[INFO] [stdout] test test_probe_audio_sample_rate ... FAILED
[INFO] [stdout] test test_probe_video_color_space_extraction ... FAILED
[INFO] [stdout] test test_probe_video_hdr_detection ... FAILED
[INFO] [stdout] test test_probe_video_file_subtitle_stream_count_is_zero ... FAILED
[INFO] [stdout] test test_probe_video_color_primaries_extraction ... FAILED
[INFO] [stdout] test test_probe_video_file_stream_counts ... FAILED
[INFO] [stdout] test test_probe_video_color_range_extraction ... FAILED
[INFO] [stdout] test test_probe_video_file_size ... FAILED
[INFO] [stdout] test test_probe_video_file_video_stream_properties ... FAILED
[INFO] [stdout] test test_probe_video_resolution ... FAILED
[INFO] [stdout] test test_probe_video_color_info_consistency ... FAILED
[INFO] [stdout] test test_probe_video_file_has_audio_stream ... FAILED
[INFO] [stdout] 
[INFO] [stdout] failures:
[INFO] [stdout] 
[INFO] [stdout] ---- test_probe_audio_file_has_audio_stream stdout ----
[INFO] [stdout] 
[INFO] [stdout] thread 'test_probe_audio_file_has_audio_stream' (1615) panicked at tests/integration_tests.rs:207:28:
[INFO] [stdout] Failed to open audio file: FileNotFound { path: "/opt/rustwide/workdir/../../assets/audio/konekonoosanpo.mp3" }
[INFO] [stdout] stack backtrace:
[INFO] [stdout]    0:     0x592f61007101 - <<std[617be2ca0a6fd877]::sys::backtrace::BacktraceLock>::print::DisplayBacktrace as core[a373ad73a504971]::fmt::Display>::fmt
[INFO] [stdout]    1:     0x592f6101b79a - core[a373ad73a504971]::fmt::write
[INFO] [stdout]    2:     0x592f6100b33c - <alloc[2e1b2a31b91974c5]::vec::Vec<u8> as core[a373ad73a504971]::io::write::Write>::write_fmt
[INFO] [stdout]    3:     0x592f60fe31f6 - std[617be2ca0a6fd877]::panicking::default_hook::{closure#0}
[INFO] [stdout]    4:     0x592f60fff799 - std[617be2ca0a6fd877]::panicking::default_hook
[INFO] [stdout]    5:     0x592f60f922e0 - test[aada8e7e76ba119b]::test_main_inner::{closure#0}
[INFO] [stdout]    6:     0x592f60fff952 - std[617be2ca0a6fd877]::panicking::panic_with_hook
[INFO] [stdout]    7:     0x592f60fe32a2 - std[617be2ca0a6fd877]::panicking::panic_handler::{closure#0}
[INFO] [stdout]    8:     0x592f60fdbfb9 - std[617be2ca0a6fd877]::sys::backtrace::__rust_end_short_backtrace::<std[617be2ca0a6fd877]::panicking::panic_handler::{closure#0}, !>
[INFO] [stdout]    9:     0x592f60fe3ead - __rustc[ea4f61d10b84890b]::rust_begin_unwind
[INFO] [stdout]   10:     0x592f6101becc - core[a373ad73a504971]::panicking::panic_fmt
[INFO] [stdout]   11:     0x592f6101bca2 - core[a373ad73a504971]::result::unwrap_failed
[INFO] [stdout]   12:     0x592f60f7d13d - <integration_tests[63a0fa46889be2bc]::test_probe_audio_file_has_audio_stream::{closure#0} as core[a373ad73a504971]::ops::function::FnOnce<()>>::call_once
[INFO] [stdout]   13:     0x592f60f8572b - test[aada8e7e76ba119b]::__rust_begin_short_backtrace::<core[a373ad73a504971]::result::Result<(), alloc[2e1b2a31b91974c5]::string::String>, fn() -> core[a373ad73a504971]::result::Result<(), alloc[2e1b2a31b91974c5]::string::String>>
[INFO] [stdout]   14:     0x592f60f92905 - test[aada8e7e76ba119b]::run_test::{closure#0}
[INFO] [stdout]   15:     0x592f60f8c1f4 - std[617be2ca0a6fd877]::sys::backtrace::__rust_begin_short_backtrace::<test[aada8e7e76ba119b]::run_test::{closure#1}, ()>
[INFO] [stdout]   16:     0x592f60f95992 - <std[617be2ca0a6fd877]::thread::lifecycle::spawn_unchecked<test[aada8e7e76ba119b]::run_test::{closure#1}, ()>::{closure#1} as core[a373ad73a504971]::ops::function::FnOnce<()>>::call_once::{shim:vtable#0}
[INFO] [stdout]   17:     0x592f6100695f - <std[617be2ca0a6fd877]::sys::thread::unix::Thread>::new::thread_start
[INFO] [stdout]   18:     0x73759d2f1dfa - <unknown>
[INFO] [stdout]   19:     0x73759d3853d4 - clone
[INFO] [stdout]   20:                0x0 - <unknown>
[INFO] [stdout] 
[INFO] [stdout] ---- test_probe_audio_file_audio_stream_properties stdout ----
[INFO] [stdout] 
[INFO] [stdout] thread 'test_probe_audio_file_audio_stream_properties' (1612) panicked at tests/integration_tests.rs:234:28:
[INFO] [stdout] Failed to open audio file: FileNotFound { path: "/opt/rustwide/workdir/../../assets/audio/konekonoosanpo.mp3" }
[INFO] [stdout] stack backtrace:
[INFO] [stdout]    0:     0x592f61007101 - <<std[617be2ca0a6fd877]::sys::backtrace::BacktraceLock>::print::DisplayBacktrace as core[a373ad73a504971]::fmt::Display>::fmt
[INFO] [stdout]    1:     0x592f6101b79a - core[a373ad73a504971]::fmt::write
[INFO] [stdout]    2:     0x592f6100b33c - <alloc[2e1b2a31b91974c5]::vec::Vec<u8> as core[a373ad73a504971]::io::write::Write>::write_fmt
[INFO] [stdout]    3:     0x592f60fe31f6 - std[617be2ca0a6fd877]::panicking::default_hook::{closure#0}
[INFO] [stdout]    4:     0x592f60fff799 - std[617be2ca0a6fd877]::panicking::default_hook
[INFO] [stdout]    5:     0x592f60f922e0 - test[aada8e7e76ba119b]::test_main_inner::{closure#0}
[INFO] [stdout]    6:     0x592f60fff952 - std[617be2ca0a6fd877]::panicking::panic_with_hook
[INFO] [stdout]    7:     0x592f60fe32a2 - std[617be2ca0a6fd877]::panicking::panic_handler::{closure#0}
[INFO] [stdout]    8:     0x592f60fdbfb9 - std[617be2ca0a6fd877]::sys::backtrace::__rust_end_short_backtrace::<std[617be2ca0a6fd877]::panicking::panic_handler::{closure#0}, !>
[INFO] [stdout]    9:     0x592f60fe3ead - __rustc[ea4f61d10b84890b]::rust_begin_unwind
[INFO] [stdout]   10:     0x592f6101becc - core[a373ad73a504971]::panicking::panic_fmt
[INFO] [stdout]   11:     0x592f6101bca2 - core[a373ad73a504971]::result::unwrap_failed
[INFO] [stdout]   12:     0x592f60f7f4cb - <integration_tests[63a0fa46889be2bc]::test_probe_audio_file_audio_stream_properties::{closure#0} as core[a373ad73a504971]::ops::function::FnOnce<()>>::call_once
[INFO] [stdout]   13:     0x592f60f8572b - test[aada8e7e76ba119b]::__rust_begin_short_backtrace::<core[a373ad73a504971]::result::Result<(), alloc[2e1b2a31b91974c5]::string::String>, fn() -> core[a373ad73a504971]::result::Result<(), alloc[2e1b2a31b91974c5]::string::String>>
[INFO] [stdout]   14:     0x592f60f92905 - test[aada8e7e76ba119b]::run_test::{closure#0}
[INFO] [stdout]   15:     0x592f60f8c1f4 - std[617be2ca0a6fd877]::sys::backtrace::__rust_begin_short_backtrace::<test[aada8e7e76ba119b]::run_test::{closure#1}, ()>
[INFO] [stdout]   16:     0x592f60f95992 - <std[617be2ca0a6fd877]::thread::lifecycle::spawn_unchecked<test[aada8e7e76ba119b]::run_test::{closure#1}, ()>::{closure#1} as core[a373ad73a504971]::ops::function::FnOnce<()>>::call_once::{shim:vtable#0}
[INFO] [stdout]   17:     0x592f6100695f - <std[617be2ca0a6fd877]::sys::thread::unix::Thread>::new::thread_start
[INFO] [stdout]   18:     0x73759d2f1dfa - <unknown>
[INFO] [stdout]   19:     0x73759d3853d4 - clone
[INFO] [stdout]   20:                0x0 - <unknown>
[INFO] [stdout] 
[INFO] [stdout] ---- test_probe_audio_file_bitrate stdout ----
[INFO] [stdout] 
[INFO] [stdout] thread 'test_probe_audio_file_bitrate' (1613) panicked at tests/integration_tests.rs:696:28:
[INFO] [stdout] Failed to open audio file: FileNotFound { path: "/opt/rustwide/workdir/../../assets/audio/konekonoosanpo.mp3" }
[INFO] [stdout] stack backtrace:
[INFO] [stdout]    0:     0x592f61007101 - <<std[617be2ca0a6fd877]::sys::backtrace::BacktraceLock>::print::DisplayBacktrace as core[a373ad73a504971]::fmt::Display>::fmt
[INFO] [stdout]    1:     0x592f6101b79a - core[a373ad73a504971]::fmt::write
[INFO] [stdout]    2:     0x592f6100b33c - <alloc[2e1b2a31b91974c5]::vec::Vec<u8> as core[a373ad73a504971]::io::write::Write>::write_fmt
[INFO] [stdout]    3:     0x592f60fe31f6 - std[617be2ca0a6fd877]::panicking::default_hook::{closure#0}
[INFO] [stdout]    4:     0x592f60fff799 - std[617be2ca0a6fd877]::panicking::default_hook
[INFO] [stdout]    5:     0x592f60f922e0 - test[aada8e7e76ba119b]::test_main_inner::{closure#0}
[INFO] [stdout]    6:     0x592f60fff952 - std[617be2ca0a6fd877]::panicking::panic_with_hook
[INFO] [stdout]    7:     0x592f60fe32a2 - std[617be2ca0a6fd877]::panicking::panic_handler::{closure#0}
[INFO] [stdout]    8:     0x592f60fdbfb9 - std[617be2ca0a6fd877]::sys::backtrace::__rust_end_short_backtrace::<std[617be2ca0a6fd877]::panicking::panic_handler::{closure#0}, !>
[INFO] [stdout]    9:     0x592f60fe3ead - __rustc[ea4f61d10b84890b]::rust_begin_unwind
[INFO] [stdout]   10:     0x592f6101becc - core[a373ad73a504971]::panicking::panic_fmt
[INFO] [stdout]   11:     0x592f6101bca2 - core[a373ad73a504971]::result::unwrap_failed
[INFO] [stdout]   12:     0x592f60f7b1bd - <integration_tests[63a0fa46889be2bc]::test_probe_audio_file_bitrate::{closure#0} as core[a373ad73a504971]::ops::function::FnOnce<()>>::call_once
[INFO] [stdout]   13:     0x592f60f8572b - test[aada8e7e76ba119b]::__rust_begin_short_backtrace::<core[a373ad73a504971]::result::Result<(), alloc[2e1b2a31b91974c5]::string::String>, fn() -> core[a373ad73a504971]::result::Result<(), alloc[2e1b2a31b91974c5]::string::String>>
[INFO] [stdout]   14:     0x592f60f92905 - test[aada8e7e76ba119b]::run_test::{closure#0}
[INFO] [stdout]   15:     0x592f60f8c1f4 - std[617be2ca0a6fd877]::sys::backtrace::__rust_begin_short_backtrace::<test[aada8e7e76ba119b]::run_test::{closure#1}, ()>
[INFO] [stdout]   16:     0x592f60f95992 - <std[617be2ca0a6fd877]::thread::lifecycle::spawn_unchecked<test[aada8e7e76ba119b]::run_test::{closure#1}, ()>::{closure#1} as core[a373ad73a504971]::ops::function::FnOnce<()>>::call_once::{shim:vtable#0}
[INFO] [stdout]   17:     0x592f6100695f - <std[617be2ca0a6fd877]::sys::thread::unix::Thread>::new::thread_start
[INFO] [stdout]   18:     0x73759d2f1dfa - <unknown>
[INFO] [stdout]   19:     0x73759d3853d4 - clone
[INFO] [stdout]   20:                0x0 - <unknown>
[INFO] [stdout] 
[INFO] [stdout] ---- test_probe_audio_file_metadata_keys stdout ----
[INFO] [stdout] 
[INFO] [stdout] thread 'test_probe_audio_file_metadata_keys' (1618) panicked at tests/integration_tests.rs:520:28:
[INFO] [stdout] Failed to open audio file: FileNotFound { path: "/opt/rustwide/workdir/../../assets/audio/konekonoosanpo.mp3" }
[INFO] [stdout] stack backtrace:
[INFO] [stdout]    0:     0x592f61007101 - <<std[617be2ca0a6fd877]::sys::backtrace::BacktraceLock>::print::DisplayBacktrace as core[a373ad73a504971]::fmt::Display>::fmt
[INFO] [stdout]    1:     0x592f6101b79a - core[a373ad73a504971]::fmt::write
[INFO] [stdout]    2:     0x592f6100b33c - <alloc[2e1b2a31b91974c5]::vec::Vec<u8> as core[a373ad73a504971]::io::write::Write>::write_fmt
[INFO] [stdout]    3:     0x592f60fe31f6 - std[617be2ca0a6fd877]::panicking::default_hook::{closure#0}
[INFO] [stdout]    4:     0x592f60fff799 - std[617be2ca0a6fd877]::panicking::default_hook
[INFO] [stdout]    5:     0x592f60f922e0 - test[aada8e7e76ba119b]::test_main_inner::{closure#0}
[INFO] [stdout]    6:     0x592f60fff952 - std[617be2ca0a6fd877]::panicking::panic_with_hook
[INFO] [stdout]    7:     0x592f60fe32a2 - std[617be2ca0a6fd877]::panicking::panic_handler::{closure#0}
[INFO] [stdout]    8:     0x592f60fdbfb9 - std[617be2ca0a6fd877]::sys::backtrace::__rust_end_short_backtrace::<std[617be2ca0a6fd877]::panicking::panic_handler::{closure#0}, !>
[INFO] [stdout]    9:     0x592f60fe3ead - __rustc[ea4f61d10b84890b]::rust_begin_unwind
[INFO] [stdout]   10:     0x592f6101becc - core[a373ad73a504971]::panicking::panic_fmt
[INFO] [stdout]   11:     0x592f6101bca2 - core[a373ad73a504971]::result::unwrap_failed
[INFO] [stdout]   12:     0x592f60f7c4cb - <integration_tests[63a0fa46889be2bc]::test_probe_audio_file_metadata_keys::{closure#0} as core[a373ad73a504971]::ops::function::FnOnce<()>>::call_once
[INFO] [stdout]   13:     0x592f60f8572b - test[aada8e7e76ba119b]::__rust_begin_short_backtrace::<core[a373ad73a504971]::result::Result<(), alloc[2e1b2a31b91974c5]::string::String>, fn() -> core[a373ad73a504971]::result::Result<(), alloc[2e1b2a31b91974c5]::string::String>>
[INFO] [stdout]   14:     0x592f60f92905 - test[aada8e7e76ba119b]::run_test::{closure#0}
[INFO] [stdout]   15:     0x592f60f8c1f4 - std[617be2ca0a6fd877]::sys::backtrace::__rust_begin_short_backtrace::<test[aada8e7e76ba119b]::run_test::{closure#1}, ()>
[INFO] [stdout]   16:     0x592f60f95992 - <std[617be2ca0a6fd877]::thread::lifecycle::spawn_unchecked<test[aada8e7e76ba119b]::run_test::{closure#1}, ()>::{closure#1} as core[a373ad73a504971]::ops::function::FnOnce<()>>::call_once::{shim:vtable#0}
[INFO] [stdout]   17:     0x592f6100695f - <std[617be2ca0a6fd877]::sys::thread::unix::Thread>::new::thread_start
[INFO] [stdout]   18:     0x73759d2f1dfa - <unknown>
[INFO] [stdout]   19:     0x73759d3853d4 - clone
[INFO] [stdout]   20:                0x0 - <unknown>
[INFO] [stdout] 
[INFO] [stdout] ---- test_probe_audio_file_metadata_accessible stdout ----
[INFO] [stdout] 
[INFO] [stdout] thread 'test_probe_audio_file_metadata_accessible' (1617) panicked at tests/integration_tests.rs:490:28:
[INFO] [stdout] Failed to open audio file: FileNotFound { path: "/opt/rustwide/workdir/../../assets/audio/konekonoosanpo.mp3" }
[INFO] [stdout] stack backtrace:
[INFO] [stdout]    0:     0x592f61007101 - <<std[617be2ca0a6fd877]::sys::backtrace::BacktraceLock>::print::DisplayBacktrace as core[a373ad73a504971]::fmt::Display>::fmt
[INFO] [stdout]    1:     0x592f6101b79a - core[a373ad73a504971]::fmt::write
[INFO] [stdout]    2:     0x592f6100b33c - <alloc[2e1b2a31b91974c5]::vec::Vec<u8> as core[a373ad73a504971]::io::write::Write>::write_fmt
[INFO] [stdout]    3:     0x592f60fe31f6 - std[617be2ca0a6fd877]::panicking::default_hook::{closure#0}
[INFO] [stdout]    4:     0x592f60fff799 - std[617be2ca0a6fd877]::panicking::default_hook
[INFO] [stdout]    5:     0x592f60f922e0 - test[aada8e7e76ba119b]::test_main_inner::{closure#0}
[INFO] [stdout]    6:     0x592f60fff952 - std[617be2ca0a6fd877]::panicking::panic_with_hook
[INFO] [stdout]    7:     0x592f60fe32a2 - std[617be2ca0a6fd877]::panicking::panic_handler::{closure#0}
[INFO] [stdout]    8:     0x592f60fdbfb9 - std[617be2ca0a6fd877]::sys::backtrace::__rust_end_short_backtrace::<std[617be2ca0a6fd877]::panicking::panic_handler::{closure#0}, !>
[INFO] [stdout]    9:     0x592f60fe3ead - __rustc[ea4f61d10b84890b]::rust_begin_unwind
[INFO] [stdout]   10:     0x592f6101becc - core[a373ad73a504971]::panicking::panic_fmt
[INFO] [stdout]   11:     0x592f6101bca2 - core[a373ad73a504971]::result::unwrap_failed
[INFO] [stdout]   12:     0x592f60f7e89f - <integration_tests[63a0fa46889be2bc]::test_probe_audio_file_metadata_accessible::{closure#0} as core[a373ad73a504971]::ops::function::FnOnce<()>>::call_once
[INFO] [stdout]   13:     0x592f60f8572b - test[aada8e7e76ba119b]::__rust_begin_short_backtrace::<core[a373ad73a504971]::result::Result<(), alloc[2e1b2a31b91974c5]::string::String>, fn() -> core[a373ad73a504971]::result::Result<(), alloc[2e1b2a31b91974c5]::string::String>>
[INFO] [stdout]   14:     0x592f60f92905 - test[aada8e7e76ba119b]::run_test::{closure#0}
[INFO] [stdout]   15:     0x592f60f8c1f4 - std[617be2ca0a6fd877]::sys::backtrace::__rust_begin_short_backtrace::<test[aada8e7e76ba119b]::run_test::{closure#1}, ()>
[INFO] [stdout]   16:     0x592f60f95992 - <std[617be2ca0a6fd877]::thread::lifecycle::spawn_unchecked<test[aada8e7e76ba119b]::run_test::{closure#1}, ()>::{closure#1} as core[a373ad73a504971]::ops::function::FnOnce<()>>::call_once::{shim:vtable#0}
[INFO] [stdout]   17:     0x592f6100695f - <std[617be2ca0a6fd877]::sys::thread::unix::Thread>::new::thread_start
[INFO] [stdout]   18:     0x73759d2f1dfa - <unknown>
[INFO] [stdout]   19:     0x73759d3853d4 - clone
[INFO] [stdout]   20:                0x0 - <unknown>
[INFO] [stdout] 
[INFO] [stdout] ---- test_probe_bitrate_consistency stdout ----
[INFO] [stdout] 
[INFO] [stdout] thread 'test_probe_bitrate_consistency' (1626) panicked at tests/integration_tests.rs:757:28:
[INFO] [stdout] Failed to open video file: FileNotFound { path: "/opt/rustwide/workdir/../../assets/video/gameplay.mp4" }
[INFO] [stdout] stack backtrace:
[INFO] [stdout]    0:     0x592f61007101 - <<std[617be2ca0a6fd877]::sys::backtrace::BacktraceLock>::print::DisplayBacktrace as core[a373ad73a504971]::fmt::Display>::fmt
[INFO] [stdout]    1:     0x592f6101b79a - core[a373ad73a504971]::fmt::write
[INFO] [stdout]    2:     0x592f6100b33c - <alloc[2e1b2a31b91974c5]::vec::Vec<u8> as core[a373ad73a504971]::io::write::Write>::write_fmt
[INFO] [stdout]    3:     0x592f60fe31f6 - std[617be2ca0a6fd877]::panicking::default_hook::{closure#0}
[INFO] [stdout]    4:     0x592f60fff799 - std[617be2ca0a6fd877]::panicking::default_hook
[INFO] [stdout]    5:     0x592f60f922e0 - test[aada8e7e76ba119b]::test_main_inner::{closure#0}
[INFO] [stdout]    6:     0x592f60fff952 - std[617be2ca0a6fd877]::panicking::panic_with_hook
[INFO] [stdout]    7:     0x592f60fe32a2 - std[617be2ca0a6fd877]::panicking::panic_handler::{closure#0}
[INFO] [stdout]    8:     0x592f60fdbfb9 - std[617be2ca0a6fd877]::sys::backtrace::__rust_end_short_backtrace::<std[617be2ca0a6fd877]::panicking::panic_handler::{closure#0}, !>
[INFO] [stdout]    9:     0x592f60fe3ead - __rustc[ea4f61d10b84890b]::rust_begin_unwind
[INFO] [stdout]   10:     0x592f6101becc - core[a373ad73a504971]::panicking::panic_fmt
[INFO] [stdout]   11:     0x592f6101bca2 - core[a373ad73a504971]::result::unwrap_failed
[INFO] [stdout]   12:     0x592f60f7b922 - <integration_tests[63a0fa46889be2bc]::test_probe_bitrate_consistency::{closure#0} as core[a373ad73a504971]::ops::function::FnOnce<()>>::call_once
[INFO] [stdout]   13:     0x592f60f8572b - test[aada8e7e76ba119b]::__rust_begin_short_backtrace::<core[a373ad73a504971]::result::Result<(), alloc[2e1b2a31b91974c5]::string::String>, fn() -> core[a373ad73a504971]::result::Result<(), alloc[2e1b2a31b91974c5]::string::String>>
[INFO] [stdout]   14:     0x592f60f92905 - test[aada8e7e76ba119b]::run_test::{closure#0}
[INFO] [stdout]   15:     0x592f60f8c1f4 - std[617be2ca0a6fd877]::sys::backtrace::__rust_begin_short_backtrace::<test[aada8e7e76ba119b]::run_test::{closure#1}, ()>
[INFO] [stdout]   16:     0x592f60f95992 - <std[617be2ca0a6fd877]::thread::lifecycle::spawn_unchecked<test[aada8e7e76ba119b]::run_test::{closure#1}, ()>::{closure#1} as core[a373ad73a504971]::ops::function::FnOnce<()>>::call_once::{shim:vtable#0}
[INFO] [stdout]   17:     0x592f6100695f - <std[617be2ca0a6fd877]::sys::thread::unix::Thread>::new::thread_start
[INFO] [stdout]   18:     0x73759d2f1dfa - <unknown>
[INFO] [stdout]   19:     0x73759d3853d4 - clone
[INFO] [stdout]   20:                0x0 - <unknown>
[INFO] [stdout] 
[INFO] [stdout] ---- test_probe_audio_file_duration stdout ----
[INFO] [stdout] 
[INFO] [stdout] thread 'test_probe_audio_file_duration' (1614) panicked at tests/integration_tests.rs:294:28:
[INFO] [stdout] Failed to open audio file: FileNotFound { path: "/opt/rustwide/workdir/../../assets/audio/konekonoosanpo.mp3" }
[INFO] [stdout] stack backtrace:
[INFO] [stdout]    0:     0x592f61007101 - <<std[617be2ca0a6fd877]::sys::backtrace::BacktraceLock>::print::DisplayBacktrace as core[a373ad73a504971]::fmt::Display>::fmt
[INFO] [stdout]    1:     0x592f6101b79a - core[a373ad73a504971]::fmt::write
[INFO] [stdout]    2:     0x592f6100b33c - <alloc[2e1b2a31b91974c5]::vec::Vec<u8> as core[a373ad73a504971]::io::write::Write>::write_fmt
[INFO] [stdout]    3:     0x592f60fe31f6 - std[617be2ca0a6fd877]::panicking::default_hook::{closure#0}
[INFO] [stdout]    4:     0x592f60fff799 - std[617be2ca0a6fd877]::panicking::default_hook
[INFO] [stdout]    5:     0x592f60f922e0 - test[aada8e7e76ba119b]::test_main_inner::{closure#0}
[INFO] [stdout]    6:     0x592f60fff952 - std[617be2ca0a6fd877]::panicking::panic_with_hook
[INFO] [stdout]    7:     0x592f60fe32a2 - std[617be2ca0a6fd877]::panicking::panic_handler::{closure#0}
[INFO] [stdout]    8:     0x592f60fdbfb9 - std[617be2ca0a6fd877]::sys::backtrace::__rust_end_short_backtrace::<std[617be2ca0a6fd877]::panicking::panic_handler::{closure#0}, !>
[INFO] [stdout]    9:     0x592f60fe3ead - __rustc[ea4f61d10b84890b]::rust_begin_unwind
[INFO] [stdout]   10:     0x592f6101becc - core[a373ad73a504971]::panicking::panic_fmt
[INFO] [stdout]   11:     0x592f6101bca2 - core[a373ad73a504971]::result::unwrap_failed
[INFO] [stdout]   12:     0x592f60f7b607 - <integration_tests[63a0fa46889be2bc]::test_probe_audio_file_duration::{closure#0} as core[a373ad73a504971]::ops::function::FnOnce<()>>::call_once
[INFO] [stdout]   13:     0x592f60f8572b - test[aada8e7e76ba119b]::__rust_begin_short_backtrace::<core[a373ad73a504971]::result::Result<(), alloc[2e1b2a31b91974c5]::string::String>, fn() -> core[a373ad73a504971]::result::Result<(), alloc[2e1b2a31b91974c5]::string::String>>
[INFO] [stdout]   14:     0x592f60f92905 - test[aada8e7e76ba119b]::run_test::{closure#0}
[INFO] [stdout]   15:     0x592f60f8c1f4 - std[617be2ca0a6fd877]::sys::backtrace::__rust_begin_short_backtrace::<test[aada8e7e76ba119b]::run_test::{closure#1}, ()>
[INFO] [stdout]   16:     0x592f60f95992 - <std[617be2ca0a6fd877]::thread::lifecycle::spawn_unchecked<test[aada8e7e76ba119b]::run_test::{closure#1}, ()>::{closure#1} as core[a373ad73a504971]::ops::function::FnOnce<()>>::call_once::{shim:vtable#0}
[INFO] [stdout]   17:     0x592f6100695f - <std[617be2ca0a6fd877]::sys::thread::unix::Thread>::new::thread_start
[INFO] [stdout]   18:     0x73759d2f1dfa - <unknown>
[INFO] [stdout]   19:     0x73759d3853d4 - clone
[INFO] [stdout]   20:                0x0 - <unknown>
[INFO] [stdout] 
[INFO] [stdout] ---- test_probe_audio_channels stdout ----
[INFO] [stdout] 
[INFO] [stdout] thread 'test_probe_audio_channels' (1611) panicked at tests/integration_tests.rs:454:28:
[INFO] [stdout] Failed to open audio file: FileNotFound { path: "/opt/rustwide/workdir/../../assets/audio/konekonoosanpo.mp3" }
[INFO] [stdout] stack backtrace:
[INFO] [stdout]    0:     0x592f61007101 - <<std[617be2ca0a6fd877]::sys::backtrace::BacktraceLock>::print::DisplayBacktrace as core[a373ad73a504971]::fmt::Display>::fmt
[INFO] [stdout]    1:     0x592f6101b79a - core[a373ad73a504971]::fmt::write
[INFO] [stdout]    2:     0x592f6100b33c - <alloc[2e1b2a31b91974c5]::vec::Vec<u8> as core[a373ad73a504971]::io::write::Write>::write_fmt
[INFO] [stdout]    3:     0x592f60fe31f6 - std[617be2ca0a6fd877]::panicking::default_hook::{closure#0}
[INFO] [stdout]    4:     0x592f60fff799 - std[617be2ca0a6fd877]::panicking::default_hook
[INFO] [stdout]    5:     0x592f60f922e0 - test[aada8e7e76ba119b]::test_main_inner::{closure#0}
[INFO] [stdout]    6:     0x592f60fff952 - std[617be2ca0a6fd877]::panicking::panic_with_hook
[INFO] [stdout]    7:     0x592f60fe32a2 - std[617be2ca0a6fd877]::panicking::panic_handler::{closure#0}
[INFO] [stdout]    8:     0x592f60fdbfb9 - std[617be2ca0a6fd877]::sys::backtrace::__rust_end_short_backtrace::<std[617be2ca0a6fd877]::panicking::panic_handler::{closure#0}, !>
[INFO] [stdout]    9:     0x592f60fe3ead - __rustc[ea4f61d10b84890b]::rust_begin_unwind
[INFO] [stdout]   10:     0x592f6101becc - core[a373ad73a504971]::panicking::panic_fmt
[INFO] [stdout]   11:     0x592f6101bca2 - core[a373ad73a504971]::result::unwrap_failed
[INFO] [stdout]   12:     0x592f60f79e36 - <integration_tests[63a0fa46889be2bc]::test_probe_audio_channels::{closure#0} as core[a373ad73a504971]::ops::function::FnOnce<()>>::call_once
[INFO] [stdout]   13:     0x592f60f8572b - test[aada8e7e76ba119b]::__rust_begin_short_backtrace::<core[a373ad73a504971]::result::Result<(), alloc[2e1b2a31b91974c5]::string::String>, fn() -> core[a373ad73a504971]::result::Result<(), alloc[2e1b2a31b91974c5]::string::String>>
[INFO] [stdout]   14:     0x592f60f92905 - test[aada8e7e76ba119b]::run_test::{closure#0}
[INFO] [stdout]   15:     0x592f60f8c1f4 - std[617be2ca0a6fd877]::sys::backtrace::__rust_begin_short_backtrace::<test[aada8e7e76ba119b]::run_test::{closure#1}, ()>
[INFO] [stdout]   16:     0x592f60f95992 - <std[617be2ca0a6fd877]::thread::lifecycle::spawn_unchecked<test[aada8e7e76ba119b]::run_test::{closure#1}, ()>::{closure#1} as core[a373ad73a504971]::ops::function::FnOnce<()>>::call_once::{shim:vtable#0}
[INFO] [stdout]   17:     0x592f6100695f - <std[617be2ca0a6fd877]::sys::thread::unix::Thread>::new::thread_start
[INFO] [stdout]   18:     0x73759d2f1dfa - <unknown>
[INFO] [stdout]   19:     0x73759d3853d4 - clone
[INFO] [stdout]   20:                0x0 - <unknown>
[INFO] [stdout] 
[INFO] [stdout] ---- test_probe_audio_file_opens_successfully stdout ----
[INFO] [stdout] 
[INFO] [stdout] thread 'test_probe_audio_file_opens_successfully' (1620) panicked at tests/integration_tests.rs:184:5:
[INFO] [stdout] Failed to open audio file: Some(FileNotFound { path: "/opt/rustwide/workdir/../../assets/audio/konekonoosanpo.mp3" })
[INFO] [stdout] stack backtrace:
[INFO] [stdout]    0:     0x592f61007101 - <<std[617be2ca0a6fd877]::sys::backtrace::BacktraceLock>::print::DisplayBacktrace as core[a373ad73a504971]::fmt::Display>::fmt
[INFO] [stdout]    1:     0x592f6101b79a - core[a373ad73a504971]::fmt::write
[INFO] [stdout]    2:     0x592f6100b33c - <alloc[2e1b2a31b91974c5]::vec::Vec<u8> as core[a373ad73a504971]::io::write::Write>::write_fmt
[INFO] [stdout]    3:     0x592f60fe31f6 - std[617be2ca0a6fd877]::panicking::default_hook::{closure#0}
[INFO] [stdout]    4:     0x592f60fff799 - std[617be2ca0a6fd877]::panicking::default_hook
[INFO] [stdout]    5:     0x592f60f922e0 - test[aada8e7e76ba119b]::test_main_inner::{closure#0}
[INFO] [stdout]    6:     0x592f60fff952 - std[617be2ca0a6fd877]::panicking::panic_with_hook
[INFO] [stdout]    7:     0x592f60fe32a2 - std[617be2ca0a6fd877]::panicking::panic_handler::{closure#0}
[INFO] [stdout]    8:     0x592f60fdbfb9 - std[617be2ca0a6fd877]::sys::backtrace::__rust_end_short_backtrace::<std[617be2ca0a6fd877]::panicking::panic_handler::{closure#0}, !>
[INFO] [stdout]    9:     0x592f60fe3ead - __rustc[ea4f61d10b84890b]::rust_begin_unwind
[INFO] [stdout]   10:     0x592f6101becc - core[a373ad73a504971]::panicking::panic_fmt
[INFO] [stdout]   11:     0x592f60f7dfec - <integration_tests[63a0fa46889be2bc]::test_probe_audio_file_opens_successfully::{closure#0} as core[a373ad73a504971]::ops::function::FnOnce<()>>::call_once
[INFO] [stdout]   12:     0x592f60f8572b - test[aada8e7e76ba119b]::__rust_begin_short_backtrace::<core[a373ad73a504971]::result::Result<(), alloc[2e1b2a31b91974c5]::string::String>, fn() -> core[a373ad73a504971]::result::Result<(), alloc[2e1b2a31b91974c5]::string::String>>
[INFO] [stdout]   13:     0x592f60f92905 - test[aada8e7e76ba119b]::run_test::{closure#0}
[INFO] [stdout]   14:     0x592f60f8c1f4 - std[617be2ca0a6fd877]::sys::backtrace::__rust_begin_short_backtrace::<test[aada8e7e76ba119b]::run_test::{closure#1}, ()>
[INFO] [stdout]   15:     0x592f60f95992 - <std[617be2ca0a6fd877]::thread::lifecycle::spawn_unchecked<test[aada8e7e76ba119b]::run_test::{closure#1}, ()>::{closure#1} as core[a373ad73a504971]::ops::function::FnOnce<()>>::call_once::{shim:vtable#0}
[INFO] [stdout]   16:     0x592f6100695f - <std[617be2ca0a6fd877]::sys::thread::unix::Thread>::new::thread_start
[INFO] [stdout]   17:     0x73759d2f1dfa - <unknown>
[INFO] [stdout]   18:     0x73759d3853d4 - clone
[INFO] [stdout]   19:                0x0 - <unknown>
[INFO] [stdout] 
[INFO] [stdout] ---- test_probe_video_file_bitrate stdout ----
[INFO] [stdout] 
[INFO] [stdout] thread 'test_probe_video_file_bitrate' (1633) panicked at tests/integration_tests.rs:675:28:
[INFO] [stdout] Failed to open video file: FileNotFound { path: "/opt/rustwide/workdir/../../assets/video/gameplay.mp4" }
[INFO] [stdout] stack backtrace:
[INFO] [stdout]    0:     0x592f61007101 - <<std[617be2ca0a6fd877]::sys::backtrace::BacktraceLock>::print::DisplayBacktrace as core[a373ad73a504971]::fmt::Display>::fmt
[INFO] [stdout]    1:     0x592f6101b79a - core[a373ad73a504971]::fmt::write
[INFO] [stdout]    2:     0x592f6100b33c - <alloc[2e1b2a31b91974c5]::vec::Vec<u8> as core[a373ad73a504971]::io::write::Write>::write_fmt
[INFO] [stdout]    3:     0x592f60fe31f6 - std[617be2ca0a6fd877]::panicking::default_hook::{closure#0}
[INFO] [stdout]    4:     0x592f60fff799 - std[617be2ca0a6fd877]::panicking::default_hook
[INFO] [stdout]    5:     0x592f60f922e0 - test[aada8e7e76ba119b]::test_main_inner::{closure#0}
[INFO] [stdout]    6:     0x592f60fff952 - std[617be2ca0a6fd877]::panicking::panic_with_hook
[INFO] [stdout]    7:     0x592f60fe32a2 - std[617be2ca0a6fd877]::panicking::panic_handler::{closure#0}
[INFO] [stdout]    8:     0x592f60fdbfb9 - std[617be2ca0a6fd877]::sys::backtrace::__rust_end_short_backtrace::<std[617be2ca0a6fd877]::panicking::panic_handler::{closure#0}, !>
[INFO] [stdout]    9:     0x592f60fe3ead - __rustc[ea4f61d10b84890b]::rust_begin_unwind
[INFO] [stdout]   10:     0x592f6101becc - core[a373ad73a504971]::panicking::panic_fmt
[INFO] [stdout]   11:     0x592f6101bca2 - core[a373ad73a504971]::result::unwrap_failed
[INFO] [stdout]   12:     0x592f60f7b3ed - <integration_tests[63a0fa46889be2bc]::test_probe_video_file_bitrate::{closure#0} as core[a373ad73a504971]::ops::function::FnOnce<()>>::call_once
[INFO] [stdout]   13:     0x592f60f8572b - test[aada8e7e76ba119b]::__rust_begin_short_backtrace::<core[a373ad73a504971]::result::Result<(), alloc[2e1b2a31b91974c5]::string::String>, fn() -> core[a373ad73a504971]::result::Result<(), alloc[2e1b2a31b91974c5]::string::String>>
[INFO] [stdout]   14:     0x592f60f92905 - test[aada8e7e76ba119b]::run_test::{closure#0}
[INFO] [stdout]   15:     0x592f60f8c1f4 - std[617be2ca0a6fd877]::sys::backtrace::__rust_begin_short_backtrace::<test[aada8e7e76ba119b]::run_test::{closure#1}, ()>
[INFO] [stdout]   16:     0x592f60f95992 - <std[617be2ca0a6fd877]::thread::lifecycle::spawn_unchecked<test[aada8e7e76ba119b]::run_test::{closure#1}, ()>::{closure#1} as core[a373ad73a504971]::ops::function::FnOnce<()>>::call_once::{shim:vtable#0}
[INFO] [stdout]   17:     0x592f6100695f - <std[617be2ca0a6fd877]::sys::thread::unix::Thread>::new::thread_start
[INFO] [stdout]   18:     0x73759d2f1dfa - <unknown>
[INFO] [stdout]   19:     0x73759d3853d4 - clone
[INFO] [stdout]   20:                0x0 - <unknown>
[INFO] [stdout] 
[INFO] [stdout] ---- test_probe_audio_file_path stdout ----
[INFO] [stdout] 
[INFO] [stdout] thread 'test_probe_audio_file_path' (1621) panicked at tests/integration_tests.rs:312:28:
[INFO] [stdout] Failed to open audio file: FileNotFound { path: "/opt/rustwide/workdir/../../assets/audio/konekonoosanpo.mp3" }
[INFO] [stdout] stack backtrace:
[INFO] [stdout]    0:     0x592f61007101 - <<std[617be2ca0a6fd877]::sys::backtrace::BacktraceLock>::print::DisplayBacktrace as core[a373ad73a504971]::fmt::Display>::fmt
[INFO] [stdout]    1:     0x592f6101b79a - core[a373ad73a504971]::fmt::write
[INFO] [stdout]    2:     0x592f6100b33c - <alloc[2e1b2a31b91974c5]::vec::Vec<u8> as core[a373ad73a504971]::io::write::Write>::write_fmt
[INFO] [stdout]    3:     0x592f60fe31f6 - std[617be2ca0a6fd877]::panicking::default_hook::{closure#0}
[INFO] [stdout]    4:     0x592f60fff799 - std[617be2ca0a6fd877]::panicking::default_hook
[INFO] [stdout]    5:     0x592f60f922e0 - test[aada8e7e76ba119b]::test_main_inner::{closure#0}
[INFO] [stdout]    6:     0x592f60fff952 - std[617be2ca0a6fd877]::panicking::panic_with_hook
[INFO] [stdout]    7:     0x592f60fe32a2 - std[617be2ca0a6fd877]::panicking::panic_handler::{closure#0}
[INFO] [stdout]    8:     0x592f60fdbfb9 - std[617be2ca0a6fd877]::sys::backtrace::__rust_end_short_backtrace::<std[617be2ca0a6fd877]::panicking::panic_handler::{closure#0}, !>
[INFO] [stdout]    9:     0x592f60fe3ead - __rustc[ea4f61d10b84890b]::rust_begin_unwind
[INFO] [stdout]   10:     0x592f6101becc - core[a373ad73a504971]::panicking::panic_fmt
[INFO] [stdout]   11:     0x592f6101bca2 - core[a373ad73a504971]::result::unwrap_failed
[INFO] [stdout]   12:     0x592f60f7a177 - <integration_tests[63a0fa46889be2bc]::test_probe_audio_file_path::{closure#0} as core[a373ad73a504971]::ops::function::FnOnce<()>>::call_once
[INFO] [stdout]   13:     0x592f60f8572b - test[aada8e7e76ba119b]::__rust_begin_short_backtrace::<core[a373ad73a504971]::result::Result<(), alloc[2e1b2a31b91974c5]::string::String>, fn() -> core[a373ad73a504971]::result::Result<(), alloc[2e1b2a31b91974c5]::string::String>>
[INFO] [stdout]   14:     0x592f60f92905 - test[aada8e7e76ba119b]::run_test::{closure#0}
[INFO] [stdout]   15:     0x592f60f8c1f4 - std[617be2ca0a6fd877]::sys::backtrace::__rust_begin_short_backtrace::<test[aada8e7e76ba119b]::run_test::{closure#1}, ()>
[INFO] [stdout]   16:     0x592f60f95992 - <std[617be2ca0a6fd877]::thread::lifecycle::spawn_unchecked<test[aada8e7e76ba119b]::run_test::{closure#1}, ()>::{closure#1} as core[a373ad73a504971]::ops::function::FnOnce<()>>::call_once::{shim:vtable#0}
[INFO] [stdout]   17:     0x592f6100695f - <std[617be2ca0a6fd877]::sys::thread::unix::Thread>::new::thread_start
[INFO] [stdout]   18:     0x73759d2f1dfa - <unknown>
[INFO] [stdout]   19:     0x73759d3853d4 - clone
[INFO] [stdout]   20:                0x0 - <unknown>
[INFO] [stdout] 
[INFO] [stdout] ---- test_probe_audio_file_sample_format stdout ----
[INFO] [stdout] 
[INFO] [stdout] thread 'test_probe_audio_file_sample_format' (1622) panicked at tests/integration_tests.rs:277:28:
[INFO] [stdout] Failed to open audio file: FileNotFound { path: "/opt/rustwide/workdir/../../assets/audio/konekonoosanpo.mp3" }
[INFO] [stdout] stack backtrace:
[INFO] [stdout]    0:     0x592f61007101 - <<std[617be2ca0a6fd877]::sys::backtrace::BacktraceLock>::print::DisplayBacktrace as core[a373ad73a504971]::fmt::Display>::fmt
[INFO] [stdout]    1:     0x592f6101b79a - core[a373ad73a504971]::fmt::write
[INFO] [stdout]    2:     0x592f6100b33c - <alloc[2e1b2a31b91974c5]::vec::Vec<u8> as core[a373ad73a504971]::io::write::Write>::write_fmt
[INFO] [stdout]    3:     0x592f60fe31f6 - std[617be2ca0a6fd877]::panicking::default_hook::{closure#0}
[INFO] [stdout]    4:     0x592f60fff799 - std[617be2ca0a6fd877]::panicking::default_hook
[INFO] [stdout]    5:     0x592f60f922e0 - test[aada8e7e76ba119b]::test_main_inner::{closure#0}
[INFO] [stdout]    6:     0x592f60fff952 - std[617be2ca0a6fd877]::panicking::panic_with_hook
[INFO] [stdout]    7:     0x592f60fe32a2 - std[617be2ca0a6fd877]::panicking::panic_handler::{closure#0}
[INFO] [stdout]    8:     0x592f60fdbfb9 - std[617be2ca0a6fd877]::sys::backtrace::__rust_end_short_backtrace::<std[617be2ca0a6fd877]::panicking::panic_handler::{closure#0}, !>
[INFO] [stdout]    9:     0x592f60fe3ead - __rustc[ea4f61d10b84890b]::rust_begin_unwind
[INFO] [stdout]   10:     0x592f6101becc - core[a373ad73a504971]::panicking::panic_fmt
[INFO] [stdout]   11:     0x592f6101bca2 - core[a373ad73a504971]::result::unwrap_failed
[INFO] [stdout]   12:     0x592f60f7c6af - <integration_tests[63a0fa46889be2bc]::test_probe_audio_file_sample_format::{closure#0} as core[a373ad73a504971]::ops::function::FnOnce<()>>::call_once
[INFO] [stdout]   13:     0x592f60f8572b - test[aada8e7e76ba119b]::__rust_begin_short_backtrace::<core[a373ad73a504971]::result::Result<(), alloc[2e1b2a31b91974c5]::string::String>, fn() -> core[a373ad73a504971]::result::Result<(), alloc[2e1b2a31b91974c5]::string::String>>
[INFO] [stdout]   14:     0x592f60f92905 - test[aada8e7e76ba119b]::run_test::{closure#0}
[INFO] [stdout]   15:     0x592f60f8c1f4 - std[617be2ca0a6fd877]::sys::backtrace::__rust_begin_short_backtrace::<test[aada8e7e76ba119b]::run_test::{closure#1}, ()>
[INFO] [stdout]   16:     0x592f60f95992 - <std[617be2ca0a6fd877]::thread::lifecycle::spawn_unchecked<test[aada8e7e76ba119b]::run_test::{closure#1}, ()>::{closure#1} as core[a373ad73a504971]::ops::function::FnOnce<()>>::call_once::{shim:vtable#0}
[INFO] [stdout]   17:     0x592f6100695f - <std[617be2ca0a6fd877]::sys::thread::unix::Thread>::new::thread_start
[INFO] [stdout]   18:     0x73759d2f1dfa - <unknown>
[INFO] [stdout]   19:     0x73759d3853d4 - clone
[INFO] [stdout]   20:                0x0 - <unknown>
[INFO] [stdout] 
[INFO] [stdout] ---- test_probe_audio_file_has_correct_format stdout ----
[INFO] [stdout] 
[INFO] [stdout] thread 'test_probe_audio_file_has_correct_format' (1616) panicked at tests/integration_tests.rs:194:28:
[INFO] [stdout] Failed to open audio file: FileNotFound { path: "/opt/rustwide/workdir/../../assets/audio/konekonoosanpo.mp3" }
[INFO] [stdout] stack backtrace:
[INFO] [stdout]    0:     0x592f61007101 - <<std[617be2ca0a6fd877]::sys::backtrace::BacktraceLock>::print::DisplayBacktrace as core[a373ad73a504971]::fmt::Display>::fmt
[INFO] [stdout]    1:     0x592f6101b79a - core[a373ad73a504971]::fmt::write
[INFO] [stdout]    2:     0x592f6100b33c - <alloc[2e1b2a31b91974c5]::vec::Vec<u8> as core[a373ad73a504971]::io::write::Write>::write_fmt
[INFO] [stdout]    3:     0x592f60fe31f6 - std[617be2ca0a6fd877]::panicking::default_hook::{closure#0}
[INFO] [stdout]    4:     0x592f60fff799 - std[617be2ca0a6fd877]::panicking::default_hook
[INFO] [stdout]    5:     0x592f60f922e0 - test[aada8e7e76ba119b]::test_main_inner::{closure#0}
[INFO] [stdout]    6:     0x592f60fff952 - std[617be2ca0a6fd877]::panicking::panic_with_hook
[INFO] [stdout]    7:     0x592f60fe32a2 - std[617be2ca0a6fd877]::panicking::panic_handler::{closure#0}
[INFO] [stdout]    8:     0x592f60fdbfb9 - std[617be2ca0a6fd877]::sys::backtrace::__rust_end_short_backtrace::<std[617be2ca0a6fd877]::panicking::panic_handler::{closure#0}, !>
[INFO] [stdout]    9:     0x592f60fe3ead - __rustc[ea4f61d10b84890b]::rust_begin_unwind
[INFO] [stdout]   10:     0x592f6101becc - core[a373ad73a504971]::panicking::panic_fmt
[INFO] [stdout]   11:     0x592f6101bca2 - core[a373ad73a504971]::result::unwrap_failed
[INFO] [stdout]   12:     0x592f60f7ddf1 - <integration_tests[63a0fa46889be2bc]::test_probe_audio_file_has_correct_format::{closure#0} as core[a373ad73a504971]::ops::function::FnOnce<()>>::call_once
[INFO] [stdout]   13:     0x592f60f8572b - test[aada8e7e76ba119b]::__rust_begin_short_backtrace::<core[a373ad73a504971]::result::Result<(), alloc[2e1b2a31b91974c5]::string::String>, fn() -> core[a373ad73a504971]::result::Result<(), alloc[2e1b2a31b91974c5]::string::String>>
[INFO] [stdout]   14:     0x592f60f92905 - test[aada8e7e76ba119b]::run_test::{closure#0}
[INFO] [stdout]   15:     0x592f60f8c1f4 - std[617be2ca0a6fd877]::sys::backtrace::__rust_begin_short_backtrace::<test[aada8e7e76ba119b]::run_test::{closure#1}, ()>
[INFO] [stdout]   16:     0x592f60f95992 - <std[617be2ca0a6fd877]::thread::lifecycle::spawn_unchecked<test[aada8e7e76ba119b]::run_test::{closure#1}, ()>::{closure#1} as core[a373ad73a504971]::ops::function::FnOnce<()>>::call_once::{shim:vtable#0}
[INFO] [stdout]   17:     0x592f6100695f - <std[617be2ca0a6fd877]::sys::thread::unix::Thread>::new::thread_start
[INFO] [stdout]   18:     0x73759d2f1dfa - <unknown>
[INFO] [stdout]   19:     0x73759d3853d4 - clone
[INFO] [stdout]   20:                0x0 - <unknown>
[INFO] [stdout] 
[INFO] [stdout] ---- test_probe_audio_stream_bitrate stdout ----
[INFO] [stdout] 
[INFO] [stdout] thread 'test_probe_audio_stream_bitrate' (1625) panicked at tests/integration_tests.rs:737:28:
[INFO] [stdout] Failed to open audio file: FileNotFound { path: "/opt/rustwide/workdir/../../assets/audio/konekonoosanpo.mp3" }
[INFO] [stdout] stack backtrace:
[INFO] [stdout]    0:     0x592f61007101 - <<std[617be2ca0a6fd877]::sys::backtrace::BacktraceLock>::print::DisplayBacktrace as core[a373ad73a504971]::fmt::Display>::fmt
[INFO] [stdout]    1:     0x592f6101b79a - core[a373ad73a504971]::fmt::write
[INFO] [stdout]    2:     0x592f6100b33c - <alloc[2e1b2a31b91974c5]::vec::Vec<u8> as core[a373ad73a504971]::io::write::Write>::write_fmt
[INFO] [stdout]    3:     0x592f60fe31f6 - std[617be2ca0a6fd877]::panicking::default_hook::{closure#0}
[INFO] [stdout]    4:     0x592f60fff799 - std[617be2ca0a6fd877]::panicking::default_hook
[INFO] [stdout]    5:     0x592f60f922e0 - test[aada8e7e76ba119b]::test_main_inner::{closure#0}
[INFO] [stdout]    6:     0x592f60fff952 - std[617be2ca0a6fd877]::panicking::panic_with_hook
[INFO] [stdout]    7:     0x592f60fe32a2 - std[617be2ca0a6fd877]::panicking::panic_handler::{closure#0}
[INFO] [stdout]    8:     0x592f60fdbfb9 - std[617be2ca0a6fd877]::sys::backtrace::__rust_end_short_backtrace::<std[617be2ca0a6fd877]::panicking::panic_handler::{closure#0}, !>
[INFO] [stdout]    9:     0x592f60fe3ead - __rustc[ea4f61d10b84890b]::rust_begin_unwind
[INFO] [stdout]   10:     0x592f6101becc - core[a373ad73a504971]::panicking::panic_fmt
[INFO] [stdout]   11:     0x592f6101bca2 - core[a373ad73a504971]::result::unwrap_failed
[INFO] [stdout]   12:     0x592f60f7bfbe - <integration_tests[63a0fa46889be2bc]::test_probe_audio_stream_bitrate::{closure#0} as core[a373ad73a504971]::ops::function::FnOnce<()>>::call_once
[INFO] [stdout]   13:     0x592f60f8572b - test[aada8e7e76ba119b]::__rust_begin_short_backtrace::<core[a373ad73a504971]::result::Result<(), alloc[2e1b2a31b91974c5]::string::String>, fn() -> core[a373ad73a504971]::result::Result<(), alloc[2e1b2a31b91974c5]::string::String>>
[INFO] [stdout]   14:     0x592f60f92905 - test[aada8e7e76ba119b]::run_test::{closure#0}
[INFO] [stdout]   15:     0x592f60f8c1f4 - std[617be2ca0a6fd877]::sys::backtrace::__rust_begin_short_backtrace::<test[aada8e7e76ba119b]::run_test::{closure#1}, ()>
[INFO] [stdout]   16:     0x592f60f95992 - <std[617be2ca0a6fd877]::thread::lifecycle::spawn_unchecked<test[aada8e7e76ba119b]::run_test::{closure#1}, ()>::{closure#1} as core[a373ad73a504971]::ops::function::FnOnce<()>>::call_once::{shim:vtable#0}
[INFO] [stdout]   17:     0x592f6100695f - <std[617be2ca0a6fd877]::sys::thread::unix::Thread>::new::thread_start
[INFO] [stdout]   18:     0x73759d2f1dfa - <unknown>
[INFO] [stdout]   19:     0x73759d3853d4 - clone
[INFO] [stdout]   20:                0x0 - <unknown>
[INFO] [stdout] 
[INFO] [stdout] ---- test_probe_video_file_duration stdout ----
[INFO] [stdout] 
[INFO] [stdout] thread 'test_probe_video_file_duration' (1634) panicked at tests/integration_tests.rs:136:28:
[INFO] [stdout] Failed to open video file: FileNotFound { path: "/opt/rustwide/workdir/../../assets/video/gameplay.mp4" }
[INFO] [stdout] stack backtrace:
[INFO] [stdout]    0:     0x592f61007101 - <<std[617be2ca0a6fd877]::sys::backtrace::BacktraceLock>::print::DisplayBacktrace as core[a373ad73a504971]::fmt::Display>::fmt
[INFO] [stdout]    1:     0x592f6101b79a - core[a373ad73a504971]::fmt::write
[INFO] [stdout]    2:     0x592f6100b33c - <alloc[2e1b2a31b91974c5]::vec::Vec<u8> as core[a373ad73a504971]::io::write::Write>::write_fmt
[INFO] [stdout]    3:     0x592f60fe31f6 - std[617be2ca0a6fd877]::panicking::default_hook::{closure#0}
[INFO] [stdout]    4:     0x592f60fff799 - std[617be2ca0a6fd877]::panicking::default_hook
[INFO] [stdout]    5:     0x592f60f922e0 - test[aada8e7e76ba119b]::test_main_inner::{closure#0}
[INFO] [stdout]    6:     0x592f60fff952 - std[617be2ca0a6fd877]::panicking::panic_with_hook
[INFO] [stdout]    7:     0x592f60fe32a2 - std[617be2ca0a6fd877]::panicking::panic_handler::{closure#0}
[INFO] [stdout]    8:     0x592f60fdbfb9 - std[617be2ca0a6fd877]::sys::backtrace::__rust_end_short_backtrace::<std[617be2ca0a6fd877]::panicking::panic_handler::{closure#0}, !>
[INFO] [stdout]    9:     0x592f60fe3ead - __rustc[ea4f61d10b84890b]::rust_begin_unwind
[INFO] [stdout]   10:     0x592f6101becc - core[a373ad73a504971]::panicking::panic_fmt
[INFO] [stdout]   11:     0x592f6101bca2 - core[a373ad73a504971]::result::unwrap_failed
[INFO] [stdout]   12:     0x592f60f7bb77 - <integration_tests[63a0fa46889be2bc]::test_probe_video_file_duration::{closure#0} as core[a373ad73a504971]::ops::function::FnOnce<()>>::call_once
[INFO] [stdout]   13:     0x592f60f8572b - test[aada8e7e76ba119b]::__rust_begin_short_backtrace::<core[a373ad73a504971]::result::Result<(), alloc[2e1b2a31b91974c5]::string::String>, fn() -> core[a373ad73a504971]::result::Result<(), alloc[2e1b2a31b91974c5]::string::String>>
[INFO] [stdout]   14:     0x592f60f92905 - test[aada8e7e76ba119b]::run_test::{closure#0}
[INFO] [stdout]   15:     0x592f60f8c1f4 - std[617be2ca0a6fd877]::sys::backtrace::__rust_begin_short_backtrace::<test[aada8e7e76ba119b]::run_test::{closure#1}, ()>
[INFO] [stdout]   16:     0x592f60f95992 - <std[617be2ca0a6fd877]::thread::lifecycle::spawn_unchecked<test[aada8e7e76ba119b]::run_test::{closure#1}, ()>::{closure#1} as core[a373ad73a504971]::ops::function::FnOnce<()>>::call_once::{shim:vtable#0}
[INFO] [stdout]   17:     0x592f6100695f - <std[617be2ca0a6fd877]::sys::thread::unix::Thread>::new::thread_start
[INFO] [stdout]   18:     0x73759d2f1dfa - <unknown>
[INFO] [stdout]   19:     0x73759d3853d4 - clone
[INFO] [stdout]   20:                0x0 - <unknown>
[INFO] [stdout] 
[INFO] [stdout] ---- test_probe_video_file_has_no_subtitle_streams stdout ----
[INFO] [stdout] 
[INFO] [stdout] thread 'test_probe_video_file_has_no_subtitle_streams' (1637) panicked at tests/integration_tests.rs:792:28:
[INFO] [stdout] Failed to open video file: FileNotFound { path: "/opt/rustwide/workdir/../../assets/video/gameplay.mp4" }
[INFO] [stdout] stack backtrace:
[INFO] [stdout]    0:     0x592f61007101 - <<std[617be2ca0a6fd877]::sys::backtrace::BacktraceLock>::print::DisplayBacktrace as core[a373ad73a504971]::fmt::Display>::fmt
[INFO] [stdout]    1:     0x592f6101b79a - core[a373ad73a504971]::fmt::write
[INFO] [stdout]    2:     0x592f6100b33c - <alloc[2e1b2a31b91974c5]::vec::Vec<u8> as core[a373ad73a504971]::io::write::Write>::write_fmt
[INFO] [stdout]    3:     0x592f60fe31f6 - std[617be2ca0a6fd877]::panicking::default_hook::{closure#0}
[INFO] [stdout]    4:     0x592f60fff799 - std[617be2ca0a6fd877]::panicking::default_hook
[INFO] [stdout]    5:     0x592f60f922e0 - test[aada8e7e76ba119b]::test_main_inner::{closure#0}
[INFO] [stdout]    6:     0x592f60fff952 - std[617be2ca0a6fd877]::panicking::panic_with_hook
[INFO] [stdout]    7:     0x592f60fe32a2 - std[617be2ca0a6fd877]::panicking::panic_handler::{closure#0}
[INFO] [stdout]    8:     0x592f60fdbfb9 - std[617be2ca0a6fd877]::sys::backtrace::__rust_end_short_backtrace::<std[617be2ca0a6fd877]::panicking::panic_handler::{closure#0}, !>
[INFO] [stdout]    9:     0x592f60fe3ead - __rustc[ea4f61d10b84890b]::rust_begin_unwind
[INFO] [stdout]   10:     0x592f6101becc - core[a373ad73a504971]::panicking::panic_fmt
[INFO] [stdout]   11:     0x592f6101bca2 - core[a373ad73a504971]::result::unwrap_failed
[INFO] [stdout]   12:     0x592f60f7f77d - <integration_tests[63a0fa46889be2bc]::test_probe_video_file_has_no_subtitle_streams::{closure#0} as core[a373ad73a504971]::ops::function::FnOnce<()>>::call_once
[INFO] [stdout]   13:     0x592f60f8572b - test[aada8e7e76ba119b]::__rust_begin_short_backtrace::<core[a373ad73a504971]::result::Result<(), alloc[2e1b2a31b91974c5]::string::String>, fn() -> core[a373ad73a504971]::result::Result<(), alloc[2e1b2a31b91974c5]::string::String>>
[INFO] [stdout]   14:     0x592f60f92905 - test[aada8e7e76ba119b]::run_test::{closure#0}
[INFO] [stdout]   15:     0x592f60f8c1f4 - std[617be2ca0a6fd877]::sys::backtrace::__rust_begin_short_backtrace::<test[aada8e7e76ba119b]::run_test::{closure#1}, ()>
[INFO] [stdout]   16:     0x592f60f95992 - <std[617be2ca0a6fd877]::thread::lifecycle::spawn_unchecked<test[aada8e7e76ba119b]::run_test::{closure#1}, ()>::{closure#1} as core[a373ad73a504971]::ops::function::FnOnce<()>>::call_once::{shim:vtable#0}
[INFO] [stdout]   17:     0x592f6100695f - <std[617be2ca0a6fd877]::sys::thread::unix::Thread>::new::thread_start
[INFO] [stdout]   18:     0x73759d2f1dfa - <unknown>
[INFO] [stdout]   19:     0x73759d3853d4 - clone
[INFO] [stdout]   20:                0x0 - <unknown>
[INFO] [stdout] 
[INFO] [stdout] ---- test_probe_video_file_has_video_stream stdout ----
[INFO] [stdout] 
[INFO] [stdout] thread 'test_probe_video_file_has_video_stream' (1639) panicked at tests/integration_tests.rs:72:28:
[INFO] [stdout] Failed to open video file: FileNotFound { path: "/opt/rustwide/workdir/../../assets/video/gameplay.mp4" }
[INFO] [stdout] stack backtrace:
[INFO] [stdout]    0:     0x592f61007101 - <<std[617be2ca0a6fd877]::sys::backtrace::BacktraceLock>::print::DisplayBacktrace as core[a373ad73a504971]::fmt::Display>::fmt
[INFO] [stdout]    1:     0x592f6101b79a - core[a373ad73a504971]::fmt::write
[INFO] [stdout]    2:     0x592f6100b33c - <alloc[2e1b2a31b91974c5]::vec::Vec<u8> as core[a373ad73a504971]::io::write::Write>::write_fmt
[INFO] [stdout]    3:     0x592f60fe31f6 - std[617be2ca0a6fd877]::panicking::default_hook::{closure#0}
[INFO] [stdout]    4:     0x592f60fff799 - std[617be2ca0a6fd877]::panicking::default_hook
[INFO] [stdout]    5:     0x592f60f922e0 - test[aada8e7e76ba119b]::test_main_inner::{closure#0}
[INFO] [stdout]    6:     0x592f60fff952 - std[617be2ca0a6fd877]::panicking::panic_with_hook
[INFO] [stdout]    7:     0x592f60fe32a2 - std[617be2ca0a6fd877]::panicking::panic_handler::{closure#0}
[INFO] [stdout]    8:     0x592f60fdbfb9 - std[617be2ca0a6fd877]::sys::backtrace::__rust_end_short_backtrace::<std[617be2ca0a6fd877]::panicking::panic_handler::{closure#0}, !>
[INFO] [stdout]    9:     0x592f60fe3ead - __rustc[ea4f61d10b84890b]::rust_begin_unwind
[INFO] [stdout]   10:     0x592f6101becc - core[a373ad73a504971]::panicking::panic_fmt
[INFO] [stdout]   11:     0x592f6101bca2 - core[a373ad73a504971]::result::unwrap_failed
[INFO] [stdout]   12:     0x592f60f7d54a - <integration_tests[63a0fa46889be2bc]::test_probe_video_file_has_video_stream::{closure#0} as core[a373ad73a504971]::ops::function::FnOnce<()>>::call_once
[INFO] [stdout]   13:     0x592f60f8572b - test[aada8e7e76ba119b]::__rust_begin_short_backtrace::<core[a373ad73a504971]::result::Result<(), alloc[2e1b2a31b91974c5]::string::String>, fn() -> core[a373ad73a504971]::result::Result<(), alloc[2e1b2a31b91974c5]::string::String>>
[INFO] [stdout]   14:     0x592f60f92905 - test[aada8e7e76ba119b]::run_test::{closure#0}
[INFO] [stdout]   15:     0x592f60f8c1f4 - std[617be2ca0a6fd877]::sys::backtrace::__rust_begin_short_backtrace::<test[aada8e7e76ba119b]::run_test::{closure#1}, ()>
[INFO] [stdout]   16:     0x592f60f95992 - <std[617be2ca0a6fd877]::thread::lifecycle::spawn_unchecked<test[aada8e7e76ba119b]::run_test::{closure#1}, ()>::{closure#1} as core[a373ad73a504971]::ops::function::FnOnce<()>>::call_once::{shim:vtable#0}
[INFO] [stdout]   17:     0x592f6100695f - <std[617be2ca0a6fd877]::sys::thread::unix::Thread>::new::thread_start
[INFO] [stdout]   18:     0x73759d2f1dfa - <unknown>
[INFO] [stdout]   19:     0x73759d3853d4 - clone
[INFO] [stdout]   20:                0x0 - <unknown>
[INFO] [stdout] 
[INFO] [stdout] ---- test_probe_audio_file_no_video_stream stdout ----
[INFO] [stdout] 
[INFO] [stdout] thread 'test_probe_audio_file_no_video_stream' (1619) panicked at tests/integration_tests.rs:219:28:
[INFO] [stdout] Failed to open audio file: FileNotFound { path: "/opt/rustwide/workdir/../../assets/audio/konekonoosanpo.mp3" }
[INFO] [stdout] stack backtrace:
[INFO] [stdout]    0:     0x592f61007101 - <<std[617be2ca0a6fd877]::sys::backtrace::BacktraceLock>::print::DisplayBacktrace as core[a373ad73a504971]::fmt::Display>::fmt
[INFO] [stdout]    1:     0x592f6101b79a - core[a373ad73a504971]::fmt::write
[INFO] [stdout]    2:     0x592f6100b33c - <alloc[2e1b2a31b91974c5]::vec::Vec<u8> as core[a373ad73a504971]::io::write::Write>::write_fmt
[INFO] [stdout]    3:     0x592f60fe31f6 - std[617be2ca0a6fd877]::panicking::default_hook::{closure#0}
[INFO] [stdout]    4:     0x592f60fff799 - std[617be2ca0a6fd877]::panicking::default_hook
[INFO] [stdout]    5:     0x592f60f922e0 - test[aada8e7e76ba119b]::test_main_inner::{closure#0}
[INFO] [stdout]    6:     0x592f60fff952 - std[617be2ca0a6fd877]::panicking::panic_with_hook
[INFO] [stdout]    7:     0x592f60fe32a2 - std[617be2ca0a6fd877]::panicking::panic_handler::{closure#0}
[INFO] [stdout]    8:     0x592f60fdbfb9 - std[617be2ca0a6fd877]::sys::backtrace::__rust_end_short_backtrace::<std[617be2ca0a6fd877]::panicking::panic_handler::{closure#0}, !>
[INFO] [stdout]    9:     0x592f60fe3ead - __rustc[ea4f61d10b84890b]::rust_begin_unwind
[INFO] [stdout]   10:     0x592f6101becc - core[a373ad73a504971]::panicking::panic_fmt
[INFO] [stdout]   11:     0x592f6101bca2 - core[a373ad73a504971]::result::unwrap_failed
[INFO] [stdout]   12:     0x592f60f7cf4a - <integration_tests[63a0fa46889be2bc]::test_probe_audio_file_no_video_stream::{closure#0} as core[a373ad73a504971]::ops::function::FnOnce<()>>::call_once
[INFO] [stdout]   13:     0x592f60f8572b - test[aada8e7e76ba119b]::__rust_begin_short_backtrace::<core[a373ad73a504971]::result::Result<(), alloc[2e1b2a31b91974c5]::string::String>, fn() -> core[a373ad73a504971]::result::Result<(), alloc[2e1b2a31b91974c5]::string::String>>
[INFO] [stdout]   14:     0x592f60f92905 - test[aada8e7e76ba119b]::run_test::{closure#0}
[INFO] [stdout]   15:     0x592f60f8c1f4 - std[617be2ca0a6fd877]::sys::backtrace::__rust_begin_short_backtrace::<test[aada8e7e76ba119b]::run_test::{closure#1}, ()>
[INFO] [stdout]   16:     0x592f60f95992 - <std[617be2ca0a6fd877]::thread::lifecycle::spawn_unchecked<test[aada8e7e76ba119b]::run_test::{closure#1}, ()>::{closure#1} as core[a373ad73a504971]::ops::function::FnOnce<()>>::call_once::{shim:vtable#0}
[INFO] [stdout]   17:     0x592f6100695f - <std[617be2ca0a6fd877]::sys::thread::unix::Thread>::new::thread_start
[INFO] [stdout]   18:     0x73759d2f1dfa - <unknown>
[INFO] [stdout]   19:     0x73759d3853d4 - clone
[INFO] [stdout]   20:                0x0 - <unknown>
[INFO] [stdout] 
[INFO] [stdout] ---- test_probe_video_file_has_subtitles_returns_false stdout ----
[INFO] [stdout] 
[INFO] [stdout] thread 'test_probe_video_file_has_subtitles_returns_false' (1638) panicked at tests/integration_tests.rs:803:28:
[INFO] [stdout] Failed to open video file: FileNotFound { path: "/opt/rustwide/workdir/../../assets/video/gameplay.mp4" }
[INFO] [stdout] stack backtrace:
[INFO] [stdout]    0:     0x592f61007101 - <<std[617be2ca0a6fd877]::sys::backtrace::BacktraceLock>::print::DisplayBacktrace as core[a373ad73a504971]::fmt::Display>::fmt
[INFO] [stdout]    1:     0x592f6101b79a - core[a373ad73a504971]::fmt::write
[INFO] [stdout]    2:     0x592f6100b33c - <alloc[2e1b2a31b91974c5]::vec::Vec<u8> as core[a373ad73a504971]::io::write::Write>::write_fmt
[INFO] [stdout]    3:     0x592f60fe31f6 - std[617be2ca0a6fd877]::panicking::default_hook::{closure#0}
[INFO] [stdout]    4:     0x592f60fff799 - std[617be2ca0a6fd877]::panicking::default_hook
[INFO] [stdout]    5:     0x592f60f922e0 - test[aada8e7e76ba119b]::test_main_inner::{closure#0}
[INFO] [stdout]    6:     0x592f60fff952 - std[617be2ca0a6fd877]::panicking::panic_with_hook
[INFO] [stdout]    7:     0x592f60fe32a2 - std[617be2ca0a6fd877]::panicking::panic_handler::{closure#0}
[INFO] [stdout]    8:     0x592f60fdbfb9 - std[617be2ca0a6fd877]::sys::backtrace::__rust_end_short_backtrace::<std[617be2ca0a6fd877]::panicking::panic_handler::{closure#0}, !>
[INFO] [stdout]    9:     0x592f60fe3ead - __rustc[ea4f61d10b84890b]::rust_begin_unwind
[INFO] [stdout]   10:     0x592f6101becc - core[a373ad73a504971]::panicking::panic_fmt
[INFO] [stdout]   11:     0x592f6101bca2 - core[a373ad73a504971]::result::unwrap_failed
[INFO] [stdout]   12:     0x592f60f7fc3d - <integration_tests[63a0fa46889be2bc]::test_probe_video_file_has_subtitles_returns_false::{closure#0} as core[a373ad73a504971]::ops::function::FnOnce<()>>::call_once
[INFO] [stdout]   13:     0x592f60f8572b - test[aada8e7e76ba119b]::__rust_begin_short_backtrace::<core[a373ad73a504971]::result::Result<(), alloc[2e1b2a31b91974c5]::string::String>, fn() -> core[a373ad73a504971]::result::Result<(), alloc[2e1b2a31b91974c5]::string::String>>
[INFO] [stdout]   14:     0x592f60f92905 - test[aada8e7e76ba119b]::run_test::{closure#0}
[INFO] [stdout]   15:     0x592f60f8c1f4 - std[617be2ca0a6fd877]::sys::backtrace::__rust_begin_short_backtrace::<test[aada8e7e76ba119b]::run_test::{closure#1}, ()>
[INFO] [stdout]   16:     0x592f60f95992 - <std[617be2ca0a6fd877]::thread::lifecycle::spawn_unchecked<test[aada8e7e76ba119b]::run_test::{closure#1}, ()>::{closure#1} as core[a373ad73a504971]::ops::function::FnOnce<()>>::call_once::{shim:vtable#0}
[INFO] [stdout]   17:     0x592f6100695f - <std[617be2ca0a6fd877]::sys::thread::unix::Thread>::new::thread_start
[INFO] [stdout]   18:     0x73759d2f1dfa - <unknown>
[INFO] [stdout]   19:     0x73759d3853d4 - clone
[INFO] [stdout]   20:                0x0 - <unknown>
[INFO] [stdout] 
[INFO] [stdout] ---- test_probe_video_file_metadata_keys stdout ----
[INFO] [stdout] 
[INFO] [stdout] thread 'test_probe_video_file_metadata_keys' (1641) panicked at tests/integration_tests.rs:507:28:
[INFO] [stdout] Failed to open video file: FileNotFound { path: "/opt/rustwide/workdir/../../assets/video/gameplay.mp4" }
[INFO] [stdout] stack backtrace:
[INFO] [stdout]    0:     0x592f61007101 - <<std[617be2ca0a6fd877]::sys::backtrace::BacktraceLock>::print::DisplayBacktrace as core[a373ad73a504971]::fmt::Display>::fmt
[INFO] [stdout]    1:     0x592f6101b79a - core[a373ad73a504971]::fmt::write
[INFO] [stdout]    2:     0x592f6100b33c - <alloc[2e1b2a31b91974c5]::vec::Vec<u8> as core[a373ad73a504971]::io::write::Write>::write_fmt
[INFO] [stdout]    3:     0x592f60fe31f6 - std[617be2ca0a6fd877]::panicking::default_hook::{closure#0}
[INFO] [stdout]    4:     0x592f60fff799 - std[617be2ca0a6fd877]::panicking::default_hook
[INFO] [stdout]    5:     0x592f60f922e0 - test[aada8e7e76ba119b]::test_main_inner::{closure#0}
[INFO] [stdout]    6:     0x592f60fff952 - std[617be2ca0a6fd877]::panicking::panic_with_hook
[INFO] [stdout]    7:     0x592f60fe32a2 - std[617be2ca0a6fd877]::panicking::panic_handler::{closure#0}
[INFO] [stdout]    8:     0x592f60fdbfb9 - std[617be2ca0a6fd877]::sys::backtrace::__rust_end_short_backtrace::<std[617be2ca0a6fd877]::panicking::panic_handler::{closure#0}, !>
[INFO] [stdout]    9:     0x592f60fe3ead - __rustc[ea4f61d10b84890b]::rust_begin_unwind
[INFO] [stdout]   10:     0x592f6101becc - core[a373ad73a504971]::panicking::panic_fmt
[INFO] [stdout]   11:     0x592f6101bca2 - core[a373ad73a504971]::result::unwrap_failed
[INFO] [stdout]   12:     0x592f60f7cb8b - <integration_tests[63a0fa46889be2bc]::test_probe_video_file_metadata_keys::{closure#0} as core[a373ad73a504971]::ops::function::FnOnce<()>>::call_once
[INFO] [stdout]   13:     0x592f60f8572b - test[aada8e7e76ba119b]::__rust_begin_short_backtrace::<core[a373ad73a504971]::result::Result<(), alloc[2e1b2a31b91974c5]::string::String>, fn() -> core[a373ad73a504971]::result::Result<(), alloc[2e1b2a31b91974c5]::string::String>>
[INFO] [stdout]   14:     0x592f60f92905 - test[aada8e7e76ba119b]::run_test::{closure#0}
[INFO] [stdout]   15:     0x592f60f8c1f4 - std[617be2ca0a6fd877]::sys::backtrace::__rust_begin_short_backtrace::<test[aada8e7e76ba119b]::run_test::{closure#1}, ()>
[INFO] [stdout]   16:     0x592f60f95992 - <std[617be2ca0a6fd877]::thread::lifecycle::spawn_unchecked<test[aada8e7e76ba119b]::run_test::{closure#1}, ()>::{closure#1} as core[a373ad73a504971]::ops::function::FnOnce<()>>::call_once::{shim:vtable#0}
[INFO] [stdout]   17:     0x592f6100695f - <std[617be2ca0a6fd877]::sys::thread::unix::Thread>::new::thread_start
[INFO] [stdout]   18:     0x73759d2f1dfa - <unknown>
[INFO] [stdout]   19:     0x73759d3853d4 - clone
[INFO] [stdout]   20:                0x0 - <unknown>
[INFO] [stdout] 
[INFO] [stdout] ---- test_probe_audio_file_stream_counts stdout ----
[INFO] [stdout] 
[INFO] [stdout] thread 'test_probe_audio_file_stream_counts' (1623) panicked at tests/integration_tests.rs:373:28:
[INFO] [stdout] Failed to open audio file: FileNotFound { path: "/opt/rustwide/workdir/../../assets/audio/konekonoosanpo.mp3" }
[INFO] [stdout] stack backtrace:
[INFO] [stdout]    0:     0x592f61007101 - <<std[617be2ca0a6fd877]::sys::backtrace::BacktraceLock>::print::DisplayBacktrace as core[a373ad73a504971]::fmt::Display>::fmt
[INFO] [stdout]    1:     0x592f6101b79a - core[a373ad73a504971]::fmt::write
[INFO] [stdout]    2:     0x592f6100b33c - <alloc[2e1b2a31b91974c5]::vec::Vec<u8> as core[a373ad73a504971]::io::write::Write>::write_fmt
[INFO] [stdout]    3:     0x592f60fe31f6 - std[617be2ca0a6fd877]::panicking::default_hook::{closure#0}
[INFO] [stdout]    4:     0x592f60fff799 - std[617be2ca0a6fd877]::panicking::default_hook
[INFO] [stdout]    5:     0x592f60f922e0 - test[aada8e7e76ba119b]::test_main_inner::{closure#0}
[INFO] [stdout]    6:     0x592f60fff952 - std[617be2ca0a6fd877]::panicking::panic_with_hook
[INFO] [stdout]    7:     0x592f60fe32a2 - std[617be2ca0a6fd877]::panicking::panic_handler::{closure#0}
[INFO] [stdout]    8:     0x592f60fdbfb9 - std[617be2ca0a6fd877]::sys::backtrace::__rust_end_short_backtrace::<std[617be2ca0a6fd877]::panicking::panic_handler::{closure#0}, !>
[INFO] [stdout]    9:     0x592f60fe3ead - __rustc[ea4f61d10b84890b]::rust_begin_unwind
[INFO] [stdout]   10:     0x592f6101becc - core[a373ad73a504971]::panicking::panic_fmt
[INFO] [stdout]   11:     0x592f6101bca2 - core[a373ad73a504971]::result::unwrap_failed
[INFO] [stdout]   12:     0x592f60f7c8e5 - <integration_tests[63a0fa46889be2bc]::test_probe_audio_file_stream_counts::{closure#0} as core[a373ad73a504971]::ops::function::FnOnce<()>>::call_once
[INFO] [stdout]   13:     0x592f60f8572b - test[aada8e7e76ba119b]::__rust_begin_short_backtrace::<core[a373ad73a504971]::result::Result<(), alloc[2e1b2a31b91974c5]::string::String>, fn() -> core[a373ad73a504971]::result::Result<(), alloc[2e1b2a31b91974c5]::string::String>>
[INFO] [stdout]   14:     0x592f60f92905 - test[aada8e7e76ba119b]::run_test::{closure#0}
[INFO] [stdout]   15:     0x592f60f8c1f4 - std[617be2ca0a6fd877]::sys::backtrace::__rust_begin_short_backtrace::<test[aada8e7e76ba119b]::run_test::{closure#1}, ()>
[INFO] [stdout]   16:     0x592f60f95992 - <std[617be2ca0a6fd877]::thread::lifecycle::spawn_unchecked<test[aada8e7e76ba119b]::run_test::{closure#1}, ()>::{closure#1} as core[a373ad73a504971]::ops::function::FnOnce<()>>::call_once::{shim:vtable#0}
[INFO] [stdout]   17:     0x592f6100695f - <std[617be2ca0a6fd877]::sys::thread::unix::Thread>::new::thread_start
[INFO] [stdout]   18:     0x73759d2f1dfa - <unknown>
[INFO] [stdout]   19:     0x73759d3853d4 - clone
[INFO] [stdout]   20:                0x0 - <unknown>
[INFO] [stdout] 
[INFO] [stdout] ---- test_probe_video_frame_rate stdout ----
[INFO] [stdout] 
[INFO] [stdout] thread 'test_probe_video_frame_rate' (1648) panicked at tests/integration_tests.rs:414:28:
[INFO] [stdout] Failed to open video file: FileNotFound { path: "/opt/rustwide/workdir/../../assets/video/gameplay.mp4" }
[INFO] [stdout] stack backtrace:
[INFO] [stdout]    0:     0x592f61007101 - <<std[617be2ca0a6fd877]::sys::backtrace::BacktraceLock>::print::DisplayBacktrace as core[a373ad73a504971]::fmt::Display>::fmt
[INFO] [stdout]    1:     0x592f6101b79a - core[a373ad73a504971]::fmt::write
[INFO] [stdout]    2:     0x592f6100b33c - <alloc[2e1b2a31b91974c5]::vec::Vec<u8> as core[a373ad73a504971]::io::write::Write>::write_fmt
[INFO] [stdout]    3:     0x592f60fe31f6 - std[617be2ca0a6fd877]::panicking::default_hook::{closure#0}
[INFO] [stdout]    4:     0x592f60fff799 - std[617be2ca0a6fd877]::panicking::default_hook
[INFO] [stdout]    5:     0x592f60f922e0 - test[aada8e7e76ba119b]::test_main_inner::{closure#0}
[INFO] [stdout]    6:     0x592f60fff952 - std[617be2ca0a6fd877]::panicking::panic_with_hook
[INFO] [stdout]    7:     0x592f60fe32a2 - std[617be2ca0a6fd877]::panicking::panic_handler::{closure#0}
[INFO] [stdout]    8:     0x592f60fdbfb9 - std[617be2ca0a6fd877]::sys::backtrace::__rust_end_short_backtrace::<std[617be2ca0a6fd877]::panicking::panic_handler::{closure#0}, !>
[INFO] [stdout]    9:     0x592f60fe3ead - __rustc[ea4f61d10b84890b]::rust_begin_unwind
[INFO] [stdout]   10:     0x592f6101becc - core[a373ad73a504971]::panicking::panic_fmt
[INFO] [stdout]   11:     0x592f6101bca2 - core[a373ad73a504971]::result::unwrap_failed
[INFO] [stdout]   12:     0x592f60f7aa72 - <integration_tests[63a0fa46889be2bc]::test_probe_video_frame_rate::{closure#0} as core[a373ad73a504971]::ops::function::FnOnce<()>>::call_once
[INFO] [stdout]   13:     0x592f60f8572b - test[aada8e7e76ba119b]::__rust_begin_short_backtrace::<core[a373ad73a504971]::result::Result<(), alloc[2e1b2a31b91974c5]::string::String>, fn() -> core[a373ad73a504971]::result::Result<(), alloc[2e1b2a31b91974c5]::string::String>>
[INFO] [stdout]   14:     0x592f60f92905 - test[aada8e7e76ba119b]::run_test::{closure#0}
[INFO] [stdout]   15:     0x592f60f8c1f4 - std[617be2ca0a6fd877]::sys::backtrace::__rust_begin_short_backtrace::<test[aada8e7e76ba119b]::run_test::{closure#1}, ()>
[INFO] [stdout]   16:     0x592f60f95992 - <std[617be2ca0a6fd877]::thread::lifecycle::spawn_unchecked<test[aada8e7e76ba119b]::run_test::{closure#1}, ()>::{closure#1} as core[a373ad73a504971]::ops::function::FnOnce<()>>::call_once::{shim:vtable#0}
[INFO] [stdout]   17:     0x592f6100695f - <std[617be2ca0a6fd877]::sys::thread::unix::Thread>::new::thread_start
[INFO] [stdout]   18:     0x73759d2f1dfa - <unknown>
[INFO] [stdout]   19:     0x73759d3853d4 - clone
[INFO] [stdout]   20:                0x0 - <unknown>
[INFO] [stdout] 
[INFO] [stdout] ---- test_probe_video_file_path stdout ----
[INFO] [stdout] 
[INFO] [stdout] thread 'test_probe_video_file_path' (1643) panicked at tests/integration_tests.rs:163:28:
[INFO] [stdout] Failed to open video file: FileNotFound { path: "/opt/rustwide/workdir/../../assets/video/gameplay.mp4" }
[INFO] [stdout] stack backtrace:
[INFO] [stdout]    0:     0x592f61007101 - <<std[617be2ca0a6fd877]::sys::backtrace::BacktraceLock>::print::DisplayBacktrace as core[a373ad73a504971]::fmt::Display>::fmt
[INFO] [stdout]    1:     0x592f6101b79a - core[a373ad73a504971]::fmt::write
[INFO] [stdout]    2:     0x592f6100b33c - <alloc[2e1b2a31b91974c5]::vec::Vec<u8> as core[a373ad73a504971]::io::write::Write>::write_fmt
[INFO] [stdout]    3:     0x592f60fe31f6 - std[617be2ca0a6fd877]::panicking::default_hook::{closure#0}
[INFO] [stdout]    4:     0x592f60fff799 - std[617be2ca0a6fd877]::panicking::default_hook
[INFO] [stdout]    5:     0x592f60f922e0 - test[aada8e7e76ba119b]::test_main_inner::{closure#0}
[INFO] [stdout]    6:     0x592f60fff952 - std[617be2ca0a6fd877]::panicking::panic_with_hook
[INFO] [stdout]    7:     0x592f60fe32a2 - std[617be2ca0a6fd877]::panicking::panic_handler::{closure#0}
[INFO] [stdout]    8:     0x592f60fdbfb9 - std[617be2ca0a6fd877]::sys::backtrace::__rust_end_short_backtrace::<std[617be2ca0a6fd877]::panicking::panic_handler::{closure#0}, !>
[INFO] [stdout]    9:     0x592f60fe3ead - __rustc[ea4f61d10b84890b]::rust_begin_unwind
[INFO] [stdout]   10:     0x592f6101becc - core[a373ad73a504971]::panicking::panic_fmt
[INFO] [stdout]   11:     0x592f6101bca2 - core[a373ad73a504971]::result::unwrap_failed
[INFO] [stdout]   12:     0x592f60f7a4d3 - <integration_tests[63a0fa46889be2bc]::test_probe_video_file_path::{closure#0} as core[a373ad73a504971]::ops::function::FnOnce<()>>::call_once
[INFO] [stdout]   13:     0x592f60f8572b - test[aada8e7e76ba119b]::__rust_begin_short_backtrace::<core[a373ad73a504971]::result::Result<(), alloc[2e1b2a31b91974c5]::string::String>, fn() -> core[a373ad73a504971]::result::Result<(), alloc[2e1b2a31b91974c5]::string::String>>
[INFO] [stdout]   14:     0x592f60f92905 - test[aada8e7e76ba119b]::run_test::{closure#0}
[INFO] [stdout]   15:     0x592f60f8c1f4 - std[617be2ca0a6fd877]::sys::backtrace::__rust_begin_short_backtrace::<test[aada8e7e76ba119b]::run_test::{closure#1}, ()>
[INFO] [stdout]   16:     0x592f60f95992 - <std[617be2ca0a6fd877]::thread::lifecycle::spawn_unchecked<test[aada8e7e76ba119b]::run_test::{closure#1}, ()>::{closure#1} as core[a373ad73a504971]::ops::function::FnOnce<()>>::call_once::{shim:vtable#0}
[INFO] [stdout]   17:     0x592f6100695f - <std[617be2ca0a6fd877]::sys::thread::unix::Thread>::new::thread_start
[INFO] [stdout]   18:     0x73759d2f1dfa - <unknown>
[INFO] [stdout]   19:     0x73759d3853d4 - clone
[INFO] [stdout]   20:                0x0 - <unknown>
[INFO] [stdout] 
[INFO] [stdout] ---- test_probe_video_file_opens_successfully stdout ----
[INFO] [stdout] 
[INFO] [stdout] thread 'test_probe_video_file_opens_successfully' (1642) panicked at tests/integration_tests.rs:49:5:
[INFO] [stdout] Failed to open video file: Some(FileNotFound { path: "/opt/rustwide/workdir/../../assets/video/gameplay.mp4" })
[INFO] [stdout] stack backtrace:
[INFO] [stdout]    0:     0x592f61007101 - <<std[617be2ca0a6fd877]::sys::backtrace::BacktraceLock>::print::DisplayBacktrace as core[a373ad73a504971]::fmt::Display>::fmt
[INFO] [stdout]    1:     0x592f6101b79a - core[a373ad73a504971]::fmt::write
[INFO] [stdout]    2:     0x592f6100b33c - <alloc[2e1b2a31b91974c5]::vec::Vec<u8> as core[a373ad73a504971]::io::write::Write>::write_fmt
[INFO] [stdout]    3:     0x592f60fe31f6 - std[617be2ca0a6fd877]::panicking::default_hook::{closure#0}
[INFO] [stdout]    4:     0x592f60fff799 - std[617be2ca0a6fd877]::panicking::default_hook
[INFO] [stdout]    5:     0x592f60f922e0 - test[aada8e7e76ba119b]::test_main_inner::{closure#0}
[INFO] [stdout]    6:     0x592f60fff952 - std[617be2ca0a6fd877]::panicking::panic_with_hook
[INFO] [stdout]    7:     0x592f60fe32a2 - std[617be2ca0a6fd877]::panicking::panic_handler::{closure#0}
[INFO] [stdout]    8:     0x592f60fdbfb9 - std[617be2ca0a6fd877]::sys::backtrace::__rust_end_short_backtrace::<std[617be2ca0a6fd877]::panicking::panic_handler::{closure#0}, !>
[INFO] [stdout]    9:     0x592f60fe3ead - __rustc[ea4f61d10b84890b]::rust_begin_unwind
[INFO] [stdout]   10:     0x592f6101becc - core[a373ad73a504971]::panicking::panic_fmt
[INFO] [stdout]   11:     0x592f60f7e3fc - <integration_tests[63a0fa46889be2bc]::test_probe_video_file_opens_successfully::{closure#0} as core[a373ad73a504971]::ops::function::FnOnce<()>>::call_once
[INFO] [stdout]   12:     0x592f60f8572b - test[aada8e7e76ba119b]::__rust_begin_short_backtrace::<core[a373ad73a504971]::result::Result<(), alloc[2e1b2a31b91974c5]::string::String>, fn() -> core[a373ad73a504971]::result::Result<(), alloc[2e1b2a31b91974c5]::string::String>>
[INFO] [stdout]   13:     0x592f60f92905 - test[aada8e7e76ba119b]::run_test::{closure#0}
[INFO] [stdout]   14:     0x592f60f8c1f4 - std[617be2ca0a6fd877]::sys::backtrace::__rust_begin_short_backtrace::<test[aada8e7e76ba119b]::run_test::{closure#1}, ()>
[INFO] [stdout]   15:     0x592f60f95992 - <std[617be2ca0a6fd877]::thread::lifecycle::spawn_unchecked<test[aada8e7e76ba119b]::run_test::{closure#1}, ()>::{closure#1} as core[a373ad73a504971]::ops::function::FnOnce<()>>::call_once::{shim:vtable#0}
[INFO] [stdout]   16:     0x592f6100695f - <std[617be2ca0a6fd877]::sys::thread::unix::Thread>::new::thread_start
[INFO] [stdout]   17:     0x73759d2f1dfa - <unknown>
[INFO] [stdout]   18:     0x73759d3853d4 - clone
[INFO] [stdout]   19:                0x0 - <unknown>
[INFO] [stdout] 
[INFO] [stdout] ---- test_probe_video_stream_bitrate stdout ----
[INFO] [stdout] 
[INFO] [stdout] thread 'test_probe_video_stream_bitrate' (1651) panicked at tests/integration_tests.rs:717:28:
[INFO] [stdout] Failed to open video file: FileNotFound { path: "/opt/rustwide/workdir/../../assets/video/gameplay.mp4" }
[INFO] [stdout] stack backtrace:
[INFO] [stdout]    0:     0x592f61007101 - <<std[617be2ca0a6fd877]::sys::backtrace::BacktraceLock>::print::DisplayBacktrace as core[a373ad73a504971]::fmt::Display>::fmt
[INFO] [stdout]    1:     0x592f6101b79a - core[a373ad73a504971]::fmt::write
[INFO] [stdout]    2:     0x592f6100b33c - <alloc[2e1b2a31b91974c5]::vec::Vec<u8> as core[a373ad73a504971]::io::write::Write>::write_fmt
[INFO] [stdout]    3:     0x592f60fe31f6 - std[617be2ca0a6fd877]::panicking::default_hook::{closure#0}
[INFO] [stdout]    4:     0x592f60fff799 - std[617be2ca0a6fd877]::panicking::default_hook
[INFO] [stdout]    5:     0x592f60f922e0 - test[aada8e7e76ba119b]::test_main_inner::{closure#0}
[INFO] [stdout]    6:     0x592f60fff952 - std[617be2ca0a6fd877]::panicking::panic_with_hook
[INFO] [stdout]    7:     0x592f60fe32a2 - std[617be2ca0a6fd877]::panicking::panic_handler::{closure#0}
[INFO] [stdout]    8:     0x592f60fdbfb9 - std[617be2ca0a6fd877]::sys::backtrace::__rust_end_short_backtrace::<std[617be2ca0a6fd877]::panicking::panic_handler::{closure#0}, !>
[INFO] [stdout]    9:     0x592f60fe3ead - __rustc[ea4f61d10b84890b]::rust_begin_unwind
[INFO] [stdout]   10:     0x592f6101becc - core[a373ad73a504971]::panicking::panic_fmt
[INFO] [stdout]   11:     0x592f6101bca2 - core[a373ad73a504971]::result::unwrap_failed
[INFO] [stdout]   12:     0x592f60f7c20e - <integration_tests[63a0fa46889be2bc]::test_probe_video_stream_bitrate::{closure#0} as core[a373ad73a504971]::ops::function::FnOnce<()>>::call_once
[INFO] [stdout]   13:     0x592f60f8572b - test[aada8e7e76ba119b]::__rust_begin_short_backtrace::<core[a373ad73a504971]::result::Result<(), alloc[2e1b2a31b91974c5]::string::String>, fn() -> core[a373ad73a504971]::result::Result<(), alloc[2e1b2a31b91974c5]::string::String>>
[INFO] [stdout]   14:     0x592f60f92905 - test[aada8e7e76ba119b]::run_test::{closure#0}
[INFO] [stdout]   15:     0x592f60f8c1f4 - std[617be2ca0a6fd877]::sys::backtrace::__rust_begin_short_backtrace::<test[aada8e7e76ba119b]::run_test::{closure#1}, ()>
[INFO] [stdout]   16:     0x592f60f95992 - <std[617be2ca0a6fd877]::thread::lifecycle::spawn_unchecked<test[aada8e7e76ba119b]::run_test::{closure#1}, ()>::{closure#1} as core[a373ad73a504971]::ops::function::FnOnce<()>>::call_once::{shim:vtable#0}
[INFO] [stdout]   17:     0x592f6100695f - <std[617be2ca0a6fd877]::sys::thread::unix::Thread>::new::thread_start
[INFO] [stdout]   18:     0x73759d2f1dfa - <unknown>
[INFO] [stdout]   19:     0x73759d3853d4 - clone
[INFO] [stdout]   20:                0x0 - <unknown>
[INFO] [stdout] 
[INFO] [stdout] ---- test_probe_video_file_metadata_accessible stdout ----
[INFO] [stdout] 
[INFO] [stdout] thread 'test_probe_video_file_metadata_accessible' (1640) panicked at tests/integration_tests.rs:471:28:
[INFO] [stdout] Failed to open video file: FileNotFound { path: "/opt/rustwide/workdir/../../assets/video/gameplay.mp4" }
[INFO] [stdout] stack backtrace:
[INFO] [stdout]    0:     0x592f61007101 - <<std[617be2ca0a6fd877]::sys::backtrace::BacktraceLock>::print::DisplayBacktrace as core[a373ad73a504971]::fmt::Display>::fmt
[INFO] [stdout]    1:     0x592f6101b79a - core[a373ad73a504971]::fmt::write
[INFO] [stdout]    2:     0x592f6100b33c - <alloc[2e1b2a31b91974c5]::vec::Vec<u8> as core[a373ad73a504971]::io::write::Write>::write_fmt
[INFO] [stdout]    3:     0x592f60fe31f6 - std[617be2ca0a6fd877]::panicking::default_hook::{closure#0}
[INFO] [stdout]    4:     0x592f60fff799 - std[617be2ca0a6fd877]::panicking::default_hook
[INFO] [stdout]    5:     0x592f60f922e0 - test[aada8e7e76ba119b]::test_main_inner::{closure#0}
[INFO] [stdout]    6:     0x592f60fff952 - std[617be2ca0a6fd877]::panicking::panic_with_hook
[INFO] [stdout]    7:     0x592f60fe32a2 - std[617be2ca0a6fd877]::panicking::panic_handler::{closure#0}
[INFO] [stdout]    8:     0x592f60fdbfb9 - std[617be2ca0a6fd877]::sys::backtrace::__rust_end_short_backtrace::<std[617be2ca0a6fd877]::panicking::panic_handler::{closure#0}, !>
[INFO] [stdout]    9:     0x592f60fe3ead - __rustc[ea4f61d10b84890b]::rust_begin_unwind
[INFO] [stdout]   10:     0x592f6101becc - core[a373ad73a504971]::panicking::panic_fmt
[INFO] [stdout]   11:     0x592f6101bca2 - core[a373ad73a504971]::result::unwrap_failed
[INFO] [stdout]   12:     0x592f60f7ef7f - <integration_tests[63a0fa46889be2bc]::test_probe_video_file_metadata_accessible::{closure#0} as core[a373ad73a504971]::ops::function::FnOnce<()>>::call_once
[INFO] [stdout]   13:     0x592f60f8572b - test[aada8e7e76ba119b]::__rust_begin_short_backtrace::<core[a373ad73a504971]::result::Result<(), alloc[2e1b2a31b91974c5]::string::String>, fn() -> core[a373ad73a504971]::result::Result<(), alloc[2e1b2a31b91974c5]::string::String>>
[INFO] [stdout]   14:     0x592f60f92905 - test[aada8e7e76ba119b]::run_test::{closure#0}
[INFO] [stdout]   15:     0x592f60f8c1f4 - std[617be2ca0a6fd877]::sys::backtrace::__rust_begin_short_backtrace::<test[aada8e7e76ba119b]::run_test::{closure#1}, ()>
[INFO] [stdout]   16:     0x592f60f95992 - <std[617be2ca0a6fd877]::thread::lifecycle::spawn_unchecked<test[aada8e7e76ba119b]::run_test::{closure#1}, ()>::{closure#1} as core[a373ad73a504971]::ops::function::FnOnce<()>>::call_once::{shim:vtable#0}
[INFO] [stdout]   17:     0x592f6100695f - <std[617be2ca0a6fd877]::sys::thread::unix::Thread>::new::thread_start
[INFO] [stdout]   18:     0x73759d2f1dfa - <unknown>
[INFO] [stdout]   19:     0x73759d3853d4 - clone
[INFO] [stdout]   20:                0x0 - <unknown>
[INFO] [stdout] 
[INFO] [stdout] ---- test_probe_video_file_has_correct_format stdout ----
[INFO] [stdout] 
[INFO] [stdout] thread 'test_probe_video_file_has_correct_format' (1636) panicked at tests/integration_tests.rs:59:28:
[INFO] [stdout] Failed to open video file: FileNotFound { path: "/opt/rustwide/workdir/../../assets/video/gameplay.mp4" }
[INFO] [stdout] stack backtrace:
[INFO] [stdout]    0:     0x592f61007101 - <<std[617be2ca0a6fd877]::sys::backtrace::BacktraceLock>::print::DisplayBacktrace as core[a373ad73a504971]::fmt::Display>::fmt
[INFO] [stdout]    1:     0x592f6101b79a - core[a373ad73a504971]::fmt::write
[INFO] [stdout]    2:     0x592f6100b33c - <alloc[2e1b2a31b91974c5]::vec::Vec<u8> as core[a373ad73a504971]::io::write::Write>::write_fmt
[INFO] [stdout]    3:     0x592f60fe31f6 - std[617be2ca0a6fd877]::panicking::default_hook::{closure#0}
[INFO] [stdout]    4:     0x592f60fff799 - std[617be2ca0a6fd877]::panicking::default_hook
[INFO] [stdout]    5:     0x592f60f922e0 - test[aada8e7e76ba119b]::test_main_inner::{closure#0}
[INFO] [stdout]    6:     0x592f60fff952 - std[617be2ca0a6fd877]::panicking::panic_with_hook
[INFO] [stdout]    7:     0x592f60fe32a2 - std[617be2ca0a6fd877]::panicking::panic_handler::{closure#0}
[INFO] [stdout]    8:     0x592f60fdbfb9 - std[617be2ca0a6fd877]::sys::backtrace::__rust_end_short_backtrace::<std[617be2ca0a6fd877]::panicking::panic_handler::{closure#0}, !>
[INFO] [stdout]    9:     0x592f60fe3ead - __rustc[ea4f61d10b84890b]::rust_begin_unwind
[INFO] [stdout]   10:     0x592f6101becc - core[a373ad73a504971]::panicking::panic_fmt
[INFO] [stdout]   11:     0x592f6101bca2 - core[a373ad73a504971]::result::unwrap_failed
[INFO] [stdout]   12:     0x592f60f7e1f7 - <integration_tests[63a0fa46889be2bc]::test_probe_video_file_has_correct_format::{closure#0} as core[a373ad73a504971]::ops::function::FnOnce<()>>::call_once
[INFO] [stdout]   13:     0x592f60f8572b - test[aada8e7e76ba119b]::__rust_begin_short_backtrace::<core[a373ad73a504971]::result::Result<(), alloc[2e1b2a31b91974c5]::string::String>, fn() -> core[a373ad73a504971]::result::Result<(), alloc[2e1b2a31b91974c5]::string::String>>
[INFO] [stdout]   14:     0x592f60f92905 - test[aada8e7e76ba119b]::run_test::{closure#0}
[INFO] [stdout]   15:     0x592f60f8c1f4 - std[617be2ca0a6fd877]::sys::backtrace::__rust_begin_short_backtrace::<test[aada8e7e76ba119b]::run_test::{closure#1}, ()>
[INFO] [stdout]   16:     0x592f60f95992 - <std[617be2ca0a6fd877]::thread::lifecycle::spawn_unchecked<test[aada8e7e76ba119b]::run_test::{closure#1}, ()>::{closure#1} as core[a373ad73a504971]::ops::function::FnOnce<()>>::call_once::{shim:vtable#0}
[INFO] [stdout]   17:     0x592f6100695f - <std[617be2ca0a6fd877]::sys::thread::unix::Thread>::new::thread_start
[INFO] [stdout]   18:     0x73759d2f1dfa - <unknown>
[INFO] [stdout]   19:     0x73759d3853d4 - clone
[INFO] [stdout]   20:                0x0 - <unknown>
[INFO] [stdout] 
[INFO] [stdout] ---- test_probe_audio_sample_rate stdout ----
[INFO] [stdout] 
[INFO] [stdout] thread 'test_probe_audio_sample_rate' (1624) panicked at tests/integration_tests.rs:437:28:
[INFO] [stdout] Failed to open audio file: FileNotFound { path: "/opt/rustwide/workdir/../../assets/audio/konekonoosanpo.mp3" }
[INFO] [stdout] stack backtrace:
[INFO] [stdout]    0:     0x592f61007101 - <<std[617be2ca0a6fd877]::sys::backtrace::BacktraceLock>::print::DisplayBacktrace as core[a373ad73a504971]::fmt::Display>::fmt
[INFO] [stdout]    1:     0x592f6101b79a - core[a373ad73a504971]::fmt::write
[INFO] [stdout]    2:     0x592f6100b33c - <alloc[2e1b2a31b91974c5]::vec::Vec<u8> as core[a373ad73a504971]::io::write::Write>::write_fmt
[INFO] [stdout]    3:     0x592f60fe31f6 - std[617be2ca0a6fd877]::panicking::default_hook::{closure#0}
[INFO] [stdout]    4:     0x592f60fff799 - std[617be2ca0a6fd877]::panicking::default_hook
[INFO] [stdout]    5:     0x592f60f922e0 - test[aada8e7e76ba119b]::test_main_inner::{closure#0}
[INFO] [stdout]    6:     0x592f60fff952 - std[617be2ca0a6fd877]::panicking::panic_with_hook
[INFO] [stdout]    7:     0x592f60fe32a2 - std[617be2ca0a6fd877]::panicking::panic_handler::{closure#0}
[INFO] [stdout]    8:     0x592f60fdbfb9 - std[617be2ca0a6fd877]::sys::backtrace::__rust_end_short_backtrace::<std[617be2ca0a6fd877]::panicking::panic_handler::{closure#0}, !>
[INFO] [stdout]    9:     0x592f60fe3ead - __rustc[ea4f61d10b84890b]::rust_begin_unwind
[INFO] [stdout]   10:     0x592f6101becc - core[a373ad73a504971]::panicking::panic_fmt
[INFO] [stdout]   11:     0x592f6101bca2 - core[a373ad73a504971]::result::unwrap_failed
[INFO] [stdout]   12:     0x592f60f7af8b - <integration_tests[63a0fa46889be2bc]::test_probe_audio_sample_rate::{closure#0} as core[a373ad73a504971]::ops::function::FnOnce<()>>::call_once
[INFO] [stdout]   13:     0x592f60f8572b - test[aada8e7e76ba119b]::__rust_begin_short_backtrace::<core[a373ad73a504971]::result::Result<(), alloc[2e1b2a31b91974c5]::string::String>, fn() -> core[a373ad73a504971]::result::Result<(), alloc[2e1b2a31b91974c5]::string::String>>
[INFO] [stdout]   14:     0x592f60f92905 - test[aada8e7e76ba119b]::run_test::{closure#0}
[INFO] [stdout]   15:     0x592f60f8c1f4 - std[617be2ca0a6fd877]::sys::backtrace::__rust_begin_short_backtrace::<test[aada8e7e76ba119b]::run_test::{closure#1}, ()>
[INFO] [stdout]   16:     0x592f60f95992 - <std[617be2ca0a6fd877]::thread::lifecycle::spawn_unchecked<test[aada8e7e76ba119b]::run_test::{closure#1}, ()>::{closure#1} as core[a373ad73a504971]::ops::function::FnOnce<()>>::call_once::{shim:vtable#0}
[INFO] [stdout]   17:     0x592f6100695f - <std[617be2ca0a6fd877]::sys::thread::unix::Thread>::new::thread_start
[INFO] [stdout]   18:     0x73759d2f1dfa - <unknown>
[INFO] [stdout]   19:     0x73759d3853d4 - clone
[INFO] [stdout]   20:                0x0 - <unknown>
[INFO] [stdout] 
[INFO] [stdout] ---- test_probe_video_color_space_extraction stdout ----
[INFO] [stdout] 
[INFO] [stdout] thread 'test_probe_video_color_space_extraction' (1632) panicked at tests/integration_tests.rs:537:28:
[INFO] [stdout] Failed to open video file: FileNotFound { path: "/opt/rustwide/workdir/../../assets/video/gameplay.mp4" }
[INFO] [stdout] stack backtrace:
[INFO] [stdout]    0:     0x592f61007101 - <<std[617be2ca0a6fd877]::sys::backtrace::BacktraceLock>::print::DisplayBacktrace as core[a373ad73a504971]::fmt::Display>::fmt
[INFO] [stdout]    1:     0x592f6101b79a - core[a373ad73a504971]::fmt::write
[INFO] [stdout]    2:     0x592f6100b33c - <alloc[2e1b2a31b91974c5]::vec::Vec<u8> as core[a373ad73a504971]::io::write::Write>::write_fmt
[INFO] [stdout]    3:     0x592f60fe31f6 - std[617be2ca0a6fd877]::panicking::default_hook::{closure#0}
[INFO] [stdout]    4:     0x592f60fff799 - std[617be2ca0a6fd877]::panicking::default_hook
[INFO] [stdout]    5:     0x592f60f922e0 - test[aada8e7e76ba119b]::test_main_inner::{closure#0}
[INFO] [stdout]    6:     0x592f60fff952 - std[617be2ca0a6fd877]::panicking::panic_with_hook
[INFO] [stdout]    7:     0x592f60fe32a2 - std[617be2ca0a6fd877]::panicking::panic_handler::{closure#0}
[INFO] [stdout]    8:     0x592f60fdbfb9 - std[617be2ca0a6fd877]::sys::backtrace::__rust_end_short_backtrace::<std[617be2ca0a6fd877]::panicking::panic_handler::{closure#0}, !>
[INFO] [stdout]    9:     0x592f60fe3ead - __rustc[ea4f61d10b84890b]::rust_begin_unwind
[INFO] [stdout]   10:     0x592f6101becc - core[a373ad73a504971]::panicking::panic_fmt
[INFO] [stdout]   11:     0x592f6101bca2 - core[a373ad73a504971]::result::unwrap_failed
[INFO] [stdout]   12:     0x592f60f7dba4 - <integration_tests[63a0fa46889be2bc]::test_probe_video_color_space_extraction::{closure#0} as core[a373ad73a504971]::ops::function::FnOnce<()>>::call_once
[INFO] [stdout]   13:     0x592f60f8572b - test[aada8e7e76ba119b]::__rust_begin_short_backtrace::<core[a373ad73a504971]::result::Result<(), alloc[2e1b2a31b91974c5]::string::String>, fn() -> core[a373ad73a504971]::result::Result<(), alloc[2e1b2a31b91974c5]::string::String>>
[INFO] [stdout]   14:     0x592f60f92905 - test[aada8e7e76ba119b]::run_test::{closure#0}
[INFO] [stdout]   15:     0x592f60f8c1f4 - std[617be2ca0a6fd877]::sys::backtrace::__rust_begin_short_backtrace::<test[aada8e7e76ba119b]::run_test::{closure#1}, ()>
[INFO] [stdout]   16:     0x592f60f95992 - <std[617be2ca0a6fd877]::thread::lifecycle::spawn_unchecked<test[aada8e7e76ba119b]::run_test::{closure#1}, ()>::{closure#1} as core[a373ad73a504971]::ops::function::FnOnce<()>>::call_once::{shim:vtable#0}
[INFO] [stdout]   17:     0x592f6100695f - <std[617be2ca0a6fd877]::sys::thread::unix::Thread>::new::thread_start
[INFO] [stdout]   18:     0x73759d2f1dfa - <unknown>
[INFO] [stdout]   19:     0x73759d3853d4 - clone
[INFO] [stdout]   20:                0x0 - <unknown>
[INFO] [stdout] 
[INFO] [stdout] ---- test_probe_video_hdr_detection stdout ----
[INFO] [stdout] 
[INFO] [stdout] thread 'test_probe_video_hdr_detection' (1649) panicked at tests/integration_tests.rs:644:28:
[INFO] [stdout] Failed to open video file: FileNotFound { path: "/opt/rustwide/workdir/../../assets/video/gameplay.mp4" }
[INFO] [stdout] stack backtrace:
[INFO] [stdout]    0:     0x592f61007101 - <<std[617be2ca0a6fd877]::sys::backtrace::BacktraceLock>::print::DisplayBacktrace as core[a373ad73a504971]::fmt::Display>::fmt
[INFO] [stdout]    1:     0x592f6101b79a - core[a373ad73a504971]::fmt::write
[INFO] [stdout]    2:     0x592f6100b33c - <alloc[2e1b2a31b91974c5]::vec::Vec<u8> as core[a373ad73a504971]::io::write::Write>::write_fmt
[INFO] [stdout]    3:     0x592f60fe31f6 - std[617be2ca0a6fd877]::panicking::default_hook::{closure#0}
[INFO] [stdout]    4:     0x592f60fff799 - std[617be2ca0a6fd877]::panicking::default_hook
[INFO] [stdout]    5:     0x592f60f922e0 - test[aada8e7e76ba119b]::test_main_inner::{closure#0}
[INFO] [stdout]    6:     0x592f60fff952 - std[617be2ca0a6fd877]::panicking::panic_with_hook
[INFO] [stdout]    7:     0x592f60fe32a2 - std[617be2ca0a6fd877]::panicking::panic_handler::{closure#0}
[INFO] [stdout]    8:     0x592f60fdbfb9 - std[617be2ca0a6fd877]::sys::backtrace::__rust_end_short_backtrace::<std[617be2ca0a6fd877]::panicking::panic_handler::{closure#0}, !>
[INFO] [stdout]    9:     0x592f60fe3ead - __rustc[ea4f61d10b84890b]::rust_begin_unwind
[INFO] [stdout]   10:     0x592f6101becc - core[a373ad73a504971]::panicking::panic_fmt
[INFO] [stdout]   11:     0x592f6101bca2 - core[a373ad73a504971]::result::unwrap_failed
[INFO] [stdout]   12:     0x592f60f7bda7 - <integration_tests[63a0fa46889be2bc]::test_probe_video_hdr_detection::{closure#0} as core[a373ad73a504971]::ops::function::FnOnce<()>>::call_once
[INFO] [stdout]   13:     0x592f60f8572b - test[aada8e7e76ba119b]::__rust_begin_short_backtrace::<core[a373ad73a504971]::result::Result<(), alloc[2e1b2a31b91974c5]::string::String>, fn() -> core[a373ad73a504971]::result::Result<(), alloc[2e1b2a31b91974c5]::string::String>>
[INFO] [stdout]   14:     0x592f60f92905 - test[aada8e7e76ba119b]::run_test::{closure#0}
[INFO] [stdout]   15:     0x592f60f8c1f4 - std[617be2ca0a6fd877]::sys::backtrace::__rust_begin_short_backtrace::<test[aada8e7e76ba119b]::run_test::{closure#1}, ()>
[INFO] [stdout]   16:     0x592f60f95992 - <std[617be2ca0a6fd877]::thread::lifecycle::spawn_unchecked<test[aada8e7e76ba119b]::run_test::{closure#1}, ()>::{closure#1} as core[a373ad73a504971]::ops::function::FnOnce<()>>::call_once::{shim:vtable#0}
[INFO] [stdout]   17:     0x592f6100695f - <std[617be2ca0a6fd877]::sys::thread::unix::Thread>::new::thread_start
[INFO] [stdout]   18:     0x73759d2f1dfa - <unknown>
[INFO] [stdout]   19:     0x73759d3853d4 - clone
[INFO] [stdout]   20:                0x0 - <unknown>
[INFO] [stdout] 
[INFO] [stdout] ---- test_probe_video_file_subtitle_stream_count_is_zero stdout ----
[INFO] [stdout] 
[INFO] [stdout] thread 'test_probe_video_file_subtitle_stream_count_is_zero' (1646) panicked at tests/integration_tests.rs:814:28:
[INFO] [stdout] Failed to open video file: FileNotFound { path: "/opt/rustwide/workdir/../../assets/video/gameplay.mp4" }
[INFO] [stdout] stack backtrace:
[INFO] [stdout]    0:     0x592f61007101 - <<std[617be2ca0a6fd877]::sys::backtrace::BacktraceLock>::print::DisplayBacktrace as core[a373ad73a504971]::fmt::Display>::fmt
[INFO] [stdout]    1:     0x592f6101b79a - core[a373ad73a504971]::fmt::write
[INFO] [stdout]    2:     0x592f6100b33c - <alloc[2e1b2a31b91974c5]::vec::Vec<u8> as core[a373ad73a504971]::io::write::Write>::write_fmt
[INFO] [stdout]    3:     0x592f60fe31f6 - std[617be2ca0a6fd877]::panicking::default_hook::{closure#0}
[INFO] [stdout]    4:     0x592f60fff799 - std[617be2ca0a6fd877]::panicking::default_hook
[INFO] [stdout]    5:     0x592f60f922e0 - test[aada8e7e76ba119b]::test_main_inner::{closure#0}
[INFO] [stdout]    6:     0x592f60fff952 - std[617be2ca0a6fd877]::panicking::panic_with_hook
[INFO] [stdout]    7:     0x592f60fe32a2 - std[617be2ca0a6fd877]::panicking::panic_handler::{closure#0}
[INFO] [stdout]    8:     0x592f60fdbfb9 - std[617be2ca0a6fd877]::sys::backtrace::__rust_end_short_backtrace::<std[617be2ca0a6fd877]::panicking::panic_handler::{closure#0}, !>
[INFO] [stdout]    9:     0x592f60fe3ead - __rustc[ea4f61d10b84890b]::rust_begin_unwind
[INFO] [stdout]   10:     0x592f6101becc - core[a373ad73a504971]::panicking::panic_fmt
[INFO] [stdout]   11:     0x592f6101bca2 - core[a373ad73a504971]::result::unwrap_failed
[INFO] [stdout]   12:     0x592f60f7fe31 - <integration_tests[63a0fa46889be2bc]::test_probe_video_file_subtitle_stream_count_is_zero::{closure#0} as core[a373ad73a504971]::ops::function::FnOnce<()>>::call_once
[INFO] [stdout]   13:     0x592f60f8572b - test[aada8e7e76ba119b]::__rust_begin_short_backtrace::<core[a373ad73a504971]::result::Result<(), alloc[2e1b2a31b91974c5]::string::String>, fn() -> core[a373ad73a504971]::result::Result<(), alloc[2e1b2a31b91974c5]::string::String>>
[INFO] [stdout]   14:     0x592f60f92905 - test[aada8e7e76ba119b]::run_test::{closure#0}
[INFO] [stdout]   15:     0x592f60f8c1f4 - std[617be2ca0a6fd877]::sys::backtrace::__rust_begin_short_backtrace::<test[aada8e7e76ba119b]::run_test::{closure#1}, ()>
[INFO] [stdout]   16:     0x592f60f95992 - <std[617be2ca0a6fd877]::thread::lifecycle::spawn_unchecked<test[aada8e7e76ba119b]::run_test::{closure#1}, ()>::{closure#1} as core[a373ad73a504971]::ops::function::FnOnce<()>>::call_once::{shim:vtable#0}
[INFO] [stdout]   17:     0x592f6100695f - <std[617be2ca0a6fd877]::sys::thread::unix::Thread>::new::thread_start
[INFO] [stdout]   18:     0x73759d2f1dfa - <unknown>
[INFO] [stdout]   19:     0x73759d3853d4 - clone
[INFO] [stdout]   20:                0x0 - <unknown>
[INFO] [stdout] 
[INFO] [stdout] ---- test_probe_video_color_primaries_extraction stdout ----
[INFO] [stdout] 
[INFO] [stdout] thread 'test_probe_video_color_primaries_extraction' (1630) panicked at tests/integration_tests.rs:589:28:
[INFO] [stdout] Failed to open video file: FileNotFound { path: "/opt/rustwide/workdir/../../assets/video/gameplay.mp4" }
[INFO] [stdout] stack backtrace:
[INFO] [stdout]    0:     0x592f61007101 - <<std[617be2ca0a6fd877]::sys::backtrace::BacktraceLock>::print::DisplayBacktrace as core[a373ad73a504971]::fmt::Display>::fmt
[INFO] [stdout]    1:     0x592f6101b79a - core[a373ad73a504971]::fmt::write
[INFO] [stdout]    2:     0x592f6100b33c - <alloc[2e1b2a31b91974c5]::vec::Vec<u8> as core[a373ad73a504971]::io::write::Write>::write_fmt
[INFO] [stdout]    3:     0x592f60fe31f6 - std[617be2ca0a6fd877]::panicking::default_hook::{closure#0}
[INFO] [stdout]    4:     0x592f60fff799 - std[617be2ca0a6fd877]::panicking::default_hook
[INFO] [stdout]    5:     0x592f60f922e0 - test[aada8e7e76ba119b]::test_main_inner::{closure#0}
[INFO] [stdout]    6:     0x592f60fff952 - std[617be2ca0a6fd877]::panicking::panic_with_hook
[INFO] [stdout]    7:     0x592f60fe32a2 - std[617be2ca0a6fd877]::panicking::panic_handler::{closure#0}
[INFO] [stdout]    8:     0x592f60fdbfb9 - std[617be2ca0a6fd877]::sys::backtrace::__rust_end_short_backtrace::<std[617be2ca0a6fd877]::panicking::panic_handler::{closure#0}, !>
[INFO] [stdout]    9:     0x592f60fe3ead - __rustc[ea4f61d10b84890b]::rust_begin_unwind
[INFO] [stdout]   10:     0x592f6101becc - core[a373ad73a504971]::panicking::panic_fmt
[INFO] [stdout]   11:     0x592f6101bca2 - core[a373ad73a504971]::result::unwrap_failed
[INFO] [stdout]   12:     0x592f60f7f164 - <integration_tests[63a0fa46889be2bc]::test_probe_video_color_primaries_extraction::{closure#0} as core[a373ad73a504971]::ops::function::FnOnce<()>>::call_once
[INFO] [stdout]   13:     0x592f60f8572b - test[aada8e7e76ba119b]::__rust_begin_short_backtrace::<core[a373ad73a504971]::result::Result<(), alloc[2e1b2a31b91974c5]::string::String>, fn() -> core[a373ad73a504971]::result::Result<(), alloc[2e1b2a31b91974c5]::string::String>>
[INFO] [stdout]   14:     0x592f60f92905 - test[aada8e7e76ba119b]::run_test::{closure#0}
[INFO] [stdout]   15:     0x592f60f8c1f4 - std[617be2ca0a6fd877]::sys::backtrace::__rust_begin_short_backtrace::<test[aada8e7e76ba119b]::run_test::{closure#1}, ()>
[INFO] [stdout]   16:     0x592f60f95992 - <std[617be2ca0a6fd877]::thread::lifecycle::spawn_unchecked<test[aada8e7e76ba119b]::run_test::{closure#1}, ()>::{closure#1} as core[a373ad73a504971]::ops::function::FnOnce<()>>::call_once::{shim:vtable#0}
[INFO] [stdout]   17:     0x592f6100695f - <std[617be2ca0a6fd877]::sys::thread::unix::Thread>::new::thread_start
[INFO] [stdout]   18:     0x73759d2f1dfa - <unknown>
[INFO] [stdout]   19:     0x73759d3853d4 - clone
[INFO] [stdout]   20:                0x0 - <unknown>
[INFO] [stdout] 
[INFO] [stdout] ---- test_probe_video_file_stream_counts stdout ----
[INFO] [stdout] 
[INFO] [stdout] thread 'test_probe_video_file_stream_counts' (1645) panicked at tests/integration_tests.rs:357:28:
[INFO] [stdout] Failed to open video file: FileNotFound { path: "/opt/rustwide/workdir/../../assets/video/gameplay.mp4" }
[INFO] [stdout] stack backtrace:
[INFO] [stdout]    0:     0x592f61007101 - <<std[617be2ca0a6fd877]::sys::backtrace::BacktraceLock>::print::DisplayBacktrace as core[a373ad73a504971]::fmt::Display>::fmt
[INFO] [stdout]    1:     0x592f6101b79a - core[a373ad73a504971]::fmt::write
[INFO] [stdout]    2:     0x592f6100b33c - <alloc[2e1b2a31b91974c5]::vec::Vec<u8> as core[a373ad73a504971]::io::write::Write>::write_fmt
[INFO] [stdout]    3:     0x592f60fe31f6 - std[617be2ca0a6fd877]::panicking::default_hook::{closure#0}
[INFO] [stdout]    4:     0x592f60fff799 - std[617be2ca0a6fd877]::panicking::default_hook
[INFO] [stdout]    5:     0x592f60f922e0 - test[aada8e7e76ba119b]::test_main_inner::{closure#0}
[INFO] [stdout]    6:     0x592f60fff952 - std[617be2ca0a6fd877]::panicking::panic_with_hook
[INFO] [stdout]    7:     0x592f60fe32a2 - std[617be2ca0a6fd877]::panicking::panic_handler::{closure#0}
[INFO] [stdout]    8:     0x592f60fdbfb9 - std[617be2ca0a6fd877]::sys::backtrace::__rust_end_short_backtrace::<std[617be2ca0a6fd877]::panicking::panic_handler::{closure#0}, !>
[INFO] [stdout]    9:     0x592f60fe3ead - __rustc[ea4f61d10b84890b]::rust_begin_unwind
[INFO] [stdout]   10:     0x592f6101becc - core[a373ad73a504971]::panicking::panic_fmt
[INFO] [stdout]   11:     0x592f6101bca2 - core[a373ad73a504971]::result::unwrap_failed
[INFO] [stdout]   12:     0x592f60f7cd5a - <integration_tests[63a0fa46889be2bc]::test_probe_video_file_stream_counts::{closure#0} as core[a373ad73a504971]::ops::function::FnOnce<()>>::call_once
[INFO] [stdout]   13:     0x592f60f8572b - test[aada8e7e76ba119b]::__rust_begin_short_backtrace::<core[a373ad73a504971]::result::Result<(), alloc[2e1b2a31b91974c5]::string::String>, fn() -> core[a373ad73a504971]::result::Result<(), alloc[2e1b2a31b91974c5]::string::String>>
[INFO] [stdout]   14:     0x592f60f92905 - test[aada8e7e76ba119b]::run_test::{closure#0}
[INFO] [stdout]   15:     0x592f60f8c1f4 - std[617be2ca0a6fd877]::sys::backtrace::__rust_begin_short_backtrace::<test[aada8e7e76ba119b]::run_test::{closure#1}, ()>
[INFO] [stdout]   16:     0x592f60f95992 - <std[617be2ca0a6fd877]::thread::lifecycle::spawn_unchecked<test[aada8e7e76ba119b]::run_test::{closure#1}, ()>::{closure#1} as core[a373ad73a504971]::ops::function::FnOnce<()>>::call_once::{shim:vtable#0}
[INFO] [stdout]   17:     0x592f6100695f - <std[617be2ca0a6fd877]::sys::thread::unix::Thread>::new::thread_start
[INFO] [stdout]   18:     0x73759d2f1dfa - <unknown>
[INFO] [stdout]   19:     0x73759d3853d4 - clone
[INFO] [stdout]   20:                0x0 - <unknown>
[INFO] [stdout] 
[INFO] [stdout] ---- test_probe_video_color_range_extraction stdout ----
[INFO] [stdout] 
[INFO] [stdout] thread 'test_probe_video_color_range_extraction' (1631) panicked at tests/integration_tests.rs:565:28:
[INFO] [stdout] Failed to open video file: FileNotFound { path: "/opt/rustwide/workdir/../../assets/video/gameplay.mp4" }
[INFO] [stdout] stack backtrace:
[INFO] [stdout]    0:     0x592f61007101 - <<std[617be2ca0a6fd877]::sys::backtrace::BacktraceLock>::print::DisplayBacktrace as core[a373ad73a504971]::fmt::Display>::fmt
[INFO] [stdout]    1:     0x592f6101b79a - core[a373ad73a504971]::fmt::write
[INFO] [stdout]    2:     0x592f6100b33c - <alloc[2e1b2a31b91974c5]::vec::Vec<u8> as core[a373ad73a504971]::io::write::Write>::write_fmt
[INFO] [stdout]    3:     0x592f60fe31f6 - std[617be2ca0a6fd877]::panicking::default_hook::{closure#0}
[INFO] [stdout]    4:     0x592f60fff799 - std[617be2ca0a6fd877]::panicking::default_hook
[INFO] [stdout]    5:     0x592f60f922e0 - test[aada8e7e76ba119b]::test_main_inner::{closure#0}
[INFO] [stdout]    6:     0x592f60fff952 - std[617be2ca0a6fd877]::panicking::panic_with_hook
[INFO] [stdout]    7:     0x592f60fe32a2 - std[617be2ca0a6fd877]::panicking::panic_handler::{closure#0}
[INFO] [stdout]    8:     0x592f60fdbfb9 - std[617be2ca0a6fd877]::sys::backtrace::__rust_end_short_backtrace::<std[617be2ca0a6fd877]::panicking::panic_handler::{closure#0}, !>
[INFO] [stdout]    9:     0x592f60fe3ead - __rustc[ea4f61d10b84890b]::rust_begin_unwind
[INFO] [stdout]   10:     0x592f6101becc - core[a373ad73a504971]::panicking::panic_fmt
[INFO] [stdout]   11:     0x592f6101bca2 - core[a373ad73a504971]::result::unwrap_failed
[INFO] [stdout]   12:     0x592f60f7d99a - <integration_tests[63a0fa46889be2bc]::test_probe_video_color_range_extraction::{closure#0} as core[a373ad73a504971]::ops::function::FnOnce<()>>::call_once
[INFO] [stdout]   13:     0x592f60f8572b - test[aada8e7e76ba119b]::__rust_begin_short_backtrace::<core[a373ad73a504971]::result::Result<(), alloc[2e1b2a31b91974c5]::string::String>, fn() -> core[a373ad73a504971]::result::Result<(), alloc[2e1b2a31b91974c5]::string::String>>
[INFO] [stdout]   14:     0x592f60f92905 - test[aada8e7e76ba119b]::run_test::{closure#0}
[INFO] [stdout]   15:     0x592f60f8c1f4 - std[617be2ca0a6fd877]::sys::backtrace::__rust_begin_short_backtrace::<test[aada8e7e76ba119b]::run_test::{closure#1}, ()>
[INFO] [stdout]   16:     0x592f60f95992 - <std[617be2ca0a6fd877]::thread::lifecycle::spawn_unchecked<test[aada8e7e76ba119b]::run_test::{closure#1}, ()>::{closure#1} as core[a373ad73a504971]::ops::function::FnOnce<()>>::call_once::{shim:vtable#0}
[INFO] [stdout]   17:     0x592f6100695f - <std[617be2ca0a6fd877]::sys::thread::unix::Thread>::new::thread_start
[INFO] [stdout]   18:     0x73759d2f1dfa - <unknown>
[INFO] [stdout]   19:     0x73759d3853d4 - clone
[INFO] [stdout]   20:                0x0 - <unknown>
[INFO] [stdout] 
[INFO] [stdout] ---- test_probe_video_file_size stdout ----
[INFO] [stdout] 
[INFO] [stdout] thread 'test_probe_video_file_size' (1644) panicked at tests/integration_tests.rs:154:28:
[INFO] [stdout] Failed to open video file: FileNotFound { path: "/opt/rustwide/workdir/../../assets/video/gameplay.mp4" }
[INFO] [stdout] stack backtrace:
[INFO] [stdout]    0:     0x592f61007101 - <<std[617be2ca0a6fd877]::sys::backtrace::BacktraceLock>::print::DisplayBacktrace as core[a373ad73a504971]::fmt::Display>::fmt
[INFO] [stdout]    1:     0x592f6101b79a - core[a373ad73a504971]::fmt::write
[INFO] [stdout]    2:     0x592f6100b33c - <alloc[2e1b2a31b91974c5]::vec::Vec<u8> as core[a373ad73a504971]::io::write::Write>::write_fmt
[INFO] [stdout]    3:     0x592f60fe31f6 - std[617be2ca0a6fd877]::panicking::default_hook::{closure#0}
[INFO] [stdout]    4:     0x592f60fff799 - std[617be2ca0a6fd877]::panicking::default_hook
[INFO] [stdout]    5:     0x592f60f922e0 - test[aada8e7e76ba119b]::test_main_inner::{closure#0}
[INFO] [stdout]    6:     0x592f60fff952 - std[617be2ca0a6fd877]::panicking::panic_with_hook
[INFO] [stdout]    7:     0x592f60fe32a2 - std[617be2ca0a6fd877]::panicking::panic_handler::{closure#0}
[INFO] [stdout]    8:     0x592f60fdbfb9 - std[617be2ca0a6fd877]::sys::backtrace::__rust_end_short_backtrace::<std[617be2ca0a6fd877]::panicking::panic_handler::{closure#0}, !>
[INFO] [stdout]    9:     0x592f60fe3ead - __rustc[ea4f61d10b84890b]::rust_begin_unwind
[INFO] [stdout]   10:     0x592f6101becc - core[a373ad73a504971]::panicking::panic_fmt
[INFO] [stdout]   11:     0x592f6101bca2 - core[a373ad73a504971]::result::unwrap_failed
[INFO] [stdout]   12:     0x592f60f7a6fd - <integration_tests[63a0fa46889be2bc]::test_probe_video_file_size::{closure#0} as core[a373ad73a504971]::ops::function::FnOnce<()>>::call_once
[INFO] [stdout]   13:     0x592f60f8572b - test[aada8e7e76ba119b]::__rust_begin_short_backtrace::<core[a373ad73a504971]::result::Result<(), alloc[2e1b2a31b91974c5]::string::String>, fn() -> core[a373ad73a504971]::result::Result<(), alloc[2e1b2a31b91974c5]::string::String>>
[INFO] [stdout]   14:     0x592f60f92905 - test[aada8e7e76ba119b]::run_test::{closure#0}
[INFO] [stdout]   15:     0x592f60f8c1f4 - std[617be2ca0a6fd877]::sys::backtrace::__rust_begin_short_backtrace::<test[aada8e7e76ba119b]::run_test::{closure#1}, ()>
[INFO] [stdout]   16:     0x592f60f95992 - <std[617be2ca0a6fd877]::thread::lifecycle::spawn_unchecked<test[aada8e7e76ba119b]::run_test::{closure#1}, ()>::{closure#1} as core[a373ad73a504971]::ops::function::FnOnce<()>>::call_once::{shim:vtable#0}
[INFO] [stdout]   17:     0x592f6100695f - <std[617be2ca0a6fd877]::sys::thread::unix::Thread>::new::thread_start
[INFO] [stdout]   18:     0x73759d2f1dfa - <unknown>
[INFO] [stdout]   19:     0x73759d3853d4 - clone
[INFO] [stdout]   20:                0x0 - <unknown>
[INFO] [stdout] 
[INFO] [stdout] ---- test_probe_video_file_video_stream_properties stdout ----
[INFO] [stdout] 
[INFO] [stdout] thread 'test_probe_video_file_video_stream_properties' (1647) panicked at tests/integration_tests.rs:84:28:
[INFO] [stdout] Failed to open video file: FileNotFound { path: "/opt/rustwide/workdir/../../assets/video/gameplay.mp4" }
[INFO] [stdout] stack backtrace:
[INFO] [stdout]    0:     0x592f61007101 - <<std[617be2ca0a6fd877]::sys::backtrace::BacktraceLock>::print::DisplayBacktrace as core[a373ad73a504971]::fmt::Display>::fmt
[INFO] [stdout]    1:     0x592f6101b79a - core[a373ad73a504971]::fmt::write
[INFO] [stdout]    2:     0x592f6100b33c - <alloc[2e1b2a31b91974c5]::vec::Vec<u8> as core[a373ad73a504971]::io::write::Write>::write_fmt
[INFO] [stdout]    3:     0x592f60fe31f6 - std[617be2ca0a6fd877]::panicking::default_hook::{closure#0}
[INFO] [stdout]    4:     0x592f60fff799 - std[617be2ca0a6fd877]::panicking::default_hook
[INFO] [stdout]    5:     0x592f60f922e0 - test[aada8e7e76ba119b]::test_main_inner::{closure#0}
[INFO] [stdout]    6:     0x592f60fff952 - std[617be2ca0a6fd877]::panicking::panic_with_hook
[INFO] [stdout]    7:     0x592f60fe32a2 - std[617be2ca0a6fd877]::panicking::panic_handler::{closure#0}
[INFO] [stdout]    8:     0x592f60fdbfb9 - std[617be2ca0a6fd877]::sys::backtrace::__rust_end_short_backtrace::<std[617be2ca0a6fd877]::panicking::panic_handler::{closure#0}, !>
[INFO] [stdout]    9:     0x592f60fe3ead - __rustc[ea4f61d10b84890b]::rust_begin_unwind
[INFO] [stdout]   10:     0x592f6101becc - core[a373ad73a504971]::panicking::panic_fmt
[INFO] [stdout]   11:     0x592f6101bca2 - core[a373ad73a504971]::result::unwrap_failed
[INFO] [stdout]   12:     0x592f60f7fa01 - <integration_tests[63a0fa46889be2bc]::test_probe_video_file_video_stream_properties::{closure#0} as core[a373ad73a504971]::ops::function::FnOnce<()>>::call_once
[INFO] [stdout]   13:     0x592f60f8572b - test[aada8e7e76ba119b]::__rust_begin_short_backtrace::<core[a373ad73a504971]::result::Result<(), alloc[2e1b2a31b91974c5]::string::String>, fn() -> core[a373ad73a504971]::result::Result<(), alloc[2e1b2a31b91974c5]::string::String>>
[INFO] [stdout]   14:     0x592f60f92905 - test[aada8e7e76ba119b]::run_test::{closure#0}
[INFO] [stdout]   15:     0x592f60f8c1f4 - std[617be2ca0a6fd877]::sys::backtrace::__rust_begin_short_backtrace::<test[aada8e7e76ba119b]::run_test::{closure#1}, ()>
[INFO] [stdout]   16:     0x592f60f95992 - <std[617be2ca0a6fd877]::thread::lifecycle::spawn_unchecked<test[aada8e7e76ba119b]::run_test::{closure#1}, ()>::{closure#1} as core[a373ad73a504971]::ops::function::FnOnce<()>>::call_once::{shim:vtable#0}
[INFO] [stdout]   17:     0x592f6100695f - <std[617be2ca0a6fd877]::sys::thread::unix::Thread>::new::thread_start
[INFO] [stdout]   18:     0x73759d2f1dfa - <unknown>
[INFO] [stdout]   19:     0x73759d3853d4 - clone
[INFO] [stdout]   20:                0x0 - <unknown>
[INFO] [stdout] 
[INFO] [stdout] ---- test_probe_video_resolution stdout ----
[INFO] [stdout] 
[INFO] [stdout] thread 'test_probe_video_resolution' (1650) panicked at tests/integration_tests.rs:393:28:
[INFO] [stdout] Failed to open video file: FileNotFound { path: "/opt/rustwide/workdir/../../assets/video/gameplay.mp4" }
[INFO] [stdout] stack backtrace:
[INFO] [stdout]    0:     0x592f61007101 - <<std[617be2ca0a6fd877]::sys::backtrace::BacktraceLock>::print::DisplayBacktrace as core[a373ad73a504971]::fmt::Display>::fmt
[INFO] [stdout]    1:     0x592f6101b79a - core[a373ad73a504971]::fmt::write
[INFO] [stdout]    2:     0x592f6100b33c - <alloc[2e1b2a31b91974c5]::vec::Vec<u8> as core[a373ad73a504971]::io::write::Write>::write_fmt
[INFO] [stdout]    3:     0x592f60fe31f6 - std[617be2ca0a6fd877]::panicking::default_hook::{closure#0}
[INFO] [stdout]    4:     0x592f60fff799 - std[617be2ca0a6fd877]::panicking::default_hook
[INFO] [stdout]    5:     0x592f60f922e0 - test[aada8e7e76ba119b]::test_main_inner::{closure#0}
[INFO] [stdout]    6:     0x592f60fff952 - std[617be2ca0a6fd877]::panicking::panic_with_hook
[INFO] [stdout]    7:     0x592f60fe32a2 - std[617be2ca0a6fd877]::panicking::panic_handler::{closure#0}
[INFO] [stdout]    8:     0x592f60fdbfb9 - std[617be2ca0a6fd877]::sys::backtrace::__rust_end_short_backtrace::<std[617be2ca0a6fd877]::panicking::panic_handler::{closure#0}, !>
[INFO] [stdout]    9:     0x592f60fe3ead - __rustc[ea4f61d10b84890b]::rust_begin_unwind
[INFO] [stdout]   10:     0x592f6101becc - core[a373ad73a504971]::panicking::panic_fmt
[INFO] [stdout]   11:     0x592f6101bca2 - core[a373ad73a504971]::result::unwrap_failed
[INFO] [stdout]   12:     0x592f60f7ad4a - <integration_tests[63a0fa46889be2bc]::test_probe_video_resolution::{closure#0} as core[a373ad73a504971]::ops::function::FnOnce<()>>::call_once
[INFO] [stdout]   13:     0x592f60f8572b - test[aada8e7e76ba119b]::__rust_begin_short_backtrace::<core[a373ad73a504971]::result::Result<(), alloc[2e1b2a31b91974c5]::string::String>, fn() -> core[a373ad73a504971]::result::Result<(), alloc[2e1b2a31b91974c5]::string::String>>
[INFO] [stdout]   14:     0x592f60f92905 - test[aada8e7e76ba119b]::run_test::{closure#0}
[INFO] [stdout]   15:     0x592f60f8c1f4 - std[617be2ca0a6fd877]::sys::backtrace::__rust_begin_short_backtrace::<test[aada8e7e76ba119b]::run_test::{closure#1}, ()>
[INFO] [stdout]   16:     0x592f60f95992 - <std[617be2ca0a6fd877]::thread::lifecycle::spawn_unchecked<test[aada8e7e76ba119b]::run_test::{closure#1}, ()>::{closure#1} as core[a373ad73a504971]::ops::function::FnOnce<()>>::call_once::{shim:vtable#0}
[INFO] [stdout]   17:     0x592f6100695f - <std[617be2ca0a6fd877]::sys::thread::unix::Thread>::new::thread_start
[INFO] [stdout]   18:     0x73759d2f1dfa - <unknown>
[INFO] [stdout]   19:     0x73759d3853d4 - clone
[INFO] [stdout]   20:                0x0 - <unknown>
[INFO] [stdout] 
[INFO] [stdout] ---- test_probe_video_color_info_consistency stdout ----
[INFO] [stdout] 
[INFO] [stdout] thread 'test_probe_video_color_info_consistency' (1629) panicked at tests/integration_tests.rs:617:28:
[INFO] [stdout] Failed to open video file: FileNotFound { path: "/opt/rustwide/workdir/../../assets/video/gameplay.mp4" }
[INFO] [stdout] stack backtrace:
[INFO] [stdout]    0:     0x592f61007101 - <<std[617be2ca0a6fd877]::sys::backtrace::BacktraceLock>::print::DisplayBacktrace as core[a373ad73a504971]::fmt::Display>::fmt
[INFO] [stdout]    1:     0x592f6101b79a - core[a373ad73a504971]::fmt::write
[INFO] [stdout]    2:     0x592f6100b33c - <alloc[2e1b2a31b91974c5]::vec::Vec<u8> as core[a373ad73a504971]::io::write::Write>::write_fmt
[INFO] [stdout]    3:     0x592f60fe31f6 - std[617be2ca0a6fd877]::panicking::default_hook::{closure#0}
[INFO] [stdout]    4:     0x592f60fff799 - std[617be2ca0a6fd877]::panicking::default_hook
[INFO] [stdout]    5:     0x592f60f922e0 - test[aada8e7e76ba119b]::test_main_inner::{closure#0}
[INFO] [stdout]    6:     0x592f60fff952 - std[617be2ca0a6fd877]::panicking::panic_with_hook
[INFO] [stdout]    7:     0x592f60fe32a2 - std[617be2ca0a6fd877]::panicking::panic_handler::{closure#0}
[INFO] [stdout]    8:     0x592f60fdbfb9 - std[617be2ca0a6fd877]::sys::backtrace::__rust_end_short_backtrace::<std[617be2ca0a6fd877]::panicking::panic_handler::{closure#0}, !>
[INFO] [stdout]    9:     0x592f60fe3ead - __rustc[ea4f61d10b84890b]::rust_begin_unwind
[INFO] [stdout]   10:     0x592f6101becc - core[a373ad73a504971]::panicking::panic_fmt
[INFO] [stdout]   11:     0x592f6101bca2 - core[a373ad73a504971]::result::unwrap_failed
[INFO] [stdout]   12:     0x592f60f7d76d - <integration_tests[63a0fa46889be2bc]::test_probe_video_color_info_consistency::{closure#0} as core[a373ad73a504971]::ops::function::FnOnce<()>>::call_once
[INFO] [stdout]   13:     0x592f60f8572b - test[aada8e7e76ba119b]::__rust_begin_short_backtrace::<core[a373ad73a504971]::result::Result<(), alloc[2e1b2a31b91974c5]::string::String>, fn() -> core[a373ad73a504971]::result::Result<(), alloc[2e1b2a31b91974c5]::string::String>>
[INFO] [stdout]   14:     0x592f60f92905 - test[aada8e7e76ba119b]::run_test::{closure#0}
[INFO] [stdout]   15:     0x592f60f8c1f4 - std[617be2ca0a6fd877]::sys::backtrace::__rust_begin_short_backtrace::<test[aada8e7e76ba119b]::run_test::{closure#1}, ()>
[INFO] [stdout]   16:     0x592f60f95992 - <std[617be2ca0a6fd877]::thread::lifecycle::spawn_unchecked<test[aada8e7e76ba119b]::run_test::{closure#1}, ()>::{closure#1} as core[a373ad73a504971]::ops::function::FnOnce<()>>::call_once::{shim:vtable#0}
[INFO] [stdout]   17:     0x592f6100695f - <std[617be2ca0a6fd877]::sys::thread::unix::Thread>::new::thread_start
[INFO] [stdout]   18:     0x73759d2f1dfa - <unknown>
[INFO] [stdout]   19:     0x73759d3853d4 - clone
[INFO] [stdout]   20:                0x0 - <unknown>
[INFO] [stdout] 
[INFO] [stdout] ---- test_probe_video_file_has_audio_stream stdout ----
[INFO] [stdout] 
[INFO] [stdout] thread 'test_probe_video_file_has_audio_stream' (1635) panicked at tests/integration_tests.rs:119:28:
[INFO] [stdout] Failed to open video file: FileNotFound { path: "/opt/rustwide/workdir/../../assets/video/gameplay.mp4" }
[INFO] [stdout] stack backtrace:
[INFO] [stdout]    0:     0x592f61007101 - <<std[617be2ca0a6fd877]::sys::backtrace::BacktraceLock>::print::DisplayBacktrace as core[a373ad73a504971]::fmt::Display>::fmt
[INFO] [stdout]    1:     0x592f6101b79a - core[a373ad73a504971]::fmt::write
[INFO] [stdout]    2:     0x592f6100b33c - <alloc[2e1b2a31b91974c5]::vec::Vec<u8> as core[a373ad73a504971]::io::write::Write>::write_fmt
[INFO] [stdout]    3:     0x592f60fe31f6 - std[617be2ca0a6fd877]::panicking::default_hook::{closure#0}
[INFO] [stdout]    4:     0x592f60fff799 - std[617be2ca0a6fd877]::panicking::default_hook
[INFO] [stdout]    5:     0x592f60f922e0 - test[aada8e7e76ba119b]::test_main_inner::{closure#0}
[INFO] [stdout]    6:     0x592f60fff952 - std[617be2ca0a6fd877]::panicking::panic_with_hook
[INFO] [stdout]    7:     0x592f60fe32a2 - std[617be2ca0a6fd877]::panicking::panic_handler::{closure#0}
[INFO] [stdout]    8:     0x592f60fdbfb9 - std[617be2ca0a6fd877]::sys::backtrace::__rust_end_short_backtrace::<std[617be2ca0a6fd877]::panicking::panic_handler::{closure#0}, !>
[INFO] [stdout]    9:     0x592f60fe3ead - __rustc[ea4f61d10b84890b]::rust_begin_unwind
[INFO] [stdout]   10:     0x592f6101becc - core[a373ad73a504971]::panicking::panic_fmt
[INFO] [stdout]   11:     0x592f6101bca2 - core[a373ad73a504971]::result::unwrap_failed
[INFO] [stdout]   12:     0x592f60f7d345 - <integration_tests[63a0fa46889be2bc]::test_probe_video_file_has_audio_stream::{closure#0} as core[a373ad73a504971]::ops::function::FnOnce<()>>::call_once
[INFO] [stdout]   13:     0x592f60f8572b - test[aada8e7e76ba119b]::__rust_begin_short_backtrace::<core[a373ad73a504971]::result::Result<(), alloc[2e1b2a31b91974c5]::string::String>, fn() -> core[a373ad73a504971]::result::Result<(), alloc[2e1b2a31b91974c5]::string::String>>
[INFO] [stdout]   14:     0x592f60f92905 - test[aada8e7e76ba119b]::run_test::{closure#0}
[INFO] [stdout]   15:     0x592f60f8c1f4 - std[617be2ca0a6fd877]::sys::backtrace::__rust_begin_short_backtrace::<test[aada8e7e76ba119b]::run_test::{closure#1}, ()>
[INFO] [stdout]   16:     0x592f60f95992 - <std[617be2ca0a6fd877]::thread::lifecycle::spawn_unchecked<test[aada8e7e76ba119b]::run_test::{closure#1}, ()>::{closure#1} as core[a373ad73a504971]::ops::function::FnOnce<()>>::call_once::{shim:vtable#0}
[INFO] [stdout]   17:     0x592f6100695f - <std[617be2ca0a6fd877]::sys::thread::unix::Thread>::new::thread_start
[INFO] [stdout]   18:     0x73759d2f1dfa - <unknown>
[INFO] [stdout]   19:     0x73759d3853d4 - clone
[INFO] [stdout]   20:                0x0 - <unknown>
[INFO] [stdout] 
[INFO] [stdout] 
[INFO] [stdout] failures:
[INFO] [stdout]     test_probe_audio_channels
[INFO] [stdout]     test_probe_audio_file_audio_stream_properties
[INFO] [stdout]     test_probe_audio_file_bitrate
[INFO] [stdout]     test_probe_audio_file_duration
[INFO] [stdout]     test_probe_audio_file_has_audio_stream
[INFO] [stdout]     test_probe_audio_file_has_correct_format
[INFO] [stdout]     test_probe_audio_file_metadata_accessible
[INFO] [stdout]     test_probe_audio_file_metadata_keys
[INFO] [stdout]     test_probe_audio_file_no_video_stream
[INFO] [stdout]     test_probe_audio_file_opens_successfully
[INFO] [stdout]     test_probe_audio_file_path
[INFO] [stdout]     test_probe_audio_file_sample_format
[INFO] [stdout]     test_probe_audio_file_stream_counts
[INFO] [stdout]     test_probe_audio_sample_rate
[INFO] [stdout]     test_probe_audio_stream_bitrate
[INFO] [stdout]     test_probe_bitrate_consistency
[INFO] [stdout]     test_probe_video_color_info_consistency
[INFO] [stdout]     test_probe_video_color_primaries_extraction
[INFO] [stdout]     test_probe_video_color_range_extraction
[INFO] [stdout]     test_probe_video_color_space_extraction
[INFO] [stdout]     test_probe_video_file_bitrate
[INFO] [stdout]     test_probe_video_file_duration
[INFO] [stdout]     test_probe_video_file_has_audio_stream
[INFO] [stdout]     test_probe_video_file_has_correct_format
[INFO] [stdout]     test_probe_video_file_has_no_subtitle_streams
[INFO] [stdout]     test_probe_video_file_has_subtitles_returns_false
[INFO] [stdout]     test_probe_video_file_has_video_stream
[INFO] [stdout]     test_probe_video_file_metadata_accessible
[INFO] [stdout]     test_probe_video_file_metadata_keys
[INFO] [stdout]     test_probe_video_file_opens_successfully
[INFO] [stdout]     test_probe_video_file_path
[INFO] [stdout]     test_probe_video_file_size
[INFO] [stdout]     test_probe_video_file_stream_counts
[INFO] [stdout]     test_probe_video_file_subtitle_stream_count_is_zero
[INFO] [stdout]     test_probe_video_file_video_stream_properties
[INFO] [stdout]     test_probe_video_frame_rate
[INFO] [stdout]     test_probe_video_hdr_detection
[INFO] [stdout]     test_probe_video_resolution
[INFO] [stdout]     test_probe_video_stream_bitrate
[INFO] [stdout] 
[INFO] [stdout] test result: FAILED. 4 passed; 39 failed; 0 ignored; 0 measured; 0 filtered out; finished in 0.03s
[INFO] [stdout] 
[INFO] [stderr] error: test failed, to rerun pass `--test integration_tests`
[INFO] running `Command { std: "docker" "inspect" "a327d169d1867e20f763cd40233032a784838216f7fe7834610620476f868b2c", kill_on_drop: false }`
[INFO] running `Command { std: "docker" "rm" "-f" "a327d169d1867e20f763cd40233032a784838216f7fe7834610620476f868b2c", kill_on_drop: false }`
[INFO] [stdout] a327d169d1867e20f763cd40233032a784838216f7fe7834610620476f868b2c
