[INFO] fetching crate fetter 4.0.1...
[INFO] testing fetter-4.0.1 against 1.99.0-beta.8+cargoflags=--release for beta-release-1.100-2
[INFO] extracting crate fetter 4.0.1 into /workspace/builds/worker-0-tc1/source
[INFO] started tweaking crates.io crate fetter 4.0.1
[INFO] removed 0 missing tests
[INFO] finished tweaking crates.io crate fetter 4.0.1
[INFO] tweaked toml for crates.io crate fetter 4.0.1 written to /workspace/builds/worker-0-tc1/source/Cargo.toml
[INFO] validating manifest of crates.io crate fetter 4.0.1 on toolchain 1.99.0-beta.8
[INFO] running `Command { std: CARGO_HOME="/workspace/cargo-home" RUSTUP_HOME="/workspace/rustup-home" "/workspace/cargo-home/bin/cargo" "+1.99.0-beta.8" "metadata" "--manifest-path" "Cargo.toml" "--no-deps", kill_on_drop: false }`
[INFO] crate crates.io crate fetter 4.0.1 already has a lockfile, it will not be regenerated
[INFO] running `Command { std: CARGO_HOME="/workspace/cargo-home" RUSTUP_HOME="/workspace/rustup-home" "/workspace/cargo-home/bin/cargo" "+1.99.0-beta.8" "fetch" "--manifest-path" "Cargo.toml", kill_on_drop: false }`
[INFO] [stderr]     Updating crates.io index
[INFO] [stderr]  Downloading crates ...
[INFO] [stderr]   Downloaded cvss v2.2.0
[INFO] running `Command { std: "docker" "create" "-v" "/var/lib/crater-agent-workspace/builds/worker-0-tc1/source:/opt/rustwide/workdir:ro,Z" "-v" "/var/lib/crater-agent-workspace/builds/worker-0-tc1/target:/opt/rustwide/target:rw,Z" "-v" "/var/lib/crater-agent-workspace/cargo-home:/opt/rustwide/cargo-home:ro,Z" "-v" "/var/lib/crater-agent-workspace/rustup-home:/opt/rustwide/rustup-home:ro,Z" "-m" "1610612736" "--network" "none" "ghcr.io/rust-lang/crates-build-env/linux@sha256:77db811e55d90add9212f6832c23229e3de5f1c1f9905e8cb07319ea15df73ac" "sleep" "infinity", kill_on_drop: false }`
[INFO] [stdout] 4563ac1c2499e082d429cacba5d38cf12a6fc4fb35ed9f3c0d298b4a43f57bf5
[INFO] running `Command { std: "docker" "start" "4563ac1c2499e082d429cacba5d38cf12a6fc4fb35ed9f3c0d298b4a43f57bf5", kill_on_drop: false }`
[INFO] running `Command { std: "docker" "inspect" "4563ac1c2499e082d429cacba5d38cf12a6fc4fb35ed9f3c0d298b4a43f57bf5", kill_on_drop: false }`
[INFO] running `Command { std: "docker" "exec" "-e" "SOURCE_DIR=/opt/rustwide/workdir" "-e" "CARGO_HOME=/opt/rustwide/cargo-home" "-e" "RUSTUP_HOME=/opt/rustwide/rustup-home" "-e" "CARGO_TARGET_DIR=/opt/rustwide/target" "-w" "/opt/rustwide/workdir" "--user" "0:0" "4563ac1c2499e082d429cacba5d38cf12a6fc4fb35ed9f3c0d298b4a43f57bf5" "/opt/rustwide/cargo-home/bin/cargo" "+1.99.0-beta.8" "metadata" "--no-deps" "--format-version=1", kill_on_drop: false }`
[INFO] running `Command { std: "docker" "inspect" "4563ac1c2499e082d429cacba5d38cf12a6fc4fb35ed9f3c0d298b4a43f57bf5", kill_on_drop: false }`
[INFO] running `Command { std: "docker" "exec" "-e" "SOURCE_DIR=/opt/rustwide/workdir" "-e" "CARGO_HOME=/opt/rustwide/cargo-home" "-e" "RUSTUP_HOME=/opt/rustwide/rustup-home" "-e" "CARGO_TARGET_DIR=/opt/rustwide/target" "-e" "CARGO_INCREMENTAL=0" "-e" "RUST_BACKTRACE=full" "-e" "RUSTFLAGS=--cap-lints=warn" "-e" "RUSTDOCFLAGS=--cap-lints=warn" "-w" "/opt/rustwide/workdir" "--user" "0:0" "4563ac1c2499e082d429cacba5d38cf12a6fc4fb35ed9f3c0d298b4a43f57bf5" "/opt/rustwide/cargo-home/bin/cargo" "+1.99.0-beta.8" "build" "--frozen" "--message-format=json" "--release", kill_on_drop: false }`
[INFO] [stderr]    Compiling cc v1.4.0
[INFO] [stderr]    Compiling crossbeam-utils v0.8.22
[INFO] [stderr]    Compiling crossbeam-epoch v0.9.20
[INFO] [stderr]    Compiling getrandom v0.2.17
[INFO] [stderr]    Compiling errno v0.3.14
[INFO] [stderr]    Compiling hybrid-array v0.4.13
[INFO] [stderr]    Compiling syn v3.0.3
[INFO] [stderr]    Compiling syn v2.0.119
[INFO] [stderr]    Compiling crossbeam-deque v0.8.7
[INFO] [stderr]    Compiling unicode-segmentation v1.13.3
[INFO] [stderr]    Compiling signal-hook v0.3.18
[INFO] [stderr]    Compiling memchr v2.8.3
[INFO] [stderr]    Compiling signal-hook-registry v1.4.8
[INFO] [stderr]    Compiling convert_case v0.10.0
[INFO] [stderr]    Compiling bitflags v2.13.1
[INFO] [stderr]    Compiling pest v2.8.8
[INFO] [stderr]    Compiling getrandom v0.4.3
[INFO] [stderr]    Compiling smallvec v1.15.2
[INFO] [stderr]    Compiling rustls v0.23.42
[INFO] [stderr]    Compiling miniz_oxide v0.8.9
[INFO] [stderr]    Compiling parking_lot_core v0.9.12
[INFO] [stderr]    Compiling rustix v1.1.4
[INFO] [stderr]    Compiling ring v0.17.14
[INFO] [stderr]    Compiling block-buffer v0.12.1
[INFO] [stderr]    Compiling crypto-common v0.2.2
[INFO] [stderr]    Compiling http v1.4.2
[INFO] [stderr]    Compiling pest_meta v2.8.8
[INFO] [stderr]    Compiling derive_more-impl v2.1.1
[INFO] [stderr]    Compiling mio v1.2.2
[INFO] [stderr]    Compiling ureq-proto v0.6.0
[INFO] [stderr]    Compiling clap_builder v4.6.2
[INFO] [stderr]    Compiling digest v0.11.3
[INFO] [stderr]    Compiling derive_more v2.1.1
[INFO] [stderr]    Compiling signal-hook-mio v0.2.5
[INFO] [stderr]    Compiling pest_generator v2.8.8
[INFO] [stderr]    Compiling flate2 v1.1.9
[INFO] [stderr]    Compiling parking_lot v0.12.5
[INFO] [stderr]    Compiling serde_derive v1.0.229
[INFO] [stderr]    Compiling clap_derive v4.6.4
[INFO] [stderr]    Compiling rayon-core v1.13.0
[INFO] [stderr]    Compiling serde_spanned v1.1.1
[INFO] [stderr]    Compiling toml_datetime v1.1.1+spec-1.1.0
[INFO] [stderr]    Compiling fastrand v2.5.0
[INFO] [stderr]    Compiling either v1.17.0
[INFO] [stderr]    Compiling unsafe-libyaml v0.2.11
[INFO] [stderr]    Compiling rayon v1.12.0
[INFO] [stderr]    Compiling sha2 v0.11.0
[INFO] [stderr]    Compiling toml v1.1.3+spec-1.1.0
[INFO] [stderr]    Compiling serde v1.0.229
[INFO] [stderr]    Compiling clap v4.6.4
[INFO] [stderr]    Compiling tempfile v3.27.0
[INFO] [stderr]    Compiling pest_derive v2.8.8
[INFO] [stderr]    Compiling crossterm v0.29.0
[INFO] [stderr]    Compiling serde_yaml v0.9.34+deprecated
[INFO] [stderr]    Compiling cvss v2.2.0
[INFO] [stderr]    Compiling rustls-webpki v0.103.13
[INFO] [stderr]    Compiling ureq v3.3.0
[INFO] [stderr]    Compiling fetter v4.0.1 (/opt/rustwide/workdir)
[INFO] [stderr]     Finished `release` profile [optimized] target(s) in 2m 50s
[INFO] running `Command { std: "docker" "inspect" "4563ac1c2499e082d429cacba5d38cf12a6fc4fb35ed9f3c0d298b4a43f57bf5", kill_on_drop: false }`
[INFO] running `Command { std: "docker" "exec" "-e" "SOURCE_DIR=/opt/rustwide/workdir" "-e" "CARGO_HOME=/opt/rustwide/cargo-home" "-e" "RUSTUP_HOME=/opt/rustwide/rustup-home" "-e" "CARGO_TARGET_DIR=/opt/rustwide/target" "-e" "CARGO_INCREMENTAL=0" "-e" "RUST_BACKTRACE=full" "-e" "RUSTFLAGS=--cap-lints=warn" "-e" "RUSTDOCFLAGS=--cap-lints=warn" "-w" "/opt/rustwide/workdir" "--user" "0:0" "4563ac1c2499e082d429cacba5d38cf12a6fc4fb35ed9f3c0d298b4a43f57bf5" "/opt/rustwide/cargo-home/bin/cargo" "+1.99.0-beta.8" "test" "--frozen" "--no-run" "--message-format=json" "--release", kill_on_drop: false }`
[INFO] [stderr]    Compiling fetter v4.0.1 (/opt/rustwide/workdir)
[INFO] [stderr]     Finished `release` profile [optimized] target(s) in 38.63s
[INFO] running `Command { std: "docker" "inspect" "4563ac1c2499e082d429cacba5d38cf12a6fc4fb35ed9f3c0d298b4a43f57bf5", kill_on_drop: false }`
[INFO] running `Command { std: "docker" "exec" "-e" "SOURCE_DIR=/opt/rustwide/workdir" "-e" "CARGO_HOME=/opt/rustwide/cargo-home" "-e" "RUSTUP_HOME=/opt/rustwide/rustup-home" "-e" "CARGO_TARGET_DIR=/opt/rustwide/target" "-e" "CARGO_INCREMENTAL=0" "-e" "RUST_BACKTRACE=full" "-e" "RUSTFLAGS=--cap-lints=warn" "-e" "RUSTDOCFLAGS=--cap-lints=warn" "-w" "/opt/rustwide/workdir" "--user" "0:0" "4563ac1c2499e082d429cacba5d38cf12a6fc4fb35ed9f3c0d298b4a43f57bf5" "/opt/rustwide/cargo-home/bin/cargo" "+1.99.0-beta.8" "test" "--frozen" "--release", kill_on_drop: false }`
[INFO] [stderr]     Finished `release` profile [optimized] target(s) in 0.12s
[INFO] [stderr]      Running unittests src/lib.rs (/opt/rustwide/target/release/deps/fetter-61a2def4249303ed)
[INFO] [stdout] 
[INFO] [stdout] running 298 tests
[INFO] [stdout] test audit_report::tests::test_audit_report_b ... ok
[INFO] [stdout] test dep_manifest::tests::test_dep_spec_a ... ok
[INFO] [stdout] test audit_report::tests::test_audit_report_a ... ok
[INFO] [stdout] test audit_report::tests::test_audit_report_serialization ... ok
[INFO] [stdout] test cli::tests::test_run_cli_a ... ok
[INFO] [stdout] test count_report::tests::test_from_scan_fs ... ok
[INFO] [stdout] test dep_manifest::tests::test_from_dep_specs_a ... ok
[INFO] [stdout] test dep_manifest::tests::test_from_dir_a ... ok
[INFO] [stdout] test dep_manifest::tests::test_from_pyproject_c1 ... ok
[INFO] [stdout] test dep_manifest::tests::test_from_pyproject_a ... ok
[INFO] [stdout] test dep_manifest::tests::test_from_dir_c ... ok
[INFO] [stdout] test dep_manifest::tests::test_from_pyproject_b1 ... ok
[INFO] [stdout] test dep_manifest::tests::test_from_pyproject_b2 ... ok
[INFO] [stdout] test dep_manifest::tests::test_from_dir_e ... ok
[INFO] [stdout] test dep_manifest::tests::test_from_pyproject_e1 ... ok
[INFO] [stdout] test dep_manifest::tests::test_from_pyproject_c2 ... ok
[INFO] [stdout] test dep_manifest::tests::test_from_requirements_c ... ok
[INFO] [stdout] test dep_manifest::tests::test_from_pyproject_d2 ... ok
[INFO] [stdout] test dep_manifest::tests::test_from_dir_d ... ok
[INFO] [stdout] test dep_manifest::tests::test_from_requirements_e ... ok
[INFO] [stdout] test dep_manifest::tests::test_from_requirements_f ... ok
[INFO] [stdout] test dep_manifest::tests::test_from_requirements_d2 ... ok
[INFO] [stdout] test dep_manifest::tests::test_from_url_a ... ok
[INFO] [stdout] test dep_manifest::tests::test_get_dep_spec_a ... ok
[INFO] [stdout] test dep_manifest::tests::test_get_dep_spec_b ... ok
[INFO] [stdout] test dep_manifest::tests::test_get_dep_spec_c ... ok
[INFO] [stdout] test dep_manifest::tests::test_get_dep_spec_difference_a ... ok
[INFO] [stdout] test dep_manifest::tests::test_to_requirements_a ... ok
[INFO] [stdout] test dep_manifest::tests::test_validate_a ... ok
[INFO] [stdout] test dep_manifest::tests::test_validate_b ... ok
[INFO] [stdout] test dep_spec::tests::test_dep_spec_a ... ok
[INFO] [stdout] test dep_spec::tests::test_dep_spec_b ... ok
[INFO] [stdout] test dep_spec::tests::test_dep_spec_c ... ok
[INFO] [stdout] test dep_spec::tests::test_dep_spec_d ... ok
[INFO] [stdout] test dep_spec::tests::test_dep_spec_e ... ok
[INFO] [stdout] test dep_spec::tests::test_dep_spec_env_marker_a ... ok
[INFO] [stdout] test dep_spec::tests::test_dep_spec_env_marker_b ... ok
[INFO] [stdout] test dep_spec::tests::test_dep_spec_env_marker_c ... ok
[INFO] [stdout] test dep_spec::tests::test_dep_spec_env_marker_d ... ok
[INFO] [stdout] test dep_spec::tests::test_dep_spec_f ... ok
[INFO] [stdout] test dep_spec::tests::test_dep_spec_from_package_a ... ok
[INFO] [stdout] test dep_spec::tests::test_dep_spec_from_package_b ... ok
[INFO] [stdout] test dep_spec::tests::test_dep_spec_from_package_c ... ok
[INFO] [stdout] test dep_spec::tests::test_dep_spec_from_whl_a ... ok
[INFO] [stdout] test dep_spec::tests::test_dep_spec_from_whl_b ... ok
[INFO] [stdout] test dep_spec::tests::test_dep_spec_from_whl_c ... ok
[INFO] [stdout] test dep_spec::tests::test_dep_spec_g ... ok
[INFO] [stdout] test dep_manifest::tests::test_from_requirements_b ... ok
[INFO] [stdout] test dep_spec::tests::test_dep_spec_h1 ... ok
[INFO] [stdout] test dep_spec::tests::test_dep_spec_h2 ... ok
[INFO] [stdout] test dep_spec::tests::test_dep_spec_h3 ... ok
[INFO] [stdout] test dep_spec::tests::test_dep_spec_h4 ... ok
[INFO] [stdout] test dep_spec::tests::test_dep_spec_h5 ... ok
[INFO] [stdout] test dep_spec::tests::test_dep_spec_i1 ... ok
[INFO] [stdout] test dep_spec::tests::test_dep_spec_is_exact_a ... ok
[INFO] [stdout] test dep_spec::tests::test_dep_spec_is_exact_b ... ok
[INFO] [stdout] test dep_spec::tests::test_dep_spec_json_a ... ok
[INFO] [stdout] test dep_spec::tests::test_dep_spec_to_string_a ... ok
[INFO] [stdout] test dep_spec::tests::test_dep_spec_to_string_b ... ok
[INFO] [stdout] test dep_spec::tests::test_dep_spec_url_a ... ok
[INFO] [stdout] test dep_spec::tests::test_dep_spec_url_b ... ok
[INFO] [stdout] test dep_spec::tests::test_dep_spec_url_c ... ok
[INFO] [stdout] test dep_spec::tests::test_dep_spec_validate_env_marker_a1 ... ok
[INFO] [stdout] test dep_spec::tests::test_dep_spec_url_d ... ok
[INFO] [stdout] test dep_spec::tests::test_dep_spec_validate_env_marker_a2 ... ok
[INFO] [stdout] test dep_spec::tests::test_dep_spec_validate_package_a ... ok
[INFO] [stdout] test dep_spec::tests::test_dep_spec_validate_package_b ... ok
[INFO] [stdout] test dep_spec::tests::test_dep_spec_validate_package_c ... ok
[INFO] [stdout] test dep_spec::tests::test_dep_spec_validate_package_d ... ok
[INFO] [stdout] test dep_spec::tests::test_dep_spec_validate_package_e1 ... ok
[INFO] [stdout] test dep_spec::tests::test_dep_spec_validate_package_e2 ... ok
[INFO] [stdout] test dep_spec::tests::test_dep_spec_validate_package_e3 ... ok
[INFO] [stdout] test dep_spec::tests::test_dep_spec_validate_package_f1 ... ok
[INFO] [stdout] test dep_spec::tests::test_dep_spec_validate_package_f2 ... ok
[INFO] [stdout] test dep_spec::tests::test_dep_spec_validate_package_g1 ... ok
[INFO] [stdout] test dep_spec::tests::test_dep_spec_validate_package_g2 ... ok
[INFO] [stdout] test dep_spec::tests::test_dep_spec_validate_url_a ... ok
[INFO] [stdout] test dep_spec::tests::test_dep_spec_validate_url_b ... ok
[INFO] [stdout] test dep_spec::tests::test_dep_spec_validate_url_c ... ok
[INFO] [stdout] test dep_spec::tests::test_dep_spec_validate_version_a ... ok
[INFO] [stdout] test dep_spec::tests::test_dep_spec_validate_version_b ... ok
[INFO] [stdout] test dep_spec::tests::test_dep_spec_validate_version_c ... ok
[INFO] [stdout] test dep_spec::tests::test_dep_spec_validate_version_e ... ok
[INFO] [stdout] test dep_spec::tests::test_dep_spec_validate_version_d ... ok
[INFO] [stdout] test dep_spec::tests::test_dep_spec_validate_version_f ... ok
[INFO] [stdout] test dep_spec::tests::test_dep_spec_validate_version_g ... ok
[INFO] [stdout] test dep_spec::tests::test_dep_spec_validate_version_h ... ok
[INFO] [stdout] test dep_spec::tests::test_dep_spec_validate_version_i ... ok
[INFO] [stdout] test dep_manifest::tests::test_from_dir_b ... ok
[INFO] [stdout] test dep_manifest::tests::test_from_requirements_d1 ... ok
[INFO] [stdout] test dep_spec::tests::test_dep_spec_validate_version_k ... ok
[INFO] [stdout] test dep_spec::tests::test_dep_spec_validate_version_j1 ... ok
[INFO] [stdout] test dep_spec::tests::test_dep_spec_validate_version_l1 ... ok
[INFO] [stdout] test dep_spec::tests::test_dep_spec_validate_version_j2 ... ok
[INFO] [stdout] test dep_spec::tests::test_dep_spec_validate_version_l2 ... ok
[INFO] [stdout] test env_marker::tests::test_bexp_a ... ok
[INFO] [stdout] test dep_manifest::tests::test_from_pyproject_d1 ... ok
[INFO] [stdout] test env_marker::tests::test_bexp_b ... ok
[INFO] [stdout] test env_marker::tests::test_bexp_c ... ok
[INFO] [stdout] test env_marker::tests::test_bexp_e1 ... ok
[INFO] [stdout] test env_marker::tests::test_bexp_f1 ... ok
[INFO] [stdout] test env_marker::tests::test_bexp_f2 ... ok
[INFO] [stdout] test env_marker::tests::test_emv_eval_a2 ... ok
[INFO] [stdout] test env_marker::tests::test_bexp_d ... ok
[INFO] [stdout] test env_marker::tests::test_bexp_e2 ... ok
[INFO] [stdout] test dep_spec::tests::test_dep_spec_validate_version_m ... ok
[INFO] [stdout] test env_marker::tests::test_marker_eval_a1 ... ok
[INFO] [stdout] test env_marker::tests::test_bexp_g1 ... ok
[INFO] [stdout] test env_marker::tests::test_marker_eval_b1 ... ok
[INFO] [stdout] test env_marker::tests::test_marker_eval_b2 ... ok
[INFO] [stdout] test env_marker::tests::test_marker_eval_b3 ... ok
[INFO] [stdout] test env_marker::tests::test_marker_eval_a2 ... ok
[INFO] [stdout] test env_marker::tests::test_marker_eval_a3 ... ok
[INFO] [stdout] test env_marker::tests::test_emv_eval_c ... ok
[INFO] [stdout] test env_marker::tests::test_marker_eval_c1 ... ok
[INFO] [stdout] test env_marker::tests::test_marker_eval_c2 ... ok
[INFO] [stdout] test env_marker::tests::test_emv_eval_a1 ... ok
[INFO] [stdout] test env_marker::tests::test_emv_eval_b ... ok
[INFO] [stdout] test env_marker::tests::test_marker_eval_c3 ... ok
[INFO] [stdout] test exe_search::tests::test_is_symlink_a ... ok
[INFO] [stdout] test exe_search::tests::test_get_search_origins_a ... ok
[INFO] [stdout] test exe_search::tests::test_scan_executable_inner_a ... ok
[INFO] [stdout] test exe_search::tests::test_get_search_exclude_paths_a ... ok
[INFO] [stdout] test exe_search::tests::test_is_exe_b ... ok
[INFO] [stdout] test inspect_report::tests::test_inspect_report_multiple_sites ... ok
[INFO] [stdout] test exe_search::tests::test_is_exe_c ... ok
[INFO] [stdout] test inspect_report::tests::test_inspect_target_from_path_basic ... ok
[INFO] [stdout] test inspect_report::tests::test_inspect_report_from_site_to_exes ... ok
[INFO] [stdout] test exe_search::tests::test_is_exe_a ... ok
[INFO] [stdout] test inspect_report::tests::test_inspect_target_from_path_nonexistent ... ok
[INFO] [stdout] test lock_file::tests::test_get_dependencies_pep751_a ... ok
[INFO] [stdout] test lock_file::tests::test_get_dependencies_pep751_b ... ok
[INFO] [stdout] test lock_file::tests::test_get_dependencies_pip_tools_a ... ok
[INFO] [stdout] test dep_manifest::tests::test_from_requirements_a ... ok
[INFO] [stdout] test lock_file::tests::test_get_dependencies_pipfilelock_a ... ok
[INFO] [stdout] test lock_file::tests::test_get_dependencies_pixi_lock ... ok
[INFO] [stdout] test inspect_report::tests::test_inspect_target_from_path_empty_file ... ok
[INFO] [stdout] test inspect_report::tests::test_inspect_target_from_path_long_file ... ok
[INFO] [stdout] test lock_file::tests::test_get_dependencies_pipfilelock_b ... ok
[INFO] [stdout] test lock_file::tests::test_get_dependencies_poetry_a ... ok
[INFO] [stdout] test lock_file::tests::test_get_dependencies_uv_e ... ok
[INFO] [stdout] test lookup_report::tests::test_from_dep_manifest_live ... ignored
[INFO] [stdout] test lock_file::tests::test_get_dependencies_uv_c ... ok
[INFO] [stdout] test lock_file::tests::test_get_dependencies_poetry_b ... ok
[INFO] [stdout] test lock_file::tests::test_get_dependencies_uv_d ... ok
[INFO] [stdout] test lock_file::tests::test_get_dependencies_uv_b ... ok
[INFO] [stdout] test lookup_report::tests::test_from_dep_spec_mock ... ok
[INFO] [stdout] test osv_query::tests::test_osv_querybatch_cache_disabled ... ok
[INFO] [stdout] test osv_query::tests::test_osv_querybatch_a ... ok
[INFO] [stdout] test lookup_report::tests::test_from_dep_manifest_mock ... ok
[INFO] [stdout] test osv_vulns::tests::test_cvss_score_a ... ok
[INFO] [stdout] test lock_file::tests::test_get_dependencies_poetry_c ... ok
[INFO] [stdout] test package::tests::test_package_a ... ok
[INFO] [stdout] test lock_file::tests::test_get_dependencies_uv_a ... ok
[INFO] [stdout] test package::tests::test_package_c ... ok
[INFO] [stdout] test osv_vulns::tests::test_vuln_a ... ok
[INFO] [stdout] test osv_vulns::tests::test_get_prime_prefers_highest_version_and_score ... ok
[INFO] [stdout] test package::tests::test_package_b ... ok
[INFO] [stdout] test package::tests::test_package_json_a ... ok
[INFO] [stdout] test package::tests::test_package_to_string_c ... ok
[INFO] [stdout] test package_durl::tests::test_durl_a ... ok
[INFO] [stdout] test package_durl::tests::test_durl_c ... ok
[INFO] [stdout] test package_durl::tests::test_durl_b ... ok
[INFO] [stdout] test package_durl::tests::test_durl_from_file_a ... ok
[INFO] [stdout] test package::tests::test_package_json_b ... ok
[INFO] [stdout] test package::tests::test_package_to_string_a ... ok
[INFO] [stdout] test package::tests::test_package_to_string_b ... ok
[INFO] [stdout] test package_match::tests::test_match_b ... ok
[INFO] [stdout] test package_durl::tests::test_validate_a ... ok
[INFO] [stdout] test package_match::tests::test_match_a ... ok
[INFO] [stdout] test package_match::tests::test_match_e ... ok
[INFO] [stdout] test package_match::tests::test_match_f ... ok
[INFO] [stdout] test package_match::tests::test_match_g ... ok
[INFO] [stdout] test package_match::tests::test_match_h ... ok
[INFO] [stdout] test path_shared::tests::test_serialization_a ... ok
[INFO] [stdout] test path_shared::tests::test_serialization_b ... ok
[INFO] [stdout] test path_shared::tests::test_serialization_c ... ok
[INFO] [stdout] test path_shared::tests::test_c ... ok
[INFO] [stdout] test path_shared::tests::test_a ... ok
[INFO] [stdout] test pypi_project::tests::test_get_version_specs ... ok
[INFO] [stdout] test path_shared::tests::test_b ... ok
[INFO] [stdout] test pypi_project::tests::test_query_pypi_project_live ... ignored
[INFO] [stdout] test pypi_project::tests::test_query_pypi_project_a ... ok
[INFO] [stdout] test package_match::tests::test_match_c ... ok
[INFO] [stdout] test pyproject::tests::test_detects_optional_project_dependencies ... ok
[INFO] [stdout] test pypi_project::tests::test_get_version_specs_with_limit ... ok
[INFO] [stdout] test package_match::tests::test_match_d ... ok
[INFO] [stdout] test pypi_project::tests::test_get_version_specs_wrong_package ... ok
[INFO] [stdout] test pypi_project::tests::test_get_version_specs_with_filter ... ok
[INFO] [stdout] test pyproject::tests::test_detects_project_dependencies ... ok
[INFO] [stdout] test pyproject::tests::test_get_poetry_dep_a ... ok
[INFO] [stdout] test pyproject::tests::test_detects_poetry_dependency_groups ... ok
[INFO] [stdout] test pyproject::tests::test_detects_poetry_dependencies ... ok
[INFO] [stdout] test pyproject::tests::test_get_project_dep_a ... ok
[INFO] [stdout] test pyproject::tests::test_get_project_dep_b_empty ... ok
[INFO] [stdout] test pyproject::tests::test_get_poetry_dep_group_a ... ok
[INFO] [stdout] test pyproject::tests::test_get_poetry_dep_group_b_missing_group ... ok
[INFO] [stdout] test pyproject::tests::test_get_project_dep_optional_a ... ok
[INFO] [stdout] test pyproject::tests::test_no_dependencies_detected ... ok
[INFO] [stdout] test pyproject::tests::test_pyprojectinfo_new_a ... ok
[INFO] [stdout] test scan_fs::tests::test_from_exe_to_sites_a ... ok
[INFO] [stdout] test scan_fs::tests::test_from_exes_a ... ok
[INFO] [stdout] test pyproject::tests::test_get_poetry_dep_b_empty ... ok
[INFO] [stdout] test pyproject::tests::test_pyprojectinfo_new_b ... ok
[INFO] [stdout] test pyproject::tests::test_get_poetry_dep_group_c_empty ... ok
[INFO] [stdout] test pyproject::tests::test_get_project_dep_optional_b_missing_key ... ok
[INFO] [stdout] test scan_fs::tests::from_exe_site_packages_a ... ok
[INFO] [stdout] test scan_fs::tests::test_serialize_a ... ok
[INFO] [stdout] test scan_fs::tests::test_serialize_b ... ok
[INFO] [stdout] test scan_fs::tests::test_search_b ... ok
[INFO] [stdout] test scan_fs::tests::test_to_hash_b ... ok
[INFO] [stdout] test scan_fs::tests::test_validation_a ... ok
[INFO] [stdout] test scan_fs::tests::test_to_hash_a ... ok
[INFO] [stdout] test scan_fs::tests::test_validation_b ... ok
[INFO] [stdout] test scan_fs::tests::test_search_a ... ok
[INFO] [stdout] test scan_fs::tests::test_validation_e ... ok
[INFO] [stdout] test scan_fs::tests::test_site_install_a ... ok
[INFO] [stdout] test scan_fs::tests::test_validation_c ... ok
[INFO] [stdout] test scan_fs::tests::test_validation_d ... ok
[INFO] [stdout] test scan_fs::tests::test_validation_evn_marker_b1 ... ok
[INFO] [stdout] test scan_fs::tests::test_validation_evn_marker_a ... ok
[INFO] [stdout] test scan_fs::tests::test_get_site_package_dirs_a ... ok
[INFO] [stdout] test scan_fs::tests::test_validation_evn_marker_b6 ... ok
[INFO] [stdout] test env_marker::tests::test_emv_a ... ok
[INFO] [stdout] test scan_fs::tests::test_validation_evn_marker_c2 ... ok
[INFO] [stdout] test scan_fs::tests::test_validation_evn_marker_c3 ... ok
[INFO] [stdout] test scan_fs::tests::test_validation_evn_marker_c1 ... ok
[INFO] [stdout] test scan_fs::tests::test_validation_evn_marker_b2 ... ok
[INFO] [stdout] test scan_fs::tests::test_validation_evn_marker_b4 ... ok
[INFO] [stdout] test scan_fs::tests::test_validation_evn_marker_d1 ... ok
[INFO] [stdout] test scan_fs::tests::test_validation_evn_marker_d2 ... ok
[INFO] [stdout] test scan_fs::tests::test_validation_evn_marker_b3 ... ok
[INFO] [stdout] test scan_fs::tests::test_validation_evn_marker_b5 ... ok
[INFO] [stdout] test scan_fs::tests::test_validation_f ... ok
[INFO] [stdout] test scan_fs::tests::test_validation_ignore_a ... ok
[INFO] [stdout] test scan_fs::tests::test_validation_ignore_b ... ok
[INFO] [stdout] test scan_report::tests::test_to_file_a ... ok
[INFO] [stdout] test scan_fs::tests::test_validation_g ... ok
[INFO] [stdout] test scan_fs::tests::test_validation_h ... ok
[INFO] [stdout] test site_customize::tests::test_get_validation_command_b ... ok
[INFO] [stdout] test site_customize::tests::test_get_validation_command_a ... ok
[INFO] [stdout] test site_customize::tests::test_get_validation_command_c ... ok
[INFO] [stdout] test site_customize::tests::test_get_validation_module_a ... ok
[INFO] [stdout] test site_customize::tests::test_get_validation_module_c ... ok
[INFO] [stdout] test site_customize::tests::test_get_validation_module_b ... ok
[INFO] [stdout] test site_customize::tests::test_get_validation_module_d ... ok
[INFO] [stdout] test system_tag::tests::test_system_tag_hash_a ... ok
[INFO] [stdout] test unpack_report::tests::test_record_a ... ok
[INFO] [stdout] test util::tests::test_conda_fn_to_name_version ... ok
[INFO] [stdout] test system_tag::tests::test_system_tag_live_a ... ok
[INFO] [stdout] test util::tests::test_hash_paths_a ... ok
[INFO] [stdout] test util::tests::test_hash_paths_b ... ok
[INFO] [stdout] test system_tag::tests::test_system_tag_json_a ... ok
[INFO] [stdout] test util::tests::test_is_python_exe_file_name_a ... ok
[INFO] [stdout] test util::tests::test_is_python_exe_file_name_b ... ok
[INFO] [stdout] test util::tests::test_is_python_exe_file_name_d ... ok
[INFO] [stdout] test util::tests::test_is_python_exe_file_name_c ... ok
[INFO] [stdout] test util::tests::test_path_cache_a ... ok
[INFO] [stdout] test util::tests::test_path_is_component_b1 ... ok
[INFO] [stdout] test util::tests::test_path_is_component_a ... ok
[INFO] [stdout] test util::tests::test_path_is_component_c ... ok
[INFO] [stdout] test util::tests::test_path_normalize_a ... ok
[INFO] [stdout] test util::tests::test_path_users ... FAILED
[INFO] [stdout] test util::tests::test_path_within_duration_a ... ok
[INFO] [stdout] test util::tests::test_url_strip_user_a ... ok
[INFO] [stdout] test util::tests::test_url_strip_user_b ... ok
[INFO] [stdout] test util::tests::test_url_strip_user_c ... ok
[INFO] [stdout] test util::tests::test_url_strip_user_d ... ok
[INFO] [stdout] test util::tests::test_url_strip_user_e ... ok
[INFO] [stdout] test util::tests::test_url_strip_user_f ... ok
[INFO] [stdout] test validation_report::tests::test_to_file_a ... ok
[INFO] [stdout] test version_spec::tests::test_version_is_compatible_a ... ok
[INFO] [stdout] test version_spec::tests::test_version_is_compatible_b ... ok
[INFO] [stdout] test version_spec::tests::test_version_is_compatible_c ... ok
[INFO] [stdout] test version_spec::tests::test_version_is_compatible_d ... ok
[INFO] [stdout] test version_spec::tests::test_version_is_compatible_e ... ok
[INFO] [stdout] test version_spec::tests::test_version_spec_a ... ok
[INFO] [stdout] test version_spec::tests::test_version_spec_b ... ok
[INFO] [stdout] test version_spec::tests::test_version_spec_c ... ok
[INFO] [stdout] test version_spec::tests::test_version_spec_caret_a ... ok
[INFO] [stdout] test version_spec::tests::test_version_spec_caret_b ... ok
[INFO] [stdout] test version_spec::tests::test_version_spec_caret_c ... ok
[INFO] [stdout] test version_spec::tests::test_version_spec_caret_d ... ok
[INFO] [stdout] test version_spec::tests::test_version_spec_caret_e ... ok
[INFO] [stdout] test version_spec::tests::test_version_spec_d ... ok
[INFO] [stdout] test version_spec::tests::test_version_spec_e ... ok
[INFO] [stdout] test version_spec::tests::test_version_spec_has_wildcard_a ... ok
[INFO] [stdout] test version_spec::tests::test_version_spec_json_a ... ok
[INFO] [stdout] test version_spec::tests::test_version_spec_tilde_a ... ok
[INFO] [stdout] test version_spec::tests::test_version_spec_tilde_b ... ok
[INFO] [stdout] test version_spec::tests::test_version_spec_tilde_c ... ok
[INFO] [stdout] test util::tests::test_path_is_component_b2 ... ok
[INFO] [stdout] test scan_fs::tests::test_validation_evn_marker_c4 ... ok
[INFO] [stdout] test scan_fs::tests::test_validation_evn_marker_c5 ... ok
[INFO] [stdout] test util::tests::test_get_absolute_path_from_exe_a ... ok
[INFO] [stdout] test scan_fs::tests::test_validation_evn_marker_e ... ok
[INFO] [stdout] test scan_fs::tests::test_validation_evn_marker_c6 ... ok
[INFO] [stdout] test scan_fs::tests::test_from_exes_equality_comparison ... ok
[INFO] [stdout] 
[INFO] [stdout] failures:
[INFO] [stdout] 
[INFO] [stdout] ---- util::tests::test_path_users stdout ----
[INFO] [stdout] 
[INFO] [stdout] thread 'util::tests::test_path_users' (1732) panicked at src/util.rs:710:9:
[INFO] [stdout] assertion `left == right` failed
[INFO] [stdout]   left: "/home"
[INFO] [stdout]  right: "/"
[INFO] [stdout] stack backtrace:
[INFO] [stdout]    0:     0x5fcc345c2641 - <<std[70759c8f55707aa4]::sys::backtrace::BacktraceLock>::print::DisplayBacktrace as core[df12db4294e9bfd3]::fmt::Display>::fmt
[INFO] [stdout]    1:     0x5fcc345daeba - core[df12db4294e9bfd3]::fmt::write
[INFO] [stdout]    2:     0x5fcc345c755c - <alloc[2182bb758b4b3781]::vec::Vec<u8> as core[df12db4294e9bfd3]::io::write::Write>::write_fmt
[INFO] [stdout]    3:     0x5fcc3459a8b6 - std[70759c8f55707aa4]::panicking::default_hook::{closure#0}
[INFO] [stdout]    4:     0x5fcc345b9449 - std[70759c8f55707aa4]::panicking::default_hook
[INFO] [stdout]    5:     0x5fcc34500170 - test[9d35eded1c95d3be]::test_main_inner::<test[9d35eded1c95d3be]::test_main_static::{closure#0}>::{closure#0}
[INFO] [stdout]    6:     0x5fcc345b9772 - std[70759c8f55707aa4]::panicking::panic_with_hook
[INFO] [stdout]    7:     0x5fcc3459a962 - std[70759c8f55707aa4]::panicking::panic_handler::{closure#0}
[INFO] [stdout]    8:     0x5fcc34593289 - std[70759c8f55707aa4]::sys::backtrace::__rust_end_short_backtrace::<std[70759c8f55707aa4]::panicking::panic_handler::{closure#0}, !>
[INFO] [stdout]    9:     0x5fcc3459b8fd - __rustc[8fa7c3cbc660c2b3]::rust_begin_unwind
[INFO] [stdout]   10:     0x5fcc345db62c - core[df12db4294e9bfd3]::panicking::panic_fmt
[INFO] [stdout]   11:     0x5fcc345db543 - core[df12db4294e9bfd3]::panicking::assert_failed_inner
[INFO] [stdout]   12:     0x5fcc3436052e - core[df12db4294e9bfd3]::panicking::assert_failed::<std[70759c8f55707aa4]::path::PathBuf, std[70759c8f55707aa4]::path::PathBuf>
[INFO] [stdout]   13:     0x5fcc343aa227 - fetter[9cd0fbda9bf16c37]::util::tests::test_path_users
[INFO] [stdout]   14:     0x5fcc3429ce39 - <fetter[9cd0fbda9bf16c37]::util::tests::test_path_users::{closure#0} as core[df12db4294e9bfd3]::ops::function::FnOnce<()>>::call_once
[INFO] [stdout]   15:     0x5fcc344f345b - test[9d35eded1c95d3be]::__rust_begin_short_backtrace::<core[df12db4294e9bfd3]::result::Result<(), alloc[2182bb758b4b3781]::string::String>, fn() -> core[df12db4294e9bfd3]::result::Result<(), alloc[2182bb758b4b3781]::string::String>>
[INFO] [stdout]   16:     0x5fcc34500ac5 - test[9d35eded1c95d3be]::run_test::{closure#0}
[INFO] [stdout]   17:     0x5fcc344fa384 - std[70759c8f55707aa4]::sys::backtrace::__rust_begin_short_backtrace::<test[9d35eded1c95d3be]::run_test::{closure#1}, ()>
[INFO] [stdout]   18:     0x5fcc34503c22 - <std[70759c8f55707aa4]::thread::lifecycle::spawn_unchecked<test[9d35eded1c95d3be]::run_test::{closure#1}, ()>::{closure#1} as core[df12db4294e9bfd3]::ops::function::FnOnce<()>>::call_once::{shim:vtable#0}
[INFO] [stdout]   19:     0x5fcc345c1489 - <std[70759c8f55707aa4]::sys::thread::unix::Thread>::new::thread_start
[INFO] [stdout]   20:     0x7ec41f809dfa - <unknown>
[INFO] [stdout]   21:     0x7ec41f89d3d4 - clone
[INFO] [stdout]   22:                0x0 - <unknown>
[INFO] [stdout] 
[INFO] [stdout] 
[INFO] [stdout] failures:
[INFO] [stdout]     util::tests::test_path_users
[INFO] [stdout] 
[INFO] [stdout] test result: FAILED. 295 passed; 1 failed; 2 ignored; 0 measured; 0 filtered out; finished in 0.75s
[INFO] [stdout] 
[INFO] [stderr] error: test failed, to rerun pass `--lib`
[INFO] running `Command { std: "docker" "inspect" "4563ac1c2499e082d429cacba5d38cf12a6fc4fb35ed9f3c0d298b4a43f57bf5", kill_on_drop: false }`
[INFO] running `Command { std: "docker" "rm" "-f" "4563ac1c2499e082d429cacba5d38cf12a6fc4fb35ed9f3c0d298b4a43f57bf5", kill_on_drop: false }`
[INFO] [stdout] 4563ac1c2499e082d429cacba5d38cf12a6fc4fb35ed9f3c0d298b4a43f57bf5
