[INFO] fetching crate fetch_unroll 0.3.0...
[INFO] testing fetch_unroll-0.3.0 against 1.99.0-beta.8+cargoflags=--release for beta-release-1.100-2
[INFO] extracting crate fetch_unroll 0.3.0 into /workspace/builds/worker-2-tc1/source
[INFO] started tweaking crates.io crate fetch_unroll 0.3.0
[INFO] finished tweaking crates.io crate fetch_unroll 0.3.0
[INFO] tweaked toml for crates.io crate fetch_unroll 0.3.0 written to /workspace/builds/worker-2-tc1/source/Cargo.toml
[INFO] validating manifest of crates.io crate fetch_unroll 0.3.0 on toolchain 1.99.0-beta.8
[INFO] running `Command { std: CARGO_HOME="/workspace/cargo-home" RUSTUP_HOME="/workspace/rustup-home" "/workspace/cargo-home/bin/cargo" "+1.99.0-beta.8" "metadata" "--manifest-path" "Cargo.toml" "--no-deps", kill_on_drop: false }`
[INFO] running `Command { std: CARGO_HOME="/workspace/cargo-home" RUSTUP_HOME="/workspace/rustup-home" "/workspace/cargo-home/bin/cargo" "+1.99.0-beta.8" "generate-lockfile" "--manifest-path" "Cargo.toml", kill_on_drop: false }`
[INFO] [stderr]     Updating crates.io index
[INFO] [stderr]      Locking 84 packages to highest compatible versions
[INFO] [stderr]       Adding libflate v1.4.0 (available: v2.3.2)
[INFO] [stderr]       Adding ureq v2.12.1 (available: v3.4.2)
[INFO] running `Command { std: CARGO_HOME="/workspace/cargo-home" RUSTUP_HOME="/workspace/rustup-home" "/workspace/cargo-home/bin/cargo" "+1.99.0-beta.8" "fetch" "--manifest-path" "Cargo.toml", kill_on_drop: false }`
[INFO] [stderr]  Downloading crates ...
[INFO] [stderr]   Downloaded libflate v1.4.0
[INFO] [stderr]   Downloaded rle-decode-fast v1.0.3
[INFO] [stderr]   Downloaded libflate_lz77 v1.2.0
[INFO] running `Command { std: "docker" "create" "-v" "/var/lib/crater-agent-workspace/builds/worker-2-tc1/source:/opt/rustwide/workdir:ro,Z" "-v" "/var/lib/crater-agent-workspace/builds/worker-2-tc1/target:/opt/rustwide/target:rw,Z" "-v" "/var/lib/crater-agent-workspace/cargo-home:/opt/rustwide/cargo-home:ro,Z" "-v" "/var/lib/crater-agent-workspace/rustup-home:/opt/rustwide/rustup-home:ro,Z" "-m" "1610612736" "--network" "none" "ghcr.io/rust-lang/crates-build-env/linux@sha256:77db811e55d90add9212f6832c23229e3de5f1c1f9905e8cb07319ea15df73ac" "sleep" "infinity", kill_on_drop: false }`
[INFO] [stdout] bc86732e731f6c6c6ee7a7e438b9d5d0e9a061a8834503be6ee77289678dd8f7
[INFO] running `Command { std: "docker" "start" "bc86732e731f6c6c6ee7a7e438b9d5d0e9a061a8834503be6ee77289678dd8f7", kill_on_drop: false }`
[INFO] running `Command { std: "docker" "inspect" "bc86732e731f6c6c6ee7a7e438b9d5d0e9a061a8834503be6ee77289678dd8f7", kill_on_drop: false }`
[INFO] running `Command { std: "docker" "exec" "-e" "SOURCE_DIR=/opt/rustwide/workdir" "-e" "CARGO_HOME=/opt/rustwide/cargo-home" "-e" "RUSTUP_HOME=/opt/rustwide/rustup-home" "-e" "CARGO_TARGET_DIR=/opt/rustwide/target" "-w" "/opt/rustwide/workdir" "--user" "0:0" "bc86732e731f6c6c6ee7a7e438b9d5d0e9a061a8834503be6ee77289678dd8f7" "/opt/rustwide/cargo-home/bin/cargo" "+1.99.0-beta.8" "metadata" "--no-deps" "--format-version=1", kill_on_drop: false }`
[INFO] running `Command { std: "docker" "inspect" "bc86732e731f6c6c6ee7a7e438b9d5d0e9a061a8834503be6ee77289678dd8f7", kill_on_drop: false }`
[INFO] running `Command { std: "docker" "exec" "-e" "SOURCE_DIR=/opt/rustwide/workdir" "-e" "CARGO_HOME=/opt/rustwide/cargo-home" "-e" "RUSTUP_HOME=/opt/rustwide/rustup-home" "-e" "CARGO_TARGET_DIR=/opt/rustwide/target" "-e" "CARGO_INCREMENTAL=0" "-e" "RUST_BACKTRACE=full" "-e" "RUSTFLAGS=--cap-lints=warn" "-e" "RUSTDOCFLAGS=--cap-lints=warn" "-w" "/opt/rustwide/workdir" "--user" "0:0" "bc86732e731f6c6c6ee7a7e438b9d5d0e9a061a8834503be6ee77289678dd8f7" "/opt/rustwide/cargo-home/bin/cargo" "+1.99.0-beta.8" "build" "--frozen" "--message-format=json" "--release", kill_on_drop: false }`
[INFO] [stderr]    Compiling zeroize v1.9.1
[INFO] [stderr]    Compiling smallvec v1.16.3
[INFO] [stderr]    Compiling rustix v1.1.5
[INFO] [stderr]    Compiling rustls v0.23.46
[INFO] [stderr]    Compiling ring v0.17.14
[INFO] [stderr]    Compiling crc32fast v1.5.2
[INFO] [stderr]    Compiling miniz_oxide v0.9.1
[INFO] [stderr]    Compiling rle-decode-fast v1.0.3
[INFO] [stderr]    Compiling syn v3.0.9
[INFO] [stderr]    Compiling getrandom v0.2.17
[INFO] [stderr]    Compiling filetime v0.2.29
[INFO] [stderr]    Compiling adler32 v1.2.0
[INFO] [stderr]    Compiling rustls-pki-types v1.15.1
[INFO] [stderr]    Compiling libflate_lz77 v1.2.0
[INFO] [stderr]    Compiling libflate v1.4.0
[INFO] [stderr]    Compiling webpki-roots v1.0.9
[INFO] [stderr]    Compiling webpki-roots v0.26.11
[INFO] [stderr]    Compiling flate2 v1.1.10
[INFO] [stderr]    Compiling xattr v1.6.1
[INFO] [stderr]    Compiling synstructure v0.14.0
[INFO] [stderr]    Compiling tar v0.4.46
[INFO] [stderr]    Compiling zerovec-derive v0.11.6
[INFO] [stderr]    Compiling displaydoc v0.2.7
[INFO] [stderr]    Compiling zerofrom-derive v0.1.8
[INFO] [stderr]    Compiling yoke-derive v0.8.4
[INFO] [stderr]    Compiling zerofrom v0.1.8
[INFO] [stderr]    Compiling yoke v0.8.3
[INFO] [stderr]    Compiling zerotrie v0.2.5
[INFO] [stderr]    Compiling zerovec v0.11.8
[INFO] [stderr]    Compiling tinystr v0.8.4
[INFO] [stderr]    Compiling potential_utf v0.1.6
[INFO] [stderr]    Compiling icu_collections v2.3.0
[INFO] [stderr]    Compiling icu_locale_core v2.3.0
[INFO] [stderr]    Compiling icu_provider v2.3.1
[INFO] [stderr]    Compiling icu_properties v2.3.0
[INFO] [stderr]    Compiling icu_normalizer v2.3.0
[INFO] [stderr]    Compiling idna_adapter v1.2.2
[INFO] [stderr]    Compiling idna v1.1.0
[INFO] [stderr]    Compiling url v2.5.8
[INFO] [stderr]    Compiling rustls-webpki v0.103.15
[INFO] [stderr]    Compiling ureq v2.12.1
[INFO] [stderr]    Compiling fetch_unroll v0.3.0 (/opt/rustwide/workdir)
[INFO] [stdout] warning: the `must_use` attribute cannot be used on trait methods in impl blocks
[INFO] [stdout]   --> src/lib.rs:84:7
[INFO] [stdout]    |
[INFO] [stdout] 84 |     #[must_use]
[INFO] [stdout]    |       ^^^^^^^^
[INFO] [stdout]    |
[INFO] [stdout]    = help: the `must_use` attribute can be applied to data types, foreign functions, functions, inherent methods, provided trait methods, required trait methods, and traits
[INFO] [stdout]    = warning: this was previously accepted by the compiler but is being phased out; it will become a hard error in a future release!
[INFO] [stdout]    = note: `#[warn(unused_attributes)]` (part of `#[warn(unused)]`) on by default
[INFO] [stdout] 
[INFO] [stdout] 
[INFO] [stdout] warning: the `must_use` attribute cannot be used on trait methods in impl blocks
[INFO] [stdout]   --> src/lib.rs:99:7
[INFO] [stdout]    |
[INFO] [stdout] 99 |     #[must_use]
[INFO] [stdout]    |       ^^^^^^^^
[INFO] [stdout]    |
[INFO] [stdout]    = help: the `must_use` attribute can be applied to data types, foreign functions, functions, inherent methods, provided trait methods, required trait methods, and traits
[INFO] [stdout]    = warning: this was previously accepted by the compiler but is being phased out; it will become a hard error in a future release!
[INFO] [stdout] 
[INFO] [stdout] 
[INFO] [stderr]     Finished `release` profile [optimized] target(s) in 48.23s
[INFO] running `Command { std: "docker" "inspect" "bc86732e731f6c6c6ee7a7e438b9d5d0e9a061a8834503be6ee77289678dd8f7", kill_on_drop: false }`
[INFO] running `Command { std: "docker" "exec" "-e" "SOURCE_DIR=/opt/rustwide/workdir" "-e" "CARGO_HOME=/opt/rustwide/cargo-home" "-e" "RUSTUP_HOME=/opt/rustwide/rustup-home" "-e" "CARGO_TARGET_DIR=/opt/rustwide/target" "-e" "CARGO_INCREMENTAL=0" "-e" "RUST_BACKTRACE=full" "-e" "RUSTFLAGS=--cap-lints=warn" "-e" "RUSTDOCFLAGS=--cap-lints=warn" "-w" "/opt/rustwide/workdir" "--user" "0:0" "bc86732e731f6c6c6ee7a7e438b9d5d0e9a061a8834503be6ee77289678dd8f7" "/opt/rustwide/cargo-home/bin/cargo" "+1.99.0-beta.8" "test" "--frozen" "--no-run" "--message-format=json" "--release", kill_on_drop: false }`
[INFO] [stdout] warning: the `must_use` attribute cannot be used on trait methods in impl blocks
[INFO] [stdout]   --> src/lib.rs:84:7
[INFO] [stdout]    |
[INFO] [stdout] 84 |     #[must_use]
[INFO] [stdout]    |       ^^^^^^^^
[INFO] [stdout]    |
[INFO] [stdout]    = help: the `must_use` attribute can be applied to data types, foreign functions, functions, inherent methods, provided trait methods, required trait methods, and traits
[INFO] [stdout]    = warning: this was previously accepted by the compiler but is being phased out; it will become a hard error in a future release!
[INFO] [stdout]    = note: `#[warn(unused_attributes)]` (part of `#[warn(unused)]`) on by default
[INFO] [stdout] 
[INFO] [stdout] 
[INFO] [stderr]    Compiling fetch_unroll v0.3.0 (/opt/rustwide/workdir)
[INFO] [stdout] warning: the `must_use` attribute cannot be used on trait methods in impl blocks
[INFO] [stdout]   --> src/lib.rs:99:7
[INFO] [stdout]    |
[INFO] [stdout] 99 |     #[must_use]
[INFO] [stdout]    |       ^^^^^^^^
[INFO] [stdout]    |
[INFO] [stdout]    = help: the `must_use` attribute can be applied to data types, foreign functions, functions, inherent methods, provided trait methods, required trait methods, and traits
[INFO] [stdout]    = warning: this was previously accepted by the compiler but is being phased out; it will become a hard error in a future release!
[INFO] [stdout] 
[INFO] [stdout] 
[INFO] [stdout] warning: the `must_use` attribute cannot be used on trait methods in impl blocks
[INFO] [stdout]   --> src/lib.rs:84:7
[INFO] [stdout]    |
[INFO] [stdout] 84 |     #[must_use]
[INFO] [stdout]    |       ^^^^^^^^
[INFO] [stdout]    |
[INFO] [stdout]    = help: the `must_use` attribute can be applied to data types, foreign functions, functions, inherent methods, provided trait methods, required trait methods, and traits
[INFO] [stdout]    = warning: this was previously accepted by the compiler but is being phased out; it will become a hard error in a future release!
[INFO] [stdout]    = note: `#[warn(unused_attributes)]` (part of `#[warn(unused)]`) on by default
[INFO] [stdout] 
[INFO] [stdout] 
[INFO] [stdout] warning: the `must_use` attribute cannot be used on trait methods in impl blocks
[INFO] [stdout]   --> src/lib.rs:99:7
[INFO] [stdout]    |
[INFO] [stdout] 99 |     #[must_use]
[INFO] [stdout]    |       ^^^^^^^^
[INFO] [stdout]    |
[INFO] [stdout]    = help: the `must_use` attribute can be applied to data types, foreign functions, functions, inherent methods, provided trait methods, required trait methods, and traits
[INFO] [stdout]    = warning: this was previously accepted by the compiler but is being phased out; it will become a hard error in a future release!
[INFO] [stdout] 
[INFO] [stdout] 
[INFO] [stderr]     Finished `release` profile [optimized] target(s) in 1.17s
[INFO] running `Command { std: "docker" "inspect" "bc86732e731f6c6c6ee7a7e438b9d5d0e9a061a8834503be6ee77289678dd8f7", kill_on_drop: false }`
[INFO] running `Command { std: "docker" "exec" "-e" "SOURCE_DIR=/opt/rustwide/workdir" "-e" "CARGO_HOME=/opt/rustwide/cargo-home" "-e" "RUSTUP_HOME=/opt/rustwide/rustup-home" "-e" "CARGO_TARGET_DIR=/opt/rustwide/target" "-e" "CARGO_INCREMENTAL=0" "-e" "RUST_BACKTRACE=full" "-e" "RUSTFLAGS=--cap-lints=warn" "-e" "RUSTDOCFLAGS=--cap-lints=warn" "-w" "/opt/rustwide/workdir" "--user" "0:0" "bc86732e731f6c6c6ee7a7e438b9d5d0e9a061a8834503be6ee77289678dd8f7" "/opt/rustwide/cargo-home/bin/cargo" "+1.99.0-beta.8" "test" "--frozen" "--release", kill_on_drop: false }`
[INFO] [stderr] warning: the `must_use` attribute cannot be used on trait methods in impl blocks
[INFO] [stderr]   --> src/lib.rs:84:7
[INFO] [stderr]    |
[INFO] [stderr] 84 |     #[must_use]
[INFO] [stderr]    |       ^^^^^^^^
[INFO] [stderr]    |
[INFO] [stderr]    = help: the `must_use` attribute can be applied to data types, foreign functions, functions, inherent methods, provided trait methods, required trait methods, and traits
[INFO] [stderr]    = warning: this was previously accepted by the compiler but is being phased out; it will become a hard error in a future release!
[INFO] [stderr]    = note: `#[warn(unused_attributes)]` (part of `#[warn(unused)]`) on by default
[INFO] [stderr] 
[INFO] [stderr] warning: the `must_use` attribute cannot be used on trait methods in impl blocks
[INFO] [stderr]   --> src/lib.rs:99:7
[INFO] [stderr]    |
[INFO] [stderr] 99 |     #[must_use]
[INFO] [stderr]    |       ^^^^^^^^
[INFO] [stderr]    |
[INFO] [stderr]    = help: the `must_use` attribute can be applied to data types, foreign functions, functions, inherent methods, provided trait methods, required trait methods, and traits
[INFO] [stderr]    = warning: this was previously accepted by the compiler but is being phased out; it will become a hard error in a future release!
[INFO] [stderr] 
[INFO] [stderr] warning: `fetch_unroll` (lib) generated 2 warnings (run `cargo fix --lib -p fetch_unroll` to apply 2 suggestions)
[INFO] [stderr] warning: `fetch_unroll` (lib test) generated 2 warnings (2 duplicates)
[INFO] [stderr]     Finished `release` profile [optimized] target(s) in 0.08s
[INFO] [stderr]      Running unittests src/lib.rs (/opt/rustwide/target/release/deps/fetch_unroll-4ebedb784a107ef0)
[INFO] [stdout] 
[INFO] [stdout] running 1 test
[INFO] [stdout] test test::github_archive_new ... FAILED
[INFO] [stdout] 
[INFO] [stdout] failures:
[INFO] [stdout] 
[INFO] [stdout] ---- test::github_archive_new stdout ----
[INFO] [stdout] 
[INFO] [stdout] thread 'test::github_archive_new' (1003) panicked at src/lib.rs:566:14:
[INFO] [stdout] called `Result::unwrap()` on an `Err` value: Http("Transport error: https://github.com/katyo/fluidlite/archive/1.2.0.tar.gz: Dns Failed: resolve dns name 'github.com:443': failed to lookup address information: Temporary failure in name resolution")
[INFO] [stdout] stack backtrace:
[INFO] [stdout]    0:     0x58b2a3d187f1 - <<std[70759c8f55707aa4]::sys::backtrace::BacktraceLock>::print::DisplayBacktrace as core[df12db4294e9bfd3]::fmt::Display>::fmt
[INFO] [stdout]    1:     0x58b2a3d2f26a - core[df12db4294e9bfd3]::fmt::write
[INFO] [stdout]    2:     0x58b2a3d1d84c - <alloc[2182bb758b4b3781]::vec::Vec<u8> as core[df12db4294e9bfd3]::io::write::Write>::write_fmt
[INFO] [stdout]    3:     0x58b2a3cf0f56 - std[70759c8f55707aa4]::panicking::default_hook::{closure#0}
[INFO] [stdout]    4:     0x58b2a3d0f509 - std[70759c8f55707aa4]::panicking::default_hook
[INFO] [stdout]    5:     0x58b2a3b5a700 - test[9d35eded1c95d3be]::test_main_inner::<test[9d35eded1c95d3be]::test_main_static::{closure#0}>::{closure#0}
[INFO] [stdout]    6:     0x58b2a3d0f6c2 - std[70759c8f55707aa4]::panicking::panic_with_hook
[INFO] [stdout]    7:     0x58b2a3cf1002 - std[70759c8f55707aa4]::panicking::panic_handler::{closure#0}
[INFO] [stdout]    8:     0x58b2a3ce9a19 - std[70759c8f55707aa4]::sys::backtrace::__rust_end_short_backtrace::<std[70759c8f55707aa4]::panicking::panic_handler::{closure#0}, !>
[INFO] [stdout]    9:     0x58b2a3cf208d - __rustc[8fa7c3cbc660c2b3]::rust_begin_unwind
[INFO] [stdout]   10:     0x58b2a3d2f99c - core[df12db4294e9bfd3]::panicking::panic_fmt
[INFO] [stdout]   11:     0x58b2a3d2f772 - core[df12db4294e9bfd3]::result::unwrap_failed
[INFO] [stdout]   12:     0x58b2a3b4841b - <fetch_unroll[19e9d4e4ff5edd13]::test::github_archive_new::{closure#0} as core[df12db4294e9bfd3]::ops::function::FnOnce<()>>::call_once
[INFO] [stdout]   13:     0x58b2a3b4d9eb - test[9d35eded1c95d3be]::__rust_begin_short_backtrace::<core[df12db4294e9bfd3]::result::Result<(), alloc[2182bb758b4b3781]::string::String>, fn() -> core[df12db4294e9bfd3]::result::Result<(), alloc[2182bb758b4b3781]::string::String>>
[INFO] [stdout]   14:     0x58b2a3b5b055 - test[9d35eded1c95d3be]::run_test::{closure#0}
[INFO] [stdout]   15:     0x58b2a3b54914 - std[70759c8f55707aa4]::sys::backtrace::__rust_begin_short_backtrace::<test[9d35eded1c95d3be]::run_test::{closure#1}, ()>
[INFO] [stdout]   16:     0x58b2a3b5e1b2 - <std[70759c8f55707aa4]::thread::lifecycle::spawn_unchecked<test[9d35eded1c95d3be]::run_test::{closure#1}, ()>::{closure#1} as core[df12db4294e9bfd3]::ops::function::FnOnce<()>>::call_once::{shim:vtable#0}
[INFO] [stdout]   17:     0x58b2a3d17929 - <std[70759c8f55707aa4]::sys::thread::unix::Thread>::new::thread_start
[INFO] [stdout]   18:     0x731e8d35cdfa - <unknown>
[INFO] [stdout]   19:     0x731e8d3f03d4 - clone
[INFO] [stdout]   20:                0x0 - <unknown>
[INFO] [stdout] 
[INFO] [stdout] 
[INFO] [stdout] failures:
[INFO] [stdout]     test::github_archive_new
[INFO] [stdout] 
[INFO] [stdout] test result: FAILED. 0 passed; 1 failed; 0 ignored; 0 measured; 0 filtered out; finished in 0.00s
[INFO] [stdout] 
[INFO] [stderr] error: test failed, to rerun pass `--lib`
[INFO] running `Command { std: "docker" "inspect" "bc86732e731f6c6c6ee7a7e438b9d5d0e9a061a8834503be6ee77289678dd8f7", kill_on_drop: false }`
[INFO] running `Command { std: "docker" "rm" "-f" "bc86732e731f6c6c6ee7a7e438b9d5d0e9a061a8834503be6ee77289678dd8f7", kill_on_drop: false }`
[INFO] [stdout] bc86732e731f6c6c6ee7a7e438b9d5d0e9a061a8834503be6ee77289678dd8f7
