[INFO] fetching crate fetch-sac 0.7.2...
[INFO] testing fetch-sac-0.7.2 against 1.100.0-beta.1+cargoflags=--release for beta-release-1.100-2
[INFO] extracting crate fetch-sac 0.7.2 into /workspace/builds/worker-7-tc2/source
[INFO] started tweaking crates.io crate fetch-sac 0.7.2
[INFO] removed 0 missing tests
[INFO] finished tweaking crates.io crate fetch-sac 0.7.2
[INFO] tweaked toml for crates.io crate fetch-sac 0.7.2 written to /workspace/builds/worker-7-tc2/source/Cargo.toml
[INFO] validating manifest of crates.io crate fetch-sac 0.7.2 on toolchain 1.100.0-beta.1
[INFO] running `Command { std: CARGO_HOME="/workspace/cargo-home" RUSTUP_HOME="/workspace/rustup-home" "/workspace/cargo-home/bin/cargo" "+1.100.0-beta.1" "metadata" "--manifest-path" "Cargo.toml" "--no-deps", kill_on_drop: false }`
[INFO] crate crates.io crate fetch-sac 0.7.2 already has a lockfile, it will not be regenerated
[INFO] running `Command { std: CARGO_HOME="/workspace/cargo-home" RUSTUP_HOME="/workspace/rustup-home" "/workspace/cargo-home/bin/cargo" "+1.100.0-beta.1" "fetch" "--manifest-path" "Cargo.toml", kill_on_drop: false }`
[INFO] running `Command { std: "docker" "create" "-v" "/var/lib/crater-agent-workspace/builds/worker-7-tc2/source:/opt/rustwide/workdir:ro,Z" "-v" "/var/lib/crater-agent-workspace/builds/worker-7-tc2/target:/opt/rustwide/target:rw,Z" "-v" "/var/lib/crater-agent-workspace/cargo-home:/opt/rustwide/cargo-home:ro,Z" "-v" "/var/lib/crater-agent-workspace/rustup-home:/opt/rustwide/rustup-home:ro,Z" "-m" "1610612736" "--network" "none" "ghcr.io/rust-lang/crates-build-env/linux@sha256:77db811e55d90add9212f6832c23229e3de5f1c1f9905e8cb07319ea15df73ac" "sleep" "infinity", kill_on_drop: false }`
[INFO] [stdout] d18e9854ab5206b5a7bb28544288ebd8f4419c23487621ed8d3f339cef0a10fd
[INFO] running `Command { std: "docker" "start" "d18e9854ab5206b5a7bb28544288ebd8f4419c23487621ed8d3f339cef0a10fd", kill_on_drop: false }`
[INFO] running `Command { std: "docker" "inspect" "d18e9854ab5206b5a7bb28544288ebd8f4419c23487621ed8d3f339cef0a10fd", kill_on_drop: false }`
[INFO] running `Command { std: "docker" "exec" "-e" "SOURCE_DIR=/opt/rustwide/workdir" "-e" "CARGO_HOME=/opt/rustwide/cargo-home" "-e" "RUSTUP_HOME=/opt/rustwide/rustup-home" "-e" "CARGO_TARGET_DIR=/opt/rustwide/target" "-w" "/opt/rustwide/workdir" "--user" "0:0" "d18e9854ab5206b5a7bb28544288ebd8f4419c23487621ed8d3f339cef0a10fd" "/opt/rustwide/cargo-home/bin/cargo" "+1.100.0-beta.1" "metadata" "--no-deps" "--format-version=1", kill_on_drop: false }`
[INFO] running `Command { std: "docker" "inspect" "d18e9854ab5206b5a7bb28544288ebd8f4419c23487621ed8d3f339cef0a10fd", kill_on_drop: false }`
[INFO] running `Command { std: "docker" "exec" "-e" "SOURCE_DIR=/opt/rustwide/workdir" "-e" "CARGO_HOME=/opt/rustwide/cargo-home" "-e" "RUSTUP_HOME=/opt/rustwide/rustup-home" "-e" "CARGO_TARGET_DIR=/opt/rustwide/target" "-e" "CARGO_INCREMENTAL=0" "-e" "RUST_BACKTRACE=full" "-e" "RUSTFLAGS=--cap-lints=warn" "-e" "RUSTDOCFLAGS=--cap-lints=warn" "-w" "/opt/rustwide/workdir" "--user" "0:0" "d18e9854ab5206b5a7bb28544288ebd8f4419c23487621ed8d3f339cef0a10fd" "/opt/rustwide/cargo-home/bin/cargo" "+1.100.0-beta.1" "build" "--frozen" "--message-format=json" "--release", kill_on_drop: false }`
[INFO] [stderr]    Compiling quote v1.0.42
[INFO] [stderr]    Compiling proc-macro2 v1.0.103
[INFO] [stderr]    Compiling rand_core v0.6.4
[INFO] [stderr]    Compiling siphasher v1.0.1
[INFO] [stderr]    Compiling bytes v1.10.1
[INFO] [stderr]    Compiling find-msvc-tools v0.1.4
[INFO] [stderr]    Compiling mio v1.1.0
[INFO] [stderr]    Compiling socket2 v0.6.1
[INFO] [stderr]    Compiling icu_properties_data v2.1.1
[INFO] [stderr]    Compiling tracing-core v0.1.34
[INFO] [stderr]    Compiling parking_lot_core v0.9.12
[INFO] [stderr]    Compiling futures-util v0.3.31
[INFO] [stderr]    Compiling mac v0.1.1
[INFO] [stderr]    Compiling native-tls v0.2.14
[INFO] [stderr]    Compiling openssl-probe v0.1.6
[INFO] [stderr]    Compiling futf v0.1.5
[INFO] [stderr]    Compiling rand v0.8.5
[INFO] [stderr]    Compiling phf_shared v0.11.3
[INFO] [stderr]    Compiling cc v1.2.45
[INFO] [stderr]    Compiling dtoa v1.0.10
[INFO] [stderr]    Compiling sync_wrapper v1.0.2
[INFO] [stderr]    Compiling dtoa-short v0.3.5
[INFO] [stderr]    Compiling tendril v0.4.3
[INFO] [stderr]    Compiling anstream v0.6.21
[INFO] [stderr]    Compiling parking_lot v0.12.5
[INFO] [stderr]    Compiling fxhash v0.2.1
[INFO] [stderr]    Compiling servo_arc v0.4.1
[INFO] [stderr]    Compiling clap_lex v0.7.6
[INFO] [stderr]    Compiling iri-string v0.7.9
[INFO] [stderr]    Compiling tracing v0.1.41
[INFO] [stderr]    Compiling serde_json v1.0.145
[INFO] [stderr]    Compiling chrono v0.4.42
[INFO] [stderr]    Compiling phf_generator v0.11.3
[INFO] [stderr]    Compiling clap_builder v4.5.51
[INFO] [stderr]    Compiling phf_codegen v0.11.3
[INFO] [stderr]    Compiling rustls-pki-types v1.13.0
[INFO] [stderr]    Compiling syn v2.0.110
[INFO] [stderr]    Compiling string_cache_codegen v0.5.4
[INFO] [stderr]    Compiling selectors v0.31.0
[INFO] [stderr]    Compiling is-terminal v0.4.17
[INFO] [stderr]    Compiling csv-core v0.1.13
[INFO] [stderr]    Compiling ego-tree v0.10.0
[INFO] [stderr]    Compiling tokio v1.48.0
[INFO] [stderr]    Compiling http v1.3.1
[INFO] [stderr]    Compiling termcolor v1.1.3
[INFO] [stderr]    Compiling web_atoms v0.1.3
[INFO] [stderr]    Compiling csv v1.4.0
[INFO] [stderr]    Compiling nom v8.0.0
[INFO] [stderr]    Compiling openssl-sys v0.9.111
[INFO] [stderr]    Compiling openssl v0.10.75
[INFO] [stderr]    Compiling http-body v1.0.1
[INFO] [stderr]    Compiling http-body-util v0.1.3
[INFO] [stderr]    Compiling synstructure v0.13.2
[INFO] [stderr]    Compiling tokio-util v0.7.17
[INFO] [stderr]    Compiling tower v0.5.2
[INFO] [stderr]    Compiling zerofrom-derive v0.1.6
[INFO] [stderr]    Compiling serde_derive v1.0.228
[INFO] [stderr]    Compiling yoke-derive v0.8.1
[INFO] [stderr]    Compiling zerovec-derive v0.11.2
[INFO] [stderr]    Compiling displaydoc v0.2.5
[INFO] [stderr]    Compiling phf_macros v0.11.3
[INFO] [stderr]    Compiling openssl-macros v0.1.1
[INFO] [stderr]    Compiling derive_more-impl v2.0.1
[INFO] [stderr]    Compiling cssparser-macros v0.6.1
[INFO] [stderr]    Compiling match_token v0.35.0
[INFO] [stderr]    Compiling clap_derive v4.5.49
[INFO] [stderr]    Compiling h2 v0.4.12
[INFO] [stderr]    Compiling phf v0.11.3
[INFO] [stderr]    Compiling cssparser v0.35.0
[INFO] [stderr]    Compiling tower-http v0.6.6
[INFO] [stderr]    Compiling derive_more v2.0.1
[INFO] [stderr]    Compiling zerofrom v0.1.6
[INFO] [stderr]    Compiling yoke v0.8.1
[INFO] [stderr]    Compiling zerovec v0.11.5
[INFO] [stderr]    Compiling zerotrie v0.2.3
[INFO] [stderr]    Compiling tinystr v0.8.2
[INFO] [stderr]    Compiling potential_utf v0.1.4
[INFO] [stderr]    Compiling icu_collections v2.1.1
[INFO] [stderr]    Compiling icu_locale_core v2.1.1
[INFO] [stderr]    Compiling clap v4.5.51
[INFO] [stderr]    Compiling serde v1.0.228
[INFO] [stderr]    Compiling log v0.4.28
[INFO] [stderr]    Compiling string_cache v0.8.9
[INFO] [stderr]    Compiling serde_urlencoded v0.7.1
[INFO] [stderr]    Compiling icu_provider v2.1.1
[INFO] [stderr]    Compiling stderrlog v0.6.0
[INFO] [stderr]    Compiling icu_normalizer v2.1.1
[INFO] [stderr]    Compiling icu_properties v2.1.1
[INFO] [stderr]    Compiling markup5ever v0.35.0
[INFO] [stderr]    Compiling html5ever v0.35.0
[INFO] [stderr]    Compiling idna_adapter v1.2.1
[INFO] [stderr]    Compiling idna v1.1.0
[INFO] [stderr]    Compiling url v2.5.7
[INFO] [stderr]    Compiling hyper v1.7.0
[INFO] [stderr]    Compiling scraper v0.24.0
[INFO] [stderr]    Compiling tokio-native-tls v0.3.1
[INFO] [stderr]    Compiling hyper-util v0.1.17
[INFO] [stderr]    Compiling hyper-tls v0.6.0
[INFO] [stderr]    Compiling reqwest v0.12.24
[INFO] [stderr]    Compiling fetch-sac v0.7.2 (/opt/rustwide/workdir)
[INFO] [stdout] warning: associated function `new` is never used
[INFO] [stdout]   --> src/core/sac.rs:34:12
[INFO] [stdout]    |
[INFO] [stdout] 29 | impl SAC {
[INFO] [stdout]    | -------- associated function in this implementation
[INFO] [stdout] ...
[INFO] [stdout] 34 |     pub fn new() -> Self {
[INFO] [stdout]    |            ^^^
[INFO] [stdout]    |
[INFO] [stdout]    = note: `#[warn(dead_code)]` (part of `#[warn(unused)]`) on by default
[INFO] [stdout] 
[INFO] [stdout] 
[INFO] [stderr]     Finished `release` profile [optimized] target(s) in 1m 12s
[INFO] running `Command { std: "docker" "inspect" "d18e9854ab5206b5a7bb28544288ebd8f4419c23487621ed8d3f339cef0a10fd", kill_on_drop: false }`
[INFO] running `Command { std: "docker" "exec" "-e" "SOURCE_DIR=/opt/rustwide/workdir" "-e" "CARGO_HOME=/opt/rustwide/cargo-home" "-e" "RUSTUP_HOME=/opt/rustwide/rustup-home" "-e" "CARGO_TARGET_DIR=/opt/rustwide/target" "-e" "CARGO_INCREMENTAL=0" "-e" "RUST_BACKTRACE=full" "-e" "RUSTFLAGS=--cap-lints=warn" "-e" "RUSTDOCFLAGS=--cap-lints=warn" "-w" "/opt/rustwide/workdir" "--user" "0:0" "d18e9854ab5206b5a7bb28544288ebd8f4419c23487621ed8d3f339cef0a10fd" "/opt/rustwide/cargo-home/bin/cargo" "+1.100.0-beta.1" "test" "--frozen" "--no-run" "--message-format=json" "--release", kill_on_drop: false }`
[INFO] [stderr]    Compiling syn v2.0.110
[INFO] [stderr]    Compiling aho-corasick v1.1.4
[INFO] [stderr]    Compiling regex-automata v0.4.13
[INFO] [stderr]    Compiling toml_parser v1.0.4
[INFO] [stderr]    Compiling regex-syntax v0.8.8
[INFO] [stderr]    Compiling toml_datetime v0.7.3
[INFO] [stderr]    Compiling rstest_macros v0.26.1
[INFO] [stderr]    Compiling predicates-core v1.0.9
[INFO] [stderr]    Compiling difflib v0.4.0
[INFO] [stderr]    Compiling relative-path v1.9.3
[INFO] [stderr]    Compiling glob v0.3.3
[INFO] [stderr]    Compiling termtree v0.5.1
[INFO] [stderr]    Compiling assert_cmd v2.1.1
[INFO] [stderr]    Compiling wait-timeout v0.2.1
[INFO] [stderr]    Compiling futures-timer v3.0.3
[INFO] [stderr]    Compiling predicates-tree v1.0.12
[INFO] [stderr]    Compiling toml_edit v0.23.7
[INFO] [stderr]    Compiling predicates v3.1.3
[INFO] [stderr]    Compiling proc-macro-crate v3.4.0
[INFO] [stderr]    Compiling synstructure v0.13.2
[INFO] [stderr]    Compiling serde_derive v1.0.228
[INFO] [stderr]    Compiling zerofrom-derive v0.1.6
[INFO] [stderr]    Compiling yoke-derive v0.8.1
[INFO] [stderr]    Compiling zerovec-derive v0.11.2
[INFO] [stderr]    Compiling displaydoc v0.2.5
[INFO] [stderr]    Compiling phf_macros v0.11.3
[INFO] [stderr]    Compiling futures-macro v0.3.31
[INFO] [stderr]    Compiling openssl-macros v0.1.1
[INFO] [stderr]    Compiling derive_more-impl v2.0.1
[INFO] [stderr]    Compiling cssparser-macros v0.6.1
[INFO] [stderr]    Compiling match_token v0.35.0
[INFO] [stderr]    Compiling clap_derive v4.5.49
[INFO] [stderr]    Compiling openssl v0.10.75
[INFO] [stderr]    Compiling phf v0.11.3
[INFO] [stderr]    Compiling regex v1.12.2
[INFO] [stderr]    Compiling bstr v1.12.1
[INFO] [stderr]    Compiling cssparser v0.35.0
[INFO] [stderr]    Compiling derive_more v2.0.1
[INFO] [stderr]    Compiling zerofrom v0.1.6
[INFO] [stderr]    Compiling futures-util v0.3.31
[INFO] [stderr]    Compiling yoke v0.8.1
[INFO] [stderr]    Compiling zerovec v0.11.5
[INFO] [stderr]    Compiling zerotrie v0.2.3
[INFO] [stderr]    Compiling clap v4.5.51
[INFO] [stderr]    Compiling tinystr v0.8.2
[INFO] [stderr]    Compiling icu_locale_core v2.1.1
[INFO] [stderr]    Compiling serde v1.0.228
[INFO] [stderr]    Compiling potential_utf v0.1.4
[INFO] [stderr]    Compiling icu_collections v2.1.1
[INFO] [stderr]    Compiling log v0.4.28
[INFO] [stderr]    Compiling string_cache v0.8.9
[INFO] [stderr]    Compiling serde_urlencoded v0.7.1
[INFO] [stderr]    Compiling web_atoms v0.1.3
[INFO] [stderr]    Compiling selectors v0.31.0
[INFO] [stderr]    Compiling stderrlog v0.6.0
[INFO] [stderr]    Compiling native-tls v0.2.14
[INFO] [stderr]    Compiling icu_provider v2.1.1
[INFO] [stderr]    Compiling tokio-native-tls v0.3.1
[INFO] [stderr]    Compiling markup5ever v0.35.0
[INFO] [stderr]    Compiling html5ever v0.35.0
[INFO] [stderr]    Compiling icu_normalizer v2.1.1
[INFO] [stderr]    Compiling icu_properties v2.1.1
[INFO] [stderr]    Compiling hyper-util v0.1.17
[INFO] [stderr]    Compiling tower v0.5.2
[INFO] [stderr]    Compiling rstest v0.26.1
[INFO] [stderr]    Compiling scraper v0.24.0
[INFO] [stderr]    Compiling idna_adapter v1.2.1
[INFO] [stderr]    Compiling idna v1.1.0
[INFO] [stderr]    Compiling tower-http v0.6.6
[INFO] [stderr]    Compiling url v2.5.7
[INFO] [stderr]    Compiling hyper-tls v0.6.0
[INFO] [stderr]    Compiling reqwest v0.12.24
[INFO] [stderr]    Compiling fetch-sac v0.7.2 (/opt/rustwide/workdir)
[INFO] [stdout] warning: associated function `new` is never used
[INFO] [stdout]   --> src/core/sac.rs:34:12
[INFO] [stdout]    |
[INFO] [stdout] 29 | impl SAC {
[INFO] [stdout]    | -------- associated function in this implementation
[INFO] [stdout] ...
[INFO] [stdout] 34 |     pub fn new() -> Self {
[INFO] [stdout]    |            ^^^
[INFO] [stdout]    |
[INFO] [stdout]    = note: `#[warn(dead_code)]` (part of `#[warn(unused)]`) on by default
[INFO] [stdout] 
[INFO] [stdout] 
[INFO] [stderr]     Finished `release` profile [optimized] target(s) in 58.26s
[INFO] running `Command { std: "docker" "inspect" "d18e9854ab5206b5a7bb28544288ebd8f4419c23487621ed8d3f339cef0a10fd", kill_on_drop: false }`
[INFO] running `Command { std: "docker" "exec" "-e" "SOURCE_DIR=/opt/rustwide/workdir" "-e" "CARGO_HOME=/opt/rustwide/cargo-home" "-e" "RUSTUP_HOME=/opt/rustwide/rustup-home" "-e" "CARGO_TARGET_DIR=/opt/rustwide/target" "-e" "CARGO_INCREMENTAL=0" "-e" "RUST_BACKTRACE=full" "-e" "RUSTFLAGS=--cap-lints=warn" "-e" "RUSTDOCFLAGS=--cap-lints=warn" "-w" "/opt/rustwide/workdir" "--user" "0:0" "d18e9854ab5206b5a7bb28544288ebd8f4419c23487621ed8d3f339cef0a10fd" "/opt/rustwide/cargo-home/bin/cargo" "+1.100.0-beta.1" "test" "--frozen" "--release", kill_on_drop: false }`
[INFO] [stderr] warning: associated function `new` is never used
[INFO] [stderr]   --> src/core/sac.rs:34:12
[INFO] [stderr]    |
[INFO] [stderr] 29 | impl SAC {
[INFO] [stderr]    | -------- associated function in this implementation
[INFO] [stderr] ...
[INFO] [stderr] 34 |     pub fn new() -> Self {
[INFO] [stderr]    |            ^^^
[INFO] [stderr]    |
[INFO] [stderr]    = note: `#[warn(dead_code)]` (part of `#[warn(unused)]`) on by default
[INFO] [stderr] 
[INFO] [stderr] warning: `fetch-sac` (bin "fetch-sac") generated 1 warning
[INFO] [stderr]     Finished `release` profile [optimized] target(s) in 0.31s
[INFO] [stderr]      Running unittests src/main.rs (/opt/rustwide/target/release/build/fetch-sac/27e032bbc98d171c/out/fetch_sac-27e032bbc98d171c)
[INFO] [stdout] 
[INFO] [stdout] running 25 tests
[INFO] [stdout] test core::area::tests::test_area_add ... ok
[INFO] [stdout] test core::area::tests::test_area_new ... ok
[INFO] [stdout] test core::parse::tests::test_parse_tr_2 ... ok
[INFO] [stdout] test core::parse::tests::test_parse_two ... ok
[INFO] [stdout] test core::parse::tests::test_parse_tr_3 ... ok
[INFO] [stdout] test core::parse::tests::test_parse_tr_4 ... ok
[INFO] [stdout] test core::parse::tests::test_parse_tr_5 ... ok
[INFO] [stdout] test core::parse::tests::test_parse_span::case_1 ... ok
[INFO] [stdout] test core::sac::tests::test_sac_from_str::case_1 ... ok
[INFO] [stdout] test core::parse::tests::test_parse_span::case_2 ... ok
[INFO] [stdout] test core::sac::tests::test_sac_from_str::case_2 ... ok
[INFO] [stdout] test core::sac::tests::test_sac_from_str::case_3 ... ok
[INFO] [stdout] test core::sac::tests::test_sac_from_usize::case_1 ... ok
[INFO] [stdout] test core::parse::tests::test_parse_tr_1 ... ok
[INFO] [stdout] test core::parse::tests::test_parse_td::case_2 ... ok
[INFO] [stdout] test core::sac::tests::test_sac_default ... ok
[INFO] [stdout] test core::parse::tests::test_parse_tr_6 ... ok
[INFO] [stdout] test core::parse::tests::test_parse_span::case_3 ... ok
[INFO] [stdout] test core::parse::tests::test_parse_tr_0 ... ok
[INFO] [stdout] test core::parse::tests::test_parse_three ... ok
[INFO] [stdout] test core::parse::tests::test_parse_td::case_1 ... ok
[INFO] [stdout] test core::parse::tests::test_parse_td::case_3 ... ok
[INFO] [stdout] test core::sac::tests::test_sac_from_usize::case_2 ... ok
[INFO] [stdout] test core::sac::tests::test_sac_new ... ok
[INFO] [stdout] test version::tests::test_version ... ok
[INFO] [stdout] 
[INFO] [stdout] test result: ok. 25 passed; 0 failed; 0 ignored; 0 measured; 0 filtered out; finished in 0.02s
[INFO] [stdout] 
[INFO] [stderr]      Running tests/cli-opts.rs (/opt/rustwide/target/release/build/fetch-sac/b7ae30896f1eee2a/out/cli_opts-b7ae30896f1eee2a)
[INFO] [stdout] 
[INFO] [stdout] running 6 tests
[INFO] [stdout] test test_help ... ok
[INFO] [stdout] test test_version ... ok
[INFO] [stdout] test test_empty_args ... FAILED
[INFO] [stdout] test test_json ... FAILED
[INFO] [stdout] test test_output_file ... FAILED
[INFO] [stdout] test test_csv ... FAILED
[INFO] [stdout] 
[INFO] [stdout] failures:
[INFO] [stdout] 
[INFO] [stdout] ---- test_empty_args stdout ----
[INFO] [stdout] 
[INFO] [stdout] thread 'test_empty_args' (3354) panicked at /rustc/e3feeb59cd1bdd011a2bfcc0747b55125d9b8527/library/core/src/ops/function.rs:250:5:
[INFO] [stdout] Unexpected failure.
[INFO] [stdout] code=1
[INFO] [stdout] stderr=``````
[INFO] [stdout] INFO fetch-sac/0.7.2 by Ollivier Robert <ollivier.robert@eurocontrol.int>
[INFO] [stdout] Fetch the latest SAC codes data from ECTL.
[INFO] [stdout] Source: https://www.eurocontrol.int/asterix/
[INFO] [stdout] 
[INFO] [stdout] Error: error sending request for url (https://www.eurocontrol.int/asterix)
[INFO] [stdout] 
[INFO] [stdout] Caused by:
[INFO] [stdout]     0: client error (Connect)
[INFO] [stdout]     1: dns error
[INFO] [stdout]     2: failed to lookup address information: Temporary failure in name resolution
[INFO] [stdout] 
[INFO] [stdout] Stack backtrace:
[INFO] [stdout]    0: <anyhow::Error as core::convert::From<reqwest::error::Error>>::from
[INFO] [stdout]    1: fetch_sac::main
[INFO] [stdout]    2: std::sys::backtrace::__rust_begin_short_backtrace::<fn() -> core::result::Result<(), anyhow::Error>, core::result::Result<(), anyhow::Error>>
[INFO] [stdout]    3: std::rt::lang_start::<core::result::Result<(), anyhow::Error>>::{closure#0}
[INFO] [stdout]    4: std::rt::lang_start_internal
[INFO] [stdout]    5: main
[INFO] [stdout]    6: <unknown>
[INFO] [stdout]    7: __libc_start_main
[INFO] [stdout]    8: _start
[INFO] [stdout] ```
[INFO] [stdout] ```
[INFO] [stdout] command=`"/opt/rustwide/target/release/fetch-sac"`
[INFO] [stdout] code=1
[INFO] [stdout] stdout=""
[INFO] [stdout] stderr=```
[INFO] [stdout] INFO fetch-sac/0.7.2 by Ollivier Robert <ollivier.robert@eurocontrol.int>
[INFO] [stdout] Fetch the latest SAC codes data from ECTL.
[INFO] [stdout] Source: https://www.eurocontrol.int/asterix/
[INFO] [stdout] 
[INFO] [stdout] Error: error sending request for url (https://www.eurocontrol.int/asterix)
[INFO] [stdout] 
[INFO] [stdout] Caused by:
[INFO] [stdout]     0: client error (Connect)
[INFO] [stdout]     1: dns error
[INFO] [stdout]     2: failed to lookup address information: Temporary failure in name resolution
[INFO] [stdout] 
[INFO] [stdout] Stack backtrace:
[INFO] [stdout]    0: <anyhow::Error as core::convert::From<reqwest::error::Error>>::from
[INFO] [stdout]    1: fetch_sac::main
[INFO] [stdout]    2: std::sys::backtrace::__rust_begin_short_backtrace::<fn() -> core::result::Result<(), anyhow::Error>, core::result::Result<(), anyhow::Error>>
[INFO] [stdout]    3: std::rt::lang_start::<core::result::Result<(), anyhow::Error>>::{closure#0}
[INFO] [stdout]    4: std::rt::lang_start_internal
[INFO] [stdout]    5: main
[INFO] [stdout]    6: <unknown>
[INFO] [stdout]    7: __libc_start_main
[INFO] [stdout]    8: _start
[INFO] [stdout] ```
[INFO] [stdout] 
[INFO] [stdout] 
[INFO] [stdout] stack backtrace:
[INFO] [stdout]    0:     0x5f8c319e2ef1 - <<std[617be2ca0a6fd877]::sys::backtrace::BacktraceLock>::print::DisplayBacktrace as core[a373ad73a504971]::fmt::Display>::fmt
[INFO] [stdout]    1:     0x5f8c319f956a - core[a373ad73a504971]::fmt::write
[INFO] [stdout]    2:     0x5f8c319e8d4c - <alloc[2e1b2a31b91974c5]::vec::Vec<u8> as core[a373ad73a504971]::io::write::Write>::write_fmt
[INFO] [stdout]    3:     0x5f8c319bf0f6 - std[617be2ca0a6fd877]::panicking::default_hook::{closure#0}
[INFO] [stdout]    4:     0x5f8c319db429 - std[617be2ca0a6fd877]::panicking::default_hook
[INFO] [stdout]    5:     0x5f8c31971730 - test[aada8e7e76ba119b]::test_main_inner::{closure#0}
[INFO] [stdout]    6:     0x5f8c319db5e2 - std[617be2ca0a6fd877]::panicking::panic_with_hook
[INFO] [stdout]    7:     0x5f8c319bf1a2 - std[617be2ca0a6fd877]::panicking::panic_handler::{closure#0}
[INFO] [stdout]    8:     0x5f8c319b7e09 - std[617be2ca0a6fd877]::sys::backtrace::__rust_end_short_backtrace::<std[617be2ca0a6fd877]::panicking::panic_handler::{closure#0}, !>
[INFO] [stdout]    9:     0x5f8c319bfdad - __rustc[ea4f61d10b84890b]::rust_begin_unwind
[INFO] [stdout]   10:     0x5f8c319f9d1c - core[a373ad73a504971]::panicking::panic_fmt
[INFO] [stdout]   11:     0x5f8c319a54d1 - <assert_cmd[f8c7940b4ebbdd4e]::assert::AssertError>::panic::<assert_cmd[f8c7940b4ebbdd4e]::assert::Assert>
[INFO] [stderr] error: test failed, to rerun pass `--test cli-opts`
[INFO] [stdout]   12:     0x5f8c319a57f6 - <assert_cmd[f8c7940b4ebbdd4e]::assert::Assert>::success
[INFO] [stdout]   13:     0x5f8c3196466d - <cli_opts[9f1967e8d546c14f]::test_empty_args::{closure#0} as core[a373ad73a504971]::ops::function::FnOnce<()>>::call_once
[INFO] [stdout]   14:     0x5f8c31964b7b - test[aada8e7e76ba119b]::__rust_begin_short_backtrace::<core[a373ad73a504971]::result::Result<(), alloc[2e1b2a31b91974c5]::string::String>, fn() -> core[a373ad73a504971]::result::Result<(), alloc[2e1b2a31b91974c5]::string::String>>
[INFO] [stdout]   15:     0x5f8c31971d55 - test[aada8e7e76ba119b]::run_test::{closure#0}
[INFO] [stdout]   16:     0x5f8c3196b644 - std[617be2ca0a6fd877]::sys::backtrace::__rust_begin_short_backtrace::<test[aada8e7e76ba119b]::run_test::{closure#1}, ()>
[INFO] [stdout]   17:     0x5f8c31974de2 - <std[617be2ca0a6fd877]::thread::lifecycle::spawn_unchecked<test[aada8e7e76ba119b]::run_test::{closure#1}, ()>::{closure#1} as core[a373ad73a504971]::ops::function::FnOnce<()>>::call_once::{shim:vtable#0}
[INFO] [stdout]   18:     0x5f8c319e26cf - <std[617be2ca0a6fd877]::sys::thread::unix::Thread>::new::thread_start
[INFO] [stdout]   19:     0x7e2875ccfdfa - <unknown>
[INFO] [stdout]   20:     0x7e2875d633d4 - clone
[INFO] [stdout]   21:                0x0 - <unknown>
[INFO] [stdout] 
[INFO] [stdout] ---- test_json stdout ----
[INFO] [stdout] 
[INFO] [stdout] thread 'test_json' (3356) panicked at /rustc/e3feeb59cd1bdd011a2bfcc0747b55125d9b8527/library/core/src/ops/function.rs:250:5:
[INFO] [stdout] Unexpected failure.
[INFO] [stdout] code=1
[INFO] [stdout] stderr=``````
[INFO] [stdout] INFO fetch-sac/0.7.2 by Ollivier Robert <ollivier.robert@eurocontrol.int>
[INFO] [stdout] Fetch the latest SAC codes data from ECTL.
[INFO] [stdout] Source: https://www.eurocontrol.int/asterix/
[INFO] [stdout] 
[INFO] [stdout] Error: error sending request for url (https://www.eurocontrol.int/asterix)
[INFO] [stdout] 
[INFO] [stdout] Caused by:
[INFO] [stdout]     0: client error (Connect)
[INFO] [stdout]     1: dns error
[INFO] [stdout]     2: failed to lookup address information: Temporary failure in name resolution
[INFO] [stdout] 
[INFO] [stdout] Stack backtrace:
[INFO] [stdout]    0: <anyhow::Error as core::convert::From<reqwest::error::Error>>::from
[INFO] [stdout]    1: fetch_sac::main
[INFO] [stdout]    2: std::sys::backtrace::__rust_begin_short_backtrace::<fn() -> core::result::Result<(), anyhow::Error>, core::result::Result<(), anyhow::Error>>
[INFO] [stdout]    3: std::rt::lang_start::<core::result::Result<(), anyhow::Error>>::{closure#0}
[INFO] [stdout]    4: std::rt::lang_start_internal
[INFO] [stdout]    5: main
[INFO] [stdout]    6: <unknown>
[INFO] [stdout]    7: __libc_start_main
[INFO] [stdout]    8: _start
[INFO] [stdout] ```
[INFO] [stdout] ```
[INFO] [stdout] command=`"/opt/rustwide/target/release/fetch-sac" "-J"`
[INFO] [stdout] code=1
[INFO] [stdout] stdout=""
[INFO] [stdout] stderr=```
[INFO] [stdout] INFO fetch-sac/0.7.2 by Ollivier Robert <ollivier.robert@eurocontrol.int>
[INFO] [stdout] Fetch the latest SAC codes data from ECTL.
[INFO] [stdout] Source: https://www.eurocontrol.int/asterix/
[INFO] [stdout] 
[INFO] [stdout] Error: error sending request for url (https://www.eurocontrol.int/asterix)
[INFO] [stdout] 
[INFO] [stdout] Caused by:
[INFO] [stdout]     0: client error (Connect)
[INFO] [stdout]     1: dns error
[INFO] [stdout]     2: failed to lookup address information: Temporary failure in name resolution
[INFO] [stdout] 
[INFO] [stdout] Stack backtrace:
[INFO] [stdout]    0: <anyhow::Error as core::convert::From<reqwest::error::Error>>::from
[INFO] [stdout]    1: fetch_sac::main
[INFO] [stdout]    2: std::sys::backtrace::__rust_begin_short_backtrace::<fn() -> core::result::Result<(), anyhow::Error>, core::result::Result<(), anyhow::Error>>
[INFO] [stdout]    3: std::rt::lang_start::<core::result::Result<(), anyhow::Error>>::{closure#0}
[INFO] [stdout]    4: std::rt::lang_start_internal
[INFO] [stdout]    5: main
[INFO] [stdout]    6: <unknown>
[INFO] [stdout]    7: __libc_start_main
[INFO] [stdout]    8: _start
[INFO] [stdout] ```
[INFO] [stdout] 
[INFO] [stdout] 
[INFO] [stdout] stack backtrace:
[INFO] [stdout]    0:     0x5f8c319e2ef1 - <<std[617be2ca0a6fd877]::sys::backtrace::BacktraceLock>::print::DisplayBacktrace as core[a373ad73a504971]::fmt::Display>::fmt
[INFO] [stdout]    1:     0x5f8c319f956a - core[a373ad73a504971]::fmt::write
[INFO] [stdout]    2:     0x5f8c319e8d4c - <alloc[2e1b2a31b91974c5]::vec::Vec<u8> as core[a373ad73a504971]::io::write::Write>::write_fmt
[INFO] [stdout]    3:     0x5f8c319bf0f6 - std[617be2ca0a6fd877]::panicking::default_hook::{closure#0}
[INFO] [stdout]    4:     0x5f8c319db429 - std[617be2ca0a6fd877]::panicking::default_hook
[INFO] [stdout]    5:     0x5f8c31971730 - test[aada8e7e76ba119b]::test_main_inner::{closure#0}
[INFO] [stdout]    6:     0x5f8c319db5e2 - std[617be2ca0a6fd877]::panicking::panic_with_hook
[INFO] [stdout]    7:     0x5f8c319bf1a2 - std[617be2ca0a6fd877]::panicking::panic_handler::{closure#0}
[INFO] [stdout]    8:     0x5f8c319b7e09 - std[617be2ca0a6fd877]::sys::backtrace::__rust_end_short_backtrace::<std[617be2ca0a6fd877]::panicking::panic_handler::{closure#0}, !>
[INFO] [stdout]    9:     0x5f8c319bfdad - __rustc[ea4f61d10b84890b]::rust_begin_unwind
[INFO] [stdout]   10:     0x5f8c319f9d1c - core[a373ad73a504971]::panicking::panic_fmt
[INFO] [stdout]   11:     0x5f8c319a54d1 - <assert_cmd[f8c7940b4ebbdd4e]::assert::AssertError>::panic::<assert_cmd[f8c7940b4ebbdd4e]::assert::Assert>
[INFO] [stdout]   12:     0x5f8c319a57f6 - <assert_cmd[f8c7940b4ebbdd4e]::assert::Assert>::success
[INFO] [stdout]   13:     0x5f8c31964a97 - <cli_opts[9f1967e8d546c14f]::test_json::{closure#0} as core[a373ad73a504971]::ops::function::FnOnce<()>>::call_once
[INFO] [stdout]   14:     0x5f8c31964b7b - test[aada8e7e76ba119b]::__rust_begin_short_backtrace::<core[a373ad73a504971]::result::Result<(), alloc[2e1b2a31b91974c5]::string::String>, fn() -> core[a373ad73a504971]::result::Result<(), alloc[2e1b2a31b91974c5]::string::String>>
[INFO] [stdout]   15:     0x5f8c31971d55 - test[aada8e7e76ba119b]::run_test::{closure#0}
[INFO] [stdout]   16:     0x5f8c3196b644 - std[617be2ca0a6fd877]::sys::backtrace::__rust_begin_short_backtrace::<test[aada8e7e76ba119b]::run_test::{closure#1}, ()>
[INFO] [stdout]   17:     0x5f8c31974de2 - <std[617be2ca0a6fd877]::thread::lifecycle::spawn_unchecked<test[aada8e7e76ba119b]::run_test::{closure#1}, ()>::{closure#1} as core[a373ad73a504971]::ops::function::FnOnce<()>>::call_once::{shim:vtable#0}
[INFO] [stdout]   18:     0x5f8c319e26cf - <std[617be2ca0a6fd877]::sys::thread::unix::Thread>::new::thread_start
[INFO] [stdout]   19:     0x7e2875ccfdfa - <unknown>
[INFO] [stdout]   20:     0x7e2875d633d4 - clone
[INFO] [stdout]   21:                0x0 - <unknown>
[INFO] [stdout] 
[INFO] [stdout] ---- test_output_file stdout ----
[INFO] [stdout] 
[INFO] [stdout] thread 'test_output_file' (3357) panicked at /rustc/e3feeb59cd1bdd011a2bfcc0747b55125d9b8527/library/core/src/ops/function.rs:250:5:
[INFO] [stdout] Unexpected failure.
[INFO] [stdout] code=1
[INFO] [stdout] stderr=``````
[INFO] [stdout] INFO fetch-sac/0.7.2 by Ollivier Robert <ollivier.robert@eurocontrol.int>
[INFO] [stdout] Fetch the latest SAC codes data from ECTL.
[INFO] [stdout] Source: https://www.eurocontrol.int/asterix/
[INFO] [stdout] 
[INFO] [stdout] Error: error sending request for url (https://www.eurocontrol.int/asterix)
[INFO] [stdout] 
[INFO] [stdout] Caused by:
[INFO] [stdout]     0: client error (Connect)
[INFO] [stdout]     1: dns error
[INFO] [stdout]     2: failed to lookup address information: Temporary failure in name resolution
[INFO] [stdout] 
[INFO] [stdout] Stack backtrace:
[INFO] [stdout]    0: <anyhow::Error as core::convert::From<reqwest::error::Error>>::from
[INFO] [stdout]    1: fetch_sac::main
[INFO] [stdout]    2: std::sys::backtrace::__rust_begin_short_backtrace::<fn() -> core::result::Result<(), anyhow::Error>, core::result::Result<(), anyhow::Error>>
[INFO] [stdout]    3: std::rt::lang_start::<core::result::Result<(), anyhow::Error>>::{closure#0}
[INFO] [stdout]    4: std::rt::lang_start_internal
[INFO] [stdout]    5: main
[INFO] [stdout]    6: <unknown>
[INFO] [stdout]    7: __libc_start_main
[INFO] [stdout]    8: _start
[INFO] [stdout] ```
[INFO] [stdout] ```
[INFO] [stdout] command=`"/opt/rustwide/target/release/fetch-sac" "-o" "foo.txt"`
[INFO] [stdout] code=1
[INFO] [stdout] stdout=""
[INFO] [stdout] stderr=```
[INFO] [stdout] INFO fetch-sac/0.7.2 by Ollivier Robert <ollivier.robert@eurocontrol.int>
[INFO] [stdout] Fetch the latest SAC codes data from ECTL.
[INFO] [stdout] Source: https://www.eurocontrol.int/asterix/
[INFO] [stdout] 
[INFO] [stdout] Error: error sending request for url (https://www.eurocontrol.int/asterix)
[INFO] [stdout] 
[INFO] [stdout] Caused by:
[INFO] [stdout]     0: client error (Connect)
[INFO] [stdout]     1: dns error
[INFO] [stdout]     2: failed to lookup address information: Temporary failure in name resolution
[INFO] [stdout] 
[INFO] [stdout] Stack backtrace:
[INFO] [stdout]    0: <anyhow::Error as core::convert::From<reqwest::error::Error>>::from
[INFO] [stdout]    1: fetch_sac::main
[INFO] [stdout]    2: std::sys::backtrace::__rust_begin_short_backtrace::<fn() -> core::result::Result<(), anyhow::Error>, core::result::Result<(), anyhow::Error>>
[INFO] [stdout]    3: std::rt::lang_start::<core::result::Result<(), anyhow::Error>>::{closure#0}
[INFO] [stdout]    4: std::rt::lang_start_internal
[INFO] [stdout]    5: main
[INFO] [stdout]    6: <unknown>
[INFO] [stdout]    7: __libc_start_main
[INFO] [stdout]    8: _start
[INFO] [stdout] ```
[INFO] [stdout] 
[INFO] [stdout] 
[INFO] [stdout] stack backtrace:
[INFO] [stdout]    0:     0x5f8c319e2ef1 - <<std[617be2ca0a6fd877]::sys::backtrace::BacktraceLock>::print::DisplayBacktrace as core[a373ad73a504971]::fmt::Display>::fmt
[INFO] [stdout]    1:     0x5f8c319f956a - core[a373ad73a504971]::fmt::write
[INFO] [stdout]    2:     0x5f8c319e8d4c - <alloc[2e1b2a31b91974c5]::vec::Vec<u8> as core[a373ad73a504971]::io::write::Write>::write_fmt
[INFO] [stdout]    3:     0x5f8c319bf0f6 - std[617be2ca0a6fd877]::panicking::default_hook::{closure#0}
[INFO] [stdout]    4:     0x5f8c319db429 - std[617be2ca0a6fd877]::panicking::default_hook
[INFO] [stdout]    5:     0x5f8c31971730 - test[aada8e7e76ba119b]::test_main_inner::{closure#0}
[INFO] [stdout]    6:     0x5f8c319db5e2 - std[617be2ca0a6fd877]::panicking::panic_with_hook
[INFO] [stdout]    7:     0x5f8c319bf1a2 - std[617be2ca0a6fd877]::panicking::panic_handler::{closure#0}
[INFO] [stdout]    8:     0x5f8c319b7e09 - std[617be2ca0a6fd877]::sys::backtrace::__rust_end_short_backtrace::<std[617be2ca0a6fd877]::panicking::panic_handler::{closure#0}, !>
[INFO] [stdout]    9:     0x5f8c319bfdad - __rustc[ea4f61d10b84890b]::rust_begin_unwind
[INFO] [stdout]   10:     0x5f8c319f9d1c - core[a373ad73a504971]::panicking::panic_fmt
[INFO] [stdout]   11:     0x5f8c319a54d1 - <assert_cmd[f8c7940b4ebbdd4e]::assert::AssertError>::panic::<assert_cmd[f8c7940b4ebbdd4e]::assert::Assert>
[INFO] [stdout]   12:     0x5f8c319a57f6 - <assert_cmd[f8c7940b4ebbdd4e]::assert::Assert>::success
[INFO] [stdout]   13:     0x5f8c31964771 - <cli_opts[9f1967e8d546c14f]::test_output_file::{closure#0} as core[a373ad73a504971]::ops::function::FnOnce<()>>::call_once
[INFO] [stdout]   14:     0x5f8c31964b7b - test[aada8e7e76ba119b]::__rust_begin_short_backtrace::<core[a373ad73a504971]::result::Result<(), alloc[2e1b2a31b91974c5]::string::String>, fn() -> core[a373ad73a504971]::result::Result<(), alloc[2e1b2a31b91974c5]::string::String>>
[INFO] [stdout]   15:     0x5f8c31971d55 - test[aada8e7e76ba119b]::run_test::{closure#0}
[INFO] [stdout]   16:     0x5f8c3196b644 - std[617be2ca0a6fd877]::sys::backtrace::__rust_begin_short_backtrace::<test[aada8e7e76ba119b]::run_test::{closure#1}, ()>
[INFO] [stdout]   17:     0x5f8c31974de2 - <std[617be2ca0a6fd877]::thread::lifecycle::spawn_unchecked<test[aada8e7e76ba119b]::run_test::{closure#1}, ()>::{closure#1} as core[a373ad73a504971]::ops::function::FnOnce<()>>::call_once::{shim:vtable#0}
[INFO] [stdout]   18:     0x5f8c319e26cf - <std[617be2ca0a6fd877]::sys::thread::unix::Thread>::new::thread_start
[INFO] [stdout]   19:     0x7e2875ccfdfa - <unknown>
[INFO] [stdout]   20:     0x7e2875d633d4 - clone
[INFO] [stdout]   21:                0x0 - <unknown>
[INFO] [stdout] 
[INFO] [stdout] ---- test_csv stdout ----
[INFO] [stdout] 
[INFO] [stdout] thread 'test_csv' (3353) panicked at /rustc/e3feeb59cd1bdd011a2bfcc0747b55125d9b8527/library/core/src/ops/function.rs:250:5:
[INFO] [stdout] Unexpected failure.
[INFO] [stdout] code=1
[INFO] [stdout] stderr=``````
[INFO] [stdout] INFO fetch-sac/0.7.2 by Ollivier Robert <ollivier.robert@eurocontrol.int>
[INFO] [stdout] Fetch the latest SAC codes data from ECTL.
[INFO] [stdout] Source: https://www.eurocontrol.int/asterix/
[INFO] [stdout] 
[INFO] [stdout] Error: error sending request for url (https://www.eurocontrol.int/asterix)
[INFO] [stdout] 
[INFO] [stdout] Caused by:
[INFO] [stdout]     0: client error (Connect)
[INFO] [stdout]     1: dns error
[INFO] [stdout]     2: failed to lookup address information: Temporary failure in name resolution
[INFO] [stdout] 
[INFO] [stdout] Stack backtrace:
[INFO] [stdout]    0: <anyhow::Error as core::convert::From<reqwest::error::Error>>::from
[INFO] [stdout]    1: fetch_sac::main
[INFO] [stdout]    2: std::sys::backtrace::__rust_begin_short_backtrace::<fn() -> core::result::Result<(), anyhow::Error>, core::result::Result<(), anyhow::Error>>
[INFO] [stdout]    3: std::rt::lang_start::<core::result::Result<(), anyhow::Error>>::{closure#0}
[INFO] [stdout]    4: std::rt::lang_start_internal
[INFO] [stdout]    5: main
[INFO] [stdout]    6: <unknown>
[INFO] [stdout]    7: __libc_start_main
[INFO] [stdout]    8: _start
[INFO] [stdout] ```
[INFO] [stdout] ```
[INFO] [stdout] command=`"/opt/rustwide/target/release/fetch-sac" "-C"`
[INFO] [stdout] code=1
[INFO] [stdout] stdout=""
[INFO] [stdout] stderr=```
[INFO] [stdout] INFO fetch-sac/0.7.2 by Ollivier Robert <ollivier.robert@eurocontrol.int>
[INFO] [stdout] Fetch the latest SAC codes data from ECTL.
[INFO] [stdout] Source: https://www.eurocontrol.int/asterix/
[INFO] [stdout] 
[INFO] [stdout] Error: error sending request for url (https://www.eurocontrol.int/asterix)
[INFO] [stdout] 
[INFO] [stdout] Caused by:
[INFO] [stdout]     0: client error (Connect)
[INFO] [stdout]     1: dns error
[INFO] [stdout]     2: failed to lookup address information: Temporary failure in name resolution
[INFO] [stdout] 
[INFO] [stdout] Stack backtrace:
[INFO] [stdout]    0: <anyhow::Error as core::convert::From<reqwest::error::Error>>::from
[INFO] [stdout]    1: fetch_sac::main
[INFO] [stdout]    2: std::sys::backtrace::__rust_begin_short_backtrace::<fn() -> core::result::Result<(), anyhow::Error>, core::result::Result<(), anyhow::Error>>
[INFO] [stdout]    3: std::rt::lang_start::<core::result::Result<(), anyhow::Error>>::{closure#0}
[INFO] [stdout]    4: std::rt::lang_start_internal
[INFO] [stdout]    5: main
[INFO] [stdout]    6: <unknown>
[INFO] [stdout]    7: __libc_start_main
[INFO] [stdout]    8: _start
[INFO] [stdout] ```
[INFO] [stdout] 
[INFO] [stdout] 
[INFO] [stdout] stack backtrace:
[INFO] [stdout]    0:     0x5f8c319e2ef1 - <<std[617be2ca0a6fd877]::sys::backtrace::BacktraceLock>::print::DisplayBacktrace as core[a373ad73a504971]::fmt::Display>::fmt
[INFO] [stdout]    1:     0x5f8c319f956a - core[a373ad73a504971]::fmt::write
[INFO] [stdout]    2:     0x5f8c319e8d4c - <alloc[2e1b2a31b91974c5]::vec::Vec<u8> as core[a373ad73a504971]::io::write::Write>::write_fmt
[INFO] [stdout]    3:     0x5f8c319bf0f6 - std[617be2ca0a6fd877]::panicking::default_hook::{closure#0}
[INFO] [stdout]    4:     0x5f8c319db429 - std[617be2ca0a6fd877]::panicking::default_hook
[INFO] [stdout]    5:     0x5f8c31971730 - test[aada8e7e76ba119b]::test_main_inner::{closure#0}
[INFO] [stdout]    6:     0x5f8c319db5e2 - std[617be2ca0a6fd877]::panicking::panic_with_hook
[INFO] [stdout]    7:     0x5f8c319bf1a2 - std[617be2ca0a6fd877]::panicking::panic_handler::{closure#0}
[INFO] [stdout]    8:     0x5f8c319b7e09 - std[617be2ca0a6fd877]::sys::backtrace::__rust_end_short_backtrace::<std[617be2ca0a6fd877]::panicking::panic_handler::{closure#0}, !>
[INFO] [stdout]    9:     0x5f8c319bfdad - __rustc[ea4f61d10b84890b]::rust_begin_unwind
[INFO] [stdout]   10:     0x5f8c319f9d1c - core[a373ad73a504971]::panicking::panic_fmt
[INFO] [stdout]   11:     0x5f8c319a54d1 - <assert_cmd[f8c7940b4ebbdd4e]::assert::AssertError>::panic::<assert_cmd[f8c7940b4ebbdd4e]::assert::Assert>
[INFO] [stdout]   12:     0x5f8c319a57f6 - <assert_cmd[f8c7940b4ebbdd4e]::assert::Assert>::success
[INFO] [stdout]   13:     0x5f8c319648b7 - <cli_opts[9f1967e8d546c14f]::test_csv::{closure#0} as core[a373ad73a504971]::ops::function::FnOnce<()>>::call_once
[INFO] [stdout]   14:     0x5f8c31964b7b - test[aada8e7e76ba119b]::__rust_begin_short_backtrace::<core[a373ad73a504971]::result::Result<(), alloc[2e1b2a31b91974c5]::string::String>, fn() -> core[a373ad73a504971]::result::Result<(), alloc[2e1b2a31b91974c5]::string::String>>
[INFO] [stdout]   15:     0x5f8c31971d55 - test[aada8e7e76ba119b]::run_test::{closure#0}
[INFO] [stdout]   16:     0x5f8c3196b644 - std[617be2ca0a6fd877]::sys::backtrace::__rust_begin_short_backtrace::<test[aada8e7e76ba119b]::run_test::{closure#1}, ()>
[INFO] [stdout]   17:     0x5f8c31974de2 - <std[617be2ca0a6fd877]::thread::lifecycle::spawn_unchecked<test[aada8e7e76ba119b]::run_test::{closure#1}, ()>::{closure#1} as core[a373ad73a504971]::ops::function::FnOnce<()>>::call_once::{shim:vtable#0}
[INFO] [stdout]   18:     0x5f8c319e26cf - <std[617be2ca0a6fd877]::sys::thread::unix::Thread>::new::thread_start
[INFO] [stdout]   19:     0x7e2875ccfdfa - <unknown>
[INFO] [stdout]   20:     0x7e2875d633d4 - clone
[INFO] [stdout]   21:                0x0 - <unknown>
[INFO] [stdout] 
[INFO] [stdout] 
[INFO] [stdout] failures:
[INFO] [stdout]     test_csv
[INFO] [stdout]     test_empty_args
[INFO] [stdout]     test_json
[INFO] [stdout]     test_output_file
[INFO] [stdout] 
[INFO] [stdout] test result: FAILED. 2 passed; 4 failed; 0 ignored; 0 measured; 0 filtered out; finished in 0.09s
[INFO] [stdout] 
[INFO] running `Command { std: "docker" "inspect" "d18e9854ab5206b5a7bb28544288ebd8f4419c23487621ed8d3f339cef0a10fd", kill_on_drop: false }`
[INFO] running `Command { std: "docker" "rm" "-f" "d18e9854ab5206b5a7bb28544288ebd8f4419c23487621ed8d3f339cef0a10fd", kill_on_drop: false }`
[INFO] [stdout] d18e9854ab5206b5a7bb28544288ebd8f4419c23487621ed8d3f339cef0a10fd
