[INFO] fetching crate ferrum-native-ops-builder 0.12.2...
[INFO] testing ferrum-native-ops-builder-0.12.2 against 1.100.0-beta.1+cargoflags=--release for beta-release-1.100-2
[INFO] extracting crate ferrum-native-ops-builder 0.12.2 into /workspace/builds/worker-5-tc2/source
[INFO] started tweaking crates.io crate ferrum-native-ops-builder 0.12.2
[INFO] finished tweaking crates.io crate ferrum-native-ops-builder 0.12.2
[INFO] tweaked toml for crates.io crate ferrum-native-ops-builder 0.12.2 written to /workspace/builds/worker-5-tc2/source/Cargo.toml
[INFO] validating manifest of crates.io crate ferrum-native-ops-builder 0.12.2 on toolchain 1.100.0-beta.1
[INFO] running `Command { std: CARGO_HOME="/workspace/cargo-home" RUSTUP_HOME="/workspace/rustup-home" "/workspace/cargo-home/bin/cargo" "+1.100.0-beta.1" "metadata" "--manifest-path" "Cargo.toml" "--no-deps", kill_on_drop: false }`
[INFO] crate crates.io crate ferrum-native-ops-builder 0.12.2 already has a lockfile, it will not be regenerated
[INFO] running `Command { std: CARGO_HOME="/workspace/cargo-home" RUSTUP_HOME="/workspace/rustup-home" "/workspace/cargo-home/bin/cargo" "+1.100.0-beta.1" "fetch" "--manifest-path" "Cargo.toml", kill_on_drop: false }`
[INFO] running `Command { std: "docker" "create" "-v" "/var/lib/crater-agent-workspace/builds/worker-5-tc2/source:/opt/rustwide/workdir:ro,Z" "-v" "/var/lib/crater-agent-workspace/builds/worker-5-tc2/target:/opt/rustwide/target:rw,Z" "-v" "/var/lib/crater-agent-workspace/cargo-home:/opt/rustwide/cargo-home:ro,Z" "-v" "/var/lib/crater-agent-workspace/rustup-home:/opt/rustwide/rustup-home:ro,Z" "-m" "1610612736" "--network" "none" "ghcr.io/rust-lang/crates-build-env/linux@sha256:77db811e55d90add9212f6832c23229e3de5f1c1f9905e8cb07319ea15df73ac" "sleep" "infinity", kill_on_drop: false }`
[INFO] [stdout] 9374efbab30b517f4c0bafd8f4281ef9dde09ad719f1239f3ddeb1ca543a0132
[INFO] running `Command { std: "docker" "start" "9374efbab30b517f4c0bafd8f4281ef9dde09ad719f1239f3ddeb1ca543a0132", kill_on_drop: false }`
[INFO] running `Command { std: "docker" "inspect" "9374efbab30b517f4c0bafd8f4281ef9dde09ad719f1239f3ddeb1ca543a0132", kill_on_drop: false }`
[INFO] running `Command { std: "docker" "exec" "-e" "SOURCE_DIR=/opt/rustwide/workdir" "-e" "CARGO_HOME=/opt/rustwide/cargo-home" "-e" "RUSTUP_HOME=/opt/rustwide/rustup-home" "-e" "CARGO_TARGET_DIR=/opt/rustwide/target" "-w" "/opt/rustwide/workdir" "--user" "0:0" "9374efbab30b517f4c0bafd8f4281ef9dde09ad719f1239f3ddeb1ca543a0132" "/opt/rustwide/cargo-home/bin/cargo" "+1.100.0-beta.1" "metadata" "--no-deps" "--format-version=1", kill_on_drop: false }`
[INFO] running `Command { std: "docker" "inspect" "9374efbab30b517f4c0bafd8f4281ef9dde09ad719f1239f3ddeb1ca543a0132", kill_on_drop: false }`
[INFO] running `Command { std: "docker" "exec" "-e" "SOURCE_DIR=/opt/rustwide/workdir" "-e" "CARGO_HOME=/opt/rustwide/cargo-home" "-e" "RUSTUP_HOME=/opt/rustwide/rustup-home" "-e" "CARGO_TARGET_DIR=/opt/rustwide/target" "-e" "CARGO_INCREMENTAL=0" "-e" "RUST_BACKTRACE=full" "-e" "RUSTFLAGS=--cap-lints=warn" "-e" "RUSTDOCFLAGS=--cap-lints=warn" "-w" "/opt/rustwide/workdir" "--user" "0:0" "9374efbab30b517f4c0bafd8f4281ef9dde09ad719f1239f3ddeb1ca543a0132" "/opt/rustwide/cargo-home/bin/cargo" "+1.100.0-beta.1" "build" "--frozen" "--message-format=json" "--release", kill_on_drop: false }`
[INFO] [stderr]    Compiling quote v1.0.41
[INFO] [stderr]    Compiling unicode-ident v1.0.20
[INFO] [stderr]    Compiling zerocopy v0.8.27
[INFO] [stderr]    Compiling getrandom v0.3.4
[INFO] [stderr]    Compiling generic-array v0.14.9
[INFO] [stderr]    Compiling memchr v2.7.6
[INFO] [stderr]    Compiling serde_json v1.0.145
[INFO] [stderr]    Compiling rustix v1.1.2
[INFO] [stderr]    Compiling proc-macro2 v1.0.103
[INFO] [stderr]    Compiling object v0.37.3
[INFO] [stderr]    Compiling anstream v0.6.21
[INFO] [stderr]    Compiling rand_core v0.9.3
[INFO] [stderr]    Compiling once_cell v1.21.3
[INFO] [stderr]    Compiling clap_builder v4.5.50
[INFO] [stderr]    Compiling syn v2.0.108
[INFO] [stderr]    Compiling block-buffer v0.10.4
[INFO] [stderr]    Compiling crypto-common v0.1.6
[INFO] [stderr]    Compiling digest v0.10.7
[INFO] [stderr]    Compiling sha2 v0.10.9
[INFO] [stderr]    Compiling tempfile v3.23.0
[INFO] [stderr]    Compiling ppv-lite86 v0.2.21
[INFO] [stderr]    Compiling rand_chacha v0.9.0
[INFO] [stderr]    Compiling rand v0.9.2
[INFO] [stderr]    Compiling serde_derive v1.0.228
[INFO] [stderr]    Compiling thiserror-impl v1.0.69
[INFO] [stderr]    Compiling clap_derive v4.5.49
[INFO] [stderr]    Compiling thiserror v1.0.69
[INFO] [stderr]    Compiling clap v4.5.50
[INFO] [stderr]    Compiling serde v1.0.228
[INFO] [stderr]    Compiling uuid v1.18.1
[INFO] [stderr]    Compiling chrono v0.4.42
[INFO] [stderr]    Compiling ferrum-types v0.12.2
[INFO] [stderr]    Compiling ferrum-native-ops v0.12.2
[INFO] [stderr]    Compiling ferrum-native-ops-builder v0.12.2 (/opt/rustwide/workdir)
[INFO] [stderr]     Finished `release` profile [optimized] target(s) in 1m 58s
[INFO] running `Command { std: "docker" "inspect" "9374efbab30b517f4c0bafd8f4281ef9dde09ad719f1239f3ddeb1ca543a0132", kill_on_drop: false }`
[INFO] running `Command { std: "docker" "exec" "-e" "SOURCE_DIR=/opt/rustwide/workdir" "-e" "CARGO_HOME=/opt/rustwide/cargo-home" "-e" "RUSTUP_HOME=/opt/rustwide/rustup-home" "-e" "CARGO_TARGET_DIR=/opt/rustwide/target" "-e" "CARGO_INCREMENTAL=0" "-e" "RUST_BACKTRACE=full" "-e" "RUSTFLAGS=--cap-lints=warn" "-e" "RUSTDOCFLAGS=--cap-lints=warn" "-w" "/opt/rustwide/workdir" "--user" "0:0" "9374efbab30b517f4c0bafd8f4281ef9dde09ad719f1239f3ddeb1ca543a0132" "/opt/rustwide/cargo-home/bin/cargo" "+1.100.0-beta.1" "test" "--frozen" "--no-run" "--message-format=json" "--release", kill_on_drop: false }`
[INFO] [stderr]    Compiling ferrum-native-ops-builder v0.12.2 (/opt/rustwide/workdir)
[INFO] [stderr]     Finished `release` profile [optimized] target(s) in 58.28s
[INFO] running `Command { std: "docker" "inspect" "9374efbab30b517f4c0bafd8f4281ef9dde09ad719f1239f3ddeb1ca543a0132", kill_on_drop: false }`
[INFO] running `Command { std: "docker" "exec" "-e" "SOURCE_DIR=/opt/rustwide/workdir" "-e" "CARGO_HOME=/opt/rustwide/cargo-home" "-e" "RUSTUP_HOME=/opt/rustwide/rustup-home" "-e" "CARGO_TARGET_DIR=/opt/rustwide/target" "-e" "CARGO_INCREMENTAL=0" "-e" "RUST_BACKTRACE=full" "-e" "RUSTFLAGS=--cap-lints=warn" "-e" "RUSTDOCFLAGS=--cap-lints=warn" "-w" "/opt/rustwide/workdir" "--user" "0:0" "9374efbab30b517f4c0bafd8f4281ef9dde09ad719f1239f3ddeb1ca543a0132" "/opt/rustwide/cargo-home/bin/cargo" "+1.100.0-beta.1" "test" "--frozen" "--release", kill_on_drop: false }`
[INFO] [stderr]     Finished `release` profile [optimized] target(s) in 0.12s
[INFO] [stderr]      Running unittests src/lib.rs (/opt/rustwide/target/release/build/ferrum-native-ops-builder/542d9c9840fb8537/out/ferrum_native_ops_builder-542d9c9840fb8537)
[INFO] [stdout] 
[INFO] [stdout] running 81 tests
[INFO] [stdout] test package_platform::tests::archive_members_reject_paths_duplicates_and_unbound_coff ... ok
[INFO] [stdout] test source_build::depfile::tests::nvcc_mt_encodes_one_target_without_changing_native_header_paths ... ok
[INFO] [stdout] test package_platform::tests::windows_package_receipt_binds_target_crt_and_actual_object_kind ... ok
[INFO] [stdout] test package_platform::tests::legacy_package_toolchain_serialization_does_not_gain_windows_fields ... ok
[INFO] [stdout] test package_platform::tests::runtime_projection_preserves_legacy_declarations_and_requires_explicit_windows_abi ... ok
[INFO] [stdout] test source_build::depfile::tests::unc_source_bindings_cannot_change_the_server_or_share ... ok
[INFO] [stdout] test canonical_input_tests::checked_in_native_package_definitions_and_abi_are_canonical ... FAILED
[INFO] [stdout] test source_build::depfile::tests::windows_depfile_rejects_missing_terminal_rule_and_extra_rules ... ok
[INFO] [stdout] test source_build::depfile::tests::windows_portable_depfile_round_trips_make_escaped_drive_and_slashes ... ok
[INFO] [stdout] test source_build::depfile::tests::nvcc_mt_preserves_native_unc_dependency_roots ... ok
[INFO] [stdout] test source_build::platform::msvc::probe_tests::version_probe_preserves_output_and_requires_successful_nonempty_version ... ok
[INFO] [stdout] test source_build::platform::msvc::probe_tests::version_probe_rejects_missing_or_undeclared_environment ... ok
[INFO] [stdout] test source_build::depfile::tests::nvcc_windows_drive_paths_and_continuations_are_dependencies ... ok
[INFO] [stdout] test package_platform::tests::windows_package_receipt_rejects_partial_rebuild_and_environment_drift ... ok
[INFO] [stdout] test source_build::platform::msvc::tests::compiler_probe_requires_actual_x64_and_dynamic_crt_macros ... ok
[INFO] [stdout] test source_build::platform::msvc::probe_tests::version_probe_accepts_recognized_lib_help_with_windows_status_1100 ... ok
[INFO] [stdout] test source_build::depfile::tests::native_unc_dependencies_keep_the_network_root_and_round_trip ... ok
[INFO] [stdout] test source_build::platform::msvc::probe_tests::version_probe_keeps_lib_help_status_specific_to_tool_and_arguments ... ok
[INFO] [stdout] test source_build::platform::msvc::probe_tests::version_probe_rejects_unrecognized_or_damaged_lib_help ... ok
[INFO] [stdout] test source_build::platform::msvc::probe_tests::version_probe_uses_the_supplied_build_environment ... ok
[INFO] [stdout] test source_build::platform::msvc::tests::manifest_include_order_preserves_first_search_priority ... ok
[INFO] [stdout] test source_build::platform::msvc::tests::tool_version_failure_diagnostic_keeps_status_arguments_and_bounded_channels ... ok
[INFO] [stdout] test source_build::platform::msvc::tests::msvc_refresh_uses_one_fresh_identity_for_hits_and_changed_inputs ... ok
[INFO] [stdout] test source_build::platform::msvc::tests::manifest_search_scope_validation_rejects_missing_extra_and_changed_roots ... ok
[INFO] [stdout] test source_build::platform::tests::archive_commands_have_distinct_real_tool_contracts ... ok
[INFO] [stdout] test source_build::platform::tests::windows_paths_preserve_drive_unc_and_boundary ... ok
[INFO] [stdout] test source_build::tests::host_include_probe_preserves_search_order_and_deduplicates_first_occurrence ... ok
[INFO] [stdout] test source_build::platform::msvc::tests::msvc_fresh_probe_rejects_compiler_drift_before_executing_it ... ok
[INFO] [stdout] test source_build::tests::host_program_resolution_and_effective_path_support_spaces ... ok
[INFO] [stdout] test source_build::tests::cuda_toolkit_manifest_accepts_internal_symlink_directories_and_rejects_escapes ... ok
[INFO] [stdout] test source_build::platform::msvc::tests::msvc_inventory_rehashes_same_size_same_mtime_header_library_and_tool_changes ... ok
[INFO] [stdout] test source_build::tests::object_file_names_preserve_lexical_order_past_one_hundred_units ... ok
[INFO] [stdout] test source_build::tests::locks_files_and_rejects_source_drift_before_rendering_commands ... ok
[INFO] [stdout] test source_build::tests::portable_depfile_serialization_round_trips_restricted_make_words ... ok
[INFO] [stdout] test source_build::tests::locks_self_contained_translation_unit_without_auxiliary_inputs ... ok
[INFO] [stdout] test source_build::tests::missing_toolchain_writes_reject_receipt_before_any_compiler_spawn ... ok
[INFO] [stdout] test source_build::tests::plan_only_records_exact_commands_without_requiring_cuda_tools ... ok
[INFO] [stdout] test source_build::tests::rejects_partial_cached_dependency_proof_before_compiler_start ... ok
[INFO] [stdout] test source_build::tests::rejects_tampered_cached_compiler_depfile_before_compiler_start ... ok
[INFO] [stdout] test source_build::tests::source_depfile_paths_lexically_normalize_without_escaping_working_directory ... ok
[INFO] [stdout] test source_build::tests::successful_host_probe_may_close_stdin_before_parent_finishes_writing ... ok
[INFO] [stdout] test source_build::tests::toolchain_dependency_scope_rejects_cross_domain_aliases ... ok
[INFO] [stdout] test source_build::tests::rejects_incomplete_or_undeclared_depfiles_before_cache_publish ... ok
[INFO] [stdout] test source_build::windows_tests::legacy_host_identity_serialization_stays_unchanged ... ok
[INFO] [stdout] test source_build::windows_tests::msvc_cache_identity_rejects_objects_from_nvcc_reinitialized_environments ... ok
[INFO] [stdout] test source_build::windows_tests::dependency_proof_publication_reopens_and_rejects_damaged_members ... ok
[INFO] [stdout] test source_build::windows_tests::msvc_dependency_target_encoding_is_bound_by_receipt_and_cache ... ok
[INFO] [stdout] test source_build::windows_tests::msvc_dependency_target_preserves_native_paths_and_word_boundaries ... ok
[INFO] [stdout] test source_build::windows_tests::msvc_environment_rejects_untracked_flags_and_mixed_tool_installations ... ok
[INFO] [stdout] test source_build::windows_tests::msvc_nvcc_program_is_bound_by_receipt_and_cache ... ok
[INFO] [stdout] test source_build::windows_tests::msvc_receipt_replays_native_commands_without_the_build_machine ... ok
[INFO] [stdout] test source_build::windows_tests::msvc_nvcc_ccbin_invocation_is_bound_by_receipt_and_cache ... ok
[INFO] [stdout] test source_build::windows_tests::unix_cache_inputs_omit_msvc_nvcc_program ... ok
[INFO] [stdout] test source_build::tests::rejects_tampered_cached_dependency_identity_before_compiler_start ... ok
[INFO] [stdout] test source_build::windows_tests::packaged_msvc_source_inputs_survive_relocation_and_reject_missing_or_changed_archive ... ok
[INFO] [stdout] test source_build::tests::empty_host_include_root_is_locked_and_new_header_invalidates_object_cache ... ok
[INFO] [stdout] test source_build::tests::rejects_tampered_cached_depfile_proof_before_compiler_start ... ok
[INFO] [stdout] test source_build::tests::bounded_fixture_build_writes_pass_receipt_and_archive_hash ... ok
[INFO] [stdout] test source_build::tests::changing_one_translation_unit_recompiles_only_that_unit ... ok
[INFO] [stdout] test tests::accepts_source_build_receipt_after_checkout_relocation ... ok
[INFO] [stdout] test tests::accepts_descriptor_target_alias_when_object_abi_matches ... ok
[INFO] [stdout] test tests::artifact_set_rejects_semantically_forged_source_receipt_with_updated_file_pin ... ok
[INFO] [stdout] test tests::package_spec_materialization_rejects_a_provider_absent_from_the_live_catalog ... ok
[INFO] [stdout] test tests::package_spec_rejects_legacy_self_reported_build_provenance ... ok
[INFO] [stdout] test tests::materializes_package_bindings_from_the_live_catalog_and_allows_unbound_leaves ... ok
[INFO] [stdout] test tests::rejects_archive_members_with_mixed_object_abis ... ok
[INFO] [stdout] test tests::artifact_set_rejects_tampered_toolkit_manifest_with_updated_outer_pin ... ok
[INFO] [stdout] test tests::artifact_set_rejects_replaced_final_member_with_updated_outer_pins ... ok
[INFO] [stdout] test tests::rejects_archive_tampered_after_source_build_without_publishing_output ... ok
[INFO] [stdout] test tests::artifact_set_reparses_depfile_after_coherent_outer_rehash ... ok
[INFO] [stdout] test tests::rejects_archiver_success_without_a_final_descriptor_member ... ok
[INFO] [stdout] test tests::packages_archive_with_namespaced_descriptor_and_verified_manifest ... ok
[INFO] [stdout] test tests::rejects_archive_missing_a_build_unit_export_without_publishing_output ... ok
[INFO] [stdout] test tests::rejects_package_that_overclaims_source_build_compute_capabilities ... ok
[INFO] [stdout] test tests::rejects_non_pass_source_build_without_publishing_output ... ok
[INFO] [stdout] test tests::identical_inputs_produce_identical_archive_and_manifest_hashes ... ok
[INFO] [stdout] test tests::rejects_package_toolkit_version_that_differs_from_source_build ... ok
[INFO] [stdout] test tests::rejects_source_build_for_another_operator_without_publishing_output ... ok
[INFO] [stdout] test tests::rejects_source_archive_member_hash_mismatch_with_updated_archive_pin ... ok
[INFO] [stdout] test tests::assembles_multiple_verified_packages_into_one_resolvable_lock ... ok
[INFO] [stdout] test source_build::tests::compiler_inputs_invalidate_object_cache_without_hidden_probe_hits ... ok
[INFO] [stdout] 
[INFO] [stdout] failures:
[INFO] [stdout] 
[INFO] [stdout] ---- canonical_input_tests::checked_in_native_package_definitions_and_abi_are_canonical stdout ----
[INFO] [stdout] 
[INFO] [stdout] thread 'canonical_input_tests::checked_in_native_package_definitions_and_abi_are_canonical' (868) panicked at src/lib.rs:3173:46:
[INFO] [stdout] called `Result::unwrap()` on an `Err` value: Io { path: "/opt/rustwide/workdir/../../native-operators/abi/ferrum-native-abi-v2.json", source: Os { code: 2, kind: NotFound, message: "No such file or directory" } }
[INFO] [stdout] stack backtrace:
[INFO] [stdout]    0:     0x5bcaa0ba32b1 - <<std[617be2ca0a6fd877]::sys::backtrace::BacktraceLock>::print::DisplayBacktrace as core[a373ad73a504971]::fmt::Display>::fmt
[INFO] [stdout]    1:     0x5bcaa0bba49a - core[a373ad73a504971]::fmt::write
[INFO] [stdout]    2:     0x5bcaa0ba91fc - <alloc[2e1b2a31b91974c5]::vec::Vec<u8> as core[a373ad73a504971]::io::write::Write>::write_fmt
[INFO] [stdout]    3:     0x5bcaa0b7a8d6 - std[617be2ca0a6fd877]::panicking::default_hook::{closure#0}
[INFO] [stdout]    4:     0x5bcaa0b99149 - std[617be2ca0a6fd877]::panicking::default_hook
[INFO] [stdout]    5:     0x5bcaa0ad0ae0 - test[aada8e7e76ba119b]::test_main_inner::{closure#0}
[INFO] [stdout]    6:     0x5bcaa0b99302 - std[617be2ca0a6fd877]::panicking::panic_with_hook
[INFO] [stdout]    7:     0x5bcaa0b7a982 - std[617be2ca0a6fd877]::panicking::panic_handler::{closure#0}
[INFO] [stdout]    8:     0x5bcaa0b73219 - std[617be2ca0a6fd877]::sys::backtrace::__rust_end_short_backtrace::<std[617be2ca0a6fd877]::panicking::panic_handler::{closure#0}, !>
[INFO] [stdout]    9:     0x5bcaa0b7b91d - __rustc[ea4f61d10b84890b]::rust_begin_unwind
[INFO] [stdout]   10:     0x5bcaa0bbabcc - core[a373ad73a504971]::panicking::panic_fmt
[INFO] [stdout]   11:     0x5bcaa0bba9a2 - core[a373ad73a504971]::result::unwrap_failed
[INFO] [stdout]   12:     0x5bcaa0ab4e72 - <ferrum_native_ops_builder[28afc6ba13a5f606]::canonical_input_tests::checked_in_native_package_definitions_and_abi_are_canonical::{closure#0} as core[a373ad73a504971]::ops::function::FnOnce<()>>::call_once
[INFO] [stdout]   13:     0x5bcaa0ac3f2b - test[aada8e7e76ba119b]::__rust_begin_short_backtrace::<core[a373ad73a504971]::result::Result<(), alloc[2e1b2a31b91974c5]::string::String>, fn() -> core[a373ad73a504971]::result::Result<(), alloc[2e1b2a31b91974c5]::string::String>>
[INFO] [stdout]   14:     0x5bcaa0ad1105 - test[aada8e7e76ba119b]::run_test::{closure#0}
[INFO] [stdout]   15:     0x5bcaa0aca9f4 - std[617be2ca0a6fd877]::sys::backtrace::__rust_begin_short_backtrace::<test[aada8e7e76ba119b]::run_test::{closure#1}, ()>
[INFO] [stdout]   16:     0x5bcaa0ad4192 - <std[617be2ca0a6fd877]::thread::lifecycle::spawn_unchecked<test[aada8e7e76ba119b]::run_test::{closure#1}, ()>::{closure#1} as core[a373ad73a504971]::ops::function::FnOnce<()>>::call_once::{shim:vtable#0}
[INFO] [stdout]   17:     0x5bcaa0ba217f - <std[617be2ca0a6fd877]::sys::thread::unix::Thread>::new::thread_start
[INFO] [stdout]   18:     0x71b68b4b6dfa - <unknown>
[INFO] [stdout]   19:     0x71b68b54a3d4 - clone
[INFO] [stdout]   20:                0x0 - <unknown>
[INFO] [stdout] 
[INFO] [stdout] 
[INFO] [stdout] failures:
[INFO] [stdout]     canonical_input_tests::checked_in_native_package_definitions_and_abi_are_canonical
[INFO] [stdout] 
[INFO] [stdout] test result: FAILED. 80 passed; 1 failed; 0 ignored; 0 measured; 0 filtered out; finished in 3.53s
[INFO] [stdout] 
[INFO] [stderr] error: test failed, to rerun pass `--lib`
[INFO] running `Command { std: "docker" "inspect" "9374efbab30b517f4c0bafd8f4281ef9dde09ad719f1239f3ddeb1ca543a0132", kill_on_drop: false }`
[INFO] running `Command { std: "docker" "rm" "-f" "9374efbab30b517f4c0bafd8f4281ef9dde09ad719f1239f3ddeb1ca543a0132", kill_on_drop: false }`
[INFO] [stdout] 9374efbab30b517f4c0bafd8f4281ef9dde09ad719f1239f3ddeb1ca543a0132
