[INFO] fetching crate ferrox-inference 0.25.0...
[INFO] testing ferrox-inference-0.25.0 against 1.99.0-beta.8+cargoflags=--release for beta-release-1.100-2
[INFO] extracting crate ferrox-inference 0.25.0 into /workspace/builds/worker-2-tc1/source
[INFO] started tweaking crates.io crate ferrox-inference 0.25.0
[INFO] removed 0 missing examples
[INFO] removed 0 missing tests
[INFO] finished tweaking crates.io crate ferrox-inference 0.25.0
[INFO] tweaked toml for crates.io crate ferrox-inference 0.25.0 written to /workspace/builds/worker-2-tc1/source/Cargo.toml
[INFO] validating manifest of crates.io crate ferrox-inference 0.25.0 on toolchain 1.99.0-beta.8
[INFO] running `Command { std: CARGO_HOME="/workspace/cargo-home" RUSTUP_HOME="/workspace/rustup-home" "/workspace/cargo-home/bin/cargo" "+1.99.0-beta.8" "metadata" "--manifest-path" "Cargo.toml" "--no-deps", kill_on_drop: false }`
[INFO] crate crates.io crate ferrox-inference 0.25.0 already has a lockfile, it will not be regenerated
[INFO] running `Command { std: CARGO_HOME="/workspace/cargo-home" RUSTUP_HOME="/workspace/rustup-home" "/workspace/cargo-home/bin/cargo" "+1.99.0-beta.8" "fetch" "--manifest-path" "Cargo.toml", kill_on_drop: false }`
[INFO] [stderr]     Updating crates.io index
[INFO] [stderr]  Downloading crates ...
[INFO] [stderr]   Downloaded ferrox-safetensors v0.25.0
[INFO] [stderr]   Downloaded half v2.4.1
[INFO] [stderr]   Downloaded ferrox-moe v0.25.0
[INFO] [stderr]   Downloaded memo-map v0.3.3
[INFO] [stderr]   Downloaded ferrox-api v0.25.0
[INFO] [stderr]   Downloaded ferrox-gguf v0.25.0
[INFO] [stderr]   Downloaded ferrox-cuda v0.25.0
[INFO] [stderr]   Downloaded fancy-regex v0.18.0
[INFO] [stderr]   Downloaded minijinja v2.21.0
[INFO] [stderr]   Downloaded ferrox-quant v0.25.0
[INFO] [stderr]   Downloaded ferrox-metal v0.25.0
[INFO] [stderr]   Downloaded ferrox-core v0.25.0
[INFO] [stderr]   Downloaded ferrox-models v0.25.0
[INFO] [stderr]   Downloaded cudarc v0.11.9
[INFO] running `Command { std: "docker" "create" "-v" "/var/lib/crater-agent-workspace/builds/worker-2-tc1/source:/opt/rustwide/workdir:ro,Z" "-v" "/var/lib/crater-agent-workspace/builds/worker-2-tc1/target:/opt/rustwide/target:rw,Z" "-v" "/var/lib/crater-agent-workspace/cargo-home:/opt/rustwide/cargo-home:ro,Z" "-v" "/var/lib/crater-agent-workspace/rustup-home:/opt/rustwide/rustup-home:ro,Z" "-m" "1610612736" "--network" "none" "ghcr.io/rust-lang/crates-build-env/linux@sha256:77db811e55d90add9212f6832c23229e3de5f1c1f9905e8cb07319ea15df73ac" "sleep" "infinity", kill_on_drop: false }`
[INFO] [stdout] 9a66ce4dde2a8534badaa661c8f97d269cfc194937a770f0eac273e06d8b616d
[INFO] running `Command { std: "docker" "start" "9a66ce4dde2a8534badaa661c8f97d269cfc194937a770f0eac273e06d8b616d", kill_on_drop: false }`
[INFO] running `Command { std: "docker" "inspect" "9a66ce4dde2a8534badaa661c8f97d269cfc194937a770f0eac273e06d8b616d", kill_on_drop: false }`
[INFO] running `Command { std: "docker" "exec" "-e" "SOURCE_DIR=/opt/rustwide/workdir" "-e" "CARGO_HOME=/opt/rustwide/cargo-home" "-e" "RUSTUP_HOME=/opt/rustwide/rustup-home" "-e" "CARGO_TARGET_DIR=/opt/rustwide/target" "-w" "/opt/rustwide/workdir" "--user" "0:0" "9a66ce4dde2a8534badaa661c8f97d269cfc194937a770f0eac273e06d8b616d" "/opt/rustwide/cargo-home/bin/cargo" "+1.99.0-beta.8" "metadata" "--no-deps" "--format-version=1", kill_on_drop: false }`
[INFO] running `Command { std: "docker" "inspect" "9a66ce4dde2a8534badaa661c8f97d269cfc194937a770f0eac273e06d8b616d", kill_on_drop: false }`
[INFO] running `Command { std: "docker" "exec" "-e" "SOURCE_DIR=/opt/rustwide/workdir" "-e" "CARGO_HOME=/opt/rustwide/cargo-home" "-e" "RUSTUP_HOME=/opt/rustwide/rustup-home" "-e" "CARGO_TARGET_DIR=/opt/rustwide/target" "-e" "CARGO_INCREMENTAL=0" "-e" "RUST_BACKTRACE=full" "-e" "RUSTFLAGS=--cap-lints=warn" "-e" "RUSTDOCFLAGS=--cap-lints=warn" "-w" "/opt/rustwide/workdir" "--user" "0:0" "9a66ce4dde2a8534badaa661c8f97d269cfc194937a770f0eac273e06d8b616d" "/opt/rustwide/cargo-home/bin/cargo" "+1.99.0-beta.8" "build" "--frozen" "--message-format=json" "--release", kill_on_drop: false }`
[INFO] [stderr]    Compiling crossbeam-utils v0.8.22
[INFO] [stderr]    Compiling libc v0.2.189
[INFO] [stderr]    Compiling syn v2.0.119
[INFO] [stderr]    Compiling crossbeam-epoch v0.9.20
[INFO] [stderr]    Compiling syn v3.0.3
[INFO] [stderr]    Compiling generic-array v0.14.7
[INFO] [stderr]    Compiling crossbeam-deque v0.8.7
[INFO] [stderr]    Compiling serde_json v1.0.151
[INFO] [stderr]    Compiling rayon-core v1.12.1
[INFO] [stderr]    Compiling anyhow v1.0.104
[INFO] [stderr]    Compiling half v2.4.1
[INFO] [stderr]    Compiling aho-corasick v1.1.4
[INFO] [stderr]    Compiling block-buffer v0.10.4
[INFO] [stderr]    Compiling crypto-common v0.1.7
[INFO] [stderr]    Compiling digest v0.10.7
[INFO] [stderr]    Compiling either v1.17.0
[INFO] [stderr]    Compiling regex-syntax v0.8.11
[INFO] [stderr]    Compiling sha2 v0.10.9
[INFO] [stderr]    Compiling memmap2 v0.9.11
[INFO] [stderr]    Compiling bit-vec v0.8.0
[INFO] [stderr]    Compiling rayon v1.10.0
[INFO] [stderr]    Compiling serde_derive v1.0.229
[INFO] [stderr]    Compiling thiserror-impl v1.0.69
[INFO] [stderr]    Compiling bit-set v0.8.0
[INFO] [stderr]    Compiling memo-map v0.3.3
[INFO] [stderr]    Compiling base64 v0.23.0
[INFO] [stderr]    Compiling regex-automata v0.4.16
[INFO] [stderr]    Compiling thiserror v1.0.69
[INFO] [stderr]    Compiling ferrox-quant v0.25.0
[INFO] [stderr]    Compiling ferrox-cuda v0.25.0
[INFO] [stderr]    Compiling ferrox-gguf v0.25.0
[INFO] [stderr]    Compiling ferrox-metal v0.25.0
[INFO] [stderr]    Compiling serde v1.0.229
[INFO] [stderr]    Compiling ferrox-core v0.25.0
[INFO] [stderr]    Compiling minijinja v2.21.0
[INFO] [stderr]    Compiling ferrox-safetensors v0.25.0
[INFO] [stderr]    Compiling fancy-regex v0.18.0
[INFO] [stderr]    Compiling regex v1.13.1
[INFO] [stderr]    Compiling ferrox-moe v0.25.0
[INFO] [stderr]    Compiling ferrox-models v0.25.0
[INFO] [stderr]    Compiling ferrox-inference v0.25.0 (/opt/rustwide/workdir)
[INFO] [stderr]     Finished `release` profile [optimized] target(s) in 3m 16s
[INFO] running `Command { std: "docker" "inspect" "9a66ce4dde2a8534badaa661c8f97d269cfc194937a770f0eac273e06d8b616d", kill_on_drop: false }`
[INFO] running `Command { std: "docker" "exec" "-e" "SOURCE_DIR=/opt/rustwide/workdir" "-e" "CARGO_HOME=/opt/rustwide/cargo-home" "-e" "RUSTUP_HOME=/opt/rustwide/rustup-home" "-e" "CARGO_TARGET_DIR=/opt/rustwide/target" "-e" "CARGO_INCREMENTAL=0" "-e" "RUST_BACKTRACE=full" "-e" "RUSTFLAGS=--cap-lints=warn" "-e" "RUSTDOCFLAGS=--cap-lints=warn" "-w" "/opt/rustwide/workdir" "--user" "0:0" "9a66ce4dde2a8534badaa661c8f97d269cfc194937a770f0eac273e06d8b616d" "/opt/rustwide/cargo-home/bin/cargo" "+1.99.0-beta.8" "test" "--frozen" "--no-run" "--message-format=json" "--release", kill_on_drop: false }`
[INFO] [stderr]    Compiling ferrox-inference v0.25.0 (/opt/rustwide/workdir)
[INFO] [stderr]     Finished `release` profile [optimized] target(s) in 7.41s
[INFO] running `Command { std: "docker" "inspect" "9a66ce4dde2a8534badaa661c8f97d269cfc194937a770f0eac273e06d8b616d", kill_on_drop: false }`
[INFO] running `Command { std: "docker" "exec" "-e" "SOURCE_DIR=/opt/rustwide/workdir" "-e" "CARGO_HOME=/opt/rustwide/cargo-home" "-e" "RUSTUP_HOME=/opt/rustwide/rustup-home" "-e" "CARGO_TARGET_DIR=/opt/rustwide/target" "-e" "CARGO_INCREMENTAL=0" "-e" "RUST_BACKTRACE=full" "-e" "RUSTFLAGS=--cap-lints=warn" "-e" "RUSTDOCFLAGS=--cap-lints=warn" "-w" "/opt/rustwide/workdir" "--user" "0:0" "9a66ce4dde2a8534badaa661c8f97d269cfc194937a770f0eac273e06d8b616d" "/opt/rustwide/cargo-home/bin/cargo" "+1.99.0-beta.8" "test" "--frozen" "--release", kill_on_drop: false }`
[INFO] [stderr]     Finished `release` profile [optimized] target(s) in 0.10s
[INFO] [stderr]      Running unittests src/lib.rs (/opt/rustwide/target/release/deps/ferrox_inference-e59cd015fcd69f0c)
[INFO] [stdout] 
[INFO] [stdout] running 1 test
[INFO] [stderr]      Running tests/publishable.rs (/opt/rustwide/target/release/deps/publishable-a2474be4d8e9859b)
[INFO] [stdout] test tests::version_is_the_workspace_version ... ok
[INFO] [stdout] 
[INFO] [stdout] test result: ok. 1 passed; 0 failed; 0 ignored; 0 measured; 0 filtered out; finished in 0.00s
[INFO] [stdout] 
[INFO] [stdout] 
[INFO] [stdout] running 2 tests
[INFO] [stdout] test no_publishable_crate_depends_on_an_unpublishable_one ... FAILED
[INFO] [stdout] test ferrox_vulkan_stays_publishable_because_core_depends_on_it ... FAILED
[INFO] [stdout] 
[INFO] [stdout] failures:
[INFO] [stdout] 
[INFO] [stdout] ---- no_publishable_crate_depends_on_an_unpublishable_one stdout ----
[INFO] [stdout] 
[INFO] [stdout] thread 'no_publishable_crate_depends_on_an_unpublishable_one' (1111) panicked at tests/publishable.rs:68:5:
[INFO] [stdout] expected to find the workspace members, found 1
[INFO] [stdout] stack backtrace:
[INFO] [stdout]    0:     0x5bb7822e6151 - <<std[70759c8f55707aa4]::sys::backtrace::BacktraceLock>::print::DisplayBacktrace as core[df12db4294e9bfd3]::fmt::Display>::fmt
[INFO] [stdout]    1:     0x5bb7822fa66a - core[df12db4294e9bfd3]::fmt::write
[INFO] [stdout]    2:     0x5bb7822ea8bc - <alloc[2182bb758b4b3781]::vec::Vec<u8> as core[df12db4294e9bfd3]::io::write::Write>::write_fmt
[INFO] [stdout]    3:     0x5bb7822c1e66 - std[70759c8f55707aa4]::panicking::default_hook::{closure#0}
[INFO] [stdout]    4:     0x5bb7822de339 - std[70759c8f55707aa4]::panicking::default_hook
[INFO] [stdout]    5:     0x5bb782279e10 - test[9d35eded1c95d3be]::test_main_inner::<test[9d35eded1c95d3be]::test_main_static::{closure#0}>::{closure#0}
[INFO] [stdout]    6:     0x5bb7822de4f2 - std[70759c8f55707aa4]::panicking::panic_with_hook
[INFO] [stdout]    7:     0x5bb7822c1f12 - std[70759c8f55707aa4]::panicking::panic_handler::{closure#0}
[INFO] [stdout]    8:     0x5bb7822baa69 - std[70759c8f55707aa4]::sys::backtrace::__rust_end_short_backtrace::<std[70759c8f55707aa4]::panicking::panic_handler::{closure#0}, !>
[INFO] [stdout]    9:     0x5bb7822c2b0d - __rustc[8fa7c3cbc660c2b3]::rust_begin_unwind
[INFO] [stdout]   10:     0x5bb7822fad9c - core[df12db4294e9bfd3]::panicking::panic_fmt
[INFO] [stdout]   11:     0x5bb78226a860 - <publishable[6cbf7771b4dc0f47]::no_publishable_crate_depends_on_an_unpublishable_one::{closure#0} as core[df12db4294e9bfd3]::ops::function::FnOnce<()>>::call_once
[INFO] [stdout]   12:     0x5bb78226d0fb - test[9d35eded1c95d3be]::__rust_begin_short_backtrace::<core[df12db4294e9bfd3]::result::Result<(), alloc[2182bb758b4b3781]::string::String>, fn() -> core[df12db4294e9bfd3]::result::Result<(), alloc[2182bb758b4b3781]::string::String>>
[INFO] [stdout]   13:     0x5bb78227a765 - test[9d35eded1c95d3be]::run_test::{closure#0}
[INFO] [stdout]   14:     0x5bb782274024 - std[70759c8f55707aa4]::sys::backtrace::__rust_begin_short_backtrace::<test[9d35eded1c95d3be]::run_test::{closure#1}, ()>
[INFO] [stdout]   15:     0x5bb78227d8c2 - <std[70759c8f55707aa4]::thread::lifecycle::spawn_unchecked<test[9d35eded1c95d3be]::run_test::{closure#1}, ()>::{closure#1} as core[df12db4294e9bfd3]::ops::function::FnOnce<()>>::call_once::{shim:vtable#0}
[INFO] [stdout]   16:     0x5bb7822e56b9 - <std[70759c8f55707aa4]::sys::thread::unix::Thread>::new::thread_start
[INFO] [stdout]   17:     0x77788607bdfa - <unknown>
[INFO] [stdout]   18:     0x77788610f3d4 - clone
[INFO] [stdout]   19:                0x0 - <unknown>
[INFO] [stdout] 
[INFO] [stdout] ---- ferrox_vulkan_stays_publishable_because_core_depends_on_it stdout ----
[INFO] [stdout] 
[INFO] [stdout] thread 'ferrox_vulkan_stays_publishable_because_core_depends_on_it' (1110) panicked at tests/publishable.rs:106:10:
[INFO] [stdout] ferrox-vulkan is a workspace member
[INFO] [stdout] stack backtrace:
[INFO] [stdout]    0:     0x5bb7822e6151 - <<std[70759c8f55707aa4]::sys::backtrace::BacktraceLock>::print::DisplayBacktrace as core[df12db4294e9bfd3]::fmt::Display>::fmt
[INFO] [stdout]    1:     0x5bb7822fa66a - core[df12db4294e9bfd3]::fmt::write
[INFO] [stdout]    2:     0x5bb7822ea8bc - <alloc[2182bb758b4b3781]::vec::Vec<u8> as core[df12db4294e9bfd3]::io::write::Write>::write_fmt
[INFO] [stdout]    3:     0x5bb7822c1e66 - std[70759c8f55707aa4]::panicking::default_hook::{closure#0}
[INFO] [stdout]    4:     0x5bb7822de339 - std[70759c8f55707aa4]::panicking::default_hook
[INFO] [stdout]    5:     0x5bb782279e10 - test[9d35eded1c95d3be]::test_main_inner::<test[9d35eded1c95d3be]::test_main_static::{closure#0}>::{closure#0}
[INFO] [stdout]    6:     0x5bb7822de4f2 - std[70759c8f55707aa4]::panicking::panic_with_hook
[INFO] [stdout]    7:     0x5bb7822c1f12 - std[70759c8f55707aa4]::panicking::panic_handler::{closure#0}
[INFO] [stdout]    8:     0x5bb7822baa69 - std[70759c8f55707aa4]::sys::backtrace::__rust_end_short_backtrace::<std[70759c8f55707aa4]::panicking::panic_handler::{closure#0}, !>
[INFO] [stdout]    9:     0x5bb7822c2b0d - __rustc[8fa7c3cbc660c2b3]::rust_begin_unwind
[INFO] [stdout]   10:     0x5bb7822fad9c - core[df12db4294e9bfd3]::panicking::panic_fmt
[INFO] [stdout]   11:     0x5bb7822faaf4 - core[df12db4294e9bfd3]::option::expect_failed
[INFO] [stdout]   12:     0x5bb78226aa7d - <publishable[6cbf7771b4dc0f47]::ferrox_vulkan_stays_publishable_because_core_depends_on_it::{closure#0} as core[df12db4294e9bfd3]::ops::function::FnOnce<()>>::call_once
[INFO] [stdout]   13:     0x5bb78226d0fb - test[9d35eded1c95d3be]::__rust_begin_short_backtrace::<core[df12db4294e9bfd3]::result::Result<(), alloc[2182bb758b4b3781]::string::String>, fn() -> core[df12db4294e9bfd3]::result::Result<(), alloc[2182bb758b4b3781]::string::String>>
[INFO] [stdout]   14:     0x5bb78227a765 - test[9d35eded1c95d3be]::run_test::{closure#0}
[INFO] [stdout]   15:     0x5bb782274024 - std[70759c8f55707aa4]::sys::backtrace::__rust_begin_short_backtrace::<test[9d35eded1c95d3be]::run_test::{closure#1}, ()>
[INFO] [stdout]   16:     0x5bb78227d8c2 - <std[70759c8f55707aa4]::thread::lifecycle::spawn_unchecked<test[9d35eded1c95d3be]::run_test::{closure#1}, ()>::{closure#1} as core[df12db4294e9bfd3]::ops::function::FnOnce<()>>::call_once::{shim:vtable#0}
[INFO] [stdout]   17:     0x5bb7822e56b9 - <std[70759c8f55707aa4]::sys::thread::unix::Thread>::new::thread_start
[INFO] [stdout]   18:     0x77788607bdfa - <unknown>
[INFO] [stdout]   19:     0x77788610f3d4 - clone
[INFO] [stdout]   20:                0x0 - <unknown>
[INFO] [stdout] 
[INFO] [stdout] 
[INFO] [stdout] failures:
[INFO] [stdout]     ferrox_vulkan_stays_publishable_because_core_depends_on_it
[INFO] [stdout]     no_publishable_crate_depends_on_an_unpublishable_one
[INFO] [stdout] 
[INFO] [stdout] test result: FAILED. 0 passed; 2 failed; 0 ignored; 0 measured; 0 filtered out; finished in 0.01s
[INFO] [stdout] 
[INFO] [stderr] error: test failed, to rerun pass `--test publishable`
[INFO] running `Command { std: "docker" "inspect" "9a66ce4dde2a8534badaa661c8f97d269cfc194937a770f0eac273e06d8b616d", kill_on_drop: false }`
[INFO] running `Command { std: "docker" "rm" "-f" "9a66ce4dde2a8534badaa661c8f97d269cfc194937a770f0eac273e06d8b616d", kill_on_drop: false }`
[INFO] [stdout] 9a66ce4dde2a8534badaa661c8f97d269cfc194937a770f0eac273e06d8b616d
