[INFO] fetching crate ferrous-opencc 0.4.0...
[INFO] testing ferrous-opencc-0.4.0 against 1.100.0-beta.1+cargoflags=--release for beta-release-1.100-2
[INFO] extracting crate ferrous-opencc 0.4.0 into /workspace/builds/worker-6-tc2/source
[INFO] started tweaking crates.io crate ferrous-opencc 0.4.0
[INFO] removed 0 missing tests
[INFO] finished tweaking crates.io crate ferrous-opencc 0.4.0
[INFO] tweaked toml for crates.io crate ferrous-opencc 0.4.0 written to /workspace/builds/worker-6-tc2/source/Cargo.toml
[INFO] validating manifest of crates.io crate ferrous-opencc 0.4.0 on toolchain 1.100.0-beta.1
[INFO] running `Command { std: CARGO_HOME="/workspace/cargo-home" RUSTUP_HOME="/workspace/rustup-home" "/workspace/cargo-home/bin/cargo" "+1.100.0-beta.1" "metadata" "--manifest-path" "Cargo.toml" "--no-deps", kill_on_drop: false }`
[INFO] crate crates.io crate ferrous-opencc 0.4.0 already has a lockfile, it will not be regenerated
[INFO] running `Command { std: CARGO_HOME="/workspace/cargo-home" RUSTUP_HOME="/workspace/rustup-home" "/workspace/cargo-home/bin/cargo" "+1.100.0-beta.1" "fetch" "--manifest-path" "Cargo.toml", kill_on_drop: false }`
[INFO] [stderr] warning: `package.homepage` is redundant with `package.repository`
[INFO] [stderr]    --> Cargo.toml:103:12
[INFO] [stderr]     |
[INFO] [stderr] 103 | homepage = "https://github.com/apoint123/ferrous-opencc"
[INFO] [stderr]     |            ^^^^^^^^^^^^^^^^^^^^^^^^^^^^^^^^^^^^^^^^^^^^^
[INFO] [stderr] ...
[INFO] [stderr] 108 | repository = "https://github.com/apoint123/ferrous-opencc"
[INFO] [stderr]     |              ---------------------------------------------
[INFO] [stderr]     |
[INFO] [stderr]     = note: `cargo::redundant_homepage` is set to `warn` by default
[INFO] [stderr] help: consider removing `package.homepage`
[INFO] [stderr] warning: `ferrous-opencc` (manifest) generated 1 warning
[INFO] running `Command { std: "docker" "create" "-v" "/var/lib/crater-agent-workspace/builds/worker-6-tc2/source:/opt/rustwide/workdir:ro,Z" "-v" "/var/lib/crater-agent-workspace/builds/worker-6-tc2/target:/opt/rustwide/target:rw,Z" "-v" "/var/lib/crater-agent-workspace/cargo-home:/opt/rustwide/cargo-home:ro,Z" "-v" "/var/lib/crater-agent-workspace/rustup-home:/opt/rustwide/rustup-home:ro,Z" "-m" "1610612736" "--network" "none" "ghcr.io/rust-lang/crates-build-env/linux@sha256:77db811e55d90add9212f6832c23229e3de5f1c1f9905e8cb07319ea15df73ac" "sleep" "infinity", kill_on_drop: false }`
[INFO] [stdout] d368488d4670b99daee3c9c11527c5718dcc349168fbcf3e53fb2a98b09ceb5b
[INFO] running `Command { std: "docker" "start" "d368488d4670b99daee3c9c11527c5718dcc349168fbcf3e53fb2a98b09ceb5b", kill_on_drop: false }`
[INFO] running `Command { std: "docker" "inspect" "d368488d4670b99daee3c9c11527c5718dcc349168fbcf3e53fb2a98b09ceb5b", kill_on_drop: false }`
[INFO] running `Command { std: "docker" "exec" "-e" "SOURCE_DIR=/opt/rustwide/workdir" "-e" "CARGO_HOME=/opt/rustwide/cargo-home" "-e" "RUSTUP_HOME=/opt/rustwide/rustup-home" "-e" "CARGO_TARGET_DIR=/opt/rustwide/target" "-w" "/opt/rustwide/workdir" "--user" "0:0" "d368488d4670b99daee3c9c11527c5718dcc349168fbcf3e53fb2a98b09ceb5b" "/opt/rustwide/cargo-home/bin/cargo" "+1.100.0-beta.1" "metadata" "--no-deps" "--format-version=1", kill_on_drop: false }`
[INFO] running `Command { std: "docker" "inspect" "d368488d4670b99daee3c9c11527c5718dcc349168fbcf3e53fb2a98b09ceb5b", kill_on_drop: false }`
[INFO] running `Command { std: "docker" "exec" "-e" "SOURCE_DIR=/opt/rustwide/workdir" "-e" "CARGO_HOME=/opt/rustwide/cargo-home" "-e" "RUSTUP_HOME=/opt/rustwide/rustup-home" "-e" "CARGO_TARGET_DIR=/opt/rustwide/target" "-e" "CARGO_INCREMENTAL=0" "-e" "RUST_BACKTRACE=full" "-e" "RUSTFLAGS=--cap-lints=warn" "-e" "RUSTDOCFLAGS=--cap-lints=warn" "-w" "/opt/rustwide/workdir" "--user" "0:0" "d368488d4670b99daee3c9c11527c5718dcc349168fbcf3e53fb2a98b09ceb5b" "/opt/rustwide/cargo-home/bin/cargo" "+1.100.0-beta.1" "build" "--frozen" "--message-format=json" "--release", kill_on_drop: false }`
[INFO] [stderr] warning: `package.homepage` is redundant with `package.repository`
[INFO] [stderr]    --> Cargo.toml:103:12
[INFO] [stderr]     |
[INFO] [stderr] 103 | homepage = "https://github.com/apoint123/ferrous-opencc"
[INFO] [stderr]     |            ^^^^^^^^^^^^^^^^^^^^^^^^^^^^^^^^^^^^^^^^^^^^^
[INFO] [stderr] ...
[INFO] [stderr] 108 | repository = "https://github.com/apoint123/ferrous-opencc"
[INFO] [stderr]     |              ---------------------------------------------
[INFO] [stderr]     |
[INFO] [stderr]     = note: `cargo::redundant_homepage` is set to `warn` by default
[INFO] [stderr] help: consider removing `package.homepage`
[INFO] [stderr] warning: `ferrous-opencc` (manifest) generated 1 warning
[INFO] [stderr]    Compiling unicode-ident v1.0.24
[INFO] [stderr]    Compiling quote v1.0.45
[INFO] [stderr]    Compiling fst v0.4.7
[INFO] [stderr]    Compiling anyhow v1.0.102
[INFO] [stderr]    Compiling siphasher v1.0.2
[INFO] [stderr]    Compiling fastrand v2.4.1
[INFO] [stderr]    Compiling libc v0.2.185
[INFO] [stderr]    Compiling simdutf8 v0.1.5
[INFO] [stderr]    Compiling getrandom v0.4.2
[INFO] [stderr]    Compiling rustix v1.1.4
[INFO] [stderr]    Compiling cfg-if v1.0.4
[INFO] [stderr]    Compiling bitflags v2.11.1
[INFO] [stderr]    Compiling linux-raw-sys v0.12.1
[INFO] [stderr]    Compiling hashbrown v0.16.1
[INFO] [stderr]    Compiling serde_core v1.0.228
[INFO] [stderr]    Compiling once_cell v1.21.4
[INFO] [stderr]    Compiling zmij v1.0.21
[INFO] [stderr]    Compiling serde v1.0.228
[INFO] [stderr]    Compiling proc-macro2 v1.0.106
[INFO] [stderr]    Compiling phf_shared v0.13.1
[INFO] [stderr]    Compiling serde_json v1.0.149
[INFO] [stderr]    Compiling thiserror v2.0.18
[INFO] [stderr]    Compiling itoa v1.0.18
[INFO] [stderr]    Compiling memchr v2.8.0
[INFO] [stderr]    Compiling phf_generator v0.13.1
[INFO] [stderr]    Compiling phf_codegen v0.13.1
[INFO] [stderr]    Compiling syn v2.0.117
[INFO] [stderr]    Compiling tempfile v3.27.0
[INFO] [stderr]    Compiling ptr_meta_derive v0.3.1
[INFO] [stderr]    Compiling bytecheck_derive v0.8.2
[INFO] [stderr]    Compiling munge_macro v0.4.7
[INFO] [stderr]    Compiling rkyv_derive v0.8.15
[INFO] [stderr]    Compiling phf_macros v0.13.1
[INFO] [stderr]    Compiling serde_derive v1.0.228
[INFO] [stderr]    Compiling thiserror-impl v2.0.18
[INFO] [stderr]    Compiling ptr_meta v0.3.1
[INFO] [stderr]    Compiling rancor v0.1.1
[INFO] [stderr]    Compiling munge v0.4.7
[INFO] [stderr]    Compiling bytecheck v0.8.2
[INFO] [stderr]    Compiling phf v0.13.1
[INFO] [stderr]    Compiling rend v0.5.3
[INFO] [stderr]    Compiling rkyv v0.8.15
[INFO] [stderr]    Compiling ferrous-opencc-compiler v0.4.0
[INFO] [stderr]    Compiling ferrous-opencc v0.4.0 (/opt/rustwide/workdir)
[INFO] [stderr] warning: unused dependency `tempfile`
[INFO] [stderr]   --> Cargo.toml:20:21
[INFO] [stderr]    |
[INFO] [stderr] 20 | [build-dependencies.tempfile]
[INFO] [stderr]    |                     ^^^^^^^^^
[INFO] [stderr]    |
[INFO] [stderr]    = note: `cargo::unused_dependencies` is set to `warn` by default
[INFO] [stderr] help: consider removing the dependency on `tempfile`
[INFO] [stderr] warning: `ferrous-opencc` (manifest) generated 1 warning
[INFO] [stderr]     Finished `release` profile [optimized] target(s) in 31.18s
[INFO] [stderr] warning: the following packages contain code that will be rejected by a future version of Rust: bytecheck v0.8.2, rkyv v0.8.15
[INFO] [stderr] note: to see what the problems were, use the option `--future-incompat-report`, or run `cargo report future-incompatibilities --id 3`
[INFO] running `Command { std: "docker" "inspect" "d368488d4670b99daee3c9c11527c5718dcc349168fbcf3e53fb2a98b09ceb5b", kill_on_drop: false }`
[INFO] running `Command { std: "docker" "exec" "-e" "SOURCE_DIR=/opt/rustwide/workdir" "-e" "CARGO_HOME=/opt/rustwide/cargo-home" "-e" "RUSTUP_HOME=/opt/rustwide/rustup-home" "-e" "CARGO_TARGET_DIR=/opt/rustwide/target" "-e" "CARGO_INCREMENTAL=0" "-e" "RUST_BACKTRACE=full" "-e" "RUSTFLAGS=--cap-lints=warn" "-e" "RUSTDOCFLAGS=--cap-lints=warn" "-w" "/opt/rustwide/workdir" "--user" "0:0" "d368488d4670b99daee3c9c11527c5718dcc349168fbcf3e53fb2a98b09ceb5b" "/opt/rustwide/cargo-home/bin/cargo" "+1.100.0-beta.1" "test" "--frozen" "--no-run" "--message-format=json" "--release", kill_on_drop: false }`
[INFO] [stderr] warning: `package.homepage` is redundant with `package.repository`
[INFO] [stderr]    --> Cargo.toml:103:12
[INFO] [stderr]     |
[INFO] [stderr] 103 | homepage = "https://github.com/apoint123/ferrous-opencc"
[INFO] [stderr]     |            ^^^^^^^^^^^^^^^^^^^^^^^^^^^^^^^^^^^^^^^^^^^^^
[INFO] [stderr] ...
[INFO] [stderr] 108 | repository = "https://github.com/apoint123/ferrous-opencc"
[INFO] [stderr]     |              ---------------------------------------------
[INFO] [stderr]     |
[INFO] [stderr]     = note: `cargo::redundant_homepage` is set to `warn` by default
[INFO] [stderr] help: consider removing `package.homepage`
[INFO] [stderr] warning: `ferrous-opencc` (manifest) generated 1 warning
[INFO] [stderr]    Compiling serde_core v1.0.228
[INFO] [stderr]    Compiling crossbeam-utils v0.8.21
[INFO] [stderr]    Compiling ptr_meta v0.3.1
[INFO] [stderr]    Compiling zerocopy v0.8.48
[INFO] [stderr]    Compiling serde v1.0.228
[INFO] [stderr]    Compiling cfg-if v1.0.4
[INFO] [stderr]    Compiling libc v0.2.185
[INFO] [stderr]    Compiling zerocopy-derive v0.8.48
[INFO] [stderr]    Compiling simdutf8 v0.1.5
[INFO] [stderr]    Compiling num-traits v0.2.19
[INFO] [stderr]    Compiling zmij v1.0.21
[INFO] [stderr]    Compiling cc v1.2.60
[INFO] [stderr]    Compiling itoa v1.0.18
[INFO] [stderr]    Compiling rayon-core v1.13.0
[INFO] [stderr]    Compiling either v1.15.0
[INFO] [stderr]    Compiling memchr v2.8.0
[INFO] [stderr]    Compiling munge v0.4.7
[INFO] [stderr]    Compiling rancor v0.1.1
[INFO] [stderr]    Compiling anstyle v1.0.14
[INFO] [stderr]    Compiling siphasher v1.0.2
[INFO] [stderr]    Compiling hashbrown v0.16.1
[INFO] [stderr]    Compiling regex-syntax v0.8.10
[INFO] [stderr]    Compiling clap_lex v1.1.0
[INFO] [stderr]    Compiling bytecheck v0.8.2
[INFO] [stderr]    Compiling ciborium-io v0.2.2
[INFO] [stderr]    Compiling plotters-backend v0.3.7
[INFO] [stderr]    Compiling itertools v0.13.0
[INFO] [stderr]    Compiling clap_builder v4.6.0
[INFO] [stderr]    Compiling fst v0.4.7
[INFO] [stderr]    Compiling phf_shared v0.13.1
[INFO] [stderr]    Compiling rend v0.5.3
[INFO] [stderr]    Compiling plotters-svg v0.3.7
[INFO] [stderr]    Compiling anyhow v1.0.102
[INFO] [stderr]    Compiling getrandom v0.4.2
[INFO] [stderr]    Compiling rustix v1.1.4
[INFO] [stderr]    Compiling linux-raw-sys v0.12.1
[INFO] [stderr]    Compiling same-file v1.0.6
[INFO] [stderr]    Compiling bitflags v2.11.1
[INFO] [stderr]    Compiling cast v0.3.0
[INFO] [stderr]    Compiling walkdir v2.5.0
[INFO] [stderr]    Compiling crossbeam-epoch v0.9.18
[INFO] [stderr]    Compiling thiserror v2.0.18
[INFO] [stderr]    Compiling phf v0.13.1
[INFO] [stderr]    Compiling fastrand v2.4.1
[INFO] [stderr]    Compiling oorandom v11.1.5
[INFO] [stderr]    Compiling once_cell v1.21.4
[INFO] [stderr]    Compiling crossbeam-deque v0.8.6
[INFO] [stderr]    Compiling plotters v0.3.7
[INFO] [stderr]    Compiling anes v0.1.6
[INFO] [stderr]    Compiling page_size v0.6.0
[INFO] [stderr]    Compiling alloca v0.4.0
[INFO] [stderr]    Compiling regex-automata v0.4.14
[INFO] [stderr]    Compiling rayon v1.12.0
[INFO] [stderr]    Compiling criterion-plot v0.8.2
[INFO] [stderr]    Compiling serde_json v1.0.149
[INFO] [stderr]    Compiling tempfile v3.27.0
[INFO] [stderr]    Compiling clap v4.6.1
[INFO] [stderr]    Compiling regex v1.12.3
[INFO] [stderr]    Compiling tinytemplate v1.2.1
[INFO] [stderr]    Compiling rkyv v0.8.15
[INFO] [stderr]    Compiling half v2.7.1
[INFO] [stderr]    Compiling ciborium-ll v0.2.2
[INFO] [stderr]    Compiling ciborium v0.2.2
[INFO] [stderr]    Compiling criterion v0.8.2
[INFO] [stderr]    Compiling ferrous-opencc-compiler v0.4.0
[INFO] [stderr]    Compiling ferrous-opencc v0.4.0 (/opt/rustwide/workdir)
[INFO] [stderr] warning: unused dependency `tempfile`
[INFO] [stderr]   --> Cargo.toml:20:21
[INFO] [stderr]    |
[INFO] [stderr] 20 | [build-dependencies.tempfile]
[INFO] [stderr]    |                     ^^^^^^^^^
[INFO] [stderr]    |
[INFO] [stderr]    = note: `cargo::unused_dependencies` is set to `warn` by default
[INFO] [stderr] help: consider removing the dependency on `tempfile`
[INFO] [stderr] warning: `ferrous-opencc` (manifest) generated 1 warning
[INFO] [stderr]     Finished `release` profile [optimized] target(s) in 1m 06s
[INFO] [stderr] warning: the following packages contain code that will be rejected by a future version of Rust: bytecheck v0.8.2, rkyv v0.8.15
[INFO] [stderr] note: to see what the problems were, use the option `--future-incompat-report`, or run `cargo report future-incompatibilities --id 3`
[INFO] running `Command { std: "docker" "inspect" "d368488d4670b99daee3c9c11527c5718dcc349168fbcf3e53fb2a98b09ceb5b", kill_on_drop: false }`
[INFO] running `Command { std: "docker" "exec" "-e" "SOURCE_DIR=/opt/rustwide/workdir" "-e" "CARGO_HOME=/opt/rustwide/cargo-home" "-e" "RUSTUP_HOME=/opt/rustwide/rustup-home" "-e" "CARGO_TARGET_DIR=/opt/rustwide/target" "-e" "CARGO_INCREMENTAL=0" "-e" "RUST_BACKTRACE=full" "-e" "RUSTFLAGS=--cap-lints=warn" "-e" "RUSTDOCFLAGS=--cap-lints=warn" "-w" "/opt/rustwide/workdir" "--user" "0:0" "d368488d4670b99daee3c9c11527c5718dcc349168fbcf3e53fb2a98b09ceb5b" "/opt/rustwide/cargo-home/bin/cargo" "+1.100.0-beta.1" "test" "--frozen" "--release", kill_on_drop: false }`
[INFO] [stderr] warning: `package.homepage` is redundant with `package.repository`
[INFO] [stderr]    --> Cargo.toml:103:12
[INFO] [stderr]     |
[INFO] [stderr] 103 | homepage = "https://github.com/apoint123/ferrous-opencc"
[INFO] [stderr]     |            ^^^^^^^^^^^^^^^^^^^^^^^^^^^^^^^^^^^^^^^^^^^^^
[INFO] [stderr] ...
[INFO] [stderr] 108 | repository = "https://github.com/apoint123/ferrous-opencc"
[INFO] [stderr]     |              ---------------------------------------------
[INFO] [stderr]     |
[INFO] [stderr]     = note: `cargo::redundant_homepage` is set to `warn` by default
[INFO] [stderr] help: consider removing `package.homepage`
[INFO] [stderr] warning: `ferrous-opencc` (manifest) generated 1 warning
[INFO] [stderr] warning: unused dependency `tempfile`
[INFO] [stderr]   --> Cargo.toml:20:21
[INFO] [stderr]    |
[INFO] [stderr] 20 | [build-dependencies.tempfile]
[INFO] [stderr]    |                     ^^^^^^^^^
[INFO] [stderr]    |
[INFO] [stderr]    = note: `cargo::unused_dependencies` is set to `warn` by default
[INFO] [stderr] help: consider removing the dependency on `tempfile`
[INFO] [stderr] warning: `ferrous-opencc` (manifest) generated 1 warning
[INFO] [stderr]     Finished `release` profile [optimized] target(s) in 0.18s
[INFO] [stderr] warning: the following packages contain code that will be rejected by a future version of Rust: bytecheck v0.8.2, rkyv v0.8.15
[INFO] [stderr] note: to see what the problems were, use the option `--future-incompat-report`, or run `cargo report future-incompatibilities --id 3`
[INFO] [stderr]      Running unittests src/lib.rs (/opt/rustwide/target/release/build/ferrous-opencc/610e43c5b9a808fd/out/ferrous_opencc-610e43c5b9a808fd)
[INFO] [stdout] 
[INFO] [stdout] running 4 tests
[INFO] [stdout] test conversion::tests::test_apply_dict_greedy_replacement ... ok
[INFO] [stdout] test dictionary::fst_dict::tests::test_serialization_and_deserialization ... ok
[INFO] [stdout] test conversion::tests::test_conversion_chain_with_multiple_dicts ... ok
[INFO] [stderr]      Running tests/opencc.rs (/opt/rustwide/target/release/build/ferrous-opencc/0d4fc05aed4d36a5/out/opencc-0d4fc05aed4d36a5)
[INFO] [stdout] test dictionary::fst_dict::tests::test_from_text_and_match_prefix ... ok
[INFO] [stdout] 
[INFO] [stdout] test result: ok. 4 passed; 0 failed; 0 ignored; 0 measured; 0 filtered out; finished in 0.00s
[INFO] [stdout] 
[INFO] [stdout] 
[INFO] [stdout] running 1 test
[INFO] [stdout] test test_official_compatibility ... FAILED
[INFO] [stderr] error: test failed, to rerun pass `--test opencc`
[INFO] [stdout] 
[INFO] [stdout] failures:
[INFO] [stdout] 
[INFO] [stdout] ---- test_official_compatibility stdout ----
[INFO] [stdout] 
[INFO] [stdout] thread 'test_official_compatibility' (1868) panicked at tests/opencc.rs:58:25:
[INFO] [stdout] load config failed, check if you enabled all features: ConfigNotFound("jp2t.json")
[INFO] [stdout] stack backtrace:
[INFO] [stdout]    0:     0x59aa3f130335 - <<std[617be2ca0a6fd877]::sys::backtrace::BacktraceLock>::print::DisplayBacktrace as core[a373ad73a504971]::fmt::Display>::fmt
[INFO] [stdout]    1:     0x59aa3f1095ba - core[a373ad73a504971]::fmt::write
[INFO] [stdout]    2:     0x59aa3f12f9cb - <alloc[2e1b2a31b91974c5]::vec::Vec<u8> as core[a373ad73a504971]::io::write::Write>::write_fmt
[INFO] [stdout]    3:     0x59aa3f12f4af - std[617be2ca0a6fd877]::panicking::default_hook::{closure#0}
[INFO] [stdout]    4:     0x59aa3f12f0da - std[617be2ca0a6fd877]::panicking::default_hook
[INFO] [stdout]    5:     0x59aa3f12ec15 - std[617be2ca0a6fd877]::panicking::panic_with_hook
[INFO] [stdout]    6:     0x59aa3f155b61 - std[617be2ca0a6fd877]::panicking::panic_handler::{closure#0}
[INFO] [stdout]    7:     0x59aa3f155b19 - std[617be2ca0a6fd877]::sys::backtrace::__rust_end_short_backtrace::<std[617be2ca0a6fd877]::panicking::panic_handler::{closure#0}, !>
[INFO] [stdout]    8:     0x59aa3f15601c - __rustc[ea4f61d10b84890b]::rust_begin_unwind
[INFO] [stdout]    9:     0x59aa3f10944b - core[a373ad73a504971]::panicking::panic_fmt
[INFO] [stdout]   10:     0x59aa3f106ece - <opencc[531ae5c5c32d4516]::test_official_compatibility::{closure#0} as core[a373ad73a504971]::ops::function::FnOnce<()>>::call_once
[INFO] [stdout]   11:     0x59aa3f16edeb - test[aada8e7e76ba119b]::__rust_begin_short_backtrace::<core[a373ad73a504971]::result::Result<(), alloc[2e1b2a31b91974c5]::string::String>, fn() -> core[a373ad73a504971]::result::Result<(), alloc[2e1b2a31b91974c5]::string::String>>
[INFO] [stdout]   12:     0x59aa3f16a24f - test[aada8e7e76ba119b]::run_test::{closure#0}
[INFO] [stdout]   13:     0x59aa3f169ccc - std[617be2ca0a6fd877]::sys::backtrace::__rust_begin_short_backtrace::<test[aada8e7e76ba119b]::run_test::{closure#1}, ()>
[INFO] [stdout]   14:     0x59aa3f18a23c - <std[617be2ca0a6fd877]::thread::lifecycle::spawn_unchecked<test[aada8e7e76ba119b]::run_test::{closure#1}, ()>::{closure#1} as core[a373ad73a504971]::ops::function::FnOnce<()>>::call_once::{shim:vtable#0}
[INFO] [stdout]   15:     0x59aa3f1577f4 - <std[617be2ca0a6fd877]::sys::thread::unix::Thread>::new::thread_start
[INFO] [stdout]   16:     0x7a3ed1d53dfa - <unknown>
[INFO] [stdout]   17:     0x7a3ed1de73d4 - clone
[INFO] [stdout]   18:                0x0 - <unknown>
[INFO] [stdout] 
[INFO] [stdout] 
[INFO] [stdout] failures:
[INFO] [stdout]     test_official_compatibility
[INFO] [stdout] 
[INFO] [stdout] test result: FAILED. 0 passed; 1 failed; 0 ignored; 0 measured; 0 filtered out; finished in 0.00s
[INFO] [stdout] 
[INFO] running `Command { std: "docker" "inspect" "d368488d4670b99daee3c9c11527c5718dcc349168fbcf3e53fb2a98b09ceb5b", kill_on_drop: false }`
[INFO] running `Command { std: "docker" "rm" "-f" "d368488d4670b99daee3c9c11527c5718dcc349168fbcf3e53fb2a98b09ceb5b", kill_on_drop: false }`
[INFO] [stdout] d368488d4670b99daee3c9c11527c5718dcc349168fbcf3e53fb2a98b09ceb5b
