[INFO] fetching crate ferropascal 0.1.0...
[INFO] testing ferropascal-0.1.0 against 1.100.0-beta.1+cargoflags=--release for beta-release-1.100-2
[INFO] extracting crate ferropascal 0.1.0 into /workspace/builds/worker-4-tc2/source
[INFO] started tweaking crates.io crate ferropascal 0.1.0
[INFO] removed 0 missing examples
[INFO] removed 0 missing tests
[INFO] finished tweaking crates.io crate ferropascal 0.1.0
[INFO] tweaked toml for crates.io crate ferropascal 0.1.0 written to /workspace/builds/worker-4-tc2/source/Cargo.toml
[INFO] validating manifest of crates.io crate ferropascal 0.1.0 on toolchain 1.100.0-beta.1
[INFO] running `Command { std: CARGO_HOME="/workspace/cargo-home" RUSTUP_HOME="/workspace/rustup-home" "/workspace/cargo-home/bin/cargo" "+1.100.0-beta.1" "metadata" "--manifest-path" "Cargo.toml" "--no-deps", kill_on_drop: false }`
[INFO] crate crates.io crate ferropascal 0.1.0 already has a lockfile, it will not be regenerated
[INFO] running `Command { std: CARGO_HOME="/workspace/cargo-home" RUSTUP_HOME="/workspace/rustup-home" "/workspace/cargo-home/bin/cargo" "+1.100.0-beta.1" "fetch" "--manifest-path" "Cargo.toml", kill_on_drop: false }`
[INFO] [stderr] warning: `package.homepage` is redundant with `package.repository`
[INFO] [stderr]    --> Cargo.toml:118:12
[INFO] [stderr]     |
[INFO] [stderr] 118 | homepage = "https://github.com/sunsided/ferropascal"
[INFO] [stderr]     |            ^^^^^^^^^^^^^^^^^^^^^^^^^^^^^^^^^^^^^^^^^
[INFO] [stderr] ...
[INFO] [stderr] 123 | repository = "https://github.com/sunsided/ferropascal"
[INFO] [stderr]     |              -----------------------------------------
[INFO] [stderr]     |
[INFO] [stderr]     = note: `cargo::redundant_homepage` is set to `warn` by default
[INFO] [stderr] help: consider removing `package.homepage`
[INFO] [stderr] warning: `ferropascal` (manifest) generated 1 warning
[INFO] [stderr]     Blocking waiting for file lock on package cache
[INFO] running `Command { std: "docker" "create" "-v" "/var/lib/crater-agent-workspace/builds/worker-4-tc2/source:/opt/rustwide/workdir:ro,Z" "-v" "/var/lib/crater-agent-workspace/builds/worker-4-tc2/target:/opt/rustwide/target:rw,Z" "-v" "/var/lib/crater-agent-workspace/cargo-home:/opt/rustwide/cargo-home:ro,Z" "-v" "/var/lib/crater-agent-workspace/rustup-home:/opt/rustwide/rustup-home:ro,Z" "-m" "1610612736" "--network" "none" "ghcr.io/rust-lang/crates-build-env/linux@sha256:77db811e55d90add9212f6832c23229e3de5f1c1f9905e8cb07319ea15df73ac" "sleep" "infinity", kill_on_drop: false }`
[INFO] [stdout] 844d7234a03020860c3618e2991a71c5324cddc39426295bf5dca4021fc7890a
[INFO] running `Command { std: "docker" "start" "844d7234a03020860c3618e2991a71c5324cddc39426295bf5dca4021fc7890a", kill_on_drop: false }`
[INFO] running `Command { std: "docker" "inspect" "844d7234a03020860c3618e2991a71c5324cddc39426295bf5dca4021fc7890a", kill_on_drop: false }`
[INFO] running `Command { std: "docker" "exec" "-e" "SOURCE_DIR=/opt/rustwide/workdir" "-e" "CARGO_HOME=/opt/rustwide/cargo-home" "-e" "RUSTUP_HOME=/opt/rustwide/rustup-home" "-e" "CARGO_TARGET_DIR=/opt/rustwide/target" "-w" "/opt/rustwide/workdir" "--user" "0:0" "844d7234a03020860c3618e2991a71c5324cddc39426295bf5dca4021fc7890a" "/opt/rustwide/cargo-home/bin/cargo" "+1.100.0-beta.1" "metadata" "--no-deps" "--format-version=1", kill_on_drop: false }`
[INFO] running `Command { std: "docker" "inspect" "844d7234a03020860c3618e2991a71c5324cddc39426295bf5dca4021fc7890a", kill_on_drop: false }`
[INFO] running `Command { std: "docker" "exec" "-e" "SOURCE_DIR=/opt/rustwide/workdir" "-e" "CARGO_HOME=/opt/rustwide/cargo-home" "-e" "RUSTUP_HOME=/opt/rustwide/rustup-home" "-e" "CARGO_TARGET_DIR=/opt/rustwide/target" "-e" "CARGO_INCREMENTAL=0" "-e" "RUST_BACKTRACE=full" "-e" "RUSTFLAGS=--cap-lints=warn" "-e" "RUSTDOCFLAGS=--cap-lints=warn" "-w" "/opt/rustwide/workdir" "--user" "0:0" "844d7234a03020860c3618e2991a71c5324cddc39426295bf5dca4021fc7890a" "/opt/rustwide/cargo-home/bin/cargo" "+1.100.0-beta.1" "build" "--frozen" "--message-format=json" "--release", kill_on_drop: false }`
[INFO] [stderr] warning: `package.homepage` is redundant with `package.repository`
[INFO] [stderr]    --> Cargo.toml:118:12
[INFO] [stderr]     |
[INFO] [stderr] 118 | homepage = "https://github.com/sunsided/ferropascal"
[INFO] [stderr]     |            ^^^^^^^^^^^^^^^^^^^^^^^^^^^^^^^^^^^^^^^^^
[INFO] [stderr] ...
[INFO] [stderr] 123 | repository = "https://github.com/sunsided/ferropascal"
[INFO] [stderr]     |              -----------------------------------------
[INFO] [stderr]     |
[INFO] [stderr]     = note: `cargo::redundant_homepage` is set to `warn` by default
[INFO] [stderr] help: consider removing `package.homepage`
[INFO] [stderr] warning: `ferropascal` (manifest) generated 1 warning
[INFO] [stderr]    Compiling libc v0.2.184
[INFO] [stderr]    Compiling memchr v2.8.0
[INFO] [stderr]    Compiling proc-macro2 v1.0.106
[INFO] [stderr]    Compiling unicode-ident v1.0.24
[INFO] [stderr]    Compiling bitflags v2.11.0
[INFO] [stderr]    Compiling quote v1.0.45
[INFO] [stderr]    Compiling rustix v0.38.44
[INFO] [stderr]    Compiling serde v1.0.228
[INFO] [stderr]    Compiling syn v2.0.117
[INFO] [stderr]    Compiling prettyplease v0.2.37
[INFO] [stderr]    Compiling linux-raw-sys v0.4.15
[INFO] [stderr]    Compiling serde_json v1.0.149
[INFO] [stderr]    Compiling clap_builder v4.6.0
[INFO] [stderr]    Compiling pest v2.8.6
[INFO] [stderr]    Compiling once_cell v1.21.4
[INFO] [stderr]    Compiling either v1.15.0
[INFO] [stderr]    Compiling home v0.5.12
[INFO] [stderr]    Compiling semver v1.0.27
[INFO] [stderr]    Compiling rustix v1.1.4
[INFO] [stderr]    Compiling getrandom v0.4.2
[INFO] [stderr]    Compiling atty v0.2.14
[INFO] [stderr]    Compiling uuid v1.23.0
[INFO] [stderr]    Compiling tempfile v3.27.0
[INFO] [stderr]    Compiling which v6.0.3
[INFO] [stderr]    Compiling pest_meta v2.8.6
[INFO] [stderr]    Compiling thiserror-impl v1.0.69
[INFO] [stderr]    Compiling clap_derive v4.6.0
[INFO] [stderr]    Compiling pest_generator v2.8.6
[INFO] [stderr]    Compiling thiserror v1.0.69
[INFO] [stderr]    Compiling pest_derive v2.8.6
[INFO] [stderr]    Compiling clap v4.6.0
[INFO] [stderr]    Compiling handlebars v4.5.0
[INFO] [stderr]    Compiling ferropascal v0.1.0 (/opt/rustwide/workdir)
[INFO] [stderr] warning: unused dependency `anyhow`
[INFO] [stderr]  --> Cargo.toml:9:15
[INFO] [stderr]   |
[INFO] [stderr] 9 | [dependencies.anyhow]
[INFO] [stderr]   |               ^^^^^^^
[INFO] [stderr]   |
[INFO] [stderr]   = note: `cargo::unused_dependencies` is set to `warn` by default
[INFO] [stderr] help: consider removing the dependency on `anyhow`
[INFO] [stderr] warning: unused dependency `handlebars`
[INFO] [stderr]   --> Cargo.toml:19:15
[INFO] [stderr]    |
[INFO] [stderr] 19 | [dependencies.handlebars]
[INFO] [stderr]    |               ^^^^^^^^^^^
[INFO] [stderr]    |
[INFO] [stderr] help: consider removing the dependency on `handlebars`
[INFO] [stderr] warning: unused dependency `prettyplease`
[INFO] [stderr]   --> Cargo.toml:28:15
[INFO] [stderr]    |
[INFO] [stderr] 28 | [dependencies.prettyplease]
[INFO] [stderr]    |               ^^^^^^^^^^^^^
[INFO] [stderr]    |
[INFO] [stderr] help: consider removing the dependency on `prettyplease`
[INFO] [stderr] warning: `ferropascal` (manifest) generated 3 warnings
[INFO] [stderr]     Finished `release` profile [optimized] target(s) in 59.10s
[INFO] running `Command { std: "docker" "inspect" "844d7234a03020860c3618e2991a71c5324cddc39426295bf5dca4021fc7890a", kill_on_drop: false }`
[INFO] running `Command { std: "docker" "exec" "-e" "SOURCE_DIR=/opt/rustwide/workdir" "-e" "CARGO_HOME=/opt/rustwide/cargo-home" "-e" "RUSTUP_HOME=/opt/rustwide/rustup-home" "-e" "CARGO_TARGET_DIR=/opt/rustwide/target" "-e" "CARGO_INCREMENTAL=0" "-e" "RUST_BACKTRACE=full" "-e" "RUSTFLAGS=--cap-lints=warn" "-e" "RUSTDOCFLAGS=--cap-lints=warn" "-w" "/opt/rustwide/workdir" "--user" "0:0" "844d7234a03020860c3618e2991a71c5324cddc39426295bf5dca4021fc7890a" "/opt/rustwide/cargo-home/bin/cargo" "+1.100.0-beta.1" "test" "--frozen" "--no-run" "--message-format=json" "--release", kill_on_drop: false }`
[INFO] [stderr] warning: `package.homepage` is redundant with `package.repository`
[INFO] [stderr]    --> Cargo.toml:118:12
[INFO] [stderr]     |
[INFO] [stderr] 118 | homepage = "https://github.com/sunsided/ferropascal"
[INFO] [stderr]     |            ^^^^^^^^^^^^^^^^^^^^^^^^^^^^^^^^^^^^^^^^^
[INFO] [stderr] ...
[INFO] [stderr] 123 | repository = "https://github.com/sunsided/ferropascal"
[INFO] [stderr]     |              -----------------------------------------
[INFO] [stderr]     |
[INFO] [stderr]     = note: `cargo::redundant_homepage` is set to `warn` by default
[INFO] [stderr] help: consider removing `package.homepage`
[INFO] [stderr] warning: `ferropascal` (manifest) generated 1 warning
[INFO] [stderr]    Compiling ferropascal v0.1.0 (/opt/rustwide/workdir)
[INFO] [stderr]     Finished `release` profile [optimized] target(s) in 15.35s
[INFO] running `Command { std: "docker" "inspect" "844d7234a03020860c3618e2991a71c5324cddc39426295bf5dca4021fc7890a", kill_on_drop: false }`
[INFO] running `Command { std: "docker" "exec" "-e" "SOURCE_DIR=/opt/rustwide/workdir" "-e" "CARGO_HOME=/opt/rustwide/cargo-home" "-e" "RUSTUP_HOME=/opt/rustwide/rustup-home" "-e" "CARGO_TARGET_DIR=/opt/rustwide/target" "-e" "CARGO_INCREMENTAL=0" "-e" "RUST_BACKTRACE=full" "-e" "RUSTFLAGS=--cap-lints=warn" "-e" "RUSTDOCFLAGS=--cap-lints=warn" "-w" "/opt/rustwide/workdir" "--user" "0:0" "844d7234a03020860c3618e2991a71c5324cddc39426295bf5dca4021fc7890a" "/opt/rustwide/cargo-home/bin/cargo" "+1.100.0-beta.1" "test" "--frozen" "--release", kill_on_drop: false }`
[INFO] [stderr] warning: `package.homepage` is redundant with `package.repository`
[INFO] [stderr]    --> Cargo.toml:118:12
[INFO] [stderr]     |
[INFO] [stderr] 118 | homepage = "https://github.com/sunsided/ferropascal"
[INFO] [stderr]     |            ^^^^^^^^^^^^^^^^^^^^^^^^^^^^^^^^^^^^^^^^^
[INFO] [stderr] ...
[INFO] [stderr] 123 | repository = "https://github.com/sunsided/ferropascal"
[INFO] [stderr]     |              -----------------------------------------
[INFO] [stderr]     |
[INFO] [stderr]     = note: `cargo::redundant_homepage` is set to `warn` by default
[INFO] [stderr] help: consider removing `package.homepage`
[INFO] [stderr] warning: `ferropascal` (manifest) generated 1 warning
[INFO] [stderr]     Finished `release` profile [optimized] target(s) in 0.10s
[INFO] [stderr]      Running unittests src/lib.rs (/opt/rustwide/target/release/build/ferropascal/e83a26f2230e9bec/out/ferropascal-e83a26f2230e9bec)
[INFO] [stdout] 
[INFO] [stdout] running 96 tests
[INFO] [stdout] test generator::clippy_config::tests::test_custom_minimum_version ... ok
[INFO] [stdout] test generator::clippy_config::tests::test_display_implementation ... ok
[INFO] [stdout] test error::reporter::tests::test_suggestion_generation ... ok
[INFO] [stdout] test generator::clippy_config::tests::test_clippy_configuration_new ... ok
[INFO] [stdout] test cli::args::tests::test_verbose_flag ... ok
[INFO] [stdout] test generator::clippy_config::tests::test_installation_suggestion ... ok
[INFO] [stdout] test cli::args::tests::test_output_file_specified ... ok
[INFO] [stdout] test cli::tests::test_parse_simple_program ... ok
[INFO] [stdout] test cli::args::tests::test_all_flags ... ok
[INFO] [stdout] test generator::clippy_config::tests::test_status_message ... ok
[INFO] [stdout] test generator::clippy_config::tests::test_set_detected_version_compatible ... ok
[INFO] [stdout] test generator::clippy_config::tests::test_set_detected_version_unsupported ... ok
[INFO] [stdout] test generator::clippy_config::tests::test_set_unavailable ... ok
[INFO] [stdout] test generator::clippy_config::tests::test_version_gap ... ok
[INFO] [stdout] test generator::clippy_error::tests::test_clippy_error_display_formatting ... ok
[INFO] [stdout] test generator::clippy_error::tests::test_clippy_error_from_io_error ... ok
[INFO] [stdout] test generator::formatter::tests::test_basic_formatting ... ok
[INFO] [stdout] test generator::clippy_processor::tests::test_parse_clippy_version_invalid_format ... ok
[INFO] [stdout] test cli::args::tests::test_no_extension ... ok
[INFO] [stdout] test generator::clippy_processor::tests::test_parse_clippy_version_minimal_format ... ok
[INFO] [stdout] test generator::processing_pipeline::tests::test_pipeline_config_default ... ok
[INFO] [stdout] test cli::args::tests::test_invalid_extension ... ok
[INFO] [stdout] test generator::clippy_processor::tests::test_parse_clippy_version_standard_format ... ok
[INFO] [stdout] test cli::args::tests::test_force_flag ... ok
[INFO] [stdout] test cli::args::tests::test_pascal_extension ... ok
[INFO] [stdout] test generator::processing_pipeline::tests::test_pipeline_config_rustfmt_only ... ok
[INFO] [stdout] test cli::tests::test_orchestrator_creation ... ok
[INFO] [stdout] test generator::processing_result::tests::test_processing_warning_with_suggestion ... ok
[INFO] [stdout] test cli::args::tests::test_basic_args ... ok
[INFO] [stdout] test generator::clippy_config::tests::test_reset ... ok
[INFO] [stdout] test generator::tests::test_operator_conversion ... ok
[INFO] [stdout] test generator::tests::test_binary_operation_generation ... ok
[INFO] [stdout] test generator::processing_result::tests::test_format_warnings ... ok
[INFO] [stdout] test generator::tests::test_simple_assignment_generation ... ok
[INFO] [stdout] test generator::processing_result::tests::test_processing_result_is_clean ... ok
[INFO] [stdout] test generator::tests::test_generator_creation ... ok
[INFO] [stdout] test generator::tests::test_default_values ... ok
[INFO] [stdout] test io::file_handler::tests::test_read_nonexistent_file ... ok
[INFO] [stdout] test io::file_handler::tests::test_check_output_file_exists_no_force ... ok
[INFO] [stdout] test io::file_handler::tests::test_check_output_file_nonexistent ... ok
[INFO] [stdout] test error::reporter::tests::test_error_reporting_without_colors ... ok
[INFO] [stdout] test generator::processing_result::tests::test_processing_warning_creation ... ok
[INFO] [stdout] test io::file_handler::tests::test_get_canonical_path ... ok
[INFO] [stdout] test io::file_handler::tests::test_read_existing_file ... ok
[INFO] [stdout] test io::file_handler::tests::test_validate_file_extension_invalid ... ok
[INFO] [stdout] test generator::processing_result::tests::test_processing_result_warnings_for_stage ... ok
[INFO] [stdout] test io::file_handler::tests::test_check_output_file_exists_with_force ... ok
[INFO] [stdout] test io::file_handler::tests::test_write_file_with_existing_directory ... ok
[INFO] [stdout] test io::file_handler::tests::test_validate_file_extension_no_extension ... ok
[INFO] [stdout] test io::file_handler::tests::test_validate_file_extension_valid ... ok
[INFO] [stdout] test generator::clippy_processor::tests::test_new_processor_availability ... ok
[INFO] [stdout] test generator::processing_pipeline::tests::test_pipeline_creation ... ok
[INFO] [stdout] test io::file_handler::tests::test_write_file_requires_existing_directories ... ok
[INFO] [stdout] test io::file_handler::tests::test_write_rust_file ... ok
[INFO] [stdout] test io::temp_file_manager::tests::test_temp_file_manager_creation ... ok
[INFO] [stdout] test parser::ast_builder::tests::test_build_expression ... ok
[INFO] [stdout] test io::temp_file_manager::tests::test_read_temp_file_security ... ok
[INFO] [stdout] test services::name_converter::tests::test_constant_case_conversion ... ok
[INFO] [stdout] test parser::ast_builder::tests::test_convenience_functions ... ok
[INFO] [stdout] test parser::ast_builder::tests::test_build_statement ... ok
[INFO] [stdout] test services::name_converter::tests::test_identifier_validation ... ok
[INFO] [stdout] test services::name_converter::tests::test_function_name_conversion ... ok
[INFO] [stdout] test parser::ast_builder::tests::test_build_simple_program ... ok
[INFO] [stdout] test io::temp_file_manager::tests::test_named_temp_file ... ok
[INFO] [stdout] test io::temp_file_manager::tests::test_cleanup_file ... ok
[INFO] [stdout] test services::name_converter::tests::test_keyword_detection ... ok
[INFO] [stdout] test io::temp_file_manager::tests::test_create_rust_temp_file ... ok
[INFO] [stdout] test services::name_converter::tests::test_keyword_escaping ... ok
[INFO] [stdout] test services::name_converter::tests::test_snake_case_conversion ... ok
[INFO] [stdout] test services::name_converter::tests::test_underscore_cleanup ... ok
[INFO] [stdout] test io::temp_file_manager::tests::test_create_temp_file ... ok
[INFO] [stdout] test services::type_mapper::tests::test_array_type_mapping ... ok
[INFO] [stdout] test services::type_mapper::tests::test_basic_type_mapping ... ok
[INFO] [stdout] test services::name_converter::tests::test_unique_name_generation ... ok
[INFO] [stdout] test services::name_converter::tests::test_pascal_case_conversion ... ok
[INFO] [stdout] test services::type_mapper::tests::test_extended_float_type_mapping ... ok
[INFO] [stdout] test io::temp_file_manager::tests::test_multiple_temp_files ... ok
[INFO] [stdout] test services::type_mapper::tests::test_extended_integer_type_mapping ... ok
[INFO] [stdout] test services::type_mapper::tests::test_extended_numeric_types ... ok
[INFO] [stdout] test services::type_mapper::tests::test_extended_type_compatibility ... ok
[INFO] [stdout] test services::type_mapper::tests::test_pascal_case_conversion ... ok
[INFO] [stdout] test validation::tests::test_dangerous_construct_detection ... ok
[INFO] [stdout] test validation::tests::test_sanitize_content ... ok
[INFO] [stdout] test validation::tests::test_validate_nonexistent_file ... ok
[INFO] [stdout] test services::type_mapper::tests::test_extended_type_promotion ... ok
[INFO] [stdout] test services::type_mapper::tests::test_integer_and_float_type_classification ... ok
[INFO] [stdout] test services::type_mapper::tests::test_numeric_types ... ok
[INFO] [stdout] test services::type_mapper::tests::test_ordinal_types ... ok
[INFO] [stdout] test services::type_mapper::tests::test_type_compatibility ... ok
[INFO] [stdout] test services::type_mapper::tests::test_type_promotion ... ok
[INFO] [stdout] test validation::tests::test_validate_pascal_extension ... ok
[INFO] [stdout] test generator::processing_pipeline::tests::test_pipeline_process_simple_code ... ok
[INFO] [stdout] test generator::processing_pipeline::tests::test_pipeline_without_clippy ... ok
[INFO] [stdout] test generator::processing_pipeline::tests::test_pipeline_process_empty_input ... ok
[INFO] [stdout] test generator::formatter::tests::test_rustfmt_availability ... ok
[INFO] [stdout] test cli::tests::test_generate_rust_code ... ok
[INFO] [stdout] 
[INFO] [stdout] test result: ok. 96 passed; 0 failed; 0 ignored; 0 measured; 0 filtered out; finished in 0.72s
[INFO] [stdout] 
[INFO] [stderr]      Running unittests src/bin/debug_parser.rs (/opt/rustwide/target/release/build/ferropascal/e68271f860740377/out/debug_parser-e68271f860740377)
[INFO] [stdout] 
[INFO] [stderr]      Running unittests src/main.rs (/opt/rustwide/target/release/build/ferropascal/7b9e288f8ed861b7/out/ferropascal-7b9e288f8ed861b7)
[INFO] [stdout] running 0 tests
[INFO] [stdout] 
[INFO] [stdout] test result: ok. 0 passed; 0 failed; 0 ignored; 0 measured; 0 filtered out; finished in 0.00s
[INFO] [stdout] 
[INFO] [stderr]      Running tests/clippy_error_contract_test.rs (/opt/rustwide/target/release/build/ferropascal/a53d2b16fef30c98/out/clippy_error_contract_test-a53d2b16fef30c98)
[INFO] [stdout] 
[INFO] [stdout] running 0 tests
[INFO] [stdout] 
[INFO] [stdout] test result: ok. 0 passed; 0 failed; 0 ignored; 0 measured; 0 filtered out; finished in 0.00s
[INFO] [stdout] 
[INFO] [stdout] 
[INFO] [stdout] running 8 tests
[INFO] [stdout] test clippy_error_contract_tests::test_clippy_error_variants ... ok
[INFO] [stdout] test clippy_error_contract_tests::test_clippy_error_std_error_trait ... ok
[INFO] [stderr]      Running tests/clippy_integration_test.rs (/opt/rustwide/target/release/build/ferropascal/5cdf4d6f586b1a4e/out/clippy_integration_test-5cdf4d6f586b1a4e)
[INFO] [stdout] test clippy_error_contract_tests::test_error_chain_compatibility ... ok
[INFO] [stdout] test clippy_error_contract_tests::test_parse_error_message ... ok
[INFO] [stdout] test clippy_error_contract_tests::test_execution_failed_details ... ok
[INFO] [stdout] test clippy_error_contract_tests::test_file_system_error_wrapping ... ok
[INFO] [stdout] test clippy_error_contract_tests::test_version_error_formatting ... ok
[INFO] [stdout] test clippy_error_contract_tests::test_clippy_error_display_formatting ... ok
[INFO] [stdout] 
[INFO] [stdout] test result: ok. 8 passed; 0 failed; 0 ignored; 0 measured; 0 filtered out; finished in 0.00s
[INFO] [stdout] 
[INFO] [stdout] 
[INFO] [stdout] running 2 tests
[INFO] [stdout] test test_enhanced_generator_integration ... ok
[INFO] [stdout] test test_end_to_end_clippy_integration ... ok
[INFO] [stdout] 
[INFO] [stdout] test result: ok. 2 passed; 0 failed; 0 ignored; 0 measured; 0 filtered out; finished in 0.39s
[INFO] [stdout] 
[INFO] [stderr]      Running tests/clippy_processor_contract_test.rs (/opt/rustwide/target/release/build/ferropascal/07057b803ebaea2a/out/clippy_processor_contract_test-07057b803ebaea2a)
[INFO] [stdout] 
[INFO] [stdout] running 6 tests
[INFO] [stdout] test clippy_processor_contract_tests::test_clippy_processor_new ... ok
[INFO] [stdout] test clippy_processor_contract_tests::test_clippy_error_display ... ok
[INFO] [stdout] test clippy_processor_contract_tests::test_clippy_processor_process ... ok
[INFO] [stderr]      Running tests/comprehensive_unit_tests.rs (/opt/rustwide/target/release/build/ferropascal/8517d9388426e274/out/comprehensive_unit_tests-8517d9388426e274)
[INFO] [stdout] test clippy_processor_contract_tests::test_clippy_processor_is_available ... ok
[INFO] [stdout] test clippy_processor_contract_tests::test_clippy_processor_retry_behavior ... ok
[INFO] [stdout] test clippy_processor_contract_tests::test_clippy_processor_detected_version ... ok
[INFO] [stdout] 
[INFO] [stdout] test result: ok. 6 passed; 0 failed; 0 ignored; 0 measured; 0 filtered out; finished in 0.01s
[INFO] [stdout] 
[INFO] [stdout] 
[INFO] [stdout] running 16 tests
[INFO] [stdout] test comprehensive_unit_tests::test_clippy_config_edge_case_versions ... ok
[INFO] [stdout] test comprehensive_unit_tests::test_clippy_error_display_with_special_characters ... ok
[INFO] [stdout] test comprehensive_unit_tests::test_clippy_config_status_messages ... ok
[INFO] [stdout] test comprehensive_unit_tests::test_clippy_error_cloning_with_io_error ... ok
[INFO] [stdout] test comprehensive_unit_tests::test_clippy_error_from_io_error_conversion ... ok
[INFO] [stdout] test comprehensive_unit_tests::test_pipeline_config_variations ... ok
[INFO] [stdout] test comprehensive_unit_tests::test_processing_result_warning_filtering ... ok
[INFO] [stdout] test comprehensive_unit_tests::test_processing_result_format_warnings_comprehensive ... ok
[INFO] [stdout] test comprehensive_unit_tests::test_temp_file_manager_empty_content ... ok
[INFO] [stdout] test comprehensive_unit_tests::test_temp_file_manager_large_content ... ok
[INFO] [stdout] test comprehensive_unit_tests::test_temp_file_manager_multiple_files ... ok
[INFO] [stdout] test comprehensive_unit_tests::test_malformed_rust_code_handling ... ok
[INFO] [stdout] test comprehensive_unit_tests::test_unicode_content_handling ... ok
[INFO] [stdout] test comprehensive_unit_tests::test_extremely_long_lines ... ok
[INFO] [stdout] test comprehensive_unit_tests::test_pipeline_with_different_configs ... ok
[INFO] [stdout] test comprehensive_unit_tests::test_pipeline_performance_timing ... ok
[INFO] [stdout] 
[INFO] [stdout] test result: ok. 16 passed; 0 failed; 0 ignored; 0 measured; 0 filtered out; finished in 1.40s
[INFO] [stdout] 
[INFO] [stderr]      Running tests/performance_benchmarks.rs (/opt/rustwide/target/release/build/ferropascal/40b67758f3c3c9f7/out/performance_benchmarks-40b67758f3c3c9f7)
[INFO] [stdout] 
[INFO] [stdout] running 13 tests
[INFO] [stdout] test performance_benchmarks::benchmark_temp_file_creation ... ok
[INFO] [stdout] test performance_benchmarks::benchmark_large_temp_file ... ok
[INFO] [stdout] test performance_benchmarks::benchmark_multiple_temp_files ... ok
[INFO] [stdout] test performance_benchmarks::benchmark_complex_code_processing ... ok
[INFO] [stdout] test performance_benchmarks::benchmark_medium_code_processing ... ok
[INFO] [stdout] test performance_benchmarks::benchmark_small_code_processing ... ok
[INFO] [stdout] test performance_benchmarks::benchmark_large_code_processing ... ok
[INFO] [stdout] test performance_benchmarks::benchmark_clippy_vs_rustfmt_only ... ok
[INFO] [stdout] test performance_benchmarks::benchmark_sequential_processing ... ok
[INFO] [stdout] test performance_benchmarks::benchmark_summary_comprehensive ... ok
[INFO] [stdout] test performance_benchmarks::stress_test_varying_code_sizes ... ok
[INFO] [stdout] test performance_benchmarks::benchmark_memory_usage_pattern ... ok
[INFO] [stdout] test performance_benchmarks::stress_test_pipeline_reuse ... FAILED
[INFO] [stdout] 
[INFO] [stdout] failures:
[INFO] [stdout] 
[INFO] [stdout] ---- performance_benchmarks::stress_test_pipeline_reuse stdout ----
[INFO] [stdout] Running benchmark: Pipeline reuse stress test
[INFO] [stdout] Warning: rustfmt not found, code will not be formatted
[INFO] [stdout] Warning: rustfmt not found, code will not be formatted
[INFO] [stdout] Warning: rustfmt not found, code will not be formatted
[INFO] [stdout] Warning: rustfmt not found, code will not be formatted
[INFO] [stdout] Warning: rustfmt not found, code will not be formatted
[INFO] [stdout] Warning: rustfmt not found, code will not be formatted
[INFO] [stdout] Warning: rustfmt not found, code will not be formatted
[INFO] [stdout] Warning: rustfmt not found, code will not be formatted
[INFO] [stdout] Warning: rustfmt not found, code will not be formatted
[INFO] [stdout] Warning: rustfmt not found, code will not be formatted
[INFO] [stdout] Warning: rustfmt not found, code will not be formatted
[INFO] [stdout] Warning: rustfmt not found, code will not be formatted
[INFO] [stdout] Warning: rustfmt not found, code will not be formatted
[INFO] [stdout] Warning: rustfmt not found, code will not be formatted
[INFO] [stdout] Warning: rustfmt not found, code will not be formatted
[INFO] [stdout] Warning: rustfmt not found, code will not be formatted
[INFO] [stdout] Warning: rustfmt not found, code will not be formatted
[INFO] [stdout] Warning: rustfmt not found, code will not be formatted
[INFO] [stdout] Warning: rustfmt not found, code will not be formatted
[INFO] [stdout] Warning: rustfmt not found, code will not be formatted
[INFO] [stdout] Warning: rustfmt not found, code will not be formatted
[INFO] [stdout] Warning: rustfmt not found, code will not be formatted
[INFO] [stdout] Warning: rustfmt not found, code will not be formatted
[INFO] [stdout] Warning: rustfmt not found, code will not be formatted
[INFO] [stdout] Warning: rustfmt not found, code will not be formatted
[INFO] [stdout] Warning: rustfmt not found, code will not be formatted
[INFO] [stdout] Warning: rustfmt not found, code will not be formatted
[INFO] [stdout] Warning: rustfmt not found, code will not be formatted
[INFO] [stdout] Warning: rustfmt not found, code will not be formatted
[INFO] [stdout] Warning: rustfmt not found, code will not be formatted
[INFO] [stdout] Warning: rustfmt not found, code will not be formatted
[INFO] [stdout] Warning: rustfmt not found, code will not be formatted
[INFO] [stdout] Warning: rustfmt not found, code will not be formatted
[INFO] [stdout] Warning: rustfmt not found, code will not be formatted
[INFO] [stdout] Warning: rustfmt not found, code will not be formatted
[INFO] [stdout] Warning: rustfmt not found, code will not be formatted
[INFO] [stdout] Warning: rustfmt not found, code will not be formatted
[INFO] [stdout] Warning: rustfmt not found, code will not be formatted
[INFO] [stdout] Warning: rustfmt not found, code will not be formatted
[INFO] [stdout] Warning: rustfmt not found, code will not be formatted
[INFO] [stdout] Warning: rustfmt not found, code will not be formatted
[INFO] [stdout] Warning: rustfmt not found, code will not be formatted
[INFO] [stdout] Warning: rustfmt not found, code will not be formatted
[INFO] [stdout] Warning: rustfmt not found, code will not be formatted
[INFO] [stdout] Warning: rustfmt not found, code will not be formatted
[INFO] [stdout] Warning: rustfmt not found, code will not be formatted
[INFO] [stdout] Warning: rustfmt not found, code will not be formatted
[INFO] [stdout] Warning: rustfmt not found, code will not be formatted
[INFO] [stdout] Warning: rustfmt not found, code will not be formatted
[INFO] [stdout] Warning: rustfmt not found, code will not be formatted
[INFO] [stdout]   Completed in: 23.045662417s
[INFO] [stdout] 
[INFO] [stdout] thread 'performance_benchmarks::stress_test_pipeline_reuse' (3987) panicked at tests/performance_benchmarks.rs:285:9:
[INFO] [stdout] assertion failed: duration < Duration::from_secs(15)
[INFO] [stdout] stack backtrace:
[INFO] [stdout]    0:     0x55e8529c3231 - <<std[617be2ca0a6fd877]::sys::backtrace::BacktraceLock>::print::DisplayBacktrace as core[a373ad73a504971]::fmt::Display>::fmt
[INFO] [stdout]    1:     0x55e8529d770a - core[a373ad73a504971]::fmt::write
[INFO] [stdout]    2:     0x55e8529c77dc - <alloc[2e1b2a31b91974c5]::vec::Vec<u8> as core[a373ad73a504971]::io::write::Write>::write_fmt
[INFO] [stdout]    3:     0x55e85299db16 - std[617be2ca0a6fd877]::panicking::default_hook::{closure#0}
[INFO] [stdout]    4:     0x55e8529bae49 - std[617be2ca0a6fd877]::panicking::default_hook
[INFO] [stdout]    5:     0x55e85294b830 - test[aada8e7e76ba119b]::test_main_inner::{closure#0}
[INFO] [stdout]    6:     0x55e8529bb002 - std[617be2ca0a6fd877]::panicking::panic_with_hook
[INFO] [stdout]    7:     0x55e85299dbf4 - std[617be2ca0a6fd877]::panicking::panic_handler::{closure#0}
[INFO] [stdout]    8:     0x55e852996629 - std[617be2ca0a6fd877]::sys::backtrace::__rust_end_short_backtrace::<std[617be2ca0a6fd877]::panicking::panic_handler::{closure#0}, !>
[INFO] [stdout]    9:     0x55e85299e7cd - __rustc[ea4f61d10b84890b]::rust_begin_unwind
[INFO] [stdout]   10:     0x55e8529d7e3c - core[a373ad73a504971]::panicking::panic_fmt
[INFO] [stdout]   11:     0x55e8529d7e02 - core[a373ad73a504971]::panicking::panic
[INFO] [stdout]   12:     0x55e85293c5e1 - <performance_benchmarks[b5678cb8b40cd245]::performance_benchmarks::stress_test_pipeline_reuse::{closure#0} as core[a373ad73a504971]::ops::function::FnOnce<()>>::call_once
[INFO] [stdout]   13:     0x55e85293ec7b - test[aada8e7e76ba119b]::__rust_begin_short_backtrace::<core[a373ad73a504971]::result::Result<(), alloc[2e1b2a31b91974c5]::string::String>, fn() -> core[a373ad73a504971]::result::Result<(), alloc[2e1b2a31b91974c5]::string::String>>
[INFO] [stdout]   14:     0x55e85294be55 - test[aada8e7e76ba119b]::run_test::{closure#0}
[INFO] [stdout]   15:     0x55e852945744 - std[617be2ca0a6fd877]::sys::backtrace::__rust_begin_short_backtrace::<test[aada8e7e76ba119b]::run_test::{closure#1}, ()>
[INFO] [stdout]   16:     0x55e85294eee2 - <std[617be2ca0a6fd877]::thread::lifecycle::spawn_unchecked<test[aada8e7e76ba119b]::run_test::{closure#1}, ()>::{closure#1} as core[a373ad73a504971]::ops::function::FnOnce<()>>::call_once::{shim:vtable#0}
[INFO] [stdout]   17:     0x55e8529c272f - <std[617be2ca0a6fd877]::sys::thread::unix::Thread>::new::thread_start
[INFO] [stdout]   18:     0x7c281160fdfa - <unknown>
[INFO] [stdout]   19:     0x7c28116a33d4 - clone
[INFO] [stdout]   20:                0x0 - <unknown>
[INFO] [stdout] 
[INFO] [stdout] 
[INFO] [stdout] failures:
[INFO] [stdout]     performance_benchmarks::stress_test_pipeline_reuse
[INFO] [stdout] 
[INFO] [stdout] test result: FAILED. 12 passed; 1 failed; 0 ignored; 0 measured; 0 filtered out; finished in 23.07s
[INFO] [stdout] 
[INFO] [stderr] error: test failed, to rerun pass `--test performance_benchmarks`
[INFO] running `Command { std: "docker" "inspect" "844d7234a03020860c3618e2991a71c5324cddc39426295bf5dca4021fc7890a", kill_on_drop: false }`
[INFO] running `Command { std: "docker" "rm" "-f" "844d7234a03020860c3618e2991a71c5324cddc39426295bf5dca4021fc7890a", kill_on_drop: false }`
[INFO] [stdout] 844d7234a03020860c3618e2991a71c5324cddc39426295bf5dca4021fc7890a
