[INFO] fetching crate ferromagnetic 0.0.1-alpha.5...
[INFO] testing ferromagnetic-0.0.1-alpha.5 against 1.100.0-beta.1+cargoflags=--release for beta-release-1.100-2
[INFO] extracting crate ferromagnetic 0.0.1-alpha.5 into /workspace/builds/worker-5-tc2/source
[INFO] started tweaking crates.io crate ferromagnetic 0.0.1-alpha.5
[INFO] removed 0 missing tests
[INFO] finished tweaking crates.io crate ferromagnetic 0.0.1-alpha.5
[INFO] tweaked toml for crates.io crate ferromagnetic 0.0.1-alpha.5 written to /workspace/builds/worker-5-tc2/source/Cargo.toml
[INFO] validating manifest of crates.io crate ferromagnetic 0.0.1-alpha.5 on toolchain 1.100.0-beta.1
[INFO] running `Command { std: CARGO_HOME="/workspace/cargo-home" RUSTUP_HOME="/workspace/rustup-home" "/workspace/cargo-home/bin/cargo" "+1.100.0-beta.1" "metadata" "--manifest-path" "Cargo.toml" "--no-deps", kill_on_drop: false }`
[INFO] crate crates.io crate ferromagnetic 0.0.1-alpha.5 already has a lockfile, it will not be regenerated
[INFO] running `Command { std: CARGO_HOME="/workspace/cargo-home" RUSTUP_HOME="/workspace/rustup-home" "/workspace/cargo-home/bin/cargo" "+1.100.0-beta.1" "fetch" "--manifest-path" "Cargo.toml", kill_on_drop: false }`
[INFO] running `Command { std: "docker" "create" "-v" "/var/lib/crater-agent-workspace/builds/worker-5-tc2/source:/opt/rustwide/workdir:ro,Z" "-v" "/var/lib/crater-agent-workspace/builds/worker-5-tc2/target:/opt/rustwide/target:rw,Z" "-v" "/var/lib/crater-agent-workspace/cargo-home:/opt/rustwide/cargo-home:ro,Z" "-v" "/var/lib/crater-agent-workspace/rustup-home:/opt/rustwide/rustup-home:ro,Z" "-m" "1610612736" "--network" "none" "ghcr.io/rust-lang/crates-build-env/linux@sha256:77db811e55d90add9212f6832c23229e3de5f1c1f9905e8cb07319ea15df73ac" "sleep" "infinity", kill_on_drop: false }`
[INFO] [stdout] 3dd4a832969bb5289695895f9816bab80a8506bbabfa704fb35ab1187fd91895
[INFO] running `Command { std: "docker" "start" "3dd4a832969bb5289695895f9816bab80a8506bbabfa704fb35ab1187fd91895", kill_on_drop: false }`
[INFO] running `Command { std: "docker" "inspect" "3dd4a832969bb5289695895f9816bab80a8506bbabfa704fb35ab1187fd91895", kill_on_drop: false }`
[INFO] running `Command { std: "docker" "exec" "-e" "SOURCE_DIR=/opt/rustwide/workdir" "-e" "CARGO_HOME=/opt/rustwide/cargo-home" "-e" "RUSTUP_HOME=/opt/rustwide/rustup-home" "-e" "CARGO_TARGET_DIR=/opt/rustwide/target" "-w" "/opt/rustwide/workdir" "--user" "0:0" "3dd4a832969bb5289695895f9816bab80a8506bbabfa704fb35ab1187fd91895" "/opt/rustwide/cargo-home/bin/cargo" "+1.100.0-beta.1" "metadata" "--no-deps" "--format-version=1", kill_on_drop: false }`
[INFO] running `Command { std: "docker" "inspect" "3dd4a832969bb5289695895f9816bab80a8506bbabfa704fb35ab1187fd91895", kill_on_drop: false }`
[INFO] running `Command { std: "docker" "exec" "-e" "SOURCE_DIR=/opt/rustwide/workdir" "-e" "CARGO_HOME=/opt/rustwide/cargo-home" "-e" "RUSTUP_HOME=/opt/rustwide/rustup-home" "-e" "CARGO_TARGET_DIR=/opt/rustwide/target" "-e" "CARGO_INCREMENTAL=0" "-e" "RUST_BACKTRACE=full" "-e" "RUSTFLAGS=--cap-lints=warn" "-e" "RUSTDOCFLAGS=--cap-lints=warn" "-w" "/opt/rustwide/workdir" "--user" "0:0" "3dd4a832969bb5289695895f9816bab80a8506bbabfa704fb35ab1187fd91895" "/opt/rustwide/cargo-home/bin/cargo" "+1.100.0-beta.1" "build" "--frozen" "--message-format=json" "--release", kill_on_drop: false }`
[INFO] [stderr]    Compiling ferromagnetic v0.0.1-alpha.5 (/opt/rustwide/workdir)
[INFO] [stdout] warning: use of deprecated constant `std::f64::NAN`: replaced by the `NAN` associated constant on `f64`
[INFO] [stdout]   --> src/igrf/math.rs:18:23
[INFO] [stdout]    |
[INFO] [stdout] 18 |             std::f64::NAN
[INFO] [stdout]    |                       ^^^
[INFO] [stdout]    |
[INFO] [stdout]    = note: `#[warn(deprecated)]` on by default
[INFO] [stdout] 
[INFO] [stdout] 
[INFO] [stdout] warning: use of deprecated constant `std::f64::NAN`: replaced by the `NAN` associated constant on `f64`
[INFO] [stdout]   --> src/igrf/math.rs:24:23
[INFO] [stdout]    |
[INFO] [stdout] 24 |             std::f64::NAN
[INFO] [stdout]    |                       ^^^
[INFO] [stdout] 
[INFO] [stdout] 
[INFO] [stderr]     Finished `release` profile [optimized] target(s) in 0.77s
[INFO] running `Command { std: "docker" "inspect" "3dd4a832969bb5289695895f9816bab80a8506bbabfa704fb35ab1187fd91895", kill_on_drop: false }`
[INFO] running `Command { std: "docker" "exec" "-e" "SOURCE_DIR=/opt/rustwide/workdir" "-e" "CARGO_HOME=/opt/rustwide/cargo-home" "-e" "RUSTUP_HOME=/opt/rustwide/rustup-home" "-e" "CARGO_TARGET_DIR=/opt/rustwide/target" "-e" "CARGO_INCREMENTAL=0" "-e" "RUST_BACKTRACE=full" "-e" "RUSTFLAGS=--cap-lints=warn" "-e" "RUSTDOCFLAGS=--cap-lints=warn" "-w" "/opt/rustwide/workdir" "--user" "0:0" "3dd4a832969bb5289695895f9816bab80a8506bbabfa704fb35ab1187fd91895" "/opt/rustwide/cargo-home/bin/cargo" "+1.100.0-beta.1" "test" "--frozen" "--no-run" "--message-format=json" "--release", kill_on_drop: false }`
[INFO] [stderr]    Compiling float_eq v1.0.1
[INFO] [stdout] warning: use of deprecated constant `std::f64::NAN`: replaced by the `NAN` associated constant on `f64`
[INFO] [stdout]   --> src/igrf/math.rs:18:23
[INFO] [stdout]    |
[INFO] [stdout] 18 |             std::f64::NAN
[INFO] [stdout]    |                       ^^^
[INFO] [stdout]    |
[INFO] [stdout]    = note: `#[warn(deprecated)]` on by default
[INFO] [stdout] 
[INFO] [stdout] 
[INFO] [stdout] warning: use of deprecated constant `std::f64::NAN`: replaced by the `NAN` associated constant on `f64`
[INFO] [stdout]   --> src/igrf/math.rs:24:23
[INFO] [stdout]    |
[INFO] [stdout] 24 |             std::f64::NAN
[INFO] [stdout]    |                       ^^^
[INFO] [stdout] 
[INFO] [stdout] 
[INFO] [stderr]    Compiling ferromagnetic v0.0.1-alpha.5 (/opt/rustwide/workdir)
[INFO] [stdout] warning: use of deprecated constant `std::f64::NAN`: replaced by the `NAN` associated constant on `f64`
[INFO] [stdout]   --> src/igrf/math.rs:18:23
[INFO] [stdout]    |
[INFO] [stdout] 18 |             std::f64::NAN
[INFO] [stdout]    |                       ^^^
[INFO] [stdout]    |
[INFO] [stdout]    = note: `#[warn(deprecated)]` on by default
[INFO] [stdout] 
[INFO] [stdout] 
[INFO] [stdout] warning: use of deprecated constant `std::f64::NAN`: replaced by the `NAN` associated constant on `f64`
[INFO] [stdout]   --> src/igrf/math.rs:24:23
[INFO] [stdout]    |
[INFO] [stdout] 24 |             std::f64::NAN
[INFO] [stdout]    |                       ^^^
[INFO] [stdout] 
[INFO] [stdout] 
[INFO] [stderr]     Finished `release` profile [optimized] target(s) in 2.17s
[INFO] running `Command { std: "docker" "inspect" "3dd4a832969bb5289695895f9816bab80a8506bbabfa704fb35ab1187fd91895", kill_on_drop: false }`
[INFO] running `Command { std: "docker" "exec" "-e" "SOURCE_DIR=/opt/rustwide/workdir" "-e" "CARGO_HOME=/opt/rustwide/cargo-home" "-e" "RUSTUP_HOME=/opt/rustwide/rustup-home" "-e" "CARGO_TARGET_DIR=/opt/rustwide/target" "-e" "CARGO_INCREMENTAL=0" "-e" "RUST_BACKTRACE=full" "-e" "RUSTFLAGS=--cap-lints=warn" "-e" "RUSTDOCFLAGS=--cap-lints=warn" "-w" "/opt/rustwide/workdir" "--user" "0:0" "3dd4a832969bb5289695895f9816bab80a8506bbabfa704fb35ab1187fd91895" "/opt/rustwide/cargo-home/bin/cargo" "+1.100.0-beta.1" "test" "--frozen" "--release", kill_on_drop: false }`
[INFO] [stderr] warning: use of deprecated constant `std::f64::NAN`: replaced by the `NAN` associated constant on `f64`
[INFO] [stderr]   --> src/igrf/math.rs:18:23
[INFO] [stderr]    |
[INFO] [stderr] 18 |             std::f64::NAN
[INFO] [stderr]    |                       ^^^
[INFO] [stderr]    |
[INFO] [stderr]    = note: `#[warn(deprecated)]` on by default
[INFO] [stderr] 
[INFO] [stderr] warning: use of deprecated constant `std::f64::NAN`: replaced by the `NAN` associated constant on `f64`
[INFO] [stderr]   --> src/igrf/math.rs:24:23
[INFO] [stderr]    |
[INFO] [stderr] 24 |             std::f64::NAN
[INFO] [stderr]    |                       ^^^
[INFO] [stderr] 
[INFO] [stderr] warning: `ferromagnetic` (lib) generated 2 warnings
[INFO] [stderr] warning: `ferromagnetic` (lib test) generated 2 warnings (2 duplicates)
[INFO] [stderr]     Finished `release` profile [optimized] target(s) in 0.03s
[INFO] [stderr]      Running unittests src/lib.rs (/opt/rustwide/target/release/build/ferromagnetic/c8590ffc9254d1d6/out/ferromagnetic-c8590ffc9254d1d6)
[INFO] [stdout] 
[INFO] [stdout] running 2 tests
[INFO] [stdout] test igrf::math::tests::test_shval3 ... ok
[INFO] [stdout] test igrf::math::tests::difh_xyz ... ok
[INFO] [stdout] 
[INFO] [stdout] test result: ok. 2 passed; 0 failed; 0 ignored; 0 measured; 0 filtered out; finished in 0.00s
[INFO] [stdout] 
[INFO] [stderr]      Running tests/igrf_integration_tests.rs (/opt/rustwide/target/release/build/ferromagnetic/ff6badb681103d09/out/igrf_integration_tests-ff6badb681103d09)
[INFO] [stdout] 
[INFO] [stdout] running 1 test
[INFO] [stdout] test test_igrf_data ... FAILED
[INFO] [stdout] 
[INFO] [stdout] failures:
[INFO] [stdout] 
[INFO] [stdout] ---- test_igrf_data stdout ----
[INFO] [stdout] 
[INFO] [stdout] thread 'test_igrf_data' (193) panicked at tests/igrf_integration_tests.rs:64:5:
[INFO] [stdout] a=12.90457070888407 b=12.99 diff=0.0854292911159309 lhs=0.06495000000000001, rel_tol=0.005, abs_tol=0.005
[INFO] [stdout] stack backtrace:
[INFO] [stdout]    0:     0x5dcd17a0fa41 - <<std[617be2ca0a6fd877]::sys::backtrace::BacktraceLock>::print::DisplayBacktrace as core[a373ad73a504971]::fmt::Display>::fmt
[INFO] [stdout]    1:     0x5dcd17a2420a - core[a373ad73a504971]::fmt::write
[INFO] [stdout]    2:     0x5dcd17a13c5c - <alloc[2e1b2a31b91974c5]::vec::Vec<u8> as core[a373ad73a504971]::io::write::Write>::write_fmt
[INFO] [stdout]    3:     0x5dcd179eb9b6 - std[617be2ca0a6fd877]::panicking::default_hook::{closure#0}
[INFO] [stdout]    4:     0x5dcd17a07d79 - std[617be2ca0a6fd877]::panicking::default_hook
[INFO] [stdout]    5:     0x5dcd1799f5d0 - test[aada8e7e76ba119b]::test_main_inner::{closure#0}
[INFO] [stdout]    6:     0x5dcd17a07f32 - std[617be2ca0a6fd877]::panicking::panic_with_hook
[INFO] [stdout]    7:     0x5dcd179eba62 - std[617be2ca0a6fd877]::panicking::panic_handler::{closure#0}
[INFO] [stdout]    8:     0x5dcd179e45e9 - std[617be2ca0a6fd877]::sys::backtrace::__rust_end_short_backtrace::<std[617be2ca0a6fd877]::panicking::panic_handler::{closure#0}, !>
[INFO] [stdout]    9:     0x5dcd179ec66d - __rustc[ea4f61d10b84890b]::rust_begin_unwind
[INFO] [stdout]   10:     0x5dcd17a2493c - core[a373ad73a504971]::panicking::panic_fmt
[INFO] [stdout]   11:     0x5dcd179923e9 - <igrf_integration_tests[13bcaccf3f7d5980]::test_igrf_data::{closure#0} as core[a373ad73a504971]::ops::function::FnOnce<()>>::call_once
[INFO] [stdout]   12:     0x5dcd17992a1b - test[aada8e7e76ba119b]::__rust_begin_short_backtrace::<core[a373ad73a504971]::result::Result<(), alloc[2e1b2a31b91974c5]::string::String>, fn() -> core[a373ad73a504971]::result::Result<(), alloc[2e1b2a31b91974c5]::string::String>>
[INFO] [stdout]   13:     0x5dcd1799fbf5 - test[aada8e7e76ba119b]::run_test::{closure#0}
[INFO] [stdout]   14:     0x5dcd179994e4 - std[617be2ca0a6fd877]::sys::backtrace::__rust_begin_short_backtrace::<test[aada8e7e76ba119b]::run_test::{closure#1}, ()>
[INFO] [stdout]   15:     0x5dcd179a2c82 - <std[617be2ca0a6fd877]::thread::lifecycle::spawn_unchecked<test[aada8e7e76ba119b]::run_test::{closure#1}, ()>::{closure#1} as core[a373ad73a504971]::ops::function::FnOnce<()>>::call_once::{shim:vtable#0}
[INFO] [stdout]   16:     0x5dcd17a0ef3f - <std[617be2ca0a6fd877]::sys::thread::unix::Thread>::new::thread_start
[INFO] [stdout]   17:     0x781b28bcddfa - <unknown>
[INFO] [stdout]   18:     0x781b28c613d4 - clone
[INFO] [stdout]   19:                0x0 - <unknown>
[INFO] [stdout] 
[INFO] [stdout] 
[INFO] [stdout] failures:
[INFO] [stdout]     test_igrf_data
[INFO] [stdout] 
[INFO] [stdout] test result: FAILED. 0 passed; 1 failed; 0 ignored; 0 measured; 0 filtered out; finished in 0.01s
[INFO] [stdout] 
[INFO] [stderr] error: test failed, to rerun pass `--test igrf_integration_tests`
[INFO] running `Command { std: "docker" "inspect" "3dd4a832969bb5289695895f9816bab80a8506bbabfa704fb35ab1187fd91895", kill_on_drop: false }`
[INFO] running `Command { std: "docker" "rm" "-f" "3dd4a832969bb5289695895f9816bab80a8506bbabfa704fb35ab1187fd91895", kill_on_drop: false }`
[INFO] [stdout] 3dd4a832969bb5289695895f9816bab80a8506bbabfa704fb35ab1187fd91895
