[INFO] fetching crate ferro-api-mcp 0.3.10...
[INFO] testing ferro-api-mcp-0.3.10 against 1.99.0-beta.8+cargoflags=--release for beta-release-1.100-2
[INFO] extracting crate ferro-api-mcp 0.3.10 into /workspace/builds/worker-7-tc1/source
[INFO] started tweaking crates.io crate ferro-api-mcp 0.3.10
[INFO] removed 0 missing tests
[INFO] finished tweaking crates.io crate ferro-api-mcp 0.3.10
[INFO] tweaked toml for crates.io crate ferro-api-mcp 0.3.10 written to /workspace/builds/worker-7-tc1/source/Cargo.toml
[INFO] validating manifest of crates.io crate ferro-api-mcp 0.3.10 on toolchain 1.99.0-beta.8
[INFO] running `Command { std: CARGO_HOME="/workspace/cargo-home" RUSTUP_HOME="/workspace/rustup-home" "/workspace/cargo-home/bin/cargo" "+1.99.0-beta.8" "metadata" "--manifest-path" "Cargo.toml" "--no-deps", kill_on_drop: false }`
[INFO] crate crates.io crate ferro-api-mcp 0.3.10 already has a lockfile, it will not be regenerated
[INFO] running `Command { std: CARGO_HOME="/workspace/cargo-home" RUSTUP_HOME="/workspace/rustup-home" "/workspace/cargo-home/bin/cargo" "+1.99.0-beta.8" "fetch" "--manifest-path" "Cargo.toml", kill_on_drop: false }`
[INFO] [stderr]     Updating crates.io index
[INFO] [stderr]  Downloading crates ...
[INFO] [stderr]   Downloaded rmcp-macros v0.12.0
[INFO] [stderr]   Downloaded rmcp v0.12.0
[INFO] [stderr]   Downloaded process-wrap v9.1.0
[INFO] [stderr]   Downloaded openapiv3 v2.2.0
[INFO] running `Command { std: "docker" "create" "-v" "/var/lib/crater-agent-workspace/builds/worker-7-tc1/source:/opt/rustwide/workdir:ro,Z" "-v" "/var/lib/crater-agent-workspace/builds/worker-7-tc1/target:/opt/rustwide/target:rw,Z" "-v" "/var/lib/crater-agent-workspace/cargo-home:/opt/rustwide/cargo-home:ro,Z" "-v" "/var/lib/crater-agent-workspace/rustup-home:/opt/rustwide/rustup-home:ro,Z" "-m" "1610612736" "--network" "none" "ghcr.io/rust-lang/crates-build-env/linux@sha256:77db811e55d90add9212f6832c23229e3de5f1c1f9905e8cb07319ea15df73ac" "sleep" "infinity", kill_on_drop: false }`
[INFO] [stdout] 338723b0f972e35a71dcadf7c6b5088f6bd2319251f3d715aab06ff6cd4eea45
[INFO] running `Command { std: "docker" "start" "338723b0f972e35a71dcadf7c6b5088f6bd2319251f3d715aab06ff6cd4eea45", kill_on_drop: false }`
[INFO] running `Command { std: "docker" "inspect" "338723b0f972e35a71dcadf7c6b5088f6bd2319251f3d715aab06ff6cd4eea45", kill_on_drop: false }`
[INFO] running `Command { std: "docker" "exec" "-e" "SOURCE_DIR=/opt/rustwide/workdir" "-e" "CARGO_HOME=/opt/rustwide/cargo-home" "-e" "RUSTUP_HOME=/opt/rustwide/rustup-home" "-e" "CARGO_TARGET_DIR=/opt/rustwide/target" "-w" "/opt/rustwide/workdir" "--user" "0:0" "338723b0f972e35a71dcadf7c6b5088f6bd2319251f3d715aab06ff6cd4eea45" "/opt/rustwide/cargo-home/bin/cargo" "+1.99.0-beta.8" "metadata" "--no-deps" "--format-version=1", kill_on_drop: false }`
[INFO] running `Command { std: "docker" "inspect" "338723b0f972e35a71dcadf7c6b5088f6bd2319251f3d715aab06ff6cd4eea45", kill_on_drop: false }`
[INFO] running `Command { std: "docker" "exec" "-e" "SOURCE_DIR=/opt/rustwide/workdir" "-e" "CARGO_HOME=/opt/rustwide/cargo-home" "-e" "RUSTUP_HOME=/opt/rustwide/rustup-home" "-e" "CARGO_TARGET_DIR=/opt/rustwide/target" "-e" "CARGO_INCREMENTAL=0" "-e" "RUST_BACKTRACE=full" "-e" "RUSTFLAGS=--cap-lints=warn" "-e" "RUSTDOCFLAGS=--cap-lints=warn" "-w" "/opt/rustwide/workdir" "--user" "0:0" "338723b0f972e35a71dcadf7c6b5088f6bd2319251f3d715aab06ff6cd4eea45" "/opt/rustwide/cargo-home/bin/cargo" "+1.99.0-beta.8" "build" "--frozen" "--message-format=json" "--release", kill_on_drop: false }`
[INFO] [stderr]    Compiling syn v3.0.3
[INFO] [stderr]    Compiling zerovec-derive v0.11.3
[INFO] [stderr]    Compiling displaydoc v0.2.6
[INFO] [stderr]    Compiling tokio-macros v2.7.1
[INFO] [stderr]    Compiling futures-macro v0.3.33
[INFO] [stderr]    Compiling cc v1.4.0
[INFO] [stderr]    Compiling tracing v0.1.44
[INFO] [stderr]    Compiling rustls v0.23.42
[INFO] [stderr]    Compiling darling_core v0.23.0
[INFO] [stderr]    Compiling thiserror v2.0.19
[INFO] [stderr]    Compiling indexmap v2.14.0
[INFO] [stderr]    Compiling clap_builder v4.6.2
[INFO] [stderr]    Compiling matchers v0.2.0
[INFO] [stderr]    Compiling tracing-subscriber v0.3.23
[INFO] [stderr]    Compiling zerotrie v0.2.4
[INFO] [stderr]    Compiling tokio v1.53.1
[INFO] [stderr]    Compiling futures-util v0.3.33
[INFO] [stderr]    Compiling zerovec v0.11.6
[INFO] [stderr]    Compiling tinystr v0.8.3
[INFO] [stderr]    Compiling potential_utf v0.1.5
[INFO] [stderr]    Compiling icu_collections v2.2.0
[INFO] [stderr]    Compiling ring v0.17.14
[INFO] [stderr]    Compiling icu_locale_core v2.2.0
[INFO] [stderr]    Compiling icu_provider v2.2.0
[INFO] [stderr]    Compiling darling_macro v0.23.0
[INFO] [stderr]    Compiling darling v0.23.0
[INFO] [stderr]    Compiling rmcp-macros v0.12.0
[INFO] [stderr]    Compiling icu_properties v2.2.0
[INFO] [stderr]    Compiling icu_normalizer v2.2.0
[INFO] [stderr]    Compiling serde_derive_internals v0.30.0
[INFO] [stderr]    Compiling idna_adapter v1.2.2
[INFO] [stderr]    Compiling idna v1.1.0
[INFO] [stderr]    Compiling serde_derive v1.0.229
[INFO] [stderr]    Compiling ref-cast-impl v1.0.26
[INFO] [stderr]    Compiling thiserror-impl v2.0.19
[INFO] [stderr]    Compiling clap_derive v4.6.4
[INFO] [stderr]    Compiling async-trait v0.1.91
[INFO] [stderr]    Compiling schemars_derive v1.2.2
[INFO] [stderr]    Compiling url v2.5.8
[INFO] [stderr]    Compiling ref-cast v1.0.26
[INFO] [stderr]    Compiling futures-executor v0.3.33
[INFO] [stderr]    Compiling futures v0.3.33
[INFO] [stderr]    Compiling clap v4.6.4
[INFO] [stderr]    Compiling serde v1.0.229
[INFO] [stderr]    Compiling chrono v0.4.45
[INFO] [stderr]    Compiling serde_urlencoded v0.7.1
[INFO] [stderr]    Compiling openapiv3 v2.2.0
[INFO] [stderr]    Compiling hyper v1.11.0
[INFO] [stderr]    Compiling tower v0.5.3
[INFO] [stderr]    Compiling tokio-util v0.7.19
[INFO] [stderr]    Compiling tower-http v0.6.11
[INFO] [stderr]    Compiling hyper-util v0.1.20
[INFO] [stderr]    Compiling schemars v1.2.2
[INFO] [stderr]    Compiling rmcp v0.12.0
[INFO] [stderr]    Compiling rustls-webpki v0.103.13
[INFO] [stderr]    Compiling tokio-rustls v0.26.4
[INFO] [stderr]    Compiling hyper-rustls v0.27.9
[INFO] [stderr]    Compiling reqwest v0.12.28
[INFO] [stderr]    Compiling ferro-api-mcp v0.3.10 (/opt/rustwide/workdir)
[INFO] [stderr]     Finished `release` profile [optimized] target(s) in 1m 56s
[INFO] running `Command { std: "docker" "inspect" "338723b0f972e35a71dcadf7c6b5088f6bd2319251f3d715aab06ff6cd4eea45", kill_on_drop: false }`
[INFO] running `Command { std: "docker" "exec" "-e" "SOURCE_DIR=/opt/rustwide/workdir" "-e" "CARGO_HOME=/opt/rustwide/cargo-home" "-e" "RUSTUP_HOME=/opt/rustwide/rustup-home" "-e" "CARGO_TARGET_DIR=/opt/rustwide/target" "-e" "CARGO_INCREMENTAL=0" "-e" "RUST_BACKTRACE=full" "-e" "RUSTFLAGS=--cap-lints=warn" "-e" "RUSTDOCFLAGS=--cap-lints=warn" "-w" "/opt/rustwide/workdir" "--user" "0:0" "338723b0f972e35a71dcadf7c6b5088f6bd2319251f3d715aab06ff6cd4eea45" "/opt/rustwide/cargo-home/bin/cargo" "+1.99.0-beta.8" "test" "--frozen" "--no-run" "--message-format=json" "--release", kill_on_drop: false }`
[INFO] [stderr]    Compiling parking_lot_core v0.9.12
[INFO] [stderr]    Compiling getrandom v0.2.17
[INFO] [stderr]    Compiling nix v0.31.3
[INFO] [stderr]    Compiling ring v0.17.14
[INFO] [stderr]    Compiling parking_lot v0.12.5
[INFO] [stderr]    Compiling tokio v1.53.1
[INFO] [stderr]    Compiling rustls-webpki v0.103.13
[INFO] [stderr]    Compiling rustls v0.23.42
[INFO] [stderr]    Compiling hyper v1.11.0
[INFO] [stderr]    Compiling tokio-rustls v0.26.4
[INFO] [stderr]    Compiling tower v0.5.3
[INFO] [stderr]    Compiling process-wrap v9.1.0
[INFO] [stderr]    Compiling tokio-util v0.7.19
[INFO] [stderr]    Compiling tokio-stream v0.1.19
[INFO] [stderr]    Compiling tower-http v0.6.11
[INFO] [stderr]    Compiling rmcp v0.12.0
[INFO] [stderr]    Compiling hyper-util v0.1.20
[INFO] [stderr]    Compiling hyper-rustls v0.27.9
[INFO] [stderr]    Compiling reqwest v0.12.28
[INFO] [stderr]    Compiling ferro-api-mcp v0.3.10 (/opt/rustwide/workdir)
[INFO] [stderr]     Finished `release` profile [optimized] target(s) in 1m 34s
[INFO] running `Command { std: "docker" "inspect" "338723b0f972e35a71dcadf7c6b5088f6bd2319251f3d715aab06ff6cd4eea45", kill_on_drop: false }`
[INFO] running `Command { std: "docker" "exec" "-e" "SOURCE_DIR=/opt/rustwide/workdir" "-e" "CARGO_HOME=/opt/rustwide/cargo-home" "-e" "RUSTUP_HOME=/opt/rustwide/rustup-home" "-e" "CARGO_TARGET_DIR=/opt/rustwide/target" "-e" "CARGO_INCREMENTAL=0" "-e" "RUST_BACKTRACE=full" "-e" "RUSTFLAGS=--cap-lints=warn" "-e" "RUSTDOCFLAGS=--cap-lints=warn" "-w" "/opt/rustwide/workdir" "--user" "0:0" "338723b0f972e35a71dcadf7c6b5088f6bd2319251f3d715aab06ff6cd4eea45" "/opt/rustwide/cargo-home/bin/cargo" "+1.99.0-beta.8" "test" "--frozen" "--release", kill_on_drop: false }`
[INFO] [stderr]     Finished `release` profile [optimized] target(s) in 0.19s
[INFO] [stderr]      Running unittests src/lib.rs (/opt/rustwide/target/release/deps/ferro_api_mcp-72adc61526fc4e29)
[INFO] [stdout] 
[INFO] [stdout] running 50 tests
[INFO] [stdout] test http::tests::build_query_params_skips_absent_args ... ok
[INFO] [stdout] test http::tests::interpolate_path_numeric_value ... ok
[INFO] [stdout] test schema::tests::build_input_schema_path_params_only ... ok
[INFO] [stdout] test http::tests::interpolate_path_missing_param ... ok
[INFO] [stdout] test http::tests::interpolate_path_single_param ... ok
[INFO] [stdout] test schema::tests::inject_description_ignores_non_object ... ok
[INFO] [stdout] test schema::tests::build_input_schema_mixed_params_and_body ... ok
[INFO] [stdout] test http::tests::interpolate_path_multiple_params ... ok
[INFO] [stdout] test http::tests::build_query_params_extracts_query_only ... ok
[INFO] [stdout] test service::tests::validate_args_catches_wrong_type ... ok
[INFO] [stdout] test http::tests::build_query_params_empty_when_no_query_params ... ok
[INFO] [stdout] test service::tests::json_type_name_returns_correct_names ... ok
[INFO] [stdout] test schema::tests::inject_description_adds_to_object ... ok
[INFO] [stdout] test service::tests::validate_args_catches_missing_required_field ... ok
[INFO] [stdout] test service::tests::validate_args_passes_valid_args ... ok
[INFO] [stdout] test schema::tests::build_input_schema_query_params ... ok
[INFO] [stdout] test schema::tests::build_input_schema_with_body ... ok
[INFO] [stdout] test spec::tests::description_fallback_to_tool_name ... ok
[INFO] [stdout] test spec::tests::empty_paths_returns_empty_vec ... ok
[INFO] [stdout] test spec::tests::extracts_query_parameter ... ok
[INFO] [stdout] test service::tests::validate_args_number_accepts_integers ... ok
[INFO] [stdout] test service::tests::validate_args_passes_empty_required ... ok
[INFO] [stdout] test schema::tests::build_input_schema_no_params ... ok
[INFO] [stdout] test spec::tests::extracts_json_request_body_schema ... ok
[INFO] [stdout] test spec::tests::get_has_no_request_body ... ok
[INFO] [stdout] test spec::tests::extracts_multiple_operations ... ok
[INFO] [stdout] test spec::tests::extracts_single_get_operation ... ok
[INFO] [stdout] test service::tests::validate_args_checks_all_types ... ok
[INFO] [stdout] test service::tests::validate_args_ignores_unknown_fields ... ok
[INFO] [stdout] test spec::tests::description_from_summary_only ... ok
[INFO] [stdout] test spec::tests::description_from_summary_and_description ... ok
[INFO] [stdout] test spec::tests::no_parameters_returns_empty_vec ... ok
[INFO] [stdout] test spec::tests::merges_path_level_and_operation_level_parameters ... ok
[INFO] [stdout] test spec::tests::resolves_parameter_schema_ref ... ok
[INFO] [stdout] test spec::tests::tool_name_from_operation_id_dots_to_underscores ... ok
[INFO] [stdout] test spec::tests::resolves_request_body_schema_ref ... ok
[INFO] [stdout] test spec::tests::tool_name_generated_when_no_operation_id ... ok
[INFO] [stdout] test spec::tests::extracts_path_parameter ... ok
[INFO] [stdout] test spec::tests::tool_name_mixed_with_and_without_operation_id ... ok
[INFO] [stdout] test spec::tests::version_2_0_rejected ... ok
[INFO] [stdout] test spec::tests::version_3_0_3_accepted ... ok
[INFO] [stdout] test spec::tests::version_3_1_accepted ... ok
[INFO] [stdout] test spec::tests::x_mcp_description_overrides_summary ... ok
[INFO] [stdout] test spec::tests::unresolvable_ref_degrades_gracefully ... ok
[INFO] [stdout] test spec::tests::version_3_0_0_accepted ... ok
[INFO] [stdout] test spec::tests::x_mcp_hidden_excludes_operation ... ok
[INFO] [stdout] test spec::tests::x_mcp_hint_extracted ... ok
[INFO] [stdout] test spec::tests::x_mcp_tool_name_overrides_operation_id ... ok
[INFO] [stdout] test spec::tests::x_mcp_partial_extensions ... ok
[INFO] [stdout] test spec::tests::x_mcp_fallback_without_extensions ... ok
[INFO] [stdout] 
[INFO] [stdout] test result: ok. 50 passed; 0 failed; 0 ignored; 0 measured; 0 filtered out; finished in 0.01s
[INFO] [stdout] 
[INFO] [stderr]      Running unittests src/main.rs (/opt/rustwide/target/release/deps/ferro_api_mcp-8052cb67dd7107e7)
[INFO] [stdout] 
[INFO] [stderr]      Running tests/e2e.rs (/opt/rustwide/target/release/deps/e2e-6876508b7e527834)
[INFO] [stdout] running 0 tests
[INFO] [stdout] 
[INFO] [stdout] test result: ok. 0 passed; 0 failed; 0 ignored; 0 measured; 0 filtered out; finished in 0.00s
[INFO] [stdout] 
[INFO] [stdout] 
[INFO] [stdout] running 3 tests
[INFO] [stderr] error: could not find `Cargo.toml` in `/opt/rustwide` or any parent directory
[INFO] [stdout] test test_mcp_tool_discovery ... FAILED
[INFO] [stdout] test test_mcp_crud_operations ... FAILED
[INFO] [stdout] test test_openapi_spec_served ... FAILED
[INFO] [stdout] 
[INFO] [stdout] failures:
[INFO] [stdout] 
[INFO] [stdout] ---- test_mcp_tool_discovery stdout ----
[INFO] [stdout] 
[INFO] [stdout] thread 'test_mcp_tool_discovery' (2276) panicked at tests/e2e.rs:58:11:
[INFO] [stdout] Once instance has previously been poisoned
[INFO] [stdout] stack backtrace:
[INFO] [stdout]    0:     0x5a7a1f621fa1 - <<std[70759c8f55707aa4]::sys::backtrace::BacktraceLock>::print::DisplayBacktrace as core[df12db4294e9bfd3]::fmt::Display>::fmt
[INFO] [stdout]    1:     0x5a7a1f63a70a - core[df12db4294e9bfd3]::fmt::write
[INFO] [stdout]    2:     0x5a7a1f6270bc - <alloc[2182bb758b4b3781]::vec::Vec<u8> as core[df12db4294e9bfd3]::io::write::Write>::write_fmt
[INFO] [stdout]    3:     0x5a7a1f5fc306 - std[70759c8f55707aa4]::panicking::default_hook::{closure#0}
[INFO] [stdout]    4:     0x5a7a1f619619 - std[70759c8f55707aa4]::panicking::default_hook
[INFO] [stdout]    5:     0x5a7a1f563660 - test[9d35eded1c95d3be]::test_main_inner::<test[9d35eded1c95d3be]::test_main_static::{closure#0}>::{closure#0}
[INFO] [stdout]    6:     0x5a7a1f619942 - std[70759c8f55707aa4]::panicking::panic_with_hook
[INFO] [stdout]    7:     0x5a7a1f5fc3e4 - std[70759c8f55707aa4]::panicking::panic_handler::{closure#0}
[INFO] [stdout]    8:     0x5a7a1f5f4fa9 - std[70759c8f55707aa4]::sys::backtrace::__rust_end_short_backtrace::<std[70759c8f55707aa4]::panicking::panic_handler::{closure#0}, !>
[INFO] [stdout]    9:     0x5a7a1f5fd19d - __rustc[8fa7c3cbc660c2b3]::rust_begin_unwind
[INFO] [stdout]   10:     0x5a7a1f63ae6c - core[df12db4294e9bfd3]::panicking::panic_fmt
[INFO] [stdout]   11:     0x5a7a1f602501 - <std[70759c8f55707aa4]::sys::sync::once::futex::Once>::call
[INFO] [stdout]   12:     0x5a7a1f33ef9d - e2e[e07cf90669c31b24]::setup_test_app::{closure#0}
[INFO] [stdout]   13:     0x5a7a1f33f618 - e2e[e07cf90669c31b24]::test_mcp_tool_discovery::{closure#0}
[INFO] [stdout]   14:     0x5a7a1f3513e3 - <tokio[6bdef1d547d002c1]::runtime::runtime::Runtime>::block_on::<core[df12db4294e9bfd3]::pin::Pin<&mut dyn core[df12db4294e9bfd3]::future::future::Future<Output = ()>>>
[INFO] [stdout]   15:     0x5a7a1f34828e - <e2e[e07cf90669c31b24]::test_mcp_tool_discovery::{closure#0} as core[df12db4294e9bfd3]::ops::function::FnOnce<()>>::call_once
[INFO] [stdout]   16:     0x5a7a1f55694b - test[9d35eded1c95d3be]::__rust_begin_short_backtrace::<core[df12db4294e9bfd3]::result::Result<(), alloc[2182bb758b4b3781]::string::String>, fn() -> core[df12db4294e9bfd3]::result::Result<(), alloc[2182bb758b4b3781]::string::String>>
[INFO] [stdout]   17:     0x5a7a1f563fb5 - test[9d35eded1c95d3be]::run_test::{closure#0}
[INFO] [stdout]   18:     0x5a7a1f55d874 - std[70759c8f55707aa4]::sys::backtrace::__rust_begin_short_backtrace::<test[9d35eded1c95d3be]::run_test::{closure#1}, ()>
[INFO] [stdout]   19:     0x5a7a1f567112 - <std[70759c8f55707aa4]::thread::lifecycle::spawn_unchecked<test[9d35eded1c95d3be]::run_test::{closure#1}, ()>::{closure#1} as core[df12db4294e9bfd3]::ops::function::FnOnce<()>>::call_once::{shim:vtable#0}
[INFO] [stdout]   20:     0x5a7a1f621279 - <std[70759c8f55707aa4]::sys::thread::unix::Thread>::new::thread_start
[INFO] [stdout]   21:     0x7bb6d2d58dfa - <unknown>
[INFO] [stdout]   22:     0x7bb6d2dec3d4 - clone
[INFO] [stdout]   23:                0x0 - <unknown>
[INFO] [stdout] 
[INFO] [stdout] ---- test_mcp_crud_operations stdout ----
[INFO] [stdout] 
[INFO] [stdout] thread 'test_mcp_crud_operations' (2275) panicked at tests/e2e.rs:58:11:
[INFO] [stdout] Once instance has previously been poisoned
[INFO] [stdout] stack backtrace:
[INFO] [stdout]    0:     0x5a7a1f621fa1 - <<std[70759c8f55707aa4]::sys::backtrace::BacktraceLock>::print::DisplayBacktrace as core[df12db4294e9bfd3]::fmt::Display>::fmt
[INFO] [stdout]    1:     0x5a7a1f63a70a - core[df12db4294e9bfd3]::fmt::write
[INFO] [stdout]    2:     0x5a7a1f6270bc - <alloc[2182bb758b4b3781]::vec::Vec<u8> as core[df12db4294e9bfd3]::io::write::Write>::write_fmt
[INFO] [stdout]    3:     0x5a7a1f5fc306 - std[70759c8f55707aa4]::panicking::default_hook::{closure#0}
[INFO] [stdout]    4:     0x5a7a1f619619 - std[70759c8f55707aa4]::panicking::default_hook
[INFO] [stdout]    5:     0x5a7a1f563660 - test[9d35eded1c95d3be]::test_main_inner::<test[9d35eded1c95d3be]::test_main_static::{closure#0}>::{closure#0}
[INFO] [stdout]    6:     0x5a7a1f619942 - std[70759c8f55707aa4]::panicking::panic_with_hook
[INFO] [stdout]    7:     0x5a7a1f5fc3e4 - std[70759c8f55707aa4]::panicking::panic_handler::{closure#0}
[INFO] [stdout]    8:     0x5a7a1f5f4fa9 - std[70759c8f55707aa4]::sys::backtrace::__rust_end_short_backtrace::<std[70759c8f55707aa4]::panicking::panic_handler::{closure#0}, !>
[INFO] [stdout]    9:     0x5a7a1f5fd19d - __rustc[8fa7c3cbc660c2b3]::rust_begin_unwind
[INFO] [stdout]   10:     0x5a7a1f63ae6c - core[df12db4294e9bfd3]::panicking::panic_fmt
[INFO] [stdout]   11:     0x5a7a1f602501 - <std[70759c8f55707aa4]::sys::sync::once::futex::Once>::call
[INFO] [stdout]   12:     0x5a7a1f33ef9d - e2e[e07cf90669c31b24]::setup_test_app::{closure#0}
[INFO] [stdout]   13:     0x5a7a1f33ff63 - e2e[e07cf90669c31b24]::test_mcp_crud_operations::{closure#0}
[INFO] [stdout]   14:     0x5a7a1f3513e3 - <tokio[6bdef1d547d002c1]::runtime::runtime::Runtime>::block_on::<core[df12db4294e9bfd3]::pin::Pin<&mut dyn core[df12db4294e9bfd3]::future::future::Future<Output = ()>>>
[INFO] [stdout]   15:     0x5a7a1f3483ee - <e2e[e07cf90669c31b24]::test_mcp_crud_operations::{closure#0} as core[df12db4294e9bfd3]::ops::function::FnOnce<()>>::call_once
[INFO] [stdout]   16:     0x5a7a1f55694b - test[9d35eded1c95d3be]::__rust_begin_short_backtrace::<core[df12db4294e9bfd3]::result::Result<(), alloc[2182bb758b4b3781]::string::String>, fn() -> core[df12db4294e9bfd3]::result::Result<(), alloc[2182bb758b4b3781]::string::String>>
[INFO] [stdout]   17:     0x5a7a1f563fb5 - test[9d35eded1c95d3be]::run_test::{closure#0}
[INFO] [stdout]   18:     0x5a7a1f55d874 - std[70759c8f55707aa4]::sys::backtrace::__rust_begin_short_backtrace::<test[9d35eded1c95d3be]::run_test::{closure#1}, ()>
[INFO] [stdout]   19:     0x5a7a1f567112 - <std[70759c8f55707aa4]::thread::lifecycle::spawn_unchecked<test[9d35eded1c95d3be]::run_test::{closure#1}, ()>::{closure#1} as core[df12db4294e9bfd3]::ops::function::FnOnce<()>>::call_once::{shim:vtable#0}
[INFO] [stdout]   20:     0x5a7a1f621279 - <std[70759c8f55707aa4]::sys::thread::unix::Thread>::new::thread_start
[INFO] [stdout]   21:     0x7bb6d2d58dfa - <unknown>
[INFO] [stdout]   22:     0x7bb6d2dec3d4 - clone
[INFO] [stdout]   23:                0x0 - <unknown>
[INFO] [stdout] 
[INFO] [stdout] ---- test_openapi_spec_served stdout ----
[INFO] [stdout] 
[INFO] [stdout] thread 'test_openapi_spec_served' (2277) panicked at tests/e2e.rs:72:9:
[INFO] [stdout] cargo build --workspace --bin app --bin ferro-api-mcp failed
[INFO] [stdout] stack backtrace:
[INFO] [stdout]    0:     0x5a7a1f621fa1 - <<std[70759c8f55707aa4]::sys::backtrace::BacktraceLock>::print::DisplayBacktrace as core[df12db4294e9bfd3]::fmt::Display>::fmt
[INFO] [stdout]    1:     0x5a7a1f63a70a - core[df12db4294e9bfd3]::fmt::write
[INFO] [stdout]    2:     0x5a7a1f6270bc - <alloc[2182bb758b4b3781]::vec::Vec<u8> as core[df12db4294e9bfd3]::io::write::Write>::write_fmt
[INFO] [stdout]    3:     0x5a7a1f5fc306 - std[70759c8f55707aa4]::panicking::default_hook::{closure#0}
[INFO] [stdout]    4:     0x5a7a1f619619 - std[70759c8f55707aa4]::panicking::default_hook
[INFO] [stdout]    5:     0x5a7a1f563660 - test[9d35eded1c95d3be]::test_main_inner::<test[9d35eded1c95d3be]::test_main_static::{closure#0}>::{closure#0}
[INFO] [stdout]    6:     0x5a7a1f619942 - std[70759c8f55707aa4]::panicking::panic_with_hook
[INFO] [stdout]    7:     0x5a7a1f5fc3e4 - std[70759c8f55707aa4]::panicking::panic_handler::{closure#0}
[INFO] [stdout]    8:     0x5a7a1f5f4fa9 - std[70759c8f55707aa4]::sys::backtrace::__rust_end_short_backtrace::<std[70759c8f55707aa4]::panicking::panic_handler::{closure#0}, !>
[INFO] [stdout]    9:     0x5a7a1f5fd19d - __rustc[8fa7c3cbc660c2b3]::rust_begin_unwind
[INFO] [stdout]   10:     0x5a7a1f63ae6c - core[df12db4294e9bfd3]::panicking::panic_fmt
[INFO] [stdout]   11:     0x5a7a1f33d6ed - <std[70759c8f55707aa4]::sync::once::Once>::call_once::<e2e[e07cf90669c31b24]::ensure_binaries_built::{closure#0}>::{closure#0}
[INFO] [stdout]   12:     0x5a7a1f6023c9 - <std[70759c8f55707aa4]::sys::sync::once::futex::Once>::call
[INFO] [stdout]   13:     0x5a7a1f33ef9d - e2e[e07cf90669c31b24]::setup_test_app::{closure#0}
[INFO] [stdout]   14:     0x5a7a1f342b68 - e2e[e07cf90669c31b24]::test_openapi_spec_served::{closure#0}
[INFO] [stdout]   15:     0x5a7a1f3513e3 - <tokio[6bdef1d547d002c1]::runtime::runtime::Runtime>::block_on::<core[df12db4294e9bfd3]::pin::Pin<&mut dyn core[df12db4294e9bfd3]::future::future::Future<Output = ()>>>
[INFO] [stdout]   16:     0x5a7a1f34854e - <e2e[e07cf90669c31b24]::test_openapi_spec_served::{closure#0} as core[df12db4294e9bfd3]::ops::function::FnOnce<()>>::call_once
[INFO] [stdout]   17:     0x5a7a1f55694b - test[9d35eded1c95d3be]::__rust_begin_short_backtrace::<core[df12db4294e9bfd3]::result::Result<(), alloc[2182bb758b4b3781]::string::String>, fn() -> core[df12db4294e9bfd3]::result::Result<(), alloc[2182bb758b4b3781]::string::String>>
[INFO] [stdout]   18:     0x5a7a1f563fb5 - test[9d35eded1c95d3be]::run_test::{closure#0}
[INFO] [stdout]   19:     0x5a7a1f55d874 - std[70759c8f55707aa4]::sys::backtrace::__rust_begin_short_backtrace::<test[9d35eded1c95d3be]::run_test::{closure#1}, ()>
[INFO] [stdout]   20:     0x5a7a1f567112 - <std[70759c8f55707aa4]::thread::lifecycle::spawn_unchecked<test[9d35eded1c95d3be]::run_test::{closure#1}, ()>::{closure#1} as core[df12db4294e9bfd3]::ops::function::FnOnce<()>>::call_once::{shim:vtable#0}
[INFO] [stdout]   21:     0x5a7a1f621279 - <std[70759c8f55707aa4]::sys::thread::unix::Thread>::new::thread_start
[INFO] [stdout]   22:     0x7bb6d2d58dfa - <unknown>
[INFO] [stdout]   23:     0x7bb6d2dec3d4 - clone
[INFO] [stdout]   24:                0x0 - <unknown>
[INFO] [stdout] 
[INFO] [stdout] 
[INFO] [stdout] failures:
[INFO] [stdout]     test_mcp_crud_operations
[INFO] [stdout]     test_mcp_tool_discovery
[INFO] [stdout]     test_openapi_spec_served
[INFO] [stdout] 
[INFO] [stdout] test result: FAILED. 0 passed; 3 failed; 0 ignored; 0 measured; 0 filtered out; finished in 0.12s
[INFO] [stdout] 
[INFO] [stderr] error: test failed, to rerun pass `--test e2e`
[INFO] running `Command { std: "docker" "inspect" "338723b0f972e35a71dcadf7c6b5088f6bd2319251f3d715aab06ff6cd4eea45", kill_on_drop: false }`
[INFO] running `Command { std: "docker" "rm" "-f" "338723b0f972e35a71dcadf7c6b5088f6bd2319251f3d715aab06ff6cd4eea45", kill_on_drop: false }`
[INFO] [stdout] 338723b0f972e35a71dcadf7c6b5088f6bd2319251f3d715aab06ff6cd4eea45
