[INFO] fetching crate ferrishot_iced_futures 0.14.1...
[INFO] testing ferrishot_iced_futures-0.14.1 against 1.99.0-beta.8+cargoflags=--release for beta-release-1.100-2
[INFO] extracting crate ferrishot_iced_futures 0.14.1 into /workspace/builds/worker-3-tc1/source
[INFO] started tweaking crates.io crate ferrishot_iced_futures 0.14.1
[INFO] finished tweaking crates.io crate ferrishot_iced_futures 0.14.1
[INFO] tweaked toml for crates.io crate ferrishot_iced_futures 0.14.1 written to /workspace/builds/worker-3-tc1/source/Cargo.toml
[INFO] validating manifest of crates.io crate ferrishot_iced_futures 0.14.1 on toolchain 1.99.0-beta.8
[INFO] running `Command { std: CARGO_HOME="/workspace/cargo-home" RUSTUP_HOME="/workspace/rustup-home" "/workspace/cargo-home/bin/cargo" "+1.99.0-beta.8" "metadata" "--manifest-path" "Cargo.toml" "--no-deps", kill_on_drop: false }`
[INFO] crate crates.io crate ferrishot_iced_futures 0.14.1 already has a lockfile, it will not be regenerated
[INFO] running `Command { std: CARGO_HOME="/workspace/cargo-home" RUSTUP_HOME="/workspace/rustup-home" "/workspace/cargo-home/bin/cargo" "+1.99.0-beta.8" "fetch" "--manifest-path" "Cargo.toml", kill_on_drop: false }`
[INFO] [stderr] warning: Cargo.toml: `lints.clippy.map-entry` is deprecated in favor of `lints.clippy.map_entry` and will not work in a future edition
[INFO] [stderr] warning: Cargo.toml: `lints.clippy.match-wildcard-for-single-variants` is deprecated in favor of `lints.clippy.match_wildcard_for_single_variants` and will not work in a future edition
[INFO] [stderr] warning: Cargo.toml: `lints.clippy.redundant-closure-for-method-calls` is deprecated in favor of `lints.clippy.redundant_closure_for_method_calls` and will not work in a future edition
[INFO] [stderr] warning: Cargo.toml: `lints.clippy.trivially-copy-pass-by-ref` is deprecated in favor of `lints.clippy.trivially_copy_pass_by_ref` and will not work in a future edition
[INFO] [stderr] warning: Cargo.toml: `lints.clippy.type-complexity` is deprecated in favor of `lints.clippy.type_complexity` and will not work in a future edition
[INFO] [stderr] warning: `ferrishot_iced_futures` (manifest) generated 5 warnings
[INFO] [stderr]     Updating crates.io index
[INFO] [stderr]  Downloading crates ...
[INFO] [stderr]   Downloaded wasmtimer v0.4.1
[INFO] [stderr]   Downloaded async-net v2.0.0
[INFO] [stderr]   Downloaded lilt v0.8.1
[INFO] [stderr]   Downloaded smol v2.0.2
[INFO] [stderr]   Downloaded ferrishot_iced_core v0.14.1
[INFO] running `Command { std: "docker" "create" "-v" "/var/lib/crater-agent-workspace/builds/worker-3-tc1/source:/opt/rustwide/workdir:ro,Z" "-v" "/var/lib/crater-agent-workspace/builds/worker-3-tc1/target:/opt/rustwide/target:rw,Z" "-v" "/var/lib/crater-agent-workspace/cargo-home:/opt/rustwide/cargo-home:ro,Z" "-v" "/var/lib/crater-agent-workspace/rustup-home:/opt/rustwide/rustup-home:ro,Z" "-m" "1610612736" "--network" "none" "ghcr.io/rust-lang/crates-build-env/linux@sha256:77db811e55d90add9212f6832c23229e3de5f1c1f9905e8cb07319ea15df73ac" "sleep" "infinity", kill_on_drop: false }`
[INFO] [stdout] b03e9cad5285ebe591a4d584554ec52ea68a84bfcf7c7635c322895b7987ecc8
[INFO] running `Command { std: "docker" "start" "b03e9cad5285ebe591a4d584554ec52ea68a84bfcf7c7635c322895b7987ecc8", kill_on_drop: false }`
[INFO] running `Command { std: "docker" "inspect" "b03e9cad5285ebe591a4d584554ec52ea68a84bfcf7c7635c322895b7987ecc8", kill_on_drop: false }`
[INFO] running `Command { std: "docker" "exec" "-e" "SOURCE_DIR=/opt/rustwide/workdir" "-e" "CARGO_HOME=/opt/rustwide/cargo-home" "-e" "RUSTUP_HOME=/opt/rustwide/rustup-home" "-e" "CARGO_TARGET_DIR=/opt/rustwide/target" "-w" "/opt/rustwide/workdir" "--user" "0:0" "b03e9cad5285ebe591a4d584554ec52ea68a84bfcf7c7635c322895b7987ecc8" "/opt/rustwide/cargo-home/bin/cargo" "+1.99.0-beta.8" "metadata" "--no-deps" "--format-version=1", kill_on_drop: false }`
[INFO] running `Command { std: "docker" "inspect" "b03e9cad5285ebe591a4d584554ec52ea68a84bfcf7c7635c322895b7987ecc8", kill_on_drop: false }`
[INFO] running `Command { std: "docker" "exec" "-e" "SOURCE_DIR=/opt/rustwide/workdir" "-e" "CARGO_HOME=/opt/rustwide/cargo-home" "-e" "RUSTUP_HOME=/opt/rustwide/rustup-home" "-e" "CARGO_TARGET_DIR=/opt/rustwide/target" "-e" "CARGO_INCREMENTAL=0" "-e" "RUST_BACKTRACE=full" "-e" "RUSTFLAGS=--cap-lints=warn" "-e" "RUSTDOCFLAGS=--cap-lints=warn" "-w" "/opt/rustwide/workdir" "--user" "0:0" "b03e9cad5285ebe591a4d584554ec52ea68a84bfcf7c7635c322895b7987ecc8" "/opt/rustwide/cargo-home/bin/cargo" "+1.99.0-beta.8" "build" "--frozen" "--message-format=json" "--release", kill_on_drop: false }`
[INFO] [stderr] warning: Cargo.toml: `lints.clippy.map-entry` is deprecated in favor of `lints.clippy.map_entry` and will not work in a future edition
[INFO] [stderr] warning: Cargo.toml: `lints.clippy.match-wildcard-for-single-variants` is deprecated in favor of `lints.clippy.match_wildcard_for_single_variants` and will not work in a future edition
[INFO] [stderr] warning: Cargo.toml: `lints.clippy.redundant-closure-for-method-calls` is deprecated in favor of `lints.clippy.redundant_closure_for_method_calls` and will not work in a future edition
[INFO] [stderr] warning: Cargo.toml: `lints.clippy.trivially-copy-pass-by-ref` is deprecated in favor of `lints.clippy.trivially_copy_pass_by_ref` and will not work in a future edition
[INFO] [stderr] warning: Cargo.toml: `lints.clippy.type-complexity` is deprecated in favor of `lints.clippy.type_complexity` and will not work in a future edition
[INFO] [stderr] warning: `ferrishot_iced_futures` (manifest) generated 5 warnings
[INFO] [stderr]    Compiling syn v2.0.100
[INFO] [stderr]    Compiling num-traits v0.2.19
[INFO] [stderr]    Compiling futures-core v0.3.31
[INFO] [stderr]    Compiling futures-io v0.3.31
[INFO] [stderr]    Compiling bitflags v2.9.0
[INFO] [stderr]    Compiling smol_str v0.2.2
[INFO] [stderr]    Compiling lilt v0.8.1
[INFO] [stderr]    Compiling log v0.4.27
[INFO] [stderr]    Compiling glam v0.25.0
[INFO] [stderr]    Compiling futures-channel v0.3.31
[INFO] [stderr]    Compiling futures-macro v0.3.31
[INFO] [stderr]    Compiling thiserror-impl v1.0.69
[INFO] [stderr]    Compiling futures-util v0.3.31
[INFO] [stderr]    Compiling thiserror v1.0.69
[INFO] [stderr]    Compiling ferrishot_iced_core v0.14.1
[INFO] [stderr]    Compiling futures v0.3.31
[INFO] [stderr]    Compiling ferrishot_iced_futures v0.14.1 (/opt/rustwide/workdir)
[INFO] [stderr]     Finished `release` profile [optimized] target(s) in 11.23s
[INFO] running `Command { std: "docker" "inspect" "b03e9cad5285ebe591a4d584554ec52ea68a84bfcf7c7635c322895b7987ecc8", kill_on_drop: false }`
[INFO] running `Command { std: "docker" "exec" "-e" "SOURCE_DIR=/opt/rustwide/workdir" "-e" "CARGO_HOME=/opt/rustwide/cargo-home" "-e" "RUSTUP_HOME=/opt/rustwide/rustup-home" "-e" "CARGO_TARGET_DIR=/opt/rustwide/target" "-e" "CARGO_INCREMENTAL=0" "-e" "RUST_BACKTRACE=full" "-e" "RUSTFLAGS=--cap-lints=warn" "-e" "RUSTDOCFLAGS=--cap-lints=warn" "-w" "/opt/rustwide/workdir" "--user" "0:0" "b03e9cad5285ebe591a4d584554ec52ea68a84bfcf7c7635c322895b7987ecc8" "/opt/rustwide/cargo-home/bin/cargo" "+1.99.0-beta.8" "test" "--frozen" "--no-run" "--message-format=json" "--release", kill_on_drop: false }`
[INFO] [stderr] warning: Cargo.toml: `lints.clippy.map-entry` is deprecated in favor of `lints.clippy.map_entry` and will not work in a future edition
[INFO] [stderr] warning: Cargo.toml: `lints.clippy.match-wildcard-for-single-variants` is deprecated in favor of `lints.clippy.match_wildcard_for_single_variants` and will not work in a future edition
[INFO] [stderr] warning: Cargo.toml: `lints.clippy.redundant-closure-for-method-calls` is deprecated in favor of `lints.clippy.redundant_closure_for_method_calls` and will not work in a future edition
[INFO] [stderr] warning: Cargo.toml: `lints.clippy.trivially-copy-pass-by-ref` is deprecated in favor of `lints.clippy.trivially_copy_pass_by_ref` and will not work in a future edition
[INFO] [stderr] warning: Cargo.toml: `lints.clippy.type-complexity` is deprecated in favor of `lints.clippy.type_complexity` and will not work in a future edition
[INFO] [stderr] warning: `ferrishot_iced_futures` (manifest) generated 5 warnings
[INFO] [stderr]    Compiling ferrishot_iced_futures v0.14.1 (/opt/rustwide/workdir)
[INFO] [stderr]     Finished `release` profile [optimized] target(s) in 0.41s
[INFO] running `Command { std: "docker" "inspect" "b03e9cad5285ebe591a4d584554ec52ea68a84bfcf7c7635c322895b7987ecc8", kill_on_drop: false }`
[INFO] running `Command { std: "docker" "exec" "-e" "SOURCE_DIR=/opt/rustwide/workdir" "-e" "CARGO_HOME=/opt/rustwide/cargo-home" "-e" "RUSTUP_HOME=/opt/rustwide/rustup-home" "-e" "CARGO_TARGET_DIR=/opt/rustwide/target" "-e" "CARGO_INCREMENTAL=0" "-e" "RUST_BACKTRACE=full" "-e" "RUSTFLAGS=--cap-lints=warn" "-e" "RUSTDOCFLAGS=--cap-lints=warn" "-w" "/opt/rustwide/workdir" "--user" "0:0" "b03e9cad5285ebe591a4d584554ec52ea68a84bfcf7c7635c322895b7987ecc8" "/opt/rustwide/cargo-home/bin/cargo" "+1.99.0-beta.8" "test" "--frozen" "--release", kill_on_drop: false }`
[INFO] [stderr] warning: Cargo.toml: `lints.clippy.map-entry` is deprecated in favor of `lints.clippy.map_entry` and will not work in a future edition
[INFO] [stderr] warning: Cargo.toml: `lints.clippy.match-wildcard-for-single-variants` is deprecated in favor of `lints.clippy.match_wildcard_for_single_variants` and will not work in a future edition
[INFO] [stderr] warning: Cargo.toml: `lints.clippy.redundant-closure-for-method-calls` is deprecated in favor of `lints.clippy.redundant_closure_for_method_calls` and will not work in a future edition
[INFO] [stderr] warning: Cargo.toml: `lints.clippy.trivially-copy-pass-by-ref` is deprecated in favor of `lints.clippy.trivially_copy_pass_by_ref` and will not work in a future edition
[INFO] [stderr] warning: Cargo.toml: `lints.clippy.type-complexity` is deprecated in favor of `lints.clippy.type_complexity` and will not work in a future edition
[INFO] [stderr] warning: `ferrishot_iced_futures` (manifest) generated 5 warnings
[INFO] [stdout] 
[INFO] [stderr]     Finished `release` profile [optimized] target(s) in 0.07s
[INFO] [stdout] running 0 tests
[INFO] [stderr]      Running unittests src/lib.rs (/opt/rustwide/target/release/deps/ferrishot_iced_futures-73094c999b356baa)
[INFO] [stdout] 
[INFO] [stderr]    Doc-tests ferrishot_iced_futures
[INFO] [stdout] test result: ok. 0 passed; 0 failed; 0 ignored; 0 measured; 0 filtered out; finished in 0.00s
[INFO] [stdout] 
[INFO] [stdout] 
[INFO] [stdout] running 2 tests
[INFO] [stdout] test src/subscription.rs - subscription::Subscription (line 90) ... FAILED
[INFO] [stdout] test src/subscription.rs - subscription::Subscription<T>::run (line 140) ... FAILED
[INFO] [stdout] 
[INFO] [stdout] failures:
[INFO] [stdout] 
[INFO] [stdout] ---- src/subscription.rs - subscription::Subscription (line 90) stdout ----
[INFO] [stdout] error[E0433]: cannot find module or crate `ferrishot_iced` in this scope
[INFO] [stdout]    --> src/subscription.rs:100:5
[INFO] [stdout]     |
[INFO] [stdout] 100 | use ferrishot_iced::time::{self, Duration, Instant};
[INFO] [stdout]     |     ^^^^^^^^^^^^^^ use of unresolved module or unlinked crate `ferrishot_iced`
[INFO] [stdout]     |
[INFO] [stdout]     = help: if you wanted to use a crate named `ferrishot_iced`, use `cargo add ferrishot_iced` to add it to your `Cargo.toml`
[INFO] [stdout] 
[INFO] [stdout] error[E0432]: unresolved import `ferrishot_iced_futures::backend::default::time::every`
[INFO] [stdout]   --> src/subscription.rs:94:17
[INFO] [stdout]    |
[INFO] [stdout] 94 |         pub use ferrishot_iced_futures::backend::default::time::every;
[INFO] [stdout]    |                 ^^^^^^^^^^^^^^^^^^^^^^^^^^^^^^^^^^^^^^^^^^^^^^^^-----
[INFO] [stdout]    |                                                                 |
[INFO] [stdout]    |                                                                 no `every` in `backend::null::time`
[INFO] [stdout] 
[INFO] [stdout] error[E0432]: unresolved import `ferrishot_iced`
[INFO] [stdout]    --> src/subscription.rs:101:5
[INFO] [stdout]     |
[INFO] [stdout] 101 | use ferrishot_iced::Subscription;
[INFO] [stdout]     |     ^^^^^^^^^^^^^^ use of unresolved module or unlinked crate `ferrishot_iced`
[INFO] [stdout]     |
[INFO] [stdout]     = help: if you wanted to use a crate named `ferrishot_iced`, use `cargo add ferrishot_iced` to add it to your `Cargo.toml`
[INFO] [stdout] 
[INFO] [stdout] error: aborting due to 3 previous errors
[INFO] [stdout] 
[INFO] [stdout] Some errors have detailed explanations: E0432, E0433.
[INFO] [stdout] For more information about an error, try `rustc --explain E0432`.
[INFO] [stdout] Couldn't compile the test.
[INFO] [stdout] ---- src/subscription.rs - subscription::Subscription<T>::run (line 140) stdout ----
[INFO] [stdout] error[E0433]: cannot find module or crate `ferrishot_iced` in this scope
[INFO] [stdout]    --> src/subscription.rs:147:5
[INFO] [stdout]     |
[INFO] [stdout] 147 | use ferrishot_iced::futures::channel::mpsc;
[INFO] [stdout]     |     ^^^^^^^^^^^^^^ use of unresolved module or unlinked crate `ferrishot_iced`
[INFO] [stdout]     |
[INFO] [stdout]     = help: if you wanted to use a crate named `ferrishot_iced`, use `cargo add ferrishot_iced` to add it to your `Cargo.toml`
[INFO] [stdout] 
[INFO] [stdout] error[E0433]: cannot find module or crate `ferrishot_iced` in this scope
[INFO] [stdout]    --> src/subscription.rs:148:5
[INFO] [stdout]     |
[INFO] [stdout] 148 | use ferrishot_iced::futures::sink::SinkExt;
[INFO] [stdout]     |     ^^^^^^^^^^^^^^ use of unresolved module or unlinked crate `ferrishot_iced`
[INFO] [stdout]     |
[INFO] [stdout]     = help: if you wanted to use a crate named `ferrishot_iced`, use `cargo add ferrishot_iced` to add it to your `Cargo.toml`
[INFO] [stdout] 
[INFO] [stdout] error[E0433]: cannot find module or crate `ferrishot_iced` in this scope
[INFO] [stdout]    --> src/subscription.rs:149:5
[INFO] [stdout]     |
[INFO] [stdout] 149 | use ferrishot_iced::futures::Stream;
[INFO] [stdout]     |     ^^^^^^^^^^^^^^ use of unresolved module or unlinked crate `ferrishot_iced`
[INFO] [stdout]     |
[INFO] [stdout]     = help: if you wanted to use a crate named `ferrishot_iced`, use `cargo add ferrishot_iced` to add it to your `Cargo.toml`
[INFO] [stdout] 
[INFO] [stdout] error[E0432]: unresolved import `ferrishot_iced`
[INFO] [stdout]    --> src/subscription.rs:150:5
[INFO] [stdout]     |
[INFO] [stdout] 150 | use ferrishot_iced::stream;
[INFO] [stdout]     |     ^^^^^^^^^^^^^^ use of unresolved module or unlinked crate `ferrishot_iced`
[INFO] [stdout]     |
[INFO] [stdout]     = help: if you wanted to use a crate named `ferrishot_iced`, use `cargo add ferrishot_iced` to add it to your `Cargo.toml`
[INFO] [stdout] 
[INFO] [stdout] error[E0433]: cannot find module or crate `iced_futures` in this scope
[INFO] [stdout]    --> src/subscription.rs:173:17
[INFO] [stdout]     |
[INFO] [stdout] 173 |             use iced_futures::futures::StreamExt;
[INFO] [stdout]     |                 ^^^^^^^^^^^^ use of unresolved module or unlinked crate `iced_futures`
[INFO] [stdout]     |
[INFO] [stdout]     = help: if you wanted to use a crate named `iced_futures`, use `cargo add iced_futures` to add it to your `Cargo.toml`
[INFO] [stdout] 
[INFO] [stdout] error[E0432]: unresolved import `ferrishot_iced`
[INFO] [stdout]    --> src/subscription.rs:151:5
[INFO] [stdout]     |
[INFO] [stdout] 151 | use ferrishot_iced::Subscription;
[INFO] [stdout]     |     ^^^^^^^^^^^^^^ use of unresolved module or unlinked crate `ferrishot_iced`
[INFO] [stdout]     |
[INFO] [stdout]     = help: if you wanted to use a crate named `ferrishot_iced`, use `cargo add ferrishot_iced` to add it to your `Cargo.toml`
[INFO] [stdout] 
[INFO] [stdout] error: aborting due to 6 previous errors
[INFO] [stdout] 
[INFO] [stdout] Some errors have detailed explanations: E0432, E0433.
[INFO] [stdout] For more information about an error, try `rustc --explain E0432`.
[INFO] [stdout] Couldn't compile the test.
[INFO] [stdout] 
[INFO] [stdout] failures:
[INFO] [stdout]     src/subscription.rs - subscription::Subscription (line 90)
[INFO] [stdout]     src/subscription.rs - subscription::Subscription<T>::run (line 140)
[INFO] [stdout] 
[INFO] [stdout] test result: FAILED. 0 passed; 2 failed; 0 ignored; 0 measured; 0 filtered out; finished in 0.12s
[INFO] [stdout] 
[INFO] [stdout] all doctests ran in 0.22s; merged doctests compilation took 0.09s
[INFO] [stderr] error: doctest failed, to rerun pass `--doc`
[INFO] running `Command { std: "docker" "inspect" "b03e9cad5285ebe591a4d584554ec52ea68a84bfcf7c7635c322895b7987ecc8", kill_on_drop: false }`
[INFO] running `Command { std: "docker" "rm" "-f" "b03e9cad5285ebe591a4d584554ec52ea68a84bfcf7c7635c322895b7987ecc8", kill_on_drop: false }`
[INFO] [stdout] b03e9cad5285ebe591a4d584554ec52ea68a84bfcf7c7635c322895b7987ecc8
