[INFO] fetching crate ferrify-domain 0.1.1...
[INFO] testing ferrify-domain-0.1.1 against 1.99.0-beta.8+cargoflags=--release for beta-release-1.100-2
[INFO] extracting crate ferrify-domain 0.1.1 into /workspace/builds/worker-1-tc1/source
[INFO] started tweaking crates.io crate ferrify-domain 0.1.1
[INFO] finished tweaking crates.io crate ferrify-domain 0.1.1
[INFO] tweaked toml for crates.io crate ferrify-domain 0.1.1 written to /workspace/builds/worker-1-tc1/source/Cargo.toml
[INFO] validating manifest of crates.io crate ferrify-domain 0.1.1 on toolchain 1.99.0-beta.8
[INFO] running `Command { std: CARGO_HOME="/workspace/cargo-home" RUSTUP_HOME="/workspace/rustup-home" "/workspace/cargo-home/bin/cargo" "+1.99.0-beta.8" "metadata" "--manifest-path" "Cargo.toml" "--no-deps", kill_on_drop: false }`
[INFO] crate crates.io crate ferrify-domain 0.1.1 already has a lockfile, it will not be regenerated
[INFO] running `Command { std: CARGO_HOME="/workspace/cargo-home" RUSTUP_HOME="/workspace/rustup-home" "/workspace/cargo-home/bin/cargo" "+1.99.0-beta.8" "fetch" "--manifest-path" "Cargo.toml", kill_on_drop: false }`
[INFO] running `Command { std: "docker" "create" "-v" "/var/lib/crater-agent-workspace/builds/worker-1-tc1/source:/opt/rustwide/workdir:ro,Z" "-v" "/var/lib/crater-agent-workspace/builds/worker-1-tc1/target:/opt/rustwide/target:rw,Z" "-v" "/var/lib/crater-agent-workspace/cargo-home:/opt/rustwide/cargo-home:ro,Z" "-v" "/var/lib/crater-agent-workspace/rustup-home:/opt/rustwide/rustup-home:ro,Z" "-m" "1610612736" "--network" "none" "ghcr.io/rust-lang/crates-build-env/linux@sha256:77db811e55d90add9212f6832c23229e3de5f1c1f9905e8cb07319ea15df73ac" "sleep" "infinity", kill_on_drop: false }`
[INFO] [stdout] eb751a95f25081b39e7330fb98a68b9f2fa1f73c98ae2b2c10878a55240b08b6
[INFO] running `Command { std: "docker" "start" "eb751a95f25081b39e7330fb98a68b9f2fa1f73c98ae2b2c10878a55240b08b6", kill_on_drop: false }`
[INFO] running `Command { std: "docker" "inspect" "eb751a95f25081b39e7330fb98a68b9f2fa1f73c98ae2b2c10878a55240b08b6", kill_on_drop: false }`
[INFO] running `Command { std: "docker" "exec" "-e" "SOURCE_DIR=/opt/rustwide/workdir" "-e" "CARGO_HOME=/opt/rustwide/cargo-home" "-e" "RUSTUP_HOME=/opt/rustwide/rustup-home" "-e" "CARGO_TARGET_DIR=/opt/rustwide/target" "-w" "/opt/rustwide/workdir" "--user" "0:0" "eb751a95f25081b39e7330fb98a68b9f2fa1f73c98ae2b2c10878a55240b08b6" "/opt/rustwide/cargo-home/bin/cargo" "+1.99.0-beta.8" "metadata" "--no-deps" "--format-version=1", kill_on_drop: false }`
[INFO] running `Command { std: "docker" "inspect" "eb751a95f25081b39e7330fb98a68b9f2fa1f73c98ae2b2c10878a55240b08b6", kill_on_drop: false }`
[INFO] running `Command { std: "docker" "exec" "-e" "SOURCE_DIR=/opt/rustwide/workdir" "-e" "CARGO_HOME=/opt/rustwide/cargo-home" "-e" "RUSTUP_HOME=/opt/rustwide/rustup-home" "-e" "CARGO_TARGET_DIR=/opt/rustwide/target" "-e" "CARGO_INCREMENTAL=0" "-e" "RUST_BACKTRACE=full" "-e" "RUSTFLAGS=--cap-lints=warn" "-e" "RUSTDOCFLAGS=--cap-lints=warn" "-w" "/opt/rustwide/workdir" "--user" "0:0" "eb751a95f25081b39e7330fb98a68b9f2fa1f73c98ae2b2c10878a55240b08b6" "/opt/rustwide/cargo-home/bin/cargo" "+1.99.0-beta.8" "build" "--frozen" "--message-format=json" "--release", kill_on_drop: false }`
[INFO] [stderr]    Compiling ferrify-domain v0.1.1 (/opt/rustwide/workdir)
[INFO] [stderr]     Finished `release` profile [optimized] target(s) in 1.74s
[INFO] running `Command { std: "docker" "inspect" "eb751a95f25081b39e7330fb98a68b9f2fa1f73c98ae2b2c10878a55240b08b6", kill_on_drop: false }`
[INFO] running `Command { std: "docker" "exec" "-e" "SOURCE_DIR=/opt/rustwide/workdir" "-e" "CARGO_HOME=/opt/rustwide/cargo-home" "-e" "RUSTUP_HOME=/opt/rustwide/rustup-home" "-e" "CARGO_TARGET_DIR=/opt/rustwide/target" "-e" "CARGO_INCREMENTAL=0" "-e" "RUST_BACKTRACE=full" "-e" "RUSTFLAGS=--cap-lints=warn" "-e" "RUSTDOCFLAGS=--cap-lints=warn" "-w" "/opt/rustwide/workdir" "--user" "0:0" "eb751a95f25081b39e7330fb98a68b9f2fa1f73c98ae2b2c10878a55240b08b6" "/opt/rustwide/cargo-home/bin/cargo" "+1.99.0-beta.8" "test" "--frozen" "--no-run" "--message-format=json" "--release", kill_on_drop: false }`
[INFO] [stderr]    Compiling serde_json v1.0.149
[INFO] [stderr]    Compiling ferrify-domain v0.1.1 (/opt/rustwide/workdir)
[INFO] [stderr]     Finished `release` profile [optimized] target(s) in 4.57s
[INFO] running `Command { std: "docker" "inspect" "eb751a95f25081b39e7330fb98a68b9f2fa1f73c98ae2b2c10878a55240b08b6", kill_on_drop: false }`
[INFO] running `Command { std: "docker" "exec" "-e" "SOURCE_DIR=/opt/rustwide/workdir" "-e" "CARGO_HOME=/opt/rustwide/cargo-home" "-e" "RUSTUP_HOME=/opt/rustwide/rustup-home" "-e" "CARGO_TARGET_DIR=/opt/rustwide/target" "-e" "CARGO_INCREMENTAL=0" "-e" "RUST_BACKTRACE=full" "-e" "RUSTFLAGS=--cap-lints=warn" "-e" "RUSTDOCFLAGS=--cap-lints=warn" "-w" "/opt/rustwide/workdir" "--user" "0:0" "eb751a95f25081b39e7330fb98a68b9f2fa1f73c98ae2b2c10878a55240b08b6" "/opt/rustwide/cargo-home/bin/cargo" "+1.99.0-beta.8" "test" "--frozen" "--release", kill_on_drop: false }`
[INFO] [stderr]     Finished `release` profile [optimized] target(s) in 0.06s
[INFO] [stderr]      Running unittests src/lib.rs (/opt/rustwide/target/release/deps/ferrify_domain-480050ced992810c)
[INFO] [stdout] 
[INFO] [stdout] running 4 tests
[INFO] [stdout] test types::tests::approval_profile_slug_roundtrips_through_serde ... ok
[INFO] [stdout] test types::tests::mode_slug_rejects_uppercase_characters ... ok
[INFO] [stdout] test provenance::tests::only_goal_and_policy_define_authority ... ok
[INFO] [stdout] test types::tests::repo_path_rejects_workspace_escape ... ok
[INFO] [stdout] 
[INFO] [stdout] test result: ok. 4 passed; 0 failed; 0 ignored; 0 measured; 0 filtered out; finished in 0.00s
[INFO] [stdout] 
[INFO] [stderr]    Doc-tests ferrify_domain
[INFO] [stdout] 
[INFO] [stdout] running 4 tests
[INFO] [stdout] test src/types.rs - types::ModeSlug::new (line 180) ... FAILED
[INFO] [stdout] test src/types.rs - types::ApprovalProfileSlug::new (line 274) ... FAILED
[INFO] [stdout] test src/lib.rs - (line 27) ... FAILED
[INFO] [stderr] error: doctest failed, to rerun pass `--doc`
[INFO] [stdout] test src/types.rs - types::RepoPath::new (line 70) ... FAILED
[INFO] [stdout] 
[INFO] [stdout] failures:
[INFO] [stdout] 
[INFO] [stdout] ---- src/types.rs - types::ModeSlug::new (line 180) stdout ----
[INFO] [stdout] error[E0432]: unresolved import `agent_domain`
[INFO] [stdout]    --> src/types.rs:181:5
[INFO] [stdout]     |
[INFO] [stdout] 181 | use agent_domain::ModeSlug;
[INFO] [stdout]     |     ^^^^^^^^^^^^ use of unresolved module or unlinked crate `agent_domain`
[INFO] [stdout]     |
[INFO] [stdout]     = help: if you wanted to use a crate named `agent_domain`, use `cargo add agent_domain` to add it to your `Cargo.toml`
[INFO] [stdout] 
[INFO] [stdout] error[E0433]: cannot find module or crate `agent_domain` in this scope
[INFO] [stdout]    --> src/types.rs:183:25
[INFO] [stdout]     |
[INFO] [stdout] 183 | fn main() -> Result<(), agent_domain::DomainTypeError> {
[INFO] [stdout]     |                         ^^^^^^^^^^^^ use of unresolved module or unlinked crate `agent_domain`
[INFO] [stdout]     |
[INFO] [stdout]     = help: if you wanted to use a crate named `agent_domain`, use `cargo add agent_domain` to add it to your `Cargo.toml`
[INFO] [stdout] 
[INFO] [stdout] error: aborting due to 2 previous errors
[INFO] [stdout] 
[INFO] [stdout] Some errors have detailed explanations: E0432, E0433.
[INFO] [stdout] For more information about an error, try `rustc --explain E0432`.
[INFO] [stdout] Couldn't compile the test.
[INFO] [stdout] ---- src/types.rs - types::ApprovalProfileSlug::new (line 274) stdout ----
[INFO] [stdout] error[E0432]: unresolved import `agent_domain`
[INFO] [stdout]    --> src/types.rs:275:5
[INFO] [stdout]     |
[INFO] [stdout] 275 | use agent_domain::ApprovalProfileSlug;
[INFO] [stdout]     |     ^^^^^^^^^^^^ use of unresolved module or unlinked crate `agent_domain`
[INFO] [stdout]     |
[INFO] [stdout]     = help: if you wanted to use a crate named `agent_domain`, use `cargo add agent_domain` to add it to your `Cargo.toml`
[INFO] [stdout] 
[INFO] [stdout] error[E0433]: cannot find module or crate `agent_domain` in this scope
[INFO] [stdout]    --> src/types.rs:277:25
[INFO] [stdout]     |
[INFO] [stdout] 277 | fn main() -> Result<(), agent_domain::DomainTypeError> {
[INFO] [stdout]     |                         ^^^^^^^^^^^^ use of unresolved module or unlinked crate `agent_domain`
[INFO] [stdout]     |
[INFO] [stdout]     = help: if you wanted to use a crate named `agent_domain`, use `cargo add agent_domain` to add it to your `Cargo.toml`
[INFO] [stdout] 
[INFO] [stdout] error: aborting due to 2 previous errors
[INFO] [stdout] 
[INFO] [stdout] Some errors have detailed explanations: E0432, E0433.
[INFO] [stdout] For more information about an error, try `rustc --explain E0432`.
[INFO] [stdout] Couldn't compile the test.
[INFO] [stdout] ---- src/lib.rs - (line 27) stdout ----
[INFO] [stdout] error[E0432]: unresolved import `agent_domain`
[INFO] [stdout]   --> src/lib.rs:28:5
[INFO] [stdout]    |
[INFO] [stdout] 28 | use agent_domain::{ModeSlug, RepoPath, TrustLevel};
[INFO] [stdout]    |     ^^^^^^^^^^^^ use of unresolved module or unlinked crate `agent_domain`
[INFO] [stdout]    |
[INFO] [stdout]    = help: if you wanted to use a crate named `agent_domain`, use `cargo add agent_domain` to add it to your `Cargo.toml`
[INFO] [stdout] 
[INFO] [stdout] error[E0433]: cannot find module or crate `agent_domain` in this scope
[INFO] [stdout]   --> src/lib.rs:30:25
[INFO] [stdout]    |
[INFO] [stdout] 30 | fn main() -> Result<(), agent_domain::DomainTypeError> {
[INFO] [stdout]    |                         ^^^^^^^^^^^^ use of unresolved module or unlinked crate `agent_domain`
[INFO] [stdout]    |
[INFO] [stdout]    = help: if you wanted to use a crate named `agent_domain`, use `cargo add agent_domain` to add it to your `Cargo.toml`
[INFO] [stdout] 
[INFO] [stdout] error: aborting due to 2 previous errors
[INFO] [stdout] 
[INFO] [stdout] Some errors have detailed explanations: E0432, E0433.
[INFO] [stdout] For more information about an error, try `rustc --explain E0432`.
[INFO] [stdout] Couldn't compile the test.
[INFO] [stdout] ---- src/types.rs - types::RepoPath::new (line 70) stdout ----
[INFO] [stdout] error[E0432]: unresolved import `agent_domain`
[INFO] [stdout]   --> src/types.rs:71:5
[INFO] [stdout]    |
[INFO] [stdout] 71 | use agent_domain::RepoPath;
[INFO] [stdout]    |     ^^^^^^^^^^^^ use of unresolved module or unlinked crate `agent_domain`
[INFO] [stdout]    |
[INFO] [stdout]    = help: if you wanted to use a crate named `agent_domain`, use `cargo add agent_domain` to add it to your `Cargo.toml`
[INFO] [stdout] 
[INFO] [stdout] error[E0433]: cannot find module or crate `agent_domain` in this scope
[INFO] [stdout]   --> src/types.rs:73:25
[INFO] [stdout]    |
[INFO] [stdout] 73 | fn main() -> Result<(), agent_domain::DomainTypeError> {
[INFO] [stdout]    |                         ^^^^^^^^^^^^ use of unresolved module or unlinked crate `agent_domain`
[INFO] [stdout]    |
[INFO] [stdout]    = help: if you wanted to use a crate named `agent_domain`, use `cargo add agent_domain` to add it to your `Cargo.toml`
[INFO] [stdout] 
[INFO] [stdout] error: aborting due to 2 previous errors
[INFO] [stdout] 
[INFO] [stdout] Some errors have detailed explanations: E0432, E0433.
[INFO] [stdout] For more information about an error, try `rustc --explain E0432`.
[INFO] [stdout] Couldn't compile the test.
[INFO] [stdout] 
[INFO] [stdout] failures:
[INFO] [stdout]     src/lib.rs - (line 27)
[INFO] [stdout]     src/types.rs - types::ApprovalProfileSlug::new (line 274)
[INFO] [stdout]     src/types.rs - types::ModeSlug::new (line 180)
[INFO] [stdout]     src/types.rs - types::RepoPath::new (line 70)
[INFO] [stdout] 
[INFO] [stdout] test result: FAILED. 0 passed; 4 failed; 0 ignored; 0 measured; 0 filtered out; finished in 0.36s
[INFO] [stdout] 
[INFO] [stdout] all doctests ran in 0.45s; merged doctests compilation took 0.09s
[INFO] running `Command { std: "docker" "inspect" "eb751a95f25081b39e7330fb98a68b9f2fa1f73c98ae2b2c10878a55240b08b6", kill_on_drop: false }`
[INFO] running `Command { std: "docker" "rm" "-f" "eb751a95f25081b39e7330fb98a68b9f2fa1f73c98ae2b2c10878a55240b08b6", kill_on_drop: false }`
[INFO] [stdout] eb751a95f25081b39e7330fb98a68b9f2fa1f73c98ae2b2c10878a55240b08b6
