[INFO] fetching crate fern-run 0.0.2...
[INFO] testing fern-run-0.0.2 against 1.100.0-beta.1+cargoflags=--release for beta-release-1.100-2
[INFO] extracting crate fern-run 0.0.2 into /workspace/builds/worker-5-tc2/source
[INFO] started tweaking crates.io crate fern-run 0.0.2
[INFO] finished tweaking crates.io crate fern-run 0.0.2
[INFO] tweaked toml for crates.io crate fern-run 0.0.2 written to /workspace/builds/worker-5-tc2/source/Cargo.toml
[INFO] validating manifest of crates.io crate fern-run 0.0.2 on toolchain 1.100.0-beta.1
[INFO] running `Command { std: CARGO_HOME="/workspace/cargo-home" RUSTUP_HOME="/workspace/rustup-home" "/workspace/cargo-home/bin/cargo" "+1.100.0-beta.1" "metadata" "--manifest-path" "Cargo.toml" "--no-deps", kill_on_drop: false }`
[INFO] crate crates.io crate fern-run 0.0.2 already has a lockfile, it will not be regenerated
[INFO] running `Command { std: CARGO_HOME="/workspace/cargo-home" RUSTUP_HOME="/workspace/rustup-home" "/workspace/cargo-home/bin/cargo" "+1.100.0-beta.1" "fetch" "--manifest-path" "Cargo.toml", kill_on_drop: false }`
[INFO] [stderr] warning: `package.homepage` is redundant with `package.repository`
[INFO] [stderr]   --> Cargo.toml:39:12
[INFO] [stderr]    |
[INFO] [stderr] 39 | homepage = "https://github.com/felipesere/fern"
[INFO] [stderr]    |            ^^^^^^^^^^^^^^^^^^^^^^^^^^^^^^^^^^^^
[INFO] [stderr] ...
[INFO] [stderr] 44 | repository = "https://github.com/felipesere/fern"
[INFO] [stderr]    |              ------------------------------------
[INFO] [stderr]    |
[INFO] [stderr]    = note: `cargo::redundant_homepage` is set to `warn` by default
[INFO] [stderr] help: consider removing `package.homepage`
[INFO] [stderr] warning: `fern-run` (manifest) generated 1 warning
[INFO] [stderr]     Blocking waiting for file lock on package cache
[INFO] running `Command { std: "docker" "create" "-v" "/var/lib/crater-agent-workspace/builds/worker-5-tc2/source:/opt/rustwide/workdir:ro,Z" "-v" "/var/lib/crater-agent-workspace/builds/worker-5-tc2/target:/opt/rustwide/target:rw,Z" "-v" "/var/lib/crater-agent-workspace/cargo-home:/opt/rustwide/cargo-home:ro,Z" "-v" "/var/lib/crater-agent-workspace/rustup-home:/opt/rustwide/rustup-home:ro,Z" "-m" "1610612736" "--network" "none" "ghcr.io/rust-lang/crates-build-env/linux@sha256:77db811e55d90add9212f6832c23229e3de5f1c1f9905e8cb07319ea15df73ac" "sleep" "infinity", kill_on_drop: false }`
[INFO] [stdout] e5d939f9f790c63c6d0b7803f6af6a6737f83ba7da553ebc7d35e4ce0dfca8ce
[INFO] running `Command { std: "docker" "start" "e5d939f9f790c63c6d0b7803f6af6a6737f83ba7da553ebc7d35e4ce0dfca8ce", kill_on_drop: false }`
[INFO] running `Command { std: "docker" "inspect" "e5d939f9f790c63c6d0b7803f6af6a6737f83ba7da553ebc7d35e4ce0dfca8ce", kill_on_drop: false }`
[INFO] running `Command { std: "docker" "exec" "-e" "SOURCE_DIR=/opt/rustwide/workdir" "-e" "CARGO_HOME=/opt/rustwide/cargo-home" "-e" "RUSTUP_HOME=/opt/rustwide/rustup-home" "-e" "CARGO_TARGET_DIR=/opt/rustwide/target" "-w" "/opt/rustwide/workdir" "--user" "0:0" "e5d939f9f790c63c6d0b7803f6af6a6737f83ba7da553ebc7d35e4ce0dfca8ce" "/opt/rustwide/cargo-home/bin/cargo" "+1.100.0-beta.1" "metadata" "--no-deps" "--format-version=1", kill_on_drop: false }`
[INFO] running `Command { std: "docker" "inspect" "e5d939f9f790c63c6d0b7803f6af6a6737f83ba7da553ebc7d35e4ce0dfca8ce", kill_on_drop: false }`
[INFO] running `Command { std: "docker" "exec" "-e" "SOURCE_DIR=/opt/rustwide/workdir" "-e" "CARGO_HOME=/opt/rustwide/cargo-home" "-e" "RUSTUP_HOME=/opt/rustwide/rustup-home" "-e" "CARGO_TARGET_DIR=/opt/rustwide/target" "-e" "CARGO_INCREMENTAL=0" "-e" "RUST_BACKTRACE=full" "-e" "RUSTFLAGS=--cap-lints=warn" "-e" "RUSTDOCFLAGS=--cap-lints=warn" "-w" "/opt/rustwide/workdir" "--user" "0:0" "e5d939f9f790c63c6d0b7803f6af6a6737f83ba7da553ebc7d35e4ce0dfca8ce" "/opt/rustwide/cargo-home/bin/cargo" "+1.100.0-beta.1" "build" "--frozen" "--message-format=json" "--release", kill_on_drop: false }`
[INFO] [stderr] warning: `package.homepage` is redundant with `package.repository`
[INFO] [stderr]   --> Cargo.toml:39:12
[INFO] [stderr]    |
[INFO] [stderr] 39 | homepage = "https://github.com/felipesere/fern"
[INFO] [stderr]    |            ^^^^^^^^^^^^^^^^^^^^^^^^^^^^^^^^^^^^
[INFO] [stderr] ...
[INFO] [stderr] 44 | repository = "https://github.com/felipesere/fern"
[INFO] [stderr]    |              ------------------------------------
[INFO] [stderr]    |
[INFO] [stderr]    = note: `cargo::redundant_homepage` is set to `warn` by default
[INFO] [stderr] help: consider removing `package.homepage`
[INFO] [stderr] warning: `fern-run` (manifest) generated 1 warning
[INFO] [stderr]    Compiling proc-macro2 v1.0.9
[INFO] [stderr]    Compiling unicode-xid v0.2.0
[INFO] [stderr]    Compiling memchr v2.3.3
[INFO] [stderr]    Compiling cfg-if v0.1.10
[INFO] [stderr]    Compiling syn v1.0.16
[INFO] [stderr]    Compiling lazy_static v1.4.0
[INFO] [stderr]    Compiling autocfg v1.0.0
[INFO] [stderr]    Compiling log v0.4.8
[INFO] [stderr]    Compiling libc v0.2.68
[INFO] [stderr]    Compiling maybe-uninit v2.0.0
[INFO] [stderr]    Compiling doc-comment v0.3.3
[INFO] [stderr]    Compiling regex-syntax v0.6.17
[INFO] [stderr]    Compiling serde v1.0.104
[INFO] [stderr]    Compiling linked-hash-map v0.5.2
[INFO] [stderr]    Compiling fnv v1.0.6
[INFO] [stderr]    Compiling same-file v1.0.6
[INFO] [stderr]    Compiling dtoa v0.4.5
[INFO] [stderr]    Compiling thread_local v1.0.1
[INFO] [stderr]    Compiling pico-args v0.3.1
[INFO] [stderr]    Compiling yaml-rust v0.4.3
[INFO] [stderr]    Compiling walkdir v2.3.1
[INFO] [stderr]    Compiling crossbeam-utils v0.7.2
[INFO] [stderr]    Compiling aho-corasick v0.7.10
[INFO] [stderr]    Compiling bstr v0.2.12
[INFO] [stderr]    Compiling quote v1.0.3
[INFO] [stderr]    Compiling crossbeam-channel v0.4.2
[INFO] [stderr]    Compiling dirs-sys v0.3.4
[INFO] [stderr]    Compiling dirs v2.0.2
[INFO] [stderr]    Compiling regex v1.3.5
[INFO] [stderr]    Compiling globset v0.4.5
[INFO] [stderr]    Compiling ignore v0.4.12
[INFO] [stderr]    Compiling serde_derive v1.0.104
[INFO] [stderr]    Compiling snafu-derive v0.6.3
[INFO] [stderr]    Compiling snafu v0.6.3
[INFO] [stderr]    Compiling serde_yaml v0.8.11
[INFO] [stderr]    Compiling fern-run v0.0.2 (/opt/rustwide/workdir)
[INFO] [stdout] warning: unexpected `cfg` condition value: `cargo-clippy`
[INFO] [stdout]   --> src/main.rs:98:28
[INFO] [stdout]    |
[INFO] [stdout] 98 | #[derive(Debug, PartialEq, Deserialize)]
[INFO] [stdout]    |                            ^^^^^^^^^^^
[INFO] [stdout]    |
[INFO] [stdout]    = note: no expected values for `feature`
[INFO] [stdout]    = note: using a cfg inside a derive macro will use the cfgs from the destination crate and not the ones from the defining crate
[INFO] [stdout]    = help: try referring to `Deserialize` crate for guidance on how handle this unexpected cfg
[INFO] [stdout]    = note: see <https://doc.rust-lang.org/nightly/rustc/check-cfg/cargo-specifics.html> for more information about checking conditional configuration
[INFO] [stdout]    = note: `#[warn(unexpected_cfgs)]` on by default
[INFO] [stdout]    = note: this warning originates in the derive macro `Deserialize` (in Nightly builds, run with -Z macro-backtrace for more info)
[INFO] [stdout] 
[INFO] [stdout] 
[INFO] [stdout] warning: unexpected `cfg` condition value: `cargo-clippy`
[INFO] [stdout]    --> src/main.rs:326:28
[INFO] [stdout]     |
[INFO] [stdout] 326 | #[derive(Debug, PartialEq, Deserialize)]
[INFO] [stdout]     |                            ^^^^^^^^^^^
[INFO] [stdout]     |
[INFO] [stdout]     = note: no expected values for `feature`
[INFO] [stdout]     = note: using a cfg inside a derive macro will use the cfgs from the destination crate and not the ones from the defining crate
[INFO] [stdout]     = help: try referring to `Deserialize` crate for guidance on how handle this unexpected cfg
[INFO] [stdout]     = note: see <https://doc.rust-lang.org/nightly/rustc/check-cfg/cargo-specifics.html> for more information about checking conditional configuration
[INFO] [stdout]     = note: this warning originates in the derive macro `Deserialize` (in Nightly builds, run with -Z macro-backtrace for more info)
[INFO] [stdout] 
[INFO] [stdout] 
[INFO] [stdout] warning: variant `CouldNotReadFile` is never constructed
[INFO] [stdout]   --> src/main.rs:26:5
[INFO] [stdout]    |
[INFO] [stdout] 18 | enum Error {
[INFO] [stdout]    |      ----- variant in this enum
[INFO] [stdout] ...
[INFO] [stdout] 26 |     CouldNotReadFile {
[INFO] [stdout]    |     ^^^^^^^^^^^^^^^^
[INFO] [stdout]    |
[INFO] [stdout]    = note: `Error` has a derived impl for the trait `Debug`, but this is intentionally ignored during dead code analysis
[INFO] [stdout]    = note: `#[warn(dead_code)]` (part of `#[warn(unused)]`) on by default
[INFO] [stdout] 
[INFO] [stdout] 
[INFO] [stdout] warning: non-local `impl` definition, `impl` blocks should be written at the same level as their item
[INFO] [stdout]   --> src/main.rs:98:28
[INFO] [stdout]    |
[INFO] [stdout] 98 | #[derive(Debug, PartialEq, Deserialize)]
[INFO] [stdout]    |                            ^----------
[INFO] [stdout]    |                            |
[INFO] [stdout]    |                            `Deserialize` is not local
[INFO] [stdout]    |                            move the `impl` block outside of this constant `_IMPL_DESERIALIZE_FOR_FolderConfig`
[INFO] [stdout] 99 | struct FolderConfig {
[INFO] [stdout]    |        ------------ `FolderConfig` is not local
[INFO] [stdout]    |
[INFO] [stdout]    = note: the derive macro `Deserialize` defines the non-local `impl`, and may need to be changed
[INFO] [stdout]    = note: the derive macro `Deserialize` may come from an old version of the `serde_derive` crate, try updating your dependency with `cargo update -p serde_derive`
[INFO] [stdout]    = note: an `impl` is never scoped, even when it is nested inside an item, as it may impact type checking outside of that item, which can be the case if neither the trait or the self type are at the same nesting level as the `impl`
[INFO] [stdout]    = note: items in an anonymous const item (`const _: () = { ... }`) are treated as in the same scope as the anonymous const's declaration for the purpose of this lint
[INFO] [stdout]    = note: `#[warn(non_local_definitions)]` on by default
[INFO] [stdout]    = note: this warning originates in the derive macro `Deserialize` (in Nightly builds, run with -Z macro-backtrace for more info)
[INFO] [stdout] 
[INFO] [stdout] 
[INFO] [stdout] warning: non-local `impl` definition, `impl` blocks should be written at the same level as their item
[INFO] [stdout]    --> src/main.rs:326:28
[INFO] [stdout]     |
[INFO] [stdout] 326 | #[derive(Debug, PartialEq, Deserialize)]
[INFO] [stdout]     |                            ^----------
[INFO] [stdout]     |                            |
[INFO] [stdout]     |                            `Deserialize` is not local
[INFO] [stdout]     |                            move the `impl` block outside of this constant `_IMPL_DESERIALIZE_FOR_Config`
[INFO] [stdout] 327 | struct Config {
[INFO] [stdout]     |        ------ `Config` is not local
[INFO] [stdout]     |
[INFO] [stdout]     = note: the derive macro `Deserialize` defines the non-local `impl`, and may need to be changed
[INFO] [stdout]     = note: the derive macro `Deserialize` may come from an old version of the `serde_derive` crate, try updating your dependency with `cargo update -p serde_derive`
[INFO] [stdout]     = note: an `impl` is never scoped, even when it is nested inside an item, as it may impact type checking outside of that item, which can be the case if neither the trait or the self type are at the same nesting level as the `impl`
[INFO] [stdout]     = note: items in an anonymous const item (`const _: () = { ... }`) are treated as in the same scope as the anonymous const's declaration for the purpose of this lint
[INFO] [stdout]     = note: this warning originates in the derive macro `Deserialize` (in Nightly builds, run with -Z macro-backtrace for more info)
[INFO] [stdout] 
[INFO] [stdout] 
[INFO] [stderr]     Finished `release` profile [optimized] target(s) in 33.72s
[INFO] running `Command { std: "docker" "inspect" "e5d939f9f790c63c6d0b7803f6af6a6737f83ba7da553ebc7d35e4ce0dfca8ce", kill_on_drop: false }`
[INFO] running `Command { std: "docker" "exec" "-e" "SOURCE_DIR=/opt/rustwide/workdir" "-e" "CARGO_HOME=/opt/rustwide/cargo-home" "-e" "RUSTUP_HOME=/opt/rustwide/rustup-home" "-e" "CARGO_TARGET_DIR=/opt/rustwide/target" "-e" "CARGO_INCREMENTAL=0" "-e" "RUST_BACKTRACE=full" "-e" "RUSTFLAGS=--cap-lints=warn" "-e" "RUSTDOCFLAGS=--cap-lints=warn" "-w" "/opt/rustwide/workdir" "--user" "0:0" "e5d939f9f790c63c6d0b7803f6af6a6737f83ba7da553ebc7d35e4ce0dfca8ce" "/opt/rustwide/cargo-home/bin/cargo" "+1.100.0-beta.1" "test" "--frozen" "--no-run" "--message-format=json" "--release", kill_on_drop: false }`
[INFO] [stderr] warning: `package.homepage` is redundant with `package.repository`
[INFO] [stderr]   --> Cargo.toml:39:12
[INFO] [stderr]    |
[INFO] [stderr] 39 | homepage = "https://github.com/felipesere/fern"
[INFO] [stderr]    |            ^^^^^^^^^^^^^^^^^^^^^^^^^^^^^^^^^^^^
[INFO] [stderr] ...
[INFO] [stderr] 44 | repository = "https://github.com/felipesere/fern"
[INFO] [stderr]    |              ------------------------------------
[INFO] [stderr]    |
[INFO] [stderr]    = note: `cargo::redundant_homepage` is set to `warn` by default
[INFO] [stderr] help: consider removing `package.homepage`
[INFO] [stderr] warning: `fern-run` (manifest) generated 1 warning
[INFO] [stderr]    Compiling getrandom v0.1.14
[INFO] [stderr]    Compiling num-traits v0.2.11
[INFO] [stderr]    Compiling ryu v1.0.3
[INFO] [stderr]    Compiling ppv-lite86 v0.2.6
[INFO] [stderr]    Compiling predicates-core v1.0.0
[INFO] [stderr]    Compiling itoa v0.4.5
[INFO] [stderr]    Compiling normalize-line-endings v0.3.0
[INFO] [stderr]    Compiling escargot v0.5.0
[INFO] [stderr]    Compiling treeline v0.1.0
[INFO] [stderr]    Compiling difference v2.0.0
[INFO] [stderr]    Compiling remove_dir_all v0.5.2
[INFO] [stderr]    Compiling globwalk v0.7.3
[INFO] [stdout] warning: unexpected `cfg` condition value: `cargo-clippy`
[INFO] [stdout]   --> src/main.rs:98:28
[INFO] [stdout]    |
[INFO] [stdout] 98 | #[derive(Debug, PartialEq, Deserialize)]
[INFO] [stdout]    |                            ^^^^^^^^^^^
[INFO] [stdout]    |
[INFO] [stdout]    = note: no expected values for `feature`
[INFO] [stdout]    = note: using a cfg inside a derive macro will use the cfgs from the destination crate and not the ones from the defining crate
[INFO] [stdout]    = help: try referring to `Deserialize` crate for guidance on how handle this unexpected cfg
[INFO] [stdout]    = note: see <https://doc.rust-lang.org/nightly/rustc/check-cfg/cargo-specifics.html> for more information about checking conditional configuration
[INFO] [stdout]    = note: `#[warn(unexpected_cfgs)]` on by default
[INFO] [stdout]    = note: this warning originates in the derive macro `Deserialize` (in Nightly builds, run with -Z macro-backtrace for more info)
[INFO] [stdout] 
[INFO] [stdout] 
[INFO] [stdout] warning: unexpected `cfg` condition value: `cargo-clippy`
[INFO] [stdout]    --> src/main.rs:326:28
[INFO] [stdout]     |
[INFO] [stdout] 326 | #[derive(Debug, PartialEq, Deserialize)]
[INFO] [stdout]     |                            ^^^^^^^^^^^
[INFO] [stdout]     |
[INFO] [stdout]     = note: no expected values for `feature`
[INFO] [stdout]     = note: using a cfg inside a derive macro will use the cfgs from the destination crate and not the ones from the defining crate
[INFO] [stdout]     = help: try referring to `Deserialize` crate for guidance on how handle this unexpected cfg
[INFO] [stdout]     = note: see <https://doc.rust-lang.org/nightly/rustc/check-cfg/cargo-specifics.html> for more information about checking conditional configuration
[INFO] [stdout]     = note: this warning originates in the derive macro `Deserialize` (in Nightly builds, run with -Z macro-backtrace for more info)
[INFO] [stdout] 
[INFO] [stdout] 
[INFO] [stdout] warning: variant `CouldNotReadFile` is never constructed
[INFO] [stdout]   --> src/main.rs:26:5
[INFO] [stdout]    |
[INFO] [stdout] 18 | enum Error {
[INFO] [stdout]    |      ----- variant in this enum
[INFO] [stdout] ...
[INFO] [stdout] 26 |     CouldNotReadFile {
[INFO] [stdout]    |     ^^^^^^^^^^^^^^^^
[INFO] [stdout]    |
[INFO] [stdout]    = note: `Error` has a derived impl for the trait `Debug`, but this is intentionally ignored during dead code analysis
[INFO] [stdout]    = note: `#[warn(dead_code)]` (part of `#[warn(unused)]`) on by default
[INFO] [stdout] 
[INFO] [stdout] 
[INFO] [stdout] warning: non-local `impl` definition, `impl` blocks should be written at the same level as their item
[INFO] [stdout]   --> src/main.rs:98:28
[INFO] [stdout]    |
[INFO] [stdout] 98 | #[derive(Debug, PartialEq, Deserialize)]
[INFO] [stdout]    |                            ^----------
[INFO] [stdout]    |                            |
[INFO] [stdout]    |                            `Deserialize` is not local
[INFO] [stdout]    |                            move the `impl` block outside of this constant `_IMPL_DESERIALIZE_FOR_FolderConfig`
[INFO] [stdout] 99 | struct FolderConfig {
[INFO] [stdout]    |        ------------ `FolderConfig` is not local
[INFO] [stdout]    |
[INFO] [stdout]    = note: the derive macro `Deserialize` defines the non-local `impl`, and may need to be changed
[INFO] [stdout]    = note: the derive macro `Deserialize` may come from an old version of the `serde_derive` crate, try updating your dependency with `cargo update -p serde_derive`
[INFO] [stdout]    = note: an `impl` is never scoped, even when it is nested inside an item, as it may impact type checking outside of that item, which can be the case if neither the trait or the self type are at the same nesting level as the `impl`
[INFO] [stdout]    = note: items in an anonymous const item (`const _: () = { ... }`) are treated as in the same scope as the anonymous const's declaration for the purpose of this lint
[INFO] [stdout]    = note: `#[warn(non_local_definitions)]` on by default
[INFO] [stdout]    = note: this warning originates in the derive macro `Deserialize` (in Nightly builds, run with -Z macro-backtrace for more info)
[INFO] [stdout] 
[INFO] [stdout] 
[INFO] [stdout] warning: non-local `impl` definition, `impl` blocks should be written at the same level as their item
[INFO] [stdout]    --> src/main.rs:326:28
[INFO] [stdout]     |
[INFO] [stdout] 326 | #[derive(Debug, PartialEq, Deserialize)]
[INFO] [stdout]     |                            ^----------
[INFO] [stdout]     |                            |
[INFO] [stdout]     |                            `Deserialize` is not local
[INFO] [stdout]     |                            move the `impl` block outside of this constant `_IMPL_DESERIALIZE_FOR_Config`
[INFO] [stdout] 327 | struct Config {
[INFO] [stdout]     |        ------ `Config` is not local
[INFO] [stdout]     |
[INFO] [stdout]     = note: the derive macro `Deserialize` defines the non-local `impl`, and may need to be changed
[INFO] [stdout]     = note: the derive macro `Deserialize` may come from an old version of the `serde_derive` crate, try updating your dependency with `cargo update -p serde_derive`
[INFO] [stdout]     = note: an `impl` is never scoped, even when it is nested inside an item, as it may impact type checking outside of that item, which can be the case if neither the trait or the self type are at the same nesting level as the `impl`
[INFO] [stdout]     = note: items in an anonymous const item (`const _: () = { ... }`) are treated as in the same scope as the anonymous const's declaration for the purpose of this lint
[INFO] [stdout]     = note: this warning originates in the derive macro `Deserialize` (in Nightly builds, run with -Z macro-backtrace for more info)
[INFO] [stdout] 
[INFO] [stdout] 
[INFO] [stderr]    Compiling predicates-tree v1.0.0
[INFO] [stderr]    Compiling rand_core v0.5.1
[INFO] [stderr]    Compiling serde_json v1.0.48
[INFO] [stderr]    Compiling rand_chacha v0.2.2
[INFO] [stderr]    Compiling rand v0.7.3
[INFO] [stderr]    Compiling float-cmp v0.6.0
[INFO] [stderr]    Compiling predicates v1.0.4
[INFO] [stderr]    Compiling tempfile v3.1.0
[INFO] [stderr]    Compiling assert_fs v0.13.1
[INFO] [stderr]    Compiling assert_cmd v0.12.0
[INFO] [stderr]    Compiling fern-run v0.0.2 (/opt/rustwide/workdir)
[INFO] [stdout] warning: unused import: `prelude::PredicateBooleanExt`
[INFO] [stdout]  --> tests/./utils.rs:5:22
[INFO] [stdout]   |
[INFO] [stdout] 5 | pub use predicates::{prelude::PredicateBooleanExt, str::contains as c};
[INFO] [stdout]   |                      ^^^^^^^^^^^^^^^^^^^^^^^^^^^^
[INFO] [stdout]   |
[INFO] [stdout]   = note: `#[warn(unused_imports)]` (part of `#[warn(unused)]`) on by default
[INFO] [stdout] 
[INFO] [stdout] 
[INFO] [stdout] warning: unexpected `cfg` condition value: `cargo-clippy`
[INFO] [stdout]   --> src/main.rs:98:28
[INFO] [stdout]    |
[INFO] [stdout] 98 | #[derive(Debug, PartialEq, Deserialize)]
[INFO] [stdout]    |                            ^^^^^^^^^^^
[INFO] [stdout]    |
[INFO] [stdout]    = note: no expected values for `feature`
[INFO] [stdout]    = note: using a cfg inside a derive macro will use the cfgs from the destination crate and not the ones from the defining crate
[INFO] [stdout]    = help: try referring to `Deserialize` crate for guidance on how handle this unexpected cfg
[INFO] [stdout]    = note: see <https://doc.rust-lang.org/nightly/rustc/check-cfg/cargo-specifics.html> for more information about checking conditional configuration
[INFO] [stdout]    = note: `#[warn(unexpected_cfgs)]` on by default
[INFO] [stdout]    = note: this warning originates in the derive macro `Deserialize` (in Nightly builds, run with -Z macro-backtrace for more info)
[INFO] [stdout] 
[INFO] [stdout] 
[INFO] [stdout] warning: unexpected `cfg` condition value: `cargo-clippy`
[INFO] [stdout]    --> src/main.rs:326:28
[INFO] [stdout]     |
[INFO] [stdout] 326 | #[derive(Debug, PartialEq, Deserialize)]
[INFO] [stdout]     |                            ^^^^^^^^^^^
[INFO] [stdout]     |
[INFO] [stdout]     = note: no expected values for `feature`
[INFO] [stdout]     = note: using a cfg inside a derive macro will use the cfgs from the destination crate and not the ones from the defining crate
[INFO] [stdout]     = help: try referring to `Deserialize` crate for guidance on how handle this unexpected cfg
[INFO] [stdout]     = note: see <https://doc.rust-lang.org/nightly/rustc/check-cfg/cargo-specifics.html> for more information about checking conditional configuration
[INFO] [stdout]     = note: this warning originates in the derive macro `Deserialize` (in Nightly builds, run with -Z macro-backtrace for more info)
[INFO] [stdout] 
[INFO] [stdout] 
[INFO] [stdout] warning: variant `CouldNotReadFile` is never constructed
[INFO] [stdout]   --> src/main.rs:26:5
[INFO] [stdout]    |
[INFO] [stdout] 18 | enum Error {
[INFO] [stdout]    |      ----- variant in this enum
[INFO] [stdout] ...
[INFO] [stdout] 26 |     CouldNotReadFile {
[INFO] [stdout]    |     ^^^^^^^^^^^^^^^^
[INFO] [stdout]    |
[INFO] [stdout]    = note: `Error` has a derived impl for the trait `Debug`, but this is intentionally ignored during dead code analysis
[INFO] [stdout]    = note: `#[warn(dead_code)]` (part of `#[warn(unused)]`) on by default
[INFO] [stdout] 
[INFO] [stdout] 
[INFO] [stdout] warning: non-local `impl` definition, `impl` blocks should be written at the same level as their item
[INFO] [stdout]   --> src/main.rs:98:28
[INFO] [stdout]    |
[INFO] [stdout] 98 | #[derive(Debug, PartialEq, Deserialize)]
[INFO] [stdout]    |                            ^----------
[INFO] [stdout]    |                            |
[INFO] [stdout]    |                            `Deserialize` is not local
[INFO] [stdout]    |                            move the `impl` block outside of this constant `_IMPL_DESERIALIZE_FOR_FolderConfig`
[INFO] [stdout] 99 | struct FolderConfig {
[INFO] [stdout]    |        ------------ `FolderConfig` is not local
[INFO] [stdout]    |
[INFO] [stdout]    = note: the derive macro `Deserialize` defines the non-local `impl`, and may need to be changed
[INFO] [stdout]    = note: the derive macro `Deserialize` may come from an old version of the `serde_derive` crate, try updating your dependency with `cargo update -p serde_derive`
[INFO] [stdout]    = note: an `impl` is never scoped, even when it is nested inside an item, as it may impact type checking outside of that item, which can be the case if neither the trait or the self type are at the same nesting level as the `impl`
[INFO] [stdout]    = note: items in an anonymous const item (`const _: () = { ... }`) are treated as in the same scope as the anonymous const's declaration for the purpose of this lint
[INFO] [stdout]    = note: `#[warn(non_local_definitions)]` on by default
[INFO] [stdout]    = note: this warning originates in the derive macro `Deserialize` (in Nightly builds, run with -Z macro-backtrace for more info)
[INFO] [stdout] 
[INFO] [stdout] 
[INFO] [stdout] warning: non-local `impl` definition, `impl` blocks should be written at the same level as their item
[INFO] [stdout]    --> src/main.rs:326:28
[INFO] [stdout]     |
[INFO] [stdout] 326 | #[derive(Debug, PartialEq, Deserialize)]
[INFO] [stdout]     |                            ^----------
[INFO] [stdout]     |                            |
[INFO] [stdout]     |                            `Deserialize` is not local
[INFO] [stdout]     |                            move the `impl` block outside of this constant `_IMPL_DESERIALIZE_FOR_Config`
[INFO] [stdout] 327 | struct Config {
[INFO] [stdout]     |        ------ `Config` is not local
[INFO] [stdout]     |
[INFO] [stdout]     = note: the derive macro `Deserialize` defines the non-local `impl`, and may need to be changed
[INFO] [stdout]     = note: the derive macro `Deserialize` may come from an old version of the `serde_derive` crate, try updating your dependency with `cargo update -p serde_derive`
[INFO] [stdout]     = note: an `impl` is never scoped, even when it is nested inside an item, as it may impact type checking outside of that item, which can be the case if neither the trait or the self type are at the same nesting level as the `impl`
[INFO] [stdout]     = note: items in an anonymous const item (`const _: () = { ... }`) are treated as in the same scope as the anonymous const's declaration for the purpose of this lint
[INFO] [stdout]     = note: this warning originates in the derive macro `Deserialize` (in Nightly builds, run with -Z macro-backtrace for more info)
[INFO] [stdout] 
[INFO] [stdout] 
[INFO] [stderr]     Finished `release` profile [optimized] target(s) in 25.38s
[INFO] [stderr] warning: the following packages contain code that will be rejected by a future version of Rust: escargot v0.5.0
[INFO] [stderr] note: to see what the problems were, use the option `--future-incompat-report`, or run `cargo report future-incompatibilities --id 1`
[INFO] running `Command { std: "docker" "inspect" "e5d939f9f790c63c6d0b7803f6af6a6737f83ba7da553ebc7d35e4ce0dfca8ce", kill_on_drop: false }`
[INFO] running `Command { std: "docker" "exec" "-e" "SOURCE_DIR=/opt/rustwide/workdir" "-e" "CARGO_HOME=/opt/rustwide/cargo-home" "-e" "RUSTUP_HOME=/opt/rustwide/rustup-home" "-e" "CARGO_TARGET_DIR=/opt/rustwide/target" "-e" "CARGO_INCREMENTAL=0" "-e" "RUST_BACKTRACE=full" "-e" "RUSTFLAGS=--cap-lints=warn" "-e" "RUSTDOCFLAGS=--cap-lints=warn" "-w" "/opt/rustwide/workdir" "--user" "0:0" "e5d939f9f790c63c6d0b7803f6af6a6737f83ba7da553ebc7d35e4ce0dfca8ce" "/opt/rustwide/cargo-home/bin/cargo" "+1.100.0-beta.1" "test" "--frozen" "--release", kill_on_drop: false }`
[INFO] [stderr] warning: `package.homepage` is redundant with `package.repository`
[INFO] [stderr]   --> Cargo.toml:39:12
[INFO] [stderr]    |
[INFO] [stderr] 39 | homepage = "https://github.com/felipesere/fern"
[INFO] [stderr]    |            ^^^^^^^^^^^^^^^^^^^^^^^^^^^^^^^^^^^^
[INFO] [stderr] ...
[INFO] [stderr] 44 | repository = "https://github.com/felipesere/fern"
[INFO] [stderr]    |              ------------------------------------
[INFO] [stderr]    |
[INFO] [stderr]    = note: `cargo::redundant_homepage` is set to `warn` by default
[INFO] [stderr] help: consider removing `package.homepage`
[INFO] [stderr] warning: `fern-run` (manifest) generated 1 warning
[INFO] [stderr] warning: unexpected `cfg` condition value: `cargo-clippy`
[INFO] [stderr]   --> src/main.rs:98:28
[INFO] [stderr]    |
[INFO] [stderr] 98 | #[derive(Debug, PartialEq, Deserialize)]
[INFO] [stderr]    |                            ^^^^^^^^^^^
[INFO] [stderr]    |
[INFO] [stderr]    = note: no expected values for `feature`
[INFO] [stderr]    = note: using a cfg inside a derive macro will use the cfgs from the destination crate and not the ones from the defining crate
[INFO] [stderr]    = help: try referring to `Deserialize` crate for guidance on how handle this unexpected cfg
[INFO] [stderr]    = note: see <https://doc.rust-lang.org/nightly/rustc/check-cfg/cargo-specifics.html> for more information about checking conditional configuration
[INFO] [stderr]    = note: `#[warn(unexpected_cfgs)]` on by default
[INFO] [stderr]    = note: this warning originates in the derive macro `Deserialize` (in Nightly builds, run with -Z macro-backtrace for more info)
[INFO] [stderr] 
[INFO] [stderr] warning: unexpected `cfg` condition value: `cargo-clippy`
[INFO] [stderr]    --> src/main.rs:326:28
[INFO] [stderr]     |
[INFO] [stderr] 326 | #[derive(Debug, PartialEq, Deserialize)]
[INFO] [stderr]     |                            ^^^^^^^^^^^
[INFO] [stderr]     |
[INFO] [stderr]     = note: no expected values for `feature`
[INFO] [stderr]     = note: using a cfg inside a derive macro will use the cfgs from the destination crate and not the ones from the defining crate
[INFO] [stderr]     = help: try referring to `Deserialize` crate for guidance on how handle this unexpected cfg
[INFO] [stderr]     = note: see <https://doc.rust-lang.org/nightly/rustc/check-cfg/cargo-specifics.html> for more information about checking conditional configuration
[INFO] [stderr]     = note: this warning originates in the derive macro `Deserialize` (in Nightly builds, run with -Z macro-backtrace for more info)
[INFO] [stderr] 
[INFO] [stderr] warning: variant `CouldNotReadFile` is never constructed
[INFO] [stderr]   --> src/main.rs:26:5
[INFO] [stderr]    |
[INFO] [stderr] 18 | enum Error {
[INFO] [stderr]    |      ----- variant in this enum
[INFO] [stderr] ...
[INFO] [stderr] 26 |     CouldNotReadFile {
[INFO] [stderr]    |     ^^^^^^^^^^^^^^^^
[INFO] [stderr]    |
[INFO] [stderr]    = note: `Error` has a derived impl for the trait `Debug`, but this is intentionally ignored during dead code analysis
[INFO] [stderr]    = note: `#[warn(dead_code)]` (part of `#[warn(unused)]`) on by default
[INFO] [stderr] 
[INFO] [stderr] warning: non-local `impl` definition, `impl` blocks should be written at the same level as their item
[INFO] [stderr]   --> src/main.rs:98:28
[INFO] [stderr]    |
[INFO] [stderr] 98 | #[derive(Debug, PartialEq, Deserialize)]
[INFO] [stderr]    |                            ^----------
[INFO] [stderr]    |                            |
[INFO] [stderr]    |                            `Deserialize` is not local
[INFO] [stderr]    |                            move the `impl` block outside of this constant `_IMPL_DESERIALIZE_FOR_FolderConfig`
[INFO] [stderr] 99 | struct FolderConfig {
[INFO] [stderr]    |        ------------ `FolderConfig` is not local
[INFO] [stderr]    |
[INFO] [stderr]    = note: the derive macro `Deserialize` defines the non-local `impl`, and may need to be changed
[INFO] [stderr]    = note: the derive macro `Deserialize` may come from an old version of the `serde_derive` crate, try updating your dependency with `cargo update -p serde_derive`
[INFO] [stderr]    = note: an `impl` is never scoped, even when it is nested inside an item, as it may impact type checking outside of that item, which can be the case if neither the trait or the self type are at the same nesting level as the `impl`
[INFO] [stderr]    = note: items in an anonymous const item (`const _: () = { ... }`) are treated as in the same scope as the anonymous const's declaration for the purpose of this lint
[INFO] [stderr]    = note: `#[warn(non_local_definitions)]` on by default
[INFO] [stderr]    = note: this warning originates in the derive macro `Deserialize` (in Nightly builds, run with -Z macro-backtrace for more info)
[INFO] [stderr] 
[INFO] [stderr] warning: non-local `impl` definition, `impl` blocks should be written at the same level as their item
[INFO] [stderr]    --> src/main.rs:326:28
[INFO] [stderr]     |
[INFO] [stderr] 326 | #[derive(Debug, PartialEq, Deserialize)]
[INFO] [stderr]     |                            ^----------
[INFO] [stderr]     |                            |
[INFO] [stderr]     |                            `Deserialize` is not local
[INFO] [stderr]     |                            move the `impl` block outside of this constant `_IMPL_DESERIALIZE_FOR_Config`
[INFO] [stderr] 327 | struct Config {
[INFO] [stderr]     |        ------ `Config` is not local
[INFO] [stderr]     |
[INFO] [stderr]     = note: the derive macro `Deserialize` defines the non-local `impl`, and may need to be changed
[INFO] [stderr]     = note: the derive macro `Deserialize` may come from an old version of the `serde_derive` crate, try updating your dependency with `cargo update -p serde_derive`
[INFO] [stderr]     = note: an `impl` is never scoped, even when it is nested inside an item, as it may impact type checking outside of that item, which can be the case if neither the trait or the self type are at the same nesting level as the `impl`
[INFO] [stderr]     = note: items in an anonymous const item (`const _: () = { ... }`) are treated as in the same scope as the anonymous const's declaration for the purpose of this lint
[INFO] [stderr]     = note: this warning originates in the derive macro `Deserialize` (in Nightly builds, run with -Z macro-backtrace for more info)
[INFO] [stderr] 
[INFO] [stderr] warning: `fern-run` (bin "fern") generated 5 warnings
[INFO] [stderr] warning: unused import: `prelude::PredicateBooleanExt`
[INFO] [stderr]  --> tests/./utils.rs:5:22
[INFO] [stderr]   |
[INFO] [stderr] 5 | pub use predicates::{prelude::PredicateBooleanExt, str::contains as c};
[INFO] [stderr]   |                      ^^^^^^^^^^^^^^^^^^^^^^^^^^^^
[INFO] [stderr]   |
[INFO] [stderr]   = note: `#[warn(unused_imports)]` (part of `#[warn(unused)]`) on by default
[INFO] [stderr] 
[INFO] [stderr] warning: `fern-run` (test "seeding_examples") generated 1 warning (run `cargo fix --test "seeding_examples" -p fern-run` to apply 1 suggestion)
[INFO] [stderr] warning: `fern-run` (bin "fern" test) generated 5 warnings (5 duplicates)
[INFO] [stderr]     Finished `release` profile [optimized] target(s) in 0.07s
[INFO] [stderr] warning: the following packages contain code that will be rejected by a future version of Rust: escargot v0.5.0
[INFO] [stderr] note: to see what the problems were, use the option `--future-incompat-report`, or run `cargo report future-incompatibilities --id 1`
[INFO] [stderr]      Running unittests src/main.rs (/opt/rustwide/target/release/build/fern-run/99e2f97c67c8dacc/out/fern-99e2f97c67c8dacc)
[INFO] [stdout] 
[INFO] [stdout] running 4 tests
[INFO] [stdout] test tests::it_parses_a_correct_yaml_file ... ok
[INFO] [stderr]      Running tests/basic_usage.rs (/opt/rustwide/target/release/build/fern-run/2ac547e6fdaf4545/out/basic_usage-2ac547e6fdaf4545)
[INFO] [stdout] test tests::it_reports_adequate_errors ... ok
[INFO] [stdout] test tests::it_ignores_unknown_fields ... ok
[INFO] [stdout] test tests::it_reports_errors_for_known_keys ... ok
[INFO] [stdout] 
[INFO] [stdout] test result: ok. 4 passed; 0 failed; 0 ignored; 0 measured; 0 filtered out; finished in 0.01s
[INFO] [stdout] 
[INFO] [stdout] 
[INFO] [stdout] running 11 tests
[INFO] [stdout] test it_runs_build_for_the_current_folder ... FAILED
[INFO] [stdout] test it_prints_the_leaves_woithout_extra_formatting ... FAILED
[INFO] [stdout] test it_reports_when_commands_fail ... FAILED
[INFO] [stdout] test it_runs_fmt_for_the_entire_directory ... FAILED
[INFO] [stdout] test it_warns_if_there_is_no_fern_file_here ... FAILED
[INFO] [stdout] test it_allows_the_user_to_suppress_the_missing_file_warning ... FAILED
[INFO] [stdout] test it_list_all_available_leaves ... FAILED
[INFO] [stdout] test runs_multiple_tests_from_the_fern_file ... FAILED
[INFO] [stderr] error: test failed, to rerun pass `--test basic_usage`
[INFO] [stdout] test it_warns_if_there_are_no_fern_files_anywhere ... FAILED
[INFO] [stdout] test it_prints_some_help ... FAILED
[INFO] [stdout] test it_prints_the_version ... FAILED
[INFO] [stdout] 
[INFO] [stdout] failures:
[INFO] [stdout] 
[INFO] [stdout] ---- it_runs_build_for_the_current_folder stdout ----
[INFO] [stdout] 
[INFO] [stdout] thread 'it_runs_build_for_the_current_folder' (1165) panicked at tests/./utils.rs:14:51:
[INFO] [stdout] called `Result::unwrap()` on an `Err` value: CargoError { cause: Some(NotFoundError { path: "/opt/rustwide/target/release/build/fern-run/2ac547e6fdaf4545/out/fern" }) }
[INFO] [stdout] stack backtrace:
[INFO] [stdout]    0:     0x6137a4345fd7 - <<std[617be2ca0a6fd877]::sys::backtrace::BacktraceLock>::print::DisplayBacktrace as core[a373ad73a504971]::fmt::Display>::fmt
[INFO] [stdout]    1:     0x6137a432d7e4 - core[a373ad73a504971]::fmt::write
[INFO] [stdout]    2:     0x6137a434559b - <alloc[2e1b2a31b91974c5]::vec::Vec<u8> as core[a373ad73a504971]::io::write::Write>::write_fmt
[INFO] [stdout]    3:     0x6137a4345199 - std[617be2ca0a6fd877]::panicking::default_hook::{closure#0}
[INFO] [stdout]    4:     0x6137a4344e1a - std[617be2ca0a6fd877]::panicking::default_hook
[INFO] [stdout]    5:     0x6137a434494b - std[617be2ca0a6fd877]::panicking::panic_with_hook
[INFO] [stdout]    6:     0x6137a436a711 - std[617be2ca0a6fd877]::panicking::panic_handler::{closure#0}
[INFO] [stdout]    7:     0x6137a436a6c9 - std[617be2ca0a6fd877]::sys::backtrace::__rust_end_short_backtrace::<std[617be2ca0a6fd877]::panicking::panic_handler::{closure#0}, !>
[INFO] [stdout]    8:     0x6137a436abbc - __rustc[ea4f61d10b84890b]::rust_begin_unwind
[INFO] [stdout]    9:     0x6137a432d67b - core[a373ad73a504971]::panicking::panic_fmt
[INFO] [stdout]   10:     0x6137a43303d1 - core[a373ad73a504971]::result::unwrap_failed
[INFO] [stdout]   11:     0x6137a432904d - <basic_usage[2f7869f38a1d7063]::utils::Dir>::run
[INFO] [stdout]   12:     0x6137a432b200 - <basic_usage[2f7869f38a1d7063]::it_runs_build_for_the_current_folder::{closure#0} as core[a373ad73a504971]::ops::function::FnOnce<()>>::call_once
[INFO] [stdout]   13:     0x6137a438347b - test[aada8e7e76ba119b]::__rust_begin_short_backtrace::<core[a373ad73a504971]::result::Result<(), alloc[2e1b2a31b91974c5]::string::String>, fn() -> core[a373ad73a504971]::result::Result<(), alloc[2e1b2a31b91974c5]::string::String>>
[INFO] [stdout]   14:     0x6137a437f315 - test[aada8e7e76ba119b]::run_test::{closure#0}
[INFO] [stdout]   15:     0x6137a437ebcc - std[617be2ca0a6fd877]::sys::backtrace::__rust_begin_short_backtrace::<test[aada8e7e76ba119b]::run_test::{closure#1}, ()>
[INFO] [stdout]   16:     0x6137a439d35c - <std[617be2ca0a6fd877]::thread::lifecycle::spawn_unchecked<test[aada8e7e76ba119b]::run_test::{closure#1}, ()>::{closure#1} as core[a373ad73a504971]::ops::function::FnOnce<()>>::call_once::{shim:vtable#0}
[INFO] [stdout]   17:     0x6137a436c2d8 - <std[617be2ca0a6fd877]::sys::thread::unix::Thread>::new::thread_start
[INFO] [stdout]   18:     0x797bc1fa5dfa - <unknown>
[INFO] [stdout]   19:     0x797bc20393d4 - clone
[INFO] [stdout]   20:                0x0 - <unknown>
[INFO] [stdout] 
[INFO] [stdout] ---- it_prints_the_leaves_woithout_extra_formatting stdout ----
[INFO] [stdout] 
[INFO] [stdout] thread 'it_prints_the_leaves_woithout_extra_formatting' (1162) panicked at tests/./utils.rs:14:51:
[INFO] [stdout] called `Result::unwrap()` on an `Err` value: CargoError { cause: Some(NotFoundError { path: "/opt/rustwide/target/release/build/fern-run/2ac547e6fdaf4545/out/fern" }) }
[INFO] [stdout] stack backtrace:
[INFO] [stdout]    0:     0x6137a4345fd7 - <<std[617be2ca0a6fd877]::sys::backtrace::BacktraceLock>::print::DisplayBacktrace as core[a373ad73a504971]::fmt::Display>::fmt
[INFO] [stdout]    1:     0x6137a432d7e4 - core[a373ad73a504971]::fmt::write
[INFO] [stdout]    2:     0x6137a434559b - <alloc[2e1b2a31b91974c5]::vec::Vec<u8> as core[a373ad73a504971]::io::write::Write>::write_fmt
[INFO] [stdout]    3:     0x6137a4345199 - std[617be2ca0a6fd877]::panicking::default_hook::{closure#0}
[INFO] [stdout]    4:     0x6137a4344e1a - std[617be2ca0a6fd877]::panicking::default_hook
[INFO] [stdout]    5:     0x6137a434494b - std[617be2ca0a6fd877]::panicking::panic_with_hook
[INFO] [stdout]    6:     0x6137a436a711 - std[617be2ca0a6fd877]::panicking::panic_handler::{closure#0}
[INFO] [stdout]    7:     0x6137a436a6c9 - std[617be2ca0a6fd877]::sys::backtrace::__rust_end_short_backtrace::<std[617be2ca0a6fd877]::panicking::panic_handler::{closure#0}, !>
[INFO] [stdout]    8:     0x6137a436abbc - __rustc[ea4f61d10b84890b]::rust_begin_unwind
[INFO] [stdout]    9:     0x6137a432d67b - core[a373ad73a504971]::panicking::panic_fmt
[INFO] [stdout]   10:     0x6137a43303d1 - core[a373ad73a504971]::result::unwrap_failed
[INFO] [stdout]   11:     0x6137a432904d - <basic_usage[2f7869f38a1d7063]::utils::Dir>::run
[INFO] [stdout]   12:     0x6137a432b6e6 - <basic_usage[2f7869f38a1d7063]::it_prints_the_leaves_woithout_extra_formatting::{closure#0} as core[a373ad73a504971]::ops::function::FnOnce<()>>::call_once
[INFO] [stdout]   13:     0x6137a438347b - test[aada8e7e76ba119b]::__rust_begin_short_backtrace::<core[a373ad73a504971]::result::Result<(), alloc[2e1b2a31b91974c5]::string::String>, fn() -> core[a373ad73a504971]::result::Result<(), alloc[2e1b2a31b91974c5]::string::String>>
[INFO] [stdout]   14:     0x6137a437f315 - test[aada8e7e76ba119b]::run_test::{closure#0}
[INFO] [stdout]   15:     0x6137a437ebcc - std[617be2ca0a6fd877]::sys::backtrace::__rust_begin_short_backtrace::<test[aada8e7e76ba119b]::run_test::{closure#1}, ()>
[INFO] [stdout]   16:     0x6137a439d35c - <std[617be2ca0a6fd877]::thread::lifecycle::spawn_unchecked<test[aada8e7e76ba119b]::run_test::{closure#1}, ()>::{closure#1} as core[a373ad73a504971]::ops::function::FnOnce<()>>::call_once::{shim:vtable#0}
[INFO] [stdout]   17:     0x6137a436c2d8 - <std[617be2ca0a6fd877]::sys::thread::unix::Thread>::new::thread_start
[INFO] [stdout]   18:     0x797bc1fa5dfa - <unknown>
[INFO] [stdout]   19:     0x797bc20393d4 - clone
[INFO] [stdout]   20:                0x0 - <unknown>
[INFO] [stdout] 
[INFO] [stdout] ---- it_reports_when_commands_fail stdout ----
[INFO] [stdout] 
[INFO] [stdout] thread 'it_reports_when_commands_fail' (1164) panicked at tests/./utils.rs:14:51:
[INFO] [stdout] called `Result::unwrap()` on an `Err` value: CargoError { cause: Some(NotFoundError { path: "/opt/rustwide/target/release/build/fern-run/2ac547e6fdaf4545/out/fern" }) }
[INFO] [stdout] stack backtrace:
[INFO] [stdout]    0:     0x6137a4345fd7 - <<std[617be2ca0a6fd877]::sys::backtrace::BacktraceLock>::print::DisplayBacktrace as core[a373ad73a504971]::fmt::Display>::fmt
[INFO] [stdout]    1:     0x6137a432d7e4 - core[a373ad73a504971]::fmt::write
[INFO] [stdout]    2:     0x6137a434559b - <alloc[2e1b2a31b91974c5]::vec::Vec<u8> as core[a373ad73a504971]::io::write::Write>::write_fmt
[INFO] [stdout]    3:     0x6137a4345199 - std[617be2ca0a6fd877]::panicking::default_hook::{closure#0}
[INFO] [stdout]    4:     0x6137a4344e1a - std[617be2ca0a6fd877]::panicking::default_hook
[INFO] [stdout]    5:     0x6137a434494b - std[617be2ca0a6fd877]::panicking::panic_with_hook
[INFO] [stdout]    6:     0x6137a436a711 - std[617be2ca0a6fd877]::panicking::panic_handler::{closure#0}
[INFO] [stdout]    7:     0x6137a436a6c9 - std[617be2ca0a6fd877]::sys::backtrace::__rust_end_short_backtrace::<std[617be2ca0a6fd877]::panicking::panic_handler::{closure#0}, !>
[INFO] [stdout]    8:     0x6137a436abbc - __rustc[ea4f61d10b84890b]::rust_begin_unwind
[INFO] [stdout]    9:     0x6137a432d67b - core[a373ad73a504971]::panicking::panic_fmt
[INFO] [stdout]   10:     0x6137a43303d1 - core[a373ad73a504971]::result::unwrap_failed
[INFO] [stdout]   11:     0x6137a432904d - <basic_usage[2f7869f38a1d7063]::utils::Dir>::run
[INFO] [stdout]   12:     0x6137a432af82 - <basic_usage[2f7869f38a1d7063]::it_reports_when_commands_fail::{closure#0} as core[a373ad73a504971]::ops::function::FnOnce<()>>::call_once
[INFO] [stdout]   13:     0x6137a438347b - test[aada8e7e76ba119b]::__rust_begin_short_backtrace::<core[a373ad73a504971]::result::Result<(), alloc[2e1b2a31b91974c5]::string::String>, fn() -> core[a373ad73a504971]::result::Result<(), alloc[2e1b2a31b91974c5]::string::String>>
[INFO] [stdout]   14:     0x6137a437f315 - test[aada8e7e76ba119b]::run_test::{closure#0}
[INFO] [stdout]   15:     0x6137a437ebcc - std[617be2ca0a6fd877]::sys::backtrace::__rust_begin_short_backtrace::<test[aada8e7e76ba119b]::run_test::{closure#1}, ()>
[INFO] [stdout]   16:     0x6137a439d35c - <std[617be2ca0a6fd877]::thread::lifecycle::spawn_unchecked<test[aada8e7e76ba119b]::run_test::{closure#1}, ()>::{closure#1} as core[a373ad73a504971]::ops::function::FnOnce<()>>::call_once::{shim:vtable#0}
[INFO] [stdout]   17:     0x6137a436c2d8 - <std[617be2ca0a6fd877]::sys::thread::unix::Thread>::new::thread_start
[INFO] [stdout]   18:     0x797bc1fa5dfa - <unknown>
[INFO] [stdout]   19:     0x797bc20393d4 - clone
[INFO] [stdout]   20:                0x0 - <unknown>
[INFO] [stdout] 
[INFO] [stdout] ---- it_runs_fmt_for_the_entire_directory stdout ----
[INFO] [stdout] 
[INFO] [stdout] thread 'it_runs_fmt_for_the_entire_directory' (1166) panicked at tests/./utils.rs:14:51:
[INFO] [stdout] called `Result::unwrap()` on an `Err` value: CargoError { cause: Some(NotFoundError { path: "/opt/rustwide/target/release/build/fern-run/2ac547e6fdaf4545/out/fern" }) }
[INFO] [stdout] stack backtrace:
[INFO] [stdout]    0:     0x6137a4345fd7 - <<std[617be2ca0a6fd877]::sys::backtrace::BacktraceLock>::print::DisplayBacktrace as core[a373ad73a504971]::fmt::Display>::fmt
[INFO] [stdout]    1:     0x6137a432d7e4 - core[a373ad73a504971]::fmt::write
[INFO] [stdout]    2:     0x6137a434559b - <alloc[2e1b2a31b91974c5]::vec::Vec<u8> as core[a373ad73a504971]::io::write::Write>::write_fmt
[INFO] [stdout]    3:     0x6137a4345199 - std[617be2ca0a6fd877]::panicking::default_hook::{closure#0}
[INFO] [stdout]    4:     0x6137a4344e1a - std[617be2ca0a6fd877]::panicking::default_hook
[INFO] [stdout]    5:     0x6137a434494b - std[617be2ca0a6fd877]::panicking::panic_with_hook
[INFO] [stdout]    6:     0x6137a436a711 - std[617be2ca0a6fd877]::panicking::panic_handler::{closure#0}
[INFO] [stdout]    7:     0x6137a436a6c9 - std[617be2ca0a6fd877]::sys::backtrace::__rust_end_short_backtrace::<std[617be2ca0a6fd877]::panicking::panic_handler::{closure#0}, !>
[INFO] [stdout]    8:     0x6137a436abbc - __rustc[ea4f61d10b84890b]::rust_begin_unwind
[INFO] [stdout]    9:     0x6137a432d67b - core[a373ad73a504971]::panicking::panic_fmt
[INFO] [stdout]   10:     0x6137a43303d1 - core[a373ad73a504971]::result::unwrap_failed
[INFO] [stdout]   11:     0x6137a432904d - <basic_usage[2f7869f38a1d7063]::utils::Dir>::run
[INFO] [stdout]   12:     0x6137a432b2b7 - <basic_usage[2f7869f38a1d7063]::it_runs_fmt_for_the_entire_directory::{closure#0} as core[a373ad73a504971]::ops::function::FnOnce<()>>::call_once
[INFO] [stdout]   13:     0x6137a438347b - test[aada8e7e76ba119b]::__rust_begin_short_backtrace::<core[a373ad73a504971]::result::Result<(), alloc[2e1b2a31b91974c5]::string::String>, fn() -> core[a373ad73a504971]::result::Result<(), alloc[2e1b2a31b91974c5]::string::String>>
[INFO] [stdout]   14:     0x6137a437f315 - test[aada8e7e76ba119b]::run_test::{closure#0}
[INFO] [stdout]   15:     0x6137a437ebcc - std[617be2ca0a6fd877]::sys::backtrace::__rust_begin_short_backtrace::<test[aada8e7e76ba119b]::run_test::{closure#1}, ()>
[INFO] [stdout]   16:     0x6137a439d35c - <std[617be2ca0a6fd877]::thread::lifecycle::spawn_unchecked<test[aada8e7e76ba119b]::run_test::{closure#1}, ()>::{closure#1} as core[a373ad73a504971]::ops::function::FnOnce<()>>::call_once::{shim:vtable#0}
[INFO] [stdout]   17:     0x6137a436c2d8 - <std[617be2ca0a6fd877]::sys::thread::unix::Thread>::new::thread_start
[INFO] [stdout]   18:     0x797bc1fa5dfa - <unknown>
[INFO] [stdout]   19:     0x797bc20393d4 - clone
[INFO] [stdout]   20:                0x0 - <unknown>
[INFO] [stdout] 
[INFO] [stdout] ---- it_warns_if_there_is_no_fern_file_here stdout ----
[INFO] [stdout] 
[INFO] [stdout] thread 'it_warns_if_there_is_no_fern_file_here' (1168) panicked at tests/./utils.rs:14:51:
[INFO] [stdout] called `Result::unwrap()` on an `Err` value: CargoError { cause: Some(NotFoundError { path: "/opt/rustwide/target/release/build/fern-run/2ac547e6fdaf4545/out/fern" }) }
[INFO] [stdout] stack backtrace:
[INFO] [stdout]    0:     0x6137a4345fd7 - <<std[617be2ca0a6fd877]::sys::backtrace::BacktraceLock>::print::DisplayBacktrace as core[a373ad73a504971]::fmt::Display>::fmt
[INFO] [stdout]    1:     0x6137a432d7e4 - core[a373ad73a504971]::fmt::write
[INFO] [stdout]    2:     0x6137a434559b - <alloc[2e1b2a31b91974c5]::vec::Vec<u8> as core[a373ad73a504971]::io::write::Write>::write_fmt
[INFO] [stdout]    3:     0x6137a4345199 - std[617be2ca0a6fd877]::panicking::default_hook::{closure#0}
[INFO] [stdout]    4:     0x6137a4344e1a - std[617be2ca0a6fd877]::panicking::default_hook
[INFO] [stdout]    5:     0x6137a434494b - std[617be2ca0a6fd877]::panicking::panic_with_hook
[INFO] [stdout]    6:     0x6137a436a711 - std[617be2ca0a6fd877]::panicking::panic_handler::{closure#0}
[INFO] [stdout]    7:     0x6137a436a6c9 - std[617be2ca0a6fd877]::sys::backtrace::__rust_end_short_backtrace::<std[617be2ca0a6fd877]::panicking::panic_handler::{closure#0}, !>
[INFO] [stdout]    8:     0x6137a436abbc - __rustc[ea4f61d10b84890b]::rust_begin_unwind
[INFO] [stdout]    9:     0x6137a432d67b - core[a373ad73a504971]::panicking::panic_fmt
[INFO] [stdout]   10:     0x6137a43303d1 - core[a373ad73a504971]::result::unwrap_failed
[INFO] [stdout]   11:     0x6137a432904d - <basic_usage[2f7869f38a1d7063]::utils::Dir>::run
[INFO] [stdout]   12:     0x6137a432b40c - <basic_usage[2f7869f38a1d7063]::it_warns_if_there_is_no_fern_file_here::{closure#0} as core[a373ad73a504971]::ops::function::FnOnce<()>>::call_once
[INFO] [stdout]   13:     0x6137a438347b - test[aada8e7e76ba119b]::__rust_begin_short_backtrace::<core[a373ad73a504971]::result::Result<(), alloc[2e1b2a31b91974c5]::string::String>, fn() -> core[a373ad73a504971]::result::Result<(), alloc[2e1b2a31b91974c5]::string::String>>
[INFO] [stdout]   14:     0x6137a437f315 - test[aada8e7e76ba119b]::run_test::{closure#0}
[INFO] [stdout]   15:     0x6137a437ebcc - std[617be2ca0a6fd877]::sys::backtrace::__rust_begin_short_backtrace::<test[aada8e7e76ba119b]::run_test::{closure#1}, ()>
[INFO] [stdout]   16:     0x6137a439d35c - <std[617be2ca0a6fd877]::thread::lifecycle::spawn_unchecked<test[aada8e7e76ba119b]::run_test::{closure#1}, ()>::{closure#1} as core[a373ad73a504971]::ops::function::FnOnce<()>>::call_once::{shim:vtable#0}
[INFO] [stdout]   17:     0x6137a436c2d8 - <std[617be2ca0a6fd877]::sys::thread::unix::Thread>::new::thread_start
[INFO] [stdout]   18:     0x797bc1fa5dfa - <unknown>
[INFO] [stdout]   19:     0x797bc20393d4 - clone
[INFO] [stdout]   20:                0x0 - <unknown>
[INFO] [stdout] 
[INFO] [stdout] ---- it_allows_the_user_to_suppress_the_missing_file_warning stdout ----
[INFO] [stdout] 
[INFO] [stdout] thread 'it_allows_the_user_to_suppress_the_missing_file_warning' (1159) panicked at tests/./utils.rs:14:51:
[INFO] [stdout] called `Result::unwrap()` on an `Err` value: CargoError { cause: Some(NotFoundError { path: "/opt/rustwide/target/release/build/fern-run/2ac547e6fdaf4545/out/fern" }) }
[INFO] [stdout] stack backtrace:
[INFO] [stdout]    0:     0x6137a4345fd7 - <<std[617be2ca0a6fd877]::sys::backtrace::BacktraceLock>::print::DisplayBacktrace as core[a373ad73a504971]::fmt::Display>::fmt
[INFO] [stdout]    1:     0x6137a432d7e4 - core[a373ad73a504971]::fmt::write
[INFO] [stdout]    2:     0x6137a434559b - <alloc[2e1b2a31b91974c5]::vec::Vec<u8> as core[a373ad73a504971]::io::write::Write>::write_fmt
[INFO] [stdout]    3:     0x6137a4345199 - std[617be2ca0a6fd877]::panicking::default_hook::{closure#0}
[INFO] [stdout]    4:     0x6137a4344e1a - std[617be2ca0a6fd877]::panicking::default_hook
[INFO] [stdout]    5:     0x6137a434494b - std[617be2ca0a6fd877]::panicking::panic_with_hook
[INFO] [stdout]    6:     0x6137a436a711 - std[617be2ca0a6fd877]::panicking::panic_handler::{closure#0}
[INFO] [stdout]    7:     0x6137a436a6c9 - std[617be2ca0a6fd877]::sys::backtrace::__rust_end_short_backtrace::<std[617be2ca0a6fd877]::panicking::panic_handler::{closure#0}, !>
[INFO] [stdout]    8:     0x6137a436abbc - __rustc[ea4f61d10b84890b]::rust_begin_unwind
[INFO] [stdout]    9:     0x6137a432d67b - core[a373ad73a504971]::panicking::panic_fmt
[INFO] [stdout]   10:     0x6137a43303d1 - core[a373ad73a504971]::result::unwrap_failed
[INFO] [stdout]   11:     0x6137a432904d - <basic_usage[2f7869f38a1d7063]::utils::Dir>::run
[INFO] [stdout]   12:     0x6137a432b83b - <basic_usage[2f7869f38a1d7063]::it_allows_the_user_to_suppress_the_missing_file_warning::{closure#0} as core[a373ad73a504971]::ops::function::FnOnce<()>>::call_once
[INFO] [stdout]   13:     0x6137a438347b - test[aada8e7e76ba119b]::__rust_begin_short_backtrace::<core[a373ad73a504971]::result::Result<(), alloc[2e1b2a31b91974c5]::string::String>, fn() -> core[a373ad73a504971]::result::Result<(), alloc[2e1b2a31b91974c5]::string::String>>
[INFO] [stdout]   14:     0x6137a437f315 - test[aada8e7e76ba119b]::run_test::{closure#0}
[INFO] [stdout]   15:     0x6137a437ebcc - std[617be2ca0a6fd877]::sys::backtrace::__rust_begin_short_backtrace::<test[aada8e7e76ba119b]::run_test::{closure#1}, ()>
[INFO] [stdout]   16:     0x6137a439d35c - <std[617be2ca0a6fd877]::thread::lifecycle::spawn_unchecked<test[aada8e7e76ba119b]::run_test::{closure#1}, ()>::{closure#1} as core[a373ad73a504971]::ops::function::FnOnce<()>>::call_once::{shim:vtable#0}
[INFO] [stdout]   17:     0x6137a436c2d8 - <std[617be2ca0a6fd877]::sys::thread::unix::Thread>::new::thread_start
[INFO] [stdout]   18:     0x797bc1fa5dfa - <unknown>
[INFO] [stdout]   19:     0x797bc20393d4 - clone
[INFO] [stdout]   20:                0x0 - <unknown>
[INFO] [stdout] 
[INFO] [stdout] ---- it_list_all_available_leaves stdout ----
[INFO] [stdout] 
[INFO] [stdout] thread 'it_list_all_available_leaves' (1160) panicked at tests/./utils.rs:14:51:
[INFO] [stdout] called `Result::unwrap()` on an `Err` value: CargoError { cause: Some(NotFoundError { path: "/opt/rustwide/target/release/build/fern-run/2ac547e6fdaf4545/out/fern" }) }
[INFO] [stdout] stack backtrace:
[INFO] [stdout]    0:     0x6137a4345fd7 - <<std[617be2ca0a6fd877]::sys::backtrace::BacktraceLock>::print::DisplayBacktrace as core[a373ad73a504971]::fmt::Display>::fmt
[INFO] [stdout]    1:     0x6137a432d7e4 - core[a373ad73a504971]::fmt::write
[INFO] [stdout]    2:     0x6137a434559b - <alloc[2e1b2a31b91974c5]::vec::Vec<u8> as core[a373ad73a504971]::io::write::Write>::write_fmt
[INFO] [stdout]    3:     0x6137a4345199 - std[617be2ca0a6fd877]::panicking::default_hook::{closure#0}
[INFO] [stdout]    4:     0x6137a4344e1a - std[617be2ca0a6fd877]::panicking::default_hook
[INFO] [stdout]    5:     0x6137a434494b - std[617be2ca0a6fd877]::panicking::panic_with_hook
[INFO] [stdout]    6:     0x6137a436a711 - std[617be2ca0a6fd877]::panicking::panic_handler::{closure#0}
[INFO] [stdout]    7:     0x6137a436a6c9 - std[617be2ca0a6fd877]::sys::backtrace::__rust_end_short_backtrace::<std[617be2ca0a6fd877]::panicking::panic_handler::{closure#0}, !>
[INFO] [stdout]    8:     0x6137a436abbc - __rustc[ea4f61d10b84890b]::rust_begin_unwind
[INFO] [stdout]    9:     0x6137a432d67b - core[a373ad73a504971]::panicking::panic_fmt
[INFO] [stdout]   10:     0x6137a43303d1 - core[a373ad73a504971]::result::unwrap_failed
[INFO] [stdout]   11:     0x6137a432904d - <basic_usage[2f7869f38a1d7063]::utils::Dir>::run
[INFO] [stdout]   12:     0x6137a432ad95 - <basic_usage[2f7869f38a1d7063]::it_list_all_available_leaves::{closure#0} as core[a373ad73a504971]::ops::function::FnOnce<()>>::call_once
[INFO] [stdout]   13:     0x6137a438347b - test[aada8e7e76ba119b]::__rust_begin_short_backtrace::<core[a373ad73a504971]::result::Result<(), alloc[2e1b2a31b91974c5]::string::String>, fn() -> core[a373ad73a504971]::result::Result<(), alloc[2e1b2a31b91974c5]::string::String>>
[INFO] [stdout]   14:     0x6137a437f315 - test[aada8e7e76ba119b]::run_test::{closure#0}
[INFO] [stdout]   15:     0x6137a437ebcc - std[617be2ca0a6fd877]::sys::backtrace::__rust_begin_short_backtrace::<test[aada8e7e76ba119b]::run_test::{closure#1}, ()>
[INFO] [stdout]   16:     0x6137a439d35c - <std[617be2ca0a6fd877]::thread::lifecycle::spawn_unchecked<test[aada8e7e76ba119b]::run_test::{closure#1}, ()>::{closure#1} as core[a373ad73a504971]::ops::function::FnOnce<()>>::call_once::{shim:vtable#0}
[INFO] [stdout]   17:     0x6137a436c2d8 - <std[617be2ca0a6fd877]::sys::thread::unix::Thread>::new::thread_start
[INFO] [stdout]   18:     0x797bc1fa5dfa - <unknown>
[INFO] [stdout]   19:     0x797bc20393d4 - clone
[INFO] [stdout]   20:                0x0 - <unknown>
[INFO] [stdout] 
[INFO] [stdout] ---- runs_multiple_tests_from_the_fern_file stdout ----
[INFO] [stdout] 
[INFO] [stdout] thread 'runs_multiple_tests_from_the_fern_file' (1169) panicked at tests/./utils.rs:14:51:
[INFO] [stdout] called `Result::unwrap()` on an `Err` value: CargoError { cause: Some(NotFoundError { path: "/opt/rustwide/target/release/build/fern-run/2ac547e6fdaf4545/out/fern" }) }
[INFO] [stdout] stack backtrace:
[INFO] [stdout]    0:     0x6137a4345fd7 - <<std[617be2ca0a6fd877]::sys::backtrace::BacktraceLock>::print::DisplayBacktrace as core[a373ad73a504971]::fmt::Display>::fmt
[INFO] [stdout]    1:     0x6137a432d7e4 - core[a373ad73a504971]::fmt::write
[INFO] [stdout]    2:     0x6137a434559b - <alloc[2e1b2a31b91974c5]::vec::Vec<u8> as core[a373ad73a504971]::io::write::Write>::write_fmt
[INFO] [stdout]    3:     0x6137a4345199 - std[617be2ca0a6fd877]::panicking::default_hook::{closure#0}
[INFO] [stdout]    4:     0x6137a4344e1a - std[617be2ca0a6fd877]::panicking::default_hook
[INFO] [stdout]    5:     0x6137a434494b - std[617be2ca0a6fd877]::panicking::panic_with_hook
[INFO] [stdout]    6:     0x6137a436a711 - std[617be2ca0a6fd877]::panicking::panic_handler::{closure#0}
[INFO] [stdout]    7:     0x6137a436a6c9 - std[617be2ca0a6fd877]::sys::backtrace::__rust_end_short_backtrace::<std[617be2ca0a6fd877]::panicking::panic_handler::{closure#0}, !>
[INFO] [stdout]    8:     0x6137a436abbc - __rustc[ea4f61d10b84890b]::rust_begin_unwind
[INFO] [stdout]    9:     0x6137a432d67b - core[a373ad73a504971]::panicking::panic_fmt
[INFO] [stdout]   10:     0x6137a43303d1 - core[a373ad73a504971]::result::unwrap_failed
[INFO] [stdout]   11:     0x6137a432904d - <basic_usage[2f7869f38a1d7063]::utils::Dir>::run
[INFO] [stdout]   12:     0x6137a432b4c9 - <basic_usage[2f7869f38a1d7063]::runs_multiple_tests_from_the_fern_file::{closure#0} as core[a373ad73a504971]::ops::function::FnOnce<()>>::call_once
[INFO] [stdout]   13:     0x6137a438347b - test[aada8e7e76ba119b]::__rust_begin_short_backtrace::<core[a373ad73a504971]::result::Result<(), alloc[2e1b2a31b91974c5]::string::String>, fn() -> core[a373ad73a504971]::result::Result<(), alloc[2e1b2a31b91974c5]::string::String>>
[INFO] [stdout]   14:     0x6137a437f315 - test[aada8e7e76ba119b]::run_test::{closure#0}
[INFO] [stdout]   15:     0x6137a437ebcc - std[617be2ca0a6fd877]::sys::backtrace::__rust_begin_short_backtrace::<test[aada8e7e76ba119b]::run_test::{closure#1}, ()>
[INFO] [stdout]   16:     0x6137a439d35c - <std[617be2ca0a6fd877]::thread::lifecycle::spawn_unchecked<test[aada8e7e76ba119b]::run_test::{closure#1}, ()>::{closure#1} as core[a373ad73a504971]::ops::function::FnOnce<()>>::call_once::{shim:vtable#0}
[INFO] [stdout]   17:     0x6137a436c2d8 - <std[617be2ca0a6fd877]::sys::thread::unix::Thread>::new::thread_start
[INFO] [stdout]   18:     0x797bc1fa5dfa - <unknown>
[INFO] [stdout]   19:     0x797bc20393d4 - clone
[INFO] [stdout]   20:                0x0 - <unknown>
[INFO] [stdout] 
[INFO] [stdout] ---- it_warns_if_there_are_no_fern_files_anywhere stdout ----
[INFO] [stdout] 
[INFO] [stdout] thread 'it_warns_if_there_are_no_fern_files_anywhere' (1167) panicked at tests/./utils.rs:14:51:
[INFO] [stdout] called `Result::unwrap()` on an `Err` value: CargoError { cause: Some(NotFoundError { path: "/opt/rustwide/target/release/build/fern-run/2ac547e6fdaf4545/out/fern" }) }
[INFO] [stdout] stack backtrace:
[INFO] [stdout]    0:     0x6137a4345fd7 - <<std[617be2ca0a6fd877]::sys::backtrace::BacktraceLock>::print::DisplayBacktrace as core[a373ad73a504971]::fmt::Display>::fmt
[INFO] [stdout]    1:     0x6137a432d7e4 - core[a373ad73a504971]::fmt::write
[INFO] [stdout]    2:     0x6137a434559b - <alloc[2e1b2a31b91974c5]::vec::Vec<u8> as core[a373ad73a504971]::io::write::Write>::write_fmt
[INFO] [stdout]    3:     0x6137a4345199 - std[617be2ca0a6fd877]::panicking::default_hook::{closure#0}
[INFO] [stdout]    4:     0x6137a4344e1a - std[617be2ca0a6fd877]::panicking::default_hook
[INFO] [stdout]    5:     0x6137a434494b - std[617be2ca0a6fd877]::panicking::panic_with_hook
[INFO] [stdout]    6:     0x6137a436a711 - std[617be2ca0a6fd877]::panicking::panic_handler::{closure#0}
[INFO] [stdout]    7:     0x6137a436a6c9 - std[617be2ca0a6fd877]::sys::backtrace::__rust_end_short_backtrace::<std[617be2ca0a6fd877]::panicking::panic_handler::{closure#0}, !>
[INFO] [stdout]    8:     0x6137a436abbc - __rustc[ea4f61d10b84890b]::rust_begin_unwind
[INFO] [stdout]    9:     0x6137a432d67b - core[a373ad73a504971]::panicking::panic_fmt
[INFO] [stdout]   10:     0x6137a43303d1 - core[a373ad73a504971]::result::unwrap_failed
[INFO] [stdout]   11:     0x6137a432904d - <basic_usage[2f7869f38a1d7063]::utils::Dir>::run
[INFO] [stdout]   12:     0x6137a432b62f - <basic_usage[2f7869f38a1d7063]::it_warns_if_there_are_no_fern_files_anywhere::{closure#0} as core[a373ad73a504971]::ops::function::FnOnce<()>>::call_once
[INFO] [stdout]   13:     0x6137a438347b - test[aada8e7e76ba119b]::__rust_begin_short_backtrace::<core[a373ad73a504971]::result::Result<(), alloc[2e1b2a31b91974c5]::string::String>, fn() -> core[a373ad73a504971]::result::Result<(), alloc[2e1b2a31b91974c5]::string::String>>
[INFO] [stdout]   14:     0x6137a437f315 - test[aada8e7e76ba119b]::run_test::{closure#0}
[INFO] [stdout]   15:     0x6137a437ebcc - std[617be2ca0a6fd877]::sys::backtrace::__rust_begin_short_backtrace::<test[aada8e7e76ba119b]::run_test::{closure#1}, ()>
[INFO] [stdout]   16:     0x6137a439d35c - <std[617be2ca0a6fd877]::thread::lifecycle::spawn_unchecked<test[aada8e7e76ba119b]::run_test::{closure#1}, ()>::{closure#1} as core[a373ad73a504971]::ops::function::FnOnce<()>>::call_once::{shim:vtable#0}
[INFO] [stdout]   17:     0x6137a436c2d8 - <std[617be2ca0a6fd877]::sys::thread::unix::Thread>::new::thread_start
[INFO] [stdout]   18:     0x797bc1fa5dfa - <unknown>
[INFO] [stdout]   19:     0x797bc20393d4 - clone
[INFO] [stdout]   20:                0x0 - <unknown>
[INFO] [stdout] 
[INFO] [stdout] ---- it_prints_some_help stdout ----
[INFO] [stdout] 
[INFO] [stdout] thread 'it_prints_some_help' (1161) panicked at tests/./utils.rs:14:51:
[INFO] [stdout] called `Result::unwrap()` on an `Err` value: CargoError { cause: Some(NotFoundError { path: "/opt/rustwide/target/release/build/fern-run/2ac547e6fdaf4545/out/fern" }) }
[INFO] [stdout] stack backtrace:
[INFO] [stdout]    0:     0x6137a4345fd7 - <<std[617be2ca0a6fd877]::sys::backtrace::BacktraceLock>::print::DisplayBacktrace as core[a373ad73a504971]::fmt::Display>::fmt
[INFO] [stdout]    1:     0x6137a432d7e4 - core[a373ad73a504971]::fmt::write
[INFO] [stdout]    2:     0x6137a434559b - <alloc[2e1b2a31b91974c5]::vec::Vec<u8> as core[a373ad73a504971]::io::write::Write>::write_fmt
[INFO] [stdout]    3:     0x6137a4345199 - std[617be2ca0a6fd877]::panicking::default_hook::{closure#0}
[INFO] [stdout]    4:     0x6137a4344e1a - std[617be2ca0a6fd877]::panicking::default_hook
[INFO] [stdout]    5:     0x6137a434494b - std[617be2ca0a6fd877]::panicking::panic_with_hook
[INFO] [stdout]    6:     0x6137a436a711 - std[617be2ca0a6fd877]::panicking::panic_handler::{closure#0}
[INFO] [stdout]    7:     0x6137a436a6c9 - std[617be2ca0a6fd877]::sys::backtrace::__rust_end_short_backtrace::<std[617be2ca0a6fd877]::panicking::panic_handler::{closure#0}, !>
[INFO] [stdout]    8:     0x6137a436abbc - __rustc[ea4f61d10b84890b]::rust_begin_unwind
[INFO] [stdout]    9:     0x6137a432d67b - core[a373ad73a504971]::panicking::panic_fmt
[INFO] [stdout]   10:     0x6137a43303d1 - core[a373ad73a504971]::result::unwrap_failed
[INFO] [stdout]   11:     0x6137a432904d - <basic_usage[2f7869f38a1d7063]::utils::Dir>::run
[INFO] [stdout]   12:     0x6137a4329546 - basic_usage[2f7869f38a1d7063]::utils::run
[INFO] [stdout]   13:     0x6137a432ac5a - <basic_usage[2f7869f38a1d7063]::it_prints_some_help::{closure#0} as core[a373ad73a504971]::ops::function::FnOnce<()>>::call_once
[INFO] [stdout]   14:     0x6137a438347b - test[aada8e7e76ba119b]::__rust_begin_short_backtrace::<core[a373ad73a504971]::result::Result<(), alloc[2e1b2a31b91974c5]::string::String>, fn() -> core[a373ad73a504971]::result::Result<(), alloc[2e1b2a31b91974c5]::string::String>>
[INFO] [stdout]   15:     0x6137a437f315 - test[aada8e7e76ba119b]::run_test::{closure#0}
[INFO] [stdout]   16:     0x6137a437ebcc - std[617be2ca0a6fd877]::sys::backtrace::__rust_begin_short_backtrace::<test[aada8e7e76ba119b]::run_test::{closure#1}, ()>
[INFO] [stdout]   17:     0x6137a439d35c - <std[617be2ca0a6fd877]::thread::lifecycle::spawn_unchecked<test[aada8e7e76ba119b]::run_test::{closure#1}, ()>::{closure#1} as core[a373ad73a504971]::ops::function::FnOnce<()>>::call_once::{shim:vtable#0}
[INFO] [stdout]   18:     0x6137a436c2d8 - <std[617be2ca0a6fd877]::sys::thread::unix::Thread>::new::thread_start
[INFO] [stdout]   19:     0x797bc1fa5dfa - <unknown>
[INFO] [stdout]   20:     0x797bc20393d4 - clone
[INFO] [stdout]   21:                0x0 - <unknown>
[INFO] [stdout] 
[INFO] [stdout] ---- it_prints_the_version stdout ----
[INFO] [stdout] 
[INFO] [stdout] thread 'it_prints_the_version' (1163) panicked at tests/./utils.rs:14:51:
[INFO] [stdout] called `Result::unwrap()` on an `Err` value: CargoError { cause: Some(NotFoundError { path: "/opt/rustwide/target/release/build/fern-run/2ac547e6fdaf4545/out/fern" }) }
[INFO] [stdout] stack backtrace:
[INFO] [stdout]    0:     0x6137a4345fd7 - <<std[617be2ca0a6fd877]::sys::backtrace::BacktraceLock>::print::DisplayBacktrace as core[a373ad73a504971]::fmt::Display>::fmt
[INFO] [stdout]    1:     0x6137a432d7e4 - core[a373ad73a504971]::fmt::write
[INFO] [stdout]    2:     0x6137a434559b - <alloc[2e1b2a31b91974c5]::vec::Vec<u8> as core[a373ad73a504971]::io::write::Write>::write_fmt
[INFO] [stdout]    3:     0x6137a4345199 - std[617be2ca0a6fd877]::panicking::default_hook::{closure#0}
[INFO] [stdout]    4:     0x6137a4344e1a - std[617be2ca0a6fd877]::panicking::default_hook
[INFO] [stdout]    5:     0x6137a434494b - std[617be2ca0a6fd877]::panicking::panic_with_hook
[INFO] [stdout]    6:     0x6137a436a711 - std[617be2ca0a6fd877]::panicking::panic_handler::{closure#0}
[INFO] [stdout]    7:     0x6137a436a6c9 - std[617be2ca0a6fd877]::sys::backtrace::__rust_end_short_backtrace::<std[617be2ca0a6fd877]::panicking::panic_handler::{closure#0}, !>
[INFO] [stdout]    8:     0x6137a436abbc - __rustc[ea4f61d10b84890b]::rust_begin_unwind
[INFO] [stdout]    9:     0x6137a432d67b - core[a373ad73a504971]::panicking::panic_fmt
[INFO] [stdout]   10:     0x6137a43303d1 - core[a373ad73a504971]::result::unwrap_failed
[INFO] [stdout]   11:     0x6137a432904d - <basic_usage[2f7869f38a1d7063]::utils::Dir>::run
[INFO] [stdout]   12:     0x6137a4329546 - basic_usage[2f7869f38a1d7063]::utils::run
[INFO] [stdout]   13:     0x6137a432ace9 - <basic_usage[2f7869f38a1d7063]::it_prints_the_version::{closure#0} as core[a373ad73a504971]::ops::function::FnOnce<()>>::call_once
[INFO] [stdout]   14:     0x6137a438347b - test[aada8e7e76ba119b]::__rust_begin_short_backtrace::<core[a373ad73a504971]::result::Result<(), alloc[2e1b2a31b91974c5]::string::String>, fn() -> core[a373ad73a504971]::result::Result<(), alloc[2e1b2a31b91974c5]::string::String>>
[INFO] [stdout]   15:     0x6137a437f315 - test[aada8e7e76ba119b]::run_test::{closure#0}
[INFO] [stdout]   16:     0x6137a437ebcc - std[617be2ca0a6fd877]::sys::backtrace::__rust_begin_short_backtrace::<test[aada8e7e76ba119b]::run_test::{closure#1}, ()>
[INFO] [stdout]   17:     0x6137a439d35c - <std[617be2ca0a6fd877]::thread::lifecycle::spawn_unchecked<test[aada8e7e76ba119b]::run_test::{closure#1}, ()>::{closure#1} as core[a373ad73a504971]::ops::function::FnOnce<()>>::call_once::{shim:vtable#0}
[INFO] [stdout]   18:     0x6137a436c2d8 - <std[617be2ca0a6fd877]::sys::thread::unix::Thread>::new::thread_start
[INFO] [stdout]   19:     0x797bc1fa5dfa - <unknown>
[INFO] [stdout]   20:     0x797bc20393d4 - clone
[INFO] [stdout]   21:                0x0 - <unknown>
[INFO] [stdout] 
[INFO] [stdout] 
[INFO] [stdout] failures:
[INFO] [stdout]     it_allows_the_user_to_suppress_the_missing_file_warning
[INFO] [stdout]     it_list_all_available_leaves
[INFO] [stdout]     it_prints_some_help
[INFO] [stdout]     it_prints_the_leaves_woithout_extra_formatting
[INFO] [stdout]     it_prints_the_version
[INFO] [stdout]     it_reports_when_commands_fail
[INFO] [stdout]     it_runs_build_for_the_current_folder
[INFO] [stdout]     it_runs_fmt_for_the_entire_directory
[INFO] [stdout]     it_warns_if_there_are_no_fern_files_anywhere
[INFO] [stdout]     it_warns_if_there_is_no_fern_file_here
[INFO] [stdout]     runs_multiple_tests_from_the_fern_file
[INFO] [stdout] 
[INFO] [stdout] test result: FAILED. 0 passed; 11 failed; 0 ignored; 0 measured; 0 filtered out; finished in 0.01s
[INFO] [stdout] 
[INFO] running `Command { std: "docker" "inspect" "e5d939f9f790c63c6d0b7803f6af6a6737f83ba7da553ebc7d35e4ce0dfca8ce", kill_on_drop: false }`
[INFO] running `Command { std: "docker" "rm" "-f" "e5d939f9f790c63c6d0b7803f6af6a6737f83ba7da553ebc7d35e4ce0dfca8ce", kill_on_drop: false }`
[INFO] [stdout] e5d939f9f790c63c6d0b7803f6af6a6737f83ba7da553ebc7d35e4ce0dfca8ce
