[INFO] fetching crate feoxdb 0.6.0...
[INFO] testing feoxdb-0.6.0 against 1.100.0-beta.1+cargoflags=--release for beta-release-1.100-2
[INFO] extracting crate feoxdb 0.6.0 into /workspace/builds/worker-6-tc2/source
[INFO] started tweaking crates.io crate feoxdb 0.6.0
[INFO] removed 0 missing examples
[INFO] removed 0 missing tests
[INFO] finished tweaking crates.io crate feoxdb 0.6.0
[INFO] tweaked toml for crates.io crate feoxdb 0.6.0 written to /workspace/builds/worker-6-tc2/source/Cargo.toml
[INFO] validating manifest of crates.io crate feoxdb 0.6.0 on toolchain 1.100.0-beta.1
[INFO] running `Command { std: CARGO_HOME="/workspace/cargo-home" RUSTUP_HOME="/workspace/rustup-home" "/workspace/cargo-home/bin/cargo" "+1.100.0-beta.1" "metadata" "--manifest-path" "Cargo.toml" "--no-deps", kill_on_drop: false }`
[INFO] crate crates.io crate feoxdb 0.6.0 already has a lockfile, it will not be regenerated
[INFO] running `Command { std: CARGO_HOME="/workspace/cargo-home" RUSTUP_HOME="/workspace/rustup-home" "/workspace/cargo-home/bin/cargo" "+1.100.0-beta.1" "fetch" "--manifest-path" "Cargo.toml", kill_on_drop: false }`
[INFO] running `Command { std: "docker" "create" "-v" "/var/lib/crater-agent-workspace/builds/worker-6-tc2/source:/opt/rustwide/workdir:ro,Z" "-v" "/var/lib/crater-agent-workspace/builds/worker-6-tc2/target:/opt/rustwide/target:rw,Z" "-v" "/var/lib/crater-agent-workspace/cargo-home:/opt/rustwide/cargo-home:ro,Z" "-v" "/var/lib/crater-agent-workspace/rustup-home:/opt/rustwide/rustup-home:ro,Z" "-m" "1610612736" "--network" "none" "ghcr.io/rust-lang/crates-build-env/linux@sha256:77db811e55d90add9212f6832c23229e3de5f1c1f9905e8cb07319ea15df73ac" "sleep" "infinity", kill_on_drop: false }`
[INFO] [stdout] f7db3f154f3bf4becb1703a20fa6ac8c4e859aea3b07be5987f4012593da623d
[INFO] running `Command { std: "docker" "start" "f7db3f154f3bf4becb1703a20fa6ac8c4e859aea3b07be5987f4012593da623d", kill_on_drop: false }`
[INFO] running `Command { std: "docker" "inspect" "f7db3f154f3bf4becb1703a20fa6ac8c4e859aea3b07be5987f4012593da623d", kill_on_drop: false }`
[INFO] running `Command { std: "docker" "exec" "-e" "SOURCE_DIR=/opt/rustwide/workdir" "-e" "CARGO_HOME=/opt/rustwide/cargo-home" "-e" "RUSTUP_HOME=/opt/rustwide/rustup-home" "-e" "CARGO_TARGET_DIR=/opt/rustwide/target" "-w" "/opt/rustwide/workdir" "--user" "0:0" "f7db3f154f3bf4becb1703a20fa6ac8c4e859aea3b07be5987f4012593da623d" "/opt/rustwide/cargo-home/bin/cargo" "+1.100.0-beta.1" "metadata" "--no-deps" "--format-version=1", kill_on_drop: false }`
[INFO] running `Command { std: "docker" "inspect" "f7db3f154f3bf4becb1703a20fa6ac8c4e859aea3b07be5987f4012593da623d", kill_on_drop: false }`
[INFO] running `Command { std: "docker" "exec" "-e" "SOURCE_DIR=/opt/rustwide/workdir" "-e" "CARGO_HOME=/opt/rustwide/cargo-home" "-e" "RUSTUP_HOME=/opt/rustwide/rustup-home" "-e" "CARGO_TARGET_DIR=/opt/rustwide/target" "-e" "CARGO_INCREMENTAL=0" "-e" "RUST_BACKTRACE=full" "-e" "RUSTFLAGS=--cap-lints=warn" "-e" "RUSTDOCFLAGS=--cap-lints=warn" "-w" "/opt/rustwide/workdir" "--user" "0:0" "f7db3f154f3bf4becb1703a20fa6ac8c4e859aea3b07be5987f4012593da623d" "/opt/rustwide/cargo-home/bin/cargo" "+1.100.0-beta.1" "build" "--frozen" "--message-format=json" "--release", kill_on_drop: false }`
[INFO] [stderr]    Compiling libc v0.2.189
[INFO] [stderr]    Compiling proc-macro2 v1.0.107
[INFO] [stderr]    Compiling quote v1.0.47
[INFO] [stderr]    Compiling cfg-if v1.0.4
[INFO] [stderr]    Compiling unicode-ident v1.0.24
[INFO] [stderr]    Compiling serde_core v1.0.229
[INFO] [stderr]    Compiling zerocopy v0.8.55
[INFO] [stderr]    Compiling getrandom v0.3.4
[INFO] [stderr]    Compiling shlex v2.0.1
[INFO] [stderr]    Compiling find-msvc-tools v0.1.9
[INFO] [stderr]    Compiling zmij v1.0.23
[INFO] [stderr]    Compiling crossbeam-utils v0.8.22
[INFO] [stderr]    Compiling serde_json v1.0.151
[INFO] [stderr]    Compiling autocfg v1.5.1
[INFO] [stderr]    Compiling serde v1.0.229
[INFO] [stderr]    Compiling crossbeam-epoch v0.9.20
[INFO] [stderr]    Compiling version_check v0.9.5
[INFO] [stderr]    Compiling thiserror v2.0.19
[INFO] [stderr]    Compiling itoa v1.0.18
[INFO] [stderr]    Compiling cc v1.4.0
[INFO] [stderr]    Compiling parking_lot_core v0.9.12
[INFO] [stderr]    Compiling cfg_aliases v0.2.2
[INFO] [stderr]    Compiling memchr v2.8.3
[INFO] [stderr]    Compiling bitflags v2.13.1
[INFO] [stderr]    Compiling scopeguard v1.2.0
[INFO] [stderr]    Compiling nix v0.30.1
[INFO] [stderr]    Compiling smallvec v1.15.2
[INFO] [stderr]    Compiling io-uring v0.7.13
[INFO] [stderr]    Compiling memoffset v0.9.1
[INFO] [stderr]    Compiling lock_api v0.4.14
[INFO] [stderr]    Compiling ahash v0.8.12
[INFO] [stderr]    Compiling once_cell v1.21.4
[INFO] [stderr]    Compiling sdd v3.0.10
[INFO] [stderr]    Compiling intrusive-collections v0.9.7
[INFO] [stderr]    Compiling bytes v1.12.1
[INFO] [stderr]    Compiling scc v2.4.0
[INFO] [stderr]    Compiling crossbeam-channel v0.5.16
[INFO] [stderr]    Compiling syn v3.0.3
[INFO] [stderr]    Compiling crossbeam-skiplist v0.1.3
[INFO] [stderr]    Compiling tikv-jemalloc-sys v0.6.1+5.3.0-1-ge13ca993e8ccb9ba9847cc330696e02839f328f7
[INFO] [stderr]    Compiling num_cpus v1.17.0
[INFO] [stderr]    Compiling rand_core v0.9.5
[INFO] [stderr]    Compiling parking_lot v0.12.5
[INFO] [stderr]    Compiling serde_derive v1.0.229
[INFO] [stderr]    Compiling thiserror-impl v2.0.19
[INFO] [stderr]    Compiling jsonptr v0.7.1
[INFO] [stderr]    Compiling ppv-lite86 v0.2.21
[INFO] [stderr]    Compiling rand_chacha v0.9.0
[INFO] [stderr]    Compiling json-patch v4.2.0
[INFO] [stderr]    Compiling rand v0.9.5
[INFO] [stderr]    Compiling tikv-jemallocator v0.6.1
[INFO] [stderr]    Compiling feoxdb v0.6.0 (/opt/rustwide/workdir)
[INFO] [stdout] warning: use of deprecated method `std::sync::atomic::Atomic::<u64>::fetch_update`: renamed to `try_update` for consistency
[INFO] [stdout]    --> src/core/store/internal.rs:217:18
[INFO] [stdout]     |
[INFO] [stdout] 217 |                 .fetch_update(Ordering::Relaxed, Ordering::Relaxed, |count| {
[INFO] [stdout]     |                  ^^^^^^^^^^^^
[INFO] [stdout]     |
[INFO] [stdout]     = note: `#[warn(deprecated)]` on by default
[INFO] [stdout] help: replace the use of the deprecated method
[INFO] [stdout]     |
[INFO] [stdout] 217 -                 .fetch_update(Ordering::Relaxed, Ordering::Relaxed, |count| {
[INFO] [stdout] 217 +                 .try_update(Ordering::Relaxed, Ordering::Relaxed, |count| {
[INFO] [stdout]     |
[INFO] [stdout] 
[INFO] [stdout] 
[INFO] [stdout] warning: use of deprecated method `std::sync::atomic::Atomic::<u64>::fetch_update`: renamed to `try_update` for consistency
[INFO] [stdout]    --> src/core/store/ttl.rs:320:50
[INFO] [stdout]     |
[INFO] [stdout] 320 |                 let _ = self.stats.keys_with_ttl.fetch_update(
[INFO] [stdout]     |                                                  ^^^^^^^^^^^^
[INFO] [stdout]     |
[INFO] [stdout] help: replace the use of the deprecated method
[INFO] [stdout]     |
[INFO] [stdout] 320 -                 let _ = self.stats.keys_with_ttl.fetch_update(
[INFO] [stdout] 320 +                 let _ = self.stats.keys_with_ttl.try_update(
[INFO] [stdout]     |
[INFO] [stdout] 
[INFO] [stdout] 
[INFO] [stderr] warning: unused dependency `intrusive-collections`
[INFO] [stderr]   --> Cargo.toml:33:15
[INFO] [stderr]    |
[INFO] [stderr] 33 | [dependencies.intrusive-collections]
[INFO] [stderr]    |               ^^^^^^^^^^^^^^^^^^^^^^
[INFO] [stderr]    |
[INFO] [stderr]    = note: `cargo::unused_dependencies` is set to `warn` by default
[INFO] [stderr] help: consider removing the dependency on `intrusive-collections`
[INFO] [stderr] warning: `feoxdb` (manifest) generated 1 warning
[INFO] [stderr]     Finished `release` profile [optimized] target(s) in 2m 06s
[INFO] running `Command { std: "docker" "inspect" "f7db3f154f3bf4becb1703a20fa6ac8c4e859aea3b07be5987f4012593da623d", kill_on_drop: false }`
[INFO] running `Command { std: "docker" "exec" "-e" "SOURCE_DIR=/opt/rustwide/workdir" "-e" "CARGO_HOME=/opt/rustwide/cargo-home" "-e" "RUSTUP_HOME=/opt/rustwide/rustup-home" "-e" "CARGO_TARGET_DIR=/opt/rustwide/target" "-e" "CARGO_INCREMENTAL=0" "-e" "RUST_BACKTRACE=full" "-e" "RUSTFLAGS=--cap-lints=warn" "-e" "RUSTDOCFLAGS=--cap-lints=warn" "-w" "/opt/rustwide/workdir" "--user" "0:0" "f7db3f154f3bf4becb1703a20fa6ac8c4e859aea3b07be5987f4012593da623d" "/opt/rustwide/cargo-home/bin/cargo" "+1.100.0-beta.1" "test" "--frozen" "--no-run" "--message-format=json" "--release", kill_on_drop: false }`
[INFO] [stderr]    Compiling syn v3.0.3
[INFO] [stderr]    Compiling syn v2.0.119
[INFO] [stderr]    Compiling zerocopy v0.8.55
[INFO] [stderr]    Compiling bitflags v2.13.1
[INFO] [stderr]    Compiling crossbeam-deque v0.8.7
[INFO] [stderr]    Compiling utf8parse v0.2.2
[INFO] [stderr]    Compiling num-traits v0.2.19
[INFO] [stderr]    Compiling anstyle v1.0.14
[INFO] [stderr]    Compiling is_terminal_polyfill v1.70.2
[INFO] [stderr]    Compiling rayon-core v1.13.0
[INFO] [stderr]    Compiling anstyle-query v1.1.5
[INFO] [stderr]    Compiling colorchoice v1.0.5
[INFO] [stderr]    Compiling either v1.17.0
[INFO] [stderr]    Compiling rustix v1.1.4
[INFO] [stderr]    Compiling getrandom v0.4.3
[INFO] [stderr]    Compiling strsim v0.11.1
[INFO] [stderr]    Compiling anstyle-parse v1.0.0
[INFO] [stderr]    Compiling heck v0.5.0
[INFO] [stderr]    Compiling clap_lex v1.1.0
[INFO] [stderr]    Compiling regex-syntax v0.8.11
[INFO] [stderr]    Compiling plotters-backend v0.3.7
[INFO] [stderr]    Compiling ciborium-io v0.2.2
[INFO] [stderr]    Compiling cast v0.3.0
[INFO] [stderr]    Compiling anstream v1.0.0
[INFO] [stderr]    Compiling nix v0.30.1
[INFO] [stderr]    Compiling io-uring v0.7.13
[INFO] [stderr]    Compiling itertools v0.13.0
[INFO] [stderr]    Compiling same-file v1.0.6
[INFO] [stderr]    Compiling linux-raw-sys v0.12.1
[INFO] [stderr]    Compiling fastrand v2.5.0
[INFO] [stderr]    Compiling oorandom v11.1.5
[INFO] [stderr]    Compiling anes v0.1.6
[INFO] [stderr]    Compiling walkdir v2.5.0
[INFO] [stderr]    Compiling plotters-svg v0.3.7
[INFO] [stderr]    Compiling clap_builder v4.6.2
[INFO] [stderr]    Compiling rayon v1.12.0
[INFO] [stderr]    Compiling plotters v0.3.7
[INFO] [stderr]    Compiling regex-automata v0.4.16
[INFO] [stderr]    Compiling criterion-plot v0.6.0
[INFO] [stderr]    Compiling tempfile v3.27.0
[INFO] [stderr]    Compiling serde_derive v1.0.229
[INFO] [stderr]    Compiling thiserror-impl v2.0.19
[INFO] [stderr]    Compiling clap_derive v4.6.4
[INFO] [stderr]    Compiling zerocopy-derive v0.8.55
[INFO] [stderr]    Compiling thiserror v2.0.19
[INFO] [stderr]    Compiling regex v1.13.1
[INFO] [stderr]    Compiling clap v4.6.4
[INFO] [stderr]    Compiling serde v1.0.229
[INFO] [stderr]    Compiling jsonptr v0.7.1
[INFO] [stderr]    Compiling tinytemplate v1.2.1
[INFO] [stderr]    Compiling json-patch v4.2.0
[INFO] [stderr]    Compiling ppv-lite86 v0.2.21
[INFO] [stderr]    Compiling half v2.7.1
[INFO] [stderr]    Compiling ahash v0.8.12
[INFO] [stderr]    Compiling ciborium-ll v0.2.2
[INFO] [stderr]    Compiling rand_chacha v0.9.0
[INFO] [stderr]    Compiling rand v0.9.5
[INFO] [stderr]    Compiling ciborium v0.2.2
[INFO] [stderr]    Compiling criterion v0.7.0
[INFO] [stderr]    Compiling feoxdb v0.6.0 (/opt/rustwide/workdir)
[INFO] [stdout] warning: use of deprecated method `std::sync::atomic::Atomic::<u64>::fetch_update`: renamed to `try_update` for consistency
[INFO] [stdout]    --> src/core/store/internal.rs:217:18
[INFO] [stdout]     |
[INFO] [stdout] 217 |                 .fetch_update(Ordering::Relaxed, Ordering::Relaxed, |count| {
[INFO] [stdout]     |                  ^^^^^^^^^^^^
[INFO] [stdout]     |
[INFO] [stdout]     = note: `#[warn(deprecated)]` on by default
[INFO] [stdout] help: replace the use of the deprecated method
[INFO] [stdout]     |
[INFO] [stdout] 217 -                 .fetch_update(Ordering::Relaxed, Ordering::Relaxed, |count| {
[INFO] [stdout] 217 +                 .try_update(Ordering::Relaxed, Ordering::Relaxed, |count| {
[INFO] [stdout]     |
[INFO] [stdout] 
[INFO] [stdout] 
[INFO] [stdout] warning: use of deprecated method `std::sync::atomic::Atomic::<u64>::fetch_update`: renamed to `try_update` for consistency
[INFO] [stdout]    --> src/core/store/ttl.rs:320:50
[INFO] [stdout]     |
[INFO] [stdout] 320 |                 let _ = self.stats.keys_with_ttl.fetch_update(
[INFO] [stdout]     |                                                  ^^^^^^^^^^^^
[INFO] [stdout]     |
[INFO] [stdout] help: replace the use of the deprecated method
[INFO] [stdout]     |
[INFO] [stdout] 320 -                 let _ = self.stats.keys_with_ttl.fetch_update(
[INFO] [stdout] 320 +                 let _ = self.stats.keys_with_ttl.try_update(
[INFO] [stdout]     |
[INFO] [stdout] 
[INFO] [stdout] 
[INFO] [stdout] warning: use of deprecated method `std::sync::atomic::Atomic::<u64>::fetch_update`: renamed to `try_update` for consistency
[INFO] [stdout]    --> src/core/store/internal.rs:217:18
[INFO] [stdout]     |
[INFO] [stdout] 217 |                 .fetch_update(Ordering::Relaxed, Ordering::Relaxed, |count| {
[INFO] [stdout]     |                  ^^^^^^^^^^^^
[INFO] [stdout]     |
[INFO] [stdout]     = note: `#[warn(deprecated)]` on by default
[INFO] [stdout] help: replace the use of the deprecated method
[INFO] [stdout]     |
[INFO] [stdout] 217 -                 .fetch_update(Ordering::Relaxed, Ordering::Relaxed, |count| {
[INFO] [stdout] 217 +                 .try_update(Ordering::Relaxed, Ordering::Relaxed, |count| {
[INFO] [stdout]     |
[INFO] [stdout] 
[INFO] [stdout] 
[INFO] [stdout] warning: use of deprecated method `std::sync::atomic::Atomic::<u64>::fetch_update`: renamed to `try_update` for consistency
[INFO] [stdout]    --> src/core/store/ttl.rs:320:50
[INFO] [stdout]     |
[INFO] [stdout] 320 |                 let _ = self.stats.keys_with_ttl.fetch_update(
[INFO] [stdout]     |                                                  ^^^^^^^^^^^^
[INFO] [stdout]     |
[INFO] [stdout] help: replace the use of the deprecated method
[INFO] [stdout]     |
[INFO] [stdout] 320 -                 let _ = self.stats.keys_with_ttl.fetch_update(
[INFO] [stdout] 320 +                 let _ = self.stats.keys_with_ttl.try_update(
[INFO] [stdout]     |
[INFO] [stdout] 
[INFO] [stdout] 
[INFO] [stderr] warning: unused dependency `intrusive-collections`
[INFO] [stderr]   --> Cargo.toml:33:15
[INFO] [stderr]    |
[INFO] [stderr] 33 | [dependencies.intrusive-collections]
[INFO] [stderr]    |               ^^^^^^^^^^^^^^^^^^^^^^
[INFO] [stderr]    |
[INFO] [stderr]    = note: `cargo::unused_dependencies` is set to `warn` by default
[INFO] [stderr] help: consider removing the dependency on `intrusive-collections`
[INFO] [stderr] warning: `feoxdb` (manifest) generated 1 warning
[INFO] [stderr]     Finished `release` profile [optimized] target(s) in 2m 14s
[INFO] running `Command { std: "docker" "inspect" "f7db3f154f3bf4becb1703a20fa6ac8c4e859aea3b07be5987f4012593da623d", kill_on_drop: false }`
[INFO] running `Command { std: "docker" "exec" "-e" "SOURCE_DIR=/opt/rustwide/workdir" "-e" "CARGO_HOME=/opt/rustwide/cargo-home" "-e" "RUSTUP_HOME=/opt/rustwide/rustup-home" "-e" "CARGO_TARGET_DIR=/opt/rustwide/target" "-e" "CARGO_INCREMENTAL=0" "-e" "RUST_BACKTRACE=full" "-e" "RUSTFLAGS=--cap-lints=warn" "-e" "RUSTDOCFLAGS=--cap-lints=warn" "-w" "/opt/rustwide/workdir" "--user" "0:0" "f7db3f154f3bf4becb1703a20fa6ac8c4e859aea3b07be5987f4012593da623d" "/opt/rustwide/cargo-home/bin/cargo" "+1.100.0-beta.1" "test" "--frozen" "--release", kill_on_drop: false }`
[INFO] [stderr] warning: use of deprecated method `std::sync::atomic::Atomic::<u64>::fetch_update`: renamed to `try_update` for consistency
[INFO] [stderr]    --> src/core/store/internal.rs:217:18
[INFO] [stderr]     |
[INFO] [stderr] 217 |                 .fetch_update(Ordering::Relaxed, Ordering::Relaxed, |count| {
[INFO] [stderr]     |                  ^^^^^^^^^^^^
[INFO] [stderr]     |
[INFO] [stderr]     = note: `#[warn(deprecated)]` on by default
[INFO] [stderr] help: replace the use of the deprecated method
[INFO] [stderr]     |
[INFO] [stderr] 217 -                 .fetch_update(Ordering::Relaxed, Ordering::Relaxed, |count| {
[INFO] [stderr] 217 +                 .try_update(Ordering::Relaxed, Ordering::Relaxed, |count| {
[INFO] [stderr]     |
[INFO] [stderr] 
[INFO] [stderr] warning: use of deprecated method `std::sync::atomic::Atomic::<u64>::fetch_update`: renamed to `try_update` for consistency
[INFO] [stderr]    --> src/core/store/ttl.rs:320:50
[INFO] [stderr]     |
[INFO] [stderr] 320 |                 let _ = self.stats.keys_with_ttl.fetch_update(
[INFO] [stderr]     |                                                  ^^^^^^^^^^^^
[INFO] [stderr]     |
[INFO] [stderr] help: replace the use of the deprecated method
[INFO] [stderr]     |
[INFO] [stderr] 320 -                 let _ = self.stats.keys_with_ttl.fetch_update(
[INFO] [stderr] 320 +                 let _ = self.stats.keys_with_ttl.try_update(
[INFO] [stderr]     |
[INFO] [stderr] 
[INFO] [stderr] warning: `feoxdb` (lib) generated 2 warnings (run `cargo fix --lib -p feoxdb` to apply 2 suggestions)
[INFO] [stderr] warning: `feoxdb` (lib test) generated 2 warnings (2 duplicates)
[INFO] [stderr] warning: unused dependency `intrusive-collections`
[INFO] [stderr]   --> Cargo.toml:33:15
[INFO] [stderr]    |
[INFO] [stderr] 33 | [dependencies.intrusive-collections]
[INFO] [stderr]    |               ^^^^^^^^^^^^^^^^^^^^^^
[INFO] [stderr]    |
[INFO] [stderr]    = note: `cargo::unused_dependencies` is set to `warn` by default
[INFO] [stderr] help: consider removing the dependency on `intrusive-collections`
[INFO] [stderr] warning: `feoxdb` (manifest) generated 1 warning
[INFO] [stderr]     Finished `release` profile [optimized] target(s) in 0.26s
[INFO] [stderr]      Running unittests src/lib.rs (/opt/rustwide/target/release/build/feoxdb/e9d5b9cdad8ec944/out/feoxdb-e9d5b9cdad8ec944)
[INFO] [stdout] 
[INFO] [stdout] running 316 tests
[INFO] [stdout] test storage::write_buffer::tests::adjacent_retirements_are_published_to_free_space_as_one_unit ... ok
[INFO] [stdout] test storage::write_buffer::tests::failed_allocation_release_retains_its_reservation ... ok
[INFO] [stdout] test storage::allocation_journal::tests::journal_falls_back_to_active_from_a_torn_clear ... ok
[INFO] [stdout] test storage::write_buffer::tests::failed_retirement_retains_every_reservation ... ok
[INFO] [stdout] test storage::io::tests::registry_scopes_and_pins_indeterminate_file_identity ... ok
[INFO] [stdout] test storage::allocation_journal::tests::journal_falls_back_from_a_torn_newer_slot ... ok
[INFO] [stdout] test core::ttl_sweep::tests::stop_detaches_when_called_by_the_worker ... ok
[INFO] [stdout] test storage::write_buffer::tests::indeterminate_allocations_remain_owned_and_cannot_be_released ... ok
[INFO] [stdout] test tests::allocator_tests::test_aligned_buffer_alignment ... ok
[INFO] [stdout] test storage::write_buffer::tests::failed_adjacent_cleanup_keeps_the_tail_reserved ... ok
[INFO] [stdout] test tests::allocator_tests::test_aligned_buffer_capacity_exact ... ok
[INFO] [stdout] test storage::write_buffer::tests::out_of_space_keeps_an_undurable_predecessor_and_returns_the_error ... ok
[INFO] [stdout] test tests::allocator_tests::test_aligned_buffer_clear ... ok
[INFO] [stdout] test storage::allocation_journal::tests::journal_rejects_invalid_extents ... ok
[INFO] [stdout] test storage::io::tests::overlapping_extents_are_rejected ... ok
[INFO] [stdout] test storage::allocation_journal::tests::journal_reads_full_slot_checksum_images ... ok
[INFO] [stdout] test storage::allocation_journal::tests::journal_ignores_bytes_after_the_compact_image ... ok
[INFO] [stdout] test tests::allocator_tests::test_aligned_buffer_creation ... ok
[INFO] [stdout] test tests::allocator_tests::test_aligned_buffer_set_len ... ok
[INFO] [stdout] test storage::io::tests::only_completed_and_unqueued_buffers_are_released ... ok
[INFO] [stdout] test tests::allocator_tests::test_aligned_buffer_write_read ... ok
[INFO] [stdout] test storage::io::tests::adjacent_extents_are_coalesced ... ok
[INFO] [stdout] test tests::allocator_tests::test_aligned_buffer_extend ... ok
[INFO] [stdout] test tests::allocator_tests::test_multiple_alignments ... ok
[INFO] [stdout] test tests::allocator_tests::test_aligned_buffer_zero_size ... ok
[INFO] [stdout] test storage::allocation_journal::tests::journal_selects_the_latest_generation ... ok
[INFO] [stdout] test storage::io::tests::completion_validation_rejects_errors_and_short_writes ... ok
[INFO] [stdout] test tests::cache_tests::record_cache_does_not_keep_a_generation_alive ... ok
[INFO] [stdout] test tests::cache_tests::record_entry_removes_the_matching_generation ... ok
[INFO] [stdout] test tests::allocator_tests::test_aligned_buffer_large_size ... ok
[INFO] [stdout] test tests::cache_tests::stale_generation_does_not_displace_live_cache_entry ... ok
[INFO] [stdout] test storage::allocation_journal::tests::journal_uses_only_the_blocks_occupied_by_entries ... ok
[INFO] [stdout] test tests::allocator_tests::test_aligned_buffer_reuse ... ok
[INFO] [stdout] test tests::allocator_tests::test_aligned_buffer_mut_access ... ok
[INFO] [stdout] test tests::cache_tests::concurrent_insert_after_bucket_clear_remains_accounted ... ok
[INFO] [stdout] test tests::cache_tests::stale_generation_removal_preserves_live_cache_entry ... ok
[INFO] [stdout] test tests::cache_tests::retired_generation_cannot_displace_lower_timestamp_recreation ... ok
[INFO] [stdout] test tests::cache_tests::test_cache_clear ... ok
[INFO] [stdout] test tests::cache_tests::test_cache_large_value_rejection ... ok
[INFO] [stdout] test tests::cache_tests::test_cache_update_existing ... ok
[INFO] [stdout] test tests::cache_tests::test_basic_cache_operations ... ok
[INFO] [stdout] test tests::cache_tests::unversioned_cache_inserts_remain_authoritative ... ok
[INFO] [stdout] test tests::free_space_tests::reserved_sectors_cannot_be_released ... ok
[INFO] [stdout] test tests::free_space_tests::test_allocate_and_release ... ok
[INFO] [stdout] test tests::free_space_tests::test_coalesce_with_predecessor ... ok
[INFO] [stdout] test tests::free_space_tests::test_coalesce_with_successor ... ok
[INFO] [stdout] test tests::free_space_tests::test_device_bounds_checking ... ok
[INFO] [stdout] test tests::free_space_tests::test_fragmentation_calculation ... ok
[INFO] [stdout] test tests::cache_tests::test_reference_bit_behavior ... ok
[INFO] [stdout] test storage::write_buffer::tests::out_of_space_retires_a_delete_from_the_same_drained_batch ... ok
[INFO] [stdout] test tests::free_space_tests::test_best_fit_allocation ... ok
[INFO] [stdout] test tests::cache_tests::test_cache_watermark_adjustment ... ok
[INFO] [stdout] test storage::write_buffer::tests::out_of_space_retires_a_durable_predecessor_and_retries_the_write ... ok
[INFO] [stdout] test tests::free_space_tests::test_coalescing ... ok
[INFO] [stdout] test tests::free_space_tests::test_largest_free_chunk ... ok
[INFO] [stdout] test tests::free_space_tests::test_no_metadata_allocation ... ok
[INFO] [stdout] test tests::hash_tests::test_hash_consistency_across_calls ... ok
[INFO] [stdout] test tests::hash_tests::test_hash_distribution ... ok
[INFO] [stdout] test tests::free_space_tests::test_initialization ... ok
[INFO] [stdout] test tests::free_space_tests::test_concurrent_allocation ... ok
[INFO] [stdout] test tests::free_space_tests::test_invalid_operations ... ok
[INFO] [stdout] test tests::hash_tests::test_hash_key_function ... ok
[INFO] [stdout] test tests::cache_tests::test_cache_eviction ... ok
[INFO] [stdout] test tests::free_space_tests::test_out_of_space ... ok
[INFO] [stdout] test tests::hash_tests::test_murmur3_consistency ... ok
[INFO] [stdout] test tests::hash_tests::test_murmur3_different_seeds ... ok
[INFO] [stdout] test tests::hash_tests::test_murmur3_known_values ... ok
[INFO] [stdout] test tests::hash_tests::test_murmur_hasher ... ok
[INFO] [stdout] test tests::cache_tests::test_concurrent_cache_access ... ok
[INFO] [stdout] test tests::hash_tests::test_hasher_trait_implementation ... ok
[INFO] [stdout] test tests::hash_tests::test_murmur3_various_lengths ... ok
[INFO] [stdout] test tests::hash_tests::test_murmur_hasher_default ... ok
[INFO] [stdout] test tests::hash_tests::test_murmur_hasher_with_seed ... ok
[INFO] [stdout] test tests::io_tests::test_disk_io_creation ... ok
[INFO] [stdout] test tests::io_tests::test_edge_sectors ... ok
[INFO] [stdout] test tests::json_patch_tests::test_json_patch_copy_operation ... ok
[INFO] [stdout] test tests::json_patch_tests::test_json_patch_add_to_array ... ok
[INFO] [stdout] test tests::io_tests::test_multiple_sector_read_write ... ok
[INFO] [stdout] test tests::json_patch_tests::test_json_patch_empty_patch ... ok
[INFO] [stdout] test tests::json_patch_tests::test_json_patch_failed_test_operation ... ok
[INFO] [stdout] test tests::json_patch_tests::test_json_patch_invalid_json ... ok
[INFO] [stdout] test tests::json_patch_tests::test_json_patch_move_operation ... ok
[INFO] [stdout] test tests::json_patch_tests::test_json_patch_invalid_patch ... ok
[INFO] [stdout] test tests::io_tests::test_read_write_sectors ... ok
[INFO] [stdout] test tests::io_tests::test_sector_alignment ... ok
[INFO] [stdout] test tests::io_tests::test_metadata_read_write ... ok
[INFO] [stdout] test tests::json_patch_tests::test_json_patch_nonexistent_path ... ok
[INFO] [stdout] test tests::json_patch_tests::test_json_patch_nested_operations ... ok
[INFO] [stdout] test tests::json_patch_tests::test_rfc6902_json_patch ... ok
[INFO] [stdout] test tests::metadata_tests::test_checksumless_legacy_metadata_is_accepted ... ok
[INFO] [stdout] test tests::json_patch_tests::test_json_patch_remove_from_array ... ok
[INFO] [stdout] test tests::json_patch_tests::test_json_patch_successful_test_operation ... ok
[INFO] [stdout] test tests::io_tests::test_shutdown ... ok
[INFO] [stdout] test tests::metadata_tests::test_metadata_checksum_rejects_a_torn_version ... ok
[INFO] [stdout] test tests::metadata_tests::test_metadata_creation ... ok
[INFO] [stdout] test tests::metadata_tests::test_metadata_checksum_covers_mutable_fields ... ok
[INFO] [stdout] test tests::metadata_tests::test_metadata_invalid_signature ... ok
[INFO] [stdout] test tests::io_tests::test_flush ... ok
[INFO] [stdout] test tests::io_tests::test_batch_write_shared_buffers ... ok
[INFO] [stdout] test tests::metadata_tests::test_metadata_deserialization ... ok
[INFO] [stdout] test tests::metadata_tests::test_metadata_field_updates ... ok
[INFO] [stdout] test tests::metadata_tests::test_metadata_invalid_size ... ok
[INFO] [stdout] test tests::metadata_tests::test_metadata_serialization ... ok
[INFO] [stdout] test tests::metadata_tests::test_metadata_roundtrip ... ok
[INFO] [stdout] test tests::io_tests::test_metadata_read_falls_back_to_previous_copy ... ok
[INFO] [stdout] test tests::io_tests::test_batch_write ... ok
[INFO] [stdout] test tests::metadata_tests::test_metadata_rejects_future_version ... ok
[INFO] [stdout] test tests::metadata_tests::test_metadata_time_fields ... ok
[INFO] [stdout] test tests::io_tests::test_retire_extents_marks_every_block ... ok
[INFO] [stdout] test tests::metadata_tests::test_metadata_update ... ok
[INFO] [stdout] test tests::io_tests::test_concurrent_io ... ok
[INFO] [stdout] test tests::io_tests::test_retire_extent_streams_without_changing_marker_lengths ... ok
[INFO] [stdout] test tests::persistence_tests::invalid_existing_device_sizes_are_rejected ... ok
[INFO] [stdout] test tests::migration_tests::v1_migration_rejects_keys_that_v3_cannot_recover ... ok
[INFO] [stdout] test tests::persistence_tests::invalid_metadata_is_rejected_without_overwriting_the_file ... ok
[INFO] [stdout] test tests::migration_tests::migration_refuses_current_format_and_existing_destination ... ok
[INFO] [stdout] test tests::persistence_tests::persistent_update_crash_helper ... ok
[INFO] [stdout] test tests::persistence_tests::record_formats_are_shared ... ok
[INFO] [stdout] test tests::persistence_tests::invalid_new_device_sizes_are_rejected_before_resize ... ok
[INFO] [stdout] test tests::persistence_tests::record_serialization_appends_the_stable_disk_layout ... ok
[INFO] [stdout] test storage::write_buffer::tests::force_flush_retires_all_shards_in_one_transaction ... ok
[INFO] [stdout] test tests::migration_tests::migration_accepts_non_utf8_paths ... ok
[INFO] [stdout] test storage::write_buffer::tests::one_worker_flushes_every_shard ... ok
[INFO] [stdout] test tests::migration_tests::v1_migration_grows_destination_for_the_v3_header ... ok
[INFO] [stdout] test tests::persistence_tests::drop_metadata_matches_rebuilt_store_stats ... ok
[INFO] [stdout] test tests::migration_tests::migration_copies_only_the_recovered_record_generation ... ok
[INFO] [stdout] test tests::migration_tests::migration_masks_active_allocation_journal_without_mutating_source ... ok
[INFO] [stdout] test tests::migration_tests::migration_virtualizes_pending_retirement_without_mutating_source ... ok
[INFO] [stdout] test tests::migration_tests::migration_preserves_v2_records_and_source_bytes ... ok
[INFO] [stdout] test tests::migration_tests::migration_keeps_expired_winner_from_resurrecting_an_older_value ... ok
[INFO] [stdout] test tests::migration_tests::ambiguous_legacy_migration_requires_explicit_opt_in ... ok
[INFO] [stdout] test tests::persistence_tests::test_persistent_update_keeps_new_value_after_replacement_write ... ok
[INFO] [stdout] test tests::persistence_tests::test_persistent_update_keeps_old_value_before_replacement_write ... ok
[INFO] [stdout] test tests::persistence_tests::test_atomic_operations_reuse_versioned_cache ... ok
[INFO] [stdout] test tests::persistence_tests::drop_retries_a_transient_final_flush_failure ... ok
[INFO] [stdout] test tests::persistence_tests::sparse_minimum_device_is_initialized ... ok
[INFO] [stdout] test tests::persistence_tests::zero_metadata_does_not_hide_stale_data_blocks ... ok
[INFO] [stdout] test tests::persistence_tests::zero_metadata_does_not_hide_stale_reserved_blocks ... ok
[INFO] [stdout] test tests::record_tests::test_atomic_link_operations ... ok
[INFO] [stdout] test tests::record_tests::test_record_cache_metadata ... ok
[INFO] [stdout] test tests::record_tests::test_record_creation ... ok
[INFO] [stdout] test tests::record_tests::test_record_disk_size_uses_the_current_ttl_layout ... ok
[INFO] [stdout] test tests::record_tests::test_record_refcount ... ok
[INFO] [stdout] test tests::record_tests::test_record_sector_storage ... ok
[INFO] [stdout] test tests::persistence_tests::test_flush_all ... ok
[INFO] [stdout] test tests::record_tests::test_record_size_calculation ... ok
[INFO] [stdout] test tests::record_tests::test_record_value_operations ... ok
[INFO] [stdout] test tests::record_tests::test_record_thread_safety ... ok
[INFO] [stdout] test tests::record_tests::test_record_value_rwlock ... ok
[INFO] [stdout] test tests::record_tests::test_tree_slot_swap_preserves_guarded_generation ... ok
[INFO] [stdout] test tests::record_tests::test_record_with_timestamp ... ok
[INFO] [stdout] test tests::seq_token_tests::crc32c_matches_reference_implementation ... ok
[INFO] [stdout] test tests::seq_token_tests::crc32c_matches_known_vector ... ok
[INFO] [stdout] test tests::seq_token_tests::token_is_never_zero_and_is_sector_bound ... ok
[INFO] [stdout] test tests::seq_token_tests::record_token_covers_continuation_bytes ... ok
[INFO] [stdout] test tests::stale_extent_tests::expired_newest_generation_does_not_resurrect_an_older_value ... ok
[INFO] [stdout] test tests::persistence_tests::test_superseded_buffered_record_does_not_reappear_after_reopen ... ok
[INFO] [stdout] test tests::persistence_tests::test_value_offloading ... ok
[INFO] [stdout] test tests::persistence_tests::test_recovery_prefers_newest_timestamp_over_sector_order ... ok
[INFO] [stdout] test tests::stale_extent_tests::multi_block_allocation_intent_crash_helper ... ok
[INFO] [stdout] test tests::stale_extent_tests::multi_block_update_crash_helper ... ok
[INFO] [stdout] test tests::stale_extent_tests::multi_block_allocation_invalidates_a_shorter_retirement_head_first ... ok
[INFO] [stdout] test tests::stale_extent_tests::failed_replacement_write_keeps_the_old_extent ... ok
[INFO] [stdout] test tests::persistence_tests::concurrent_same_key_updates_do_not_leak_extents ... ok
[INFO] [stdout] test tests::stale_extent_tests::flush_waits_for_parked_reader_before_acknowledging_delete ... ok
[INFO] [stdout] test tests::stale_extent_tests::failed_allocation_surfaces_an_error_and_keeps_the_key ... ok
[INFO] [stdout] test tests::stale_extent_tests::parked_multi_block_reader_never_observes_a_retired_continuation ... ok
[INFO] [stdout] test tests::stale_extent_tests::periodic_flush_retries_retirement_after_reader_releases ... ok
[INFO] [stdout] test tests::stale_extent_tests::reader_parked_before_pread_never_returns_the_deletion_marker ... ok
[INFO] [stdout] test tests::stale_extent_tests::recovery_loads_multi_block_records_in_all_formats ... ok
[INFO] [stdout] test tests::stale_extent_tests::recovery_completes_pending_retirement_before_reuse ... ok
[INFO] [stdout] test tests::stale_extent_tests::recovery_rejects_a_corrupt_tail_across_a_scan_buffer_boundary ... ok
[INFO] [stdout] test tests::stale_extent_tests::reader_parked_before_pread_returns_one_complete_generation ... ok
[INFO] [stdout] test tests::stale_extent_tests::recovery_rejects_a_newer_torn_multi_block_generation ... ok
[INFO] [stdout] test tests::stale_extent_tests::multi_block_updates_commit_after_the_journal_clears ... ok
[INFO] [stdout] test tests::stale_extent_tests::recovery_rejects_invalid_v3_heads ... ok
[INFO] [stdout] test tests::stale_extent_tests::recovery_removes_expired_winners_across_batches ... ok
[INFO] [stdout] test tests::stale_extent_tests::record_write_fault_is_scoped_to_one_store ... ok
[INFO] [stdout] test tests::stale_extent_tests::recovery_requires_opt_in_for_released_pre_token_retirement_markers ... ok
[INFO] [stdout] test tests::stale_extent_tests::recovery_retires_expired_extent_before_reuse ... ok
[INFO] [stdout] test tests::stats_tests::test_average_latencies ... ok
[INFO] [stdout] test tests::stale_extent_tests::recovery_loads_records_across_scan_buffer_boundaries ... ok
[INFO] [stdout] test tests::stats_tests::test_cache_hit_rate_calculation ... ok
[INFO] [stdout] test tests::stale_extent_tests::recovery_retires_stale_duplicate_extent_before_reuse ... ok
[INFO] [stdout] test tests::stats_tests::test_eviction_stats ... ok
[INFO] [stdout] test tests::stats_tests::test_flush_count ... ok
[INFO] [stdout] test tests::stats_tests::test_latency_recording ... ok
[INFO] [stdout] test tests::stats_tests::test_memory_tracking ... ok
[INFO] [stdout] test tests::stats_tests::test_record_operations ... ok
[INFO] [stdout] test tests::stats_tests::test_statistics_creation ... ok
[INFO] [stdout] test tests::stats_tests::test_statistics_snapshot ... ok
[INFO] [stdout] test tests::stats_tests::test_write_buffer_stats ... ok
[INFO] [stdout] test tests::store::atomic_tests::test_atomic_increment_basic ... ok
[INFO] [stdout] test tests::store::atomic_tests::test_atomic_increment_create_if_not_exists ... ok
[INFO] [stdout] test tests::stats_tests::test_concurrent_statistics ... ok
[INFO] [stdout] test tests::store::atomic_tests::test_atomic_increment_reinitializes_expired_counter ... ok
[INFO] [stdout] test tests::store::atomic_tests::test_atomic_increment_respects_memory_limit_on_create ... ok
[INFO] [stdout] test tests::store::atomic_tests::test_atomic_increment_saturation ... ok
[INFO] [stdout] test tests::store::atomic_tests::test_atomic_increment_invalid_value ... ok
[INFO] [stdout] test tests::store::atomic_tests::test_atomic_increment_with_ttl ... ok
[INFO] [stdout] test tests::store::atomic_tests::test_atomic_increment_timestamp_conflict ... ok
[INFO] [stdout] test tests::store::atomic_tests::test_atomic_increment_treats_an_expired_counter_as_absent ... ok
[INFO] [stdout] test tests::store::atomic_tests::test_atomic_operations_keep_ttl_statistics_balanced ... ok
[INFO] [stdout] test tests::store::atomic_tests::test_atomic_ttl_arithmetic_saturates ... ok
[INFO] [stdout] test tests::stale_extent_tests::recovery_repairs_a_large_retired_extent_past_the_first_read ... ok
[INFO] [stdout] test tests::store::atomic_tests::test_cas_binary_data ... ok
[INFO] [stdout] test tests::store::atomic_tests::test_cas_basic ... ok
[INFO] [stdout] test tests::store::atomic_tests::test_cas_large_value ... ok
[INFO] [stdout] test tests::store::atomic_tests::test_cas_single_byte_value ... ok
[INFO] [stdout] test tests::store::atomic_tests::test_cas_race_condition_simulation ... ok
[INFO] [stdout] test tests::store::atomic_tests::test_cas_concurrent ... ok
[INFO] [stdout] test tests::store::atomic_tests::test_cas_rapid_updates ... ok
[INFO] [stdout] test tests::store::atomic_tests::test_cas_timestamp_conflict ... ok
[INFO] [stdout] test tests::store::atomic_tests::test_insert_if_absent_preserves_first_value ... ok
[INFO] [stdout] test tests::store::builder_tests::test_builder_configuration ... ok
[INFO] [stdout] test tests::store::builder_tests::test_builder_defaults ... ok
[INFO] [stdout] test tests::store::concurrency_tests::newer_delete_wins_across_an_intermediate_generation ... ok
[INFO] [stdout] test tests::store::atomic_tests::test_insert_if_absent_has_one_concurrent_winner ... ok
[INFO] [stdout] test tests::store::concurrency_tests::newer_delete_wins_over_in_flight_upsert ... ok
[INFO] [stdout] test tests::store::concurrency_tests::newer_delete_wins_after_a_fresh_recreation ... ok
[INFO] [stdout] test tests::store::concurrency_tests::newer_in_flight_upsert_recreates_after_delete ... ok
[INFO] [stdout] test tests::store::concurrency_tests::test_concurrent_atomic_increments ... ok
[INFO] [stdout] test tests::store::concurrency_tests::test_concurrent_mixed_operations ... ok
[INFO] [stdout] test tests::store::edge_cases_tests::test_empty_key_rejected ... ok
[INFO] [stdout] test tests::store::edge_cases_tests::test_max_key_size ... ok
[INFO] [stdout] test tests::store::concurrency_tests::test_concurrent_inserts ... ok
[INFO] [stdout] test tests::store::edge_cases_tests::test_empty_value_rejected ... ok
[INFO] [stdout] test tests::store::edge_cases_tests::test_stats_snapshot ... ok
[INFO] [stdout] test tests::store::json_patch_tests::newer_delete_wins_over_an_in_flight_json_patch ... ok
[INFO] [stdout] test tests::store::json_patch_tests::test_json_patch_on_non_json ... ok
[INFO] [stdout] test tests::store::json_patch_tests::json_patch_retries_against_the_current_generation ... ok
[INFO] [stdout] test tests::store::json_patch_tests::test_json_patch_basic ... ok
[INFO] [stdout] test tests::store::memory_tests::concurrent_atomic_increment_creates_reserve_memory_atomically ... ok
[INFO] [stdout] test tests::store::memory_tests::concurrent_compare_and_swap_reserves_growth_atomically ... ok
[INFO] [stdout] test tests::store::memory_tests::concurrent_inserts_reserve_memory_atomically ... ok
[INFO] [stdout] test tests::store::memory_tests::concurrent_publish_and_delete_keep_accounting_balanced ... ok
[INFO] [stdout] test tests::store::memory_tests::concurrent_insert_if_absent_reserves_memory_atomically ... ok
[INFO] [stdout] test tests::store::memory_tests::concurrent_updates_reserve_growth_atomically ... ok
[INFO] [stdout] test tests::store::memory_tests::shrinking_replacements_release_memory ... ok
[INFO] [stdout] test tests::store::memory_tests::test_memory_usage_tracking ... ok
[INFO] [stdout] test tests::store::memory_tests::test_memory_limit_enforcement ... ok
[INFO] [stdout] test tests::store::operations_tests::test_contains_key ... ok
[INFO] [stdout] test tests::store::operations_tests::test_basic_operations ... ok
[INFO] [stdout] test tests::store::operations_tests::test_get_bytes_after_update ... ok
[INFO] [stdout] test tests::store::operations_tests::test_empty_store ... ok
[INFO] [stdout] test tests::store::operations_tests::test_get_bytes_key_not_found ... ok
[INFO] [stdout] test tests::stale_extent_tests::recovery_skips_a_retired_multi_block_extent ... ok
[INFO] [stdout] test tests::store::operations_tests::test_get_bytes_zero_copy_semantics ... ok
[INFO] [stdout] test tests::store::operations_tests::test_get_bytes_large_value ... ok
[INFO] [stdout] test tests::store::operations_tests::test_get_size ... ok
[INFO] [stdout] test tests::store::operations_tests::test_get_bytes_basic ... ok
[INFO] [stdout] test tests::store::operations_tests::test_insert_bytes_empty_value ... ok
[INFO] [stdout] test tests::store::operations_tests::test_insert_bytes_from_static ... ok
[INFO] [stdout] test tests::store::operations_tests::test_insert_bytes_basic ... ok
[INFO] [stdout] test tests::store::operations_tests::test_insert_bytes_update_existing ... ok
[INFO] [stdout] test tests::store::operations_tests::test_insert_bytes_with_slice ... ok
[INFO] [stdout] test tests::store::operations_tests::test_insert_bytes_zero_copy ... ok
[INFO] [stdout] test tests::store::operations_tests::test_update_existing_key ... ok
[INFO] [stdout] test tests::store::operations_tests::test_insert_bytes_with_timestamp ... ok
[INFO] [stdout] test tests::store::range_tests::range_query_crosses_epoch_repin_boundary ... ok
[INFO] [stdout] test tests::store::range_tests::test_range_query_inclusive ... ok
[INFO] [stdout] test tests::store::range_tests::test_range_query_during_updates ... ok
[INFO] [stdout] test tests::store::range_tests::test_range_query_empty_range ... ok
[INFO] [stdout] test tests::store::range_tests::test_range_query_with_limit ... ok
[INFO] [stdout] test tests::store::timestamp_tests::automatic_timestamps_follow_explicit_publications ... ok
[INFO] [stdout] test tests::store::timestamp_tests::terminal_timestamp_does_not_exhaust_colliding_keys ... ok
[INFO] [stdout] test tests::store::timestamp_tests::test_automatic_timestamps_increase_for_the_same_key ... ok
[INFO] [stdout] test tests::store::timestamp_tests::test_timestamp_conflict_resolution ... ok
[INFO] [stdout] test tests::store::timestamp_tests::failed_explicit_timestamps_do_not_advance_the_clock ... ok
[INFO] [stdout] test tests::store::timestamp_tests::test_delete_with_timestamp ... ok
[INFO] [stdout] test tests::ttl_tests::test_active_sweeper_allows_recreation ... ok
[INFO] [stdout] test tests::stale_extent_tests::recovery_skips_legacy_continuations_after_head_reuse ... ok
[INFO] [stdout] test tests::store::memory_tests::recovery_preserves_usage_above_the_configured_limit ... ok
[INFO] [stdout] test tests::ttl_tests::test_get_ttl ... ok
[INFO] [stdout] test tests::ttl_tests::test_insert_bytes_preserves_ttl ... ok
[INFO] [stdout] test tests::ttl_tests::test_insert_bytes_ttl_not_enabled ... ok
[INFO] [stdout] test tests::persistence_tests::test_update_persistence ... ok
[INFO] [stdout] test tests::persistence_tests::test_atomic_increment_persistence ... ok
[INFO] [stdout] test tests::ttl_tests::test_insert_bytes_with_ttl_and_timestamp ... ok
[INFO] [stdout] test tests::store::timestamp_tests::automatic_timestamps_follow_recovered_timestamps ... ok
[INFO] [stdout] test tests::persistence_tests::test_insert_if_absent_persistence ... ok
[INFO] [stdout] test tests::ttl_tests::deferred_ttl_source_tracks_the_generation_flushed_concurrently ... ok
[INFO] [stdout] test tests::ttl_tests::test_regular_insert_removes_ttl ... ok
[INFO] [stdout] test tests::ttl_tests::test_ttl_preserves_value ... ok
[INFO] [stdout] test tests::ttl_tests::test_ttl_operations_fail_when_disabled ... ok
[INFO] [stdout] test tests::ttl_tests::test_update_resets_ttl ... ok
[INFO] [stdout] test tests::ttl_tests::test_ttl_with_builder_explicit_disable ... ok
[INFO] [stdout] test tests::ttl_tests::test_update_ttl ... ok
[INFO] [stdout] test tests::persistence_tests::test_graceful_shutdown ... ok
[INFO] [stdout] test tests::ttl_tests::test_legacy_v1_rejects_ttl_mutations ... ok
[INFO] [stdout] test tests::ttl_tests::update_ttl_advances_conflict_versions_in_all_modes ... ok
[INFO] [stdout] test tests::ttl_tests::update_ttl_does_not_resurrect_expired_key ... ok
[INFO] [stdout] test tests::write_buffer_tests::test_add_write_operation ... ok
[INFO] [stdout] test tests::ttl_tests::test_active_sweeper_does_not_delete_replacement_record ... ok
[INFO] [stdout] test tests::write_buffer_tests::test_delete_operation ... ok
[INFO] [stdout] test tests::persistence_tests::test_basic_persistence ... ok
[INFO] [stdout] test tests::write_buffer_tests::test_update_operation ... ok
[INFO] [stdout] test tests::write_buffer_tests::test_write_buffer_creation ... ok
[INFO] [stdout] test tests::persistence_tests::test_concurrent_persistence ... ok
[INFO] [stdout] test tests::ttl_tests::ttl_sampler_is_bounded_and_filters_non_ttl_records ... ok
[INFO] [stdout] test tests::write_buffer_tests::test_write_entry_fields ... ok
[INFO] [stdout] test tests::ttl_tests::test_active_sweeper_removes_expired_record_after_renewal_is_rejected ... ok
[INFO] [stdout] test tests::ttl_tests::test_insert_bytes_with_ttl ... ok
[INFO] [stdout] test tests::write_buffer_tests::test_write_buffer_shutdown ... ok
[INFO] [stdout] test tests::ttl_tests::test_persist_is_durable_after_value_offload ... ok
[INFO] [stdout] test tests::write_buffer_tests::test_concurrent_writes ... ok
[INFO] [stdout] test tests::persistence_tests::test_metadata_persistence ... ok
[INFO] [stdout] test tests::ttl_tests::test_update_ttl_is_durable_after_value_offload ... ok
[INFO] [stdout] test tests::ttl_tests::test_insert_with_ttl ... ok
[INFO] [stdout] test tests::write_buffer_tests::test_force_flush ... ok
[INFO] [stdout] test tests::ttl_tests::update_ttl_defers_offloaded_value_read ... ok
[INFO] [stdout] test tests::persistence_tests::test_range_query_persistence ... ok
[INFO] [stdout] test tests::ttl_tests::test_expired_key_not_found ... ok
[INFO] [stdout] test tests::persistence_tests::test_delete_persistence ... ok
[INFO] [stdout] test tests::write_buffer_tests::test_write_buffer_full_trigger ... ok
[INFO] [stdout] test tests::persistence_tests::recovery_rebuilds_disk_usage_without_double_counting ... ok
[INFO] [stdout] 
[INFO] [stdout] test result: ok. 316 passed; 0 failed; 0 ignored; 0 measured; 0 filtered out; finished in 12.22s
[INFO] [stdout] 
[INFO] [stderr]      Running unittests src/bin/feox-migrate.rs (/opt/rustwide/target/release/build/feoxdb/3f95855e6216a088/out/feox_migrate-3f95855e6216a088)
[INFO] [stdout] 
[INFO] [stdout] running 0 tests
[INFO] [stdout] 
[INFO] [stdout] test result: ok. 0 passed; 0 failed; 0 ignored; 0 measured; 0 filtered out; finished in 0.00s
[INFO] [stdout] 
[INFO] [stderr]      Running tests/feox_migrate_cli.rs (/opt/rustwide/target/release/build/feoxdb/1e52532673dc2808/out/feox_migrate_cli-1e52532673dc2808)
[INFO] [stdout] 
[INFO] [stdout] running 6 tests
[INFO] [stdout] test help_describes_offline_copy_migration ... ok
[INFO] [stdout] test version_matches_the_package ... ok
[INFO] [stdout] test invalid_arguments_use_the_usage_exit_code ... ok
[INFO] [stdout] test existing_destination_is_not_overwritten ... ok
[INFO] [stdout] test ambiguous_recovery_requires_the_cli_flag ... ok
[INFO] [stderr]    Doc-tests feoxdb
[INFO] [stdout] test migrates_a_v2_record_end_to_end_without_changing_the_source ... ok
[INFO] [stdout] 
[INFO] [stdout] test result: ok. 6 passed; 0 failed; 0 ignored; 0 measured; 0 filtered out; finished in 0.62s
[INFO] [stdout] 
[INFO] [stdout] 
[INFO] [stdout] running 31 tests
[INFO] [stdout] test src/core/store/atomic.rs - core::store::atomic::FeoxStore::atomic_increment (line 22) ... ignored
[INFO] [stdout] test src/core/store/builder.rs - core::store::builder::StoreBuilder::file_size (line 93) - compile ... ok
[INFO] [stdout] test src/core/store/json_patch.rs - core::store::json_patch::FeoxStore::json_patch (line 30) - compile ... ok
[INFO] [stdout] test src/core/store/persistence.rs - core::store::persistence::FeoxStore::flush_all (line 78) - compile ... ok
[INFO] [stdout] test src/core/store/operations.rs - core::store::operations::FeoxStore::insert_bytes (line 104) ... FAILED
[INFO] [stdout] test src/core/store/ttl.rs - core::store::ttl::FeoxStore::get_ttl (line 162) ... FAILED
[INFO] [stdout] test src/core/store/builder.rs - core::store::builder::StoreBuilder (line 29) ... FAILED
[INFO] [stdout] test src/lib.rs - (line 126) - compile ... ok
[INFO] [stdout] test src/core/store/atomic.rs - core::store::atomic::FeoxStore::compare_and_swap (line 374) ... FAILED
[INFO] [stdout] test src/core/store/operations.rs - core::store::operations::FeoxStore::get (line 369) ... FAILED
[INFO] [stdout] test src/core/store/ttl.rs - core::store::ttl::FeoxStore::insert_with_ttl (line 32) ... FAILED
[INFO] [stdout] test src/core/store/ttl.rs - core::store::ttl::FeoxStore::persist (line 353) ... FAILED
[INFO] [stdout] test src/core/store/mod.rs - core::store::FeoxStore::builder (line 181) ... FAILED
[INFO] [stdout] test src/core/store/operations.rs - core::store::operations::FeoxStore::get_size (line 573) ... FAILED
[INFO] [stdout] test src/core/store/range.rs - core::store::range::FeoxStore::range_query (line 30) ... FAILED
[INFO] [stdout] test src/lib.rs - (line 84) - compile ... ok
[INFO] [stdout] test src/lib.rs - (line 67) - compile ... ok
[INFO] [stdout] test src/core/store/operations.rs - core::store::operations::FeoxStore::get_bytes (line 422) ... FAILED
[INFO] [stdout] test src/core/store/atomic.rs - core::store::atomic::FeoxStore::insert_if_absent (line 302) ... FAILED
[INFO] [stdout] test src/core/store/operations.rs - core::store::operations::FeoxStore::insert (line 37) ... FAILED
[INFO] [stdout] test src/core/store/operations.rs - core::store::operations::FeoxStore::delete (line 481) ... FAILED
[INFO] [stdout] test src/core/store/atomic.rs - core::store::atomic::FeoxStore::atomic_increment (line 44) ... FAILED
[INFO] [stdout] test src/lib.rs - (line 100) ... FAILED
[INFO] [stdout] test src/core/store/ttl.rs - core::store::ttl::FeoxStore::update_ttl (line 217) ... FAILED
[INFO] [stdout] test src/lib.rs - (line 236) ... ok
[INFO] [stdout] test src/core/store/ttl.rs - core::store::ttl::FeoxStore::insert_bytes_with_ttl (line 96) ... ok
[INFO] [stdout] test src/lib.rs - (line 183) ... ok
[INFO] [stdout] test src/lib.rs - (line 156) ... ok
[INFO] [stdout] test src/lib.rs - (line 209) ... ok
[INFO] [stdout] test src/lib.rs - (line 46) ... ok
[INFO] [stdout] test src/lib.rs - (line 308) ... ok
[INFO] [stdout] 
[INFO] [stdout] failures:
[INFO] [stdout] 
[INFO] [stdout] ---- src/core/store/operations.rs - core::store::operations::FeoxStore::insert_bytes (line 104) stdout ----
[INFO] [stdout] Couldn't compile the test.
[INFO] [stdout] ---- src/core/store/ttl.rs - core::store::ttl::FeoxStore::get_ttl (line 162) stdout ----
[INFO] [stdout] Couldn't compile the test.
[INFO] [stdout] ---- src/core/store/builder.rs - core::store::builder::StoreBuilder (line 29) stdout ----
[INFO] [stdout] Couldn't compile the test.
[INFO] [stdout] ---- src/core/store/atomic.rs - core::store::atomic::FeoxStore::compare_and_swap (line 374) stdout ----
[INFO] [stdout] Couldn't compile the test.
[INFO] [stdout] ---- src/core/store/operations.rs - core::store::operations::FeoxStore::get (line 369) stdout ----
[INFO] [stdout] Couldn't compile the test.
[INFO] [stdout] ---- src/core/store/ttl.rs - core::store::ttl::FeoxStore::insert_with_ttl (line 32) stdout ----
[INFO] [stdout] Couldn't compile the test.
[INFO] [stdout] ---- src/core/store/ttl.rs - core::store::ttl::FeoxStore::persist (line 353) stdout ----
[INFO] [stdout] Couldn't compile the test.
[INFO] [stdout] ---- src/core/store/mod.rs - core::store::FeoxStore::builder (line 181) stdout ----
[INFO] [stdout] Couldn't compile the test.
[INFO] [stdout] ---- src/core/store/operations.rs - core::store::operations::FeoxStore::get_size (line 573) stdout ----
[INFO] [stdout] Couldn't compile the test.
[INFO] [stdout] ---- src/core/store/range.rs - core::store::range::FeoxStore::range_query (line 30) stdout ----
[INFO] [stdout] Couldn't compile the test.
[INFO] [stdout] ---- src/core/store/operations.rs - core::store::operations::FeoxStore::get_bytes (line 422) stdout ----
[INFO] [stdout] Couldn't compile the test.
[INFO] [stdout] ---- src/core/store/atomic.rs - core::store::atomic::FeoxStore::insert_if_absent (line 302) stdout ----
[INFO] [stdout] Couldn't compile the test.
[INFO] [stdout] ---- src/core/store/operations.rs - core::store::operations::FeoxStore::insert (line 37) stdout ----
[INFO] [stdout] Couldn't compile the test.
[INFO] [stdout] ---- src/core/store/operations.rs - core::store::operations::FeoxStore::delete (line 481) stdout ----
[INFO] [stdout] Couldn't compile the test.
[INFO] [stdout] ---- src/core/store/atomic.rs - core::store::atomic::FeoxStore::atomic_increment (line 44) stdout ----
[INFO] [stdout] Couldn't compile the test.
[INFO] [stdout] ---- src/lib.rs - (line 100) stdout ----
[INFO] [stdout] Couldn't compile the test.
[INFO] [stdout] ---- src/core/store/ttl.rs - core::store::ttl::FeoxStore::update_ttl (line 217) stdout ----
[INFO] [stdout] Couldn't compile the test.
[INFO] [stdout] 
[INFO] [stdout] failures:
[INFO] [stdout]     src/core/store/atomic.rs - core::store::atomic::FeoxStore::atomic_increment (line 44)
[INFO] [stdout]     src/core/store/atomic.rs - core::store::atomic::FeoxStore::compare_and_swap (line 374)
[INFO] [stdout]     src/core/store/atomic.rs - core::store::atomic::FeoxStore::insert_if_absent (line 302)
[INFO] [stdout]     src/core/store/builder.rs - core::store::builder::StoreBuilder (line 29)
[INFO] [stdout]     src/core/store/mod.rs - core::store::FeoxStore::builder (line 181)
[INFO] [stdout]     src/core/store/operations.rs - core::store::operations::FeoxStore::delete (line 481)
[INFO] [stdout]     src/core/store/operations.rs - core::store::operations::FeoxStore::get (line 369)
[INFO] [stdout]     src/core/store/operations.rs - core::store::operations::FeoxStore::get_bytes (line 422)
[INFO] [stdout]     src/core/store/operations.rs - core::store::operations::FeoxStore::get_size (line 573)
[INFO] [stdout]     src/core/store/operations.rs - core::store::operations::FeoxStore::insert (line 37)
[INFO] [stdout]     src/core/store/operations.rs - core::store::operations::FeoxStore::insert_bytes (line 104)
[INFO] [stdout]     src/core/store/range.rs - core::store::range::FeoxStore::range_query (line 30)
[INFO] [stdout]     src/core/store/ttl.rs - core::store::ttl::FeoxStore::get_ttl (line 162)
[INFO] [stdout]     src/core/store/ttl.rs - core::store::ttl::FeoxStore::insert_with_ttl (line 32)
[INFO] [stdout]     src/core/store/ttl.rs - core::store::ttl::FeoxStore::persist (line 353)
[INFO] [stdout]     src/core/store/ttl.rs - core::store::ttl::FeoxStore::update_ttl (line 217)
[INFO] [stdout]     src/lib.rs - (line 100)
[INFO] [stdout] 
[INFO] [stdout] test result: FAILED. 13 passed; 17 failed; 1 ignored; 0 measured; 0 filtered out; finished in 27.37s
[INFO] [stdout] 
[INFO] [stderr] error: doctest failed, to rerun pass `--doc`
[INFO] running `Command { std: "docker" "inspect" "f7db3f154f3bf4becb1703a20fa6ac8c4e859aea3b07be5987f4012593da623d", kill_on_drop: false }`
[INFO] running `Command { std: "docker" "rm" "-f" "f7db3f154f3bf4becb1703a20fa6ac8c4e859aea3b07be5987f4012593da623d", kill_on_drop: false }`
[INFO] [stdout] f7db3f154f3bf4becb1703a20fa6ac8c4e859aea3b07be5987f4012593da623d
