[INFO] fetching crate feos-gc-pcsaft 0.1.1...
[INFO] testing feos-gc-pcsaft-0.1.1 against 1.100.0-beta.1+cargoflags=--release for beta-release-1.100-2
[INFO] extracting crate feos-gc-pcsaft 0.1.1 into /workspace/builds/worker-1-tc2/source
[INFO] started tweaking crates.io crate feos-gc-pcsaft 0.1.1
[INFO] finished tweaking crates.io crate feos-gc-pcsaft 0.1.1
[INFO] tweaked toml for crates.io crate feos-gc-pcsaft 0.1.1 written to /workspace/builds/worker-1-tc2/source/Cargo.toml
[INFO] validating manifest of crates.io crate feos-gc-pcsaft 0.1.1 on toolchain 1.100.0-beta.1
[INFO] running `Command { std: CARGO_HOME="/workspace/cargo-home" RUSTUP_HOME="/workspace/rustup-home" "/workspace/cargo-home/bin/cargo" "+1.100.0-beta.1" "metadata" "--manifest-path" "Cargo.toml" "--no-deps", kill_on_drop: false }`
[INFO] running `Command { std: CARGO_HOME="/workspace/cargo-home" RUSTUP_HOME="/workspace/rustup-home" "/workspace/cargo-home/bin/cargo" "+1.100.0-beta.1" "generate-lockfile" "--manifest-path" "Cargo.toml", kill_on_drop: false }`
[INFO] [stderr]     Updating crates.io index
[INFO] [stderr]     Blocking waiting for file lock on package cache
[INFO] [stderr]      Locking 100 packages to highest compatible versions
[INFO] [stderr]       Adding approx v0.4.0 (available: v0.5.1)
[INFO] [stderr]       Adding feos-core v0.2.0 (available: v0.10.3)
[INFO] [stderr]       Adding feos-dft v0.2.0 (available: v0.10.3)
[INFO] [stderr]       Adding indexmap v1.9.3 (available: v2.14.2)
[INFO] [stderr]       Adding ndarray v0.15.6 (available: v0.17.2)
[INFO] [stderr]       Adding num-dual v0.5.3 (available: v0.15.1)
[INFO] [stderr]       Adding numpy v0.16.2 (available: v0.30.0)
[INFO] [stderr]       Adding petgraph v0.6.5 (available: v0.8.3)
[INFO] [stderr]       Adding pyo3 v0.16.6 (available: v0.30.1)
[INFO] [stderr]       Adding quantity v0.5.1 (available: v0.15.0)
[INFO] [stderr]       Adding thiserror v1.0.69 (available: v2.0.21)
[INFO] running `Command { std: CARGO_HOME="/workspace/cargo-home" RUSTUP_HOME="/workspace/rustup-home" "/workspace/cargo-home/bin/cargo" "+1.100.0-beta.1" "fetch" "--manifest-path" "Cargo.toml", kill_on_drop: false }`
[INFO] [stderr]     Blocking waiting for file lock on package cache
[INFO] [stderr]     Blocking waiting for file lock on package cache
[INFO] running `Command { std: "docker" "create" "-v" "/var/lib/crater-agent-workspace/builds/worker-1-tc2/source:/opt/rustwide/workdir:ro,Z" "-v" "/var/lib/crater-agent-workspace/builds/worker-1-tc2/target:/opt/rustwide/target:rw,Z" "-v" "/var/lib/crater-agent-workspace/cargo-home:/opt/rustwide/cargo-home:ro,Z" "-v" "/var/lib/crater-agent-workspace/rustup-home:/opt/rustwide/rustup-home:ro,Z" "-m" "1610612736" "--network" "none" "ghcr.io/rust-lang/crates-build-env/linux@sha256:77db811e55d90add9212f6832c23229e3de5f1c1f9905e8cb07319ea15df73ac" "sleep" "infinity", kill_on_drop: false }`
[INFO] [stdout] 28980113538b26cf1f2a7e907e1aff1ea1a51135c6aa67f4f17bb77127272081
[INFO] running `Command { std: "docker" "start" "28980113538b26cf1f2a7e907e1aff1ea1a51135c6aa67f4f17bb77127272081", kill_on_drop: false }`
[INFO] running `Command { std: "docker" "inspect" "28980113538b26cf1f2a7e907e1aff1ea1a51135c6aa67f4f17bb77127272081", kill_on_drop: false }`
[INFO] running `Command { std: "docker" "exec" "-e" "SOURCE_DIR=/opt/rustwide/workdir" "-e" "CARGO_HOME=/opt/rustwide/cargo-home" "-e" "RUSTUP_HOME=/opt/rustwide/rustup-home" "-e" "CARGO_TARGET_DIR=/opt/rustwide/target" "-w" "/opt/rustwide/workdir" "--user" "0:0" "28980113538b26cf1f2a7e907e1aff1ea1a51135c6aa67f4f17bb77127272081" "/opt/rustwide/cargo-home/bin/cargo" "+1.100.0-beta.1" "metadata" "--no-deps" "--format-version=1", kill_on_drop: false }`
[INFO] running `Command { std: "docker" "inspect" "28980113538b26cf1f2a7e907e1aff1ea1a51135c6aa67f4f17bb77127272081", kill_on_drop: false }`
[INFO] running `Command { std: "docker" "exec" "-e" "SOURCE_DIR=/opt/rustwide/workdir" "-e" "CARGO_HOME=/opt/rustwide/cargo-home" "-e" "RUSTUP_HOME=/opt/rustwide/rustup-home" "-e" "CARGO_TARGET_DIR=/opt/rustwide/target" "-e" "CARGO_INCREMENTAL=0" "-e" "RUST_BACKTRACE=full" "-e" "RUSTFLAGS=--cap-lints=warn" "-e" "RUSTDOCFLAGS=--cap-lints=warn" "-w" "/opt/rustwide/workdir" "--user" "0:0" "28980113538b26cf1f2a7e907e1aff1ea1a51135c6aa67f4f17bb77127272081" "/opt/rustwide/cargo-home/bin/cargo" "+1.100.0-beta.1" "build" "--frozen" "--message-format=json" "--release", kill_on_drop: false }`
[INFO] [stderr]    Compiling num-traits v0.2.19
[INFO] [stderr]    Compiling matrixmultiply v0.3.11
[INFO] [stderr]    Compiling rawpointer v0.2.1
[INFO] [stderr]    Compiling either v1.19.0
[INFO] [stderr]    Compiling crossbeam-utils v0.8.23
[INFO] [stderr]    Compiling crossbeam-epoch v0.9.21
[INFO] [stderr]    Compiling crossbeam-deque v0.8.8
[INFO] [stderr]    Compiling proc-macro2 v1.0.107
[INFO] [stderr]    Compiling bytemuck v1.25.2
[INFO] [stderr]    Compiling aho-corasick v1.1.5
[INFO] [stderr]    Compiling getrandom v0.2.17
[INFO] [stderr]    Compiling regex-syntax v0.8.11
[INFO] [stderr]    Compiling ppv-lite86 v0.2.21
[INFO] [stderr]    Compiling strength_reduce v0.2.4
[INFO] [stderr]    Compiling serde_json v1.0.154
[INFO] [stderr]    Compiling equivalent v1.0.3
[INFO] [stderr]    Compiling lazy_static v1.5.1
[INFO] [stderr]    Compiling fixedbitset v0.4.2
[INFO] [stderr]    Compiling indexmap v2.14.2
[INFO] [stderr]    Compiling rand_core v0.6.4
[INFO] [stderr]    Compiling safe_arch v0.7.4
[INFO] [stderr]    Compiling itertools v0.10.5
[INFO] [stderr]    Compiling rand_chacha v0.3.1
[INFO] [stderr]    Compiling quote v1.0.47
[INFO] [stderr]    Compiling rand v0.8.8
[INFO] [stderr]    Compiling wide v0.7.33
[INFO] [stderr]    Compiling syn v3.0.9
[INFO] [stderr]    Compiling syn v2.0.119
[INFO] [stderr]    Compiling petgraph v0.6.5
[INFO] [stderr]    Compiling rayon-core v1.13.0
[INFO] [stderr]    Compiling num-integer v0.1.47
[INFO] [stderr]    Compiling num-complex v0.4.6
[INFO] [stderr]    Compiling approx v0.5.1
[INFO] [stderr]    Compiling approx v0.4.0
[INFO] [stderr]    Compiling ang v0.6.0
[INFO] [stderr]    Compiling noisy_float v0.2.1
[INFO] [stderr]    Compiling rayon v1.12.0
[INFO] [stderr]    Compiling num-bigint v0.4.8
[INFO] [stderr]    Compiling transpose v0.2.3
[INFO] [stderr]    Compiling primal-check v0.3.4
[INFO] [stderr]    Compiling num-iter v0.1.46
[INFO] [stderr]    Compiling rustfft v6.4.1
[INFO] [stderr]    Compiling simba v0.9.1
[INFO] [stderr]    Compiling regex-automata v0.4.18
[INFO] [stderr]    Compiling serde_derive v1.0.229
[INFO] [stderr]    Compiling num-rational v0.4.2
[INFO] [stderr]    Compiling num v0.4.3
[INFO] [stderr]    Compiling thiserror-impl v1.0.69
[INFO] [stderr]    Compiling nalgebra-macros v0.2.2
[INFO] [stderr]    Compiling thiserror v1.0.69
[INFO] [stderr]    Compiling serde v1.0.229
[INFO] [stderr]    Compiling regex v1.13.1
[INFO] [stderr]    Compiling ndarray v0.15.6
[INFO] [stderr]    Compiling bincode v1.3.3
[INFO] [stderr]    Compiling nalgebra v0.33.3
[INFO] [stderr]    Compiling rustdct v0.7.1
[INFO] [stderr]    Compiling quantity v0.5.1
[INFO] [stderr]    Compiling num-dual v0.5.3
[INFO] [stderr]    Compiling ndarray-stats v0.5.1
[INFO] [stderr]    Compiling feos-core v0.2.0
[INFO] [stderr]    Compiling gauss-quad v0.1.9
[INFO] [stderr]    Compiling feos-dft v0.2.0
[INFO] [stderr]    Compiling feos-gc-pcsaft v0.1.1 (/opt/rustwide/workdir)
[INFO] [stdout] warning: use of deprecated constant `std::f64::NAN`: replaced by the `NAN` associated constant on `f64`
[INFO] [stdout]    --> src/eos/association.rs:145:47
[INFO] [stdout]     |
[INFO] [stdout] 145 |         .unwrap_or_else(|_| D::from(std::f64::NAN))
[INFO] [stdout]     |                                               ^^^
[INFO] [stdout]     |
[INFO] [stdout]     = note: `#[warn(deprecated)]` on by default
[INFO] [stdout] 
[INFO] [stdout] 
[INFO] [stdout] warning: hiding a lifetime that's elided elsewhere is confusing
[INFO] [stdout]   --> src/dft/mod.rs:79:23
[INFO] [stdout]    |
[INFO] [stdout] 79 |     fn molecule_shape(&self) -> MoleculeShape {
[INFO] [stdout]    |                       ^^^^^     ^^^^^^^^^^^^^ the same lifetime is hidden here
[INFO] [stdout]    |                       |
[INFO] [stdout]    |                       the lifetime is elided here
[INFO] [stdout]    |
[INFO] [stdout]    = help: the same lifetime is referred to in inconsistent ways, making the signature confusing
[INFO] [stdout]    = note: `#[warn(mismatched_lifetime_syntaxes)]` on by default
[INFO] [stdout] help: use `'_` for type paths
[INFO] [stdout]    |
[INFO] [stdout] 79 |     fn molecule_shape(&self) -> MoleculeShape<'_> {
[INFO] [stdout]    |                                              ++++
[INFO] [stdout] 
[INFO] [stdout] 
[INFO] [stderr] warning: unused dependency `num`
[INFO] [stderr]   --> Cargo.toml:17:15
[INFO] [stderr]    |
[INFO] [stderr] 17 | [dependencies.num]
[INFO] [stderr]    |               ^^^^
[INFO] [stderr]    |
[INFO] [stderr]    = note: `cargo::unused_dependencies` is set to `warn` by default
[INFO] [stderr] help: consider removing the dependency on `num`
[INFO] [stderr] warning: `feos-gc-pcsaft` (manifest) generated 1 warning
[INFO] [stderr]     Finished `release` profile [optimized] target(s) in 2m 44s
[INFO] running `Command { std: "docker" "inspect" "28980113538b26cf1f2a7e907e1aff1ea1a51135c6aa67f4f17bb77127272081", kill_on_drop: false }`
[INFO] running `Command { std: "docker" "exec" "-e" "SOURCE_DIR=/opt/rustwide/workdir" "-e" "CARGO_HOME=/opt/rustwide/cargo-home" "-e" "RUSTUP_HOME=/opt/rustwide/rustup-home" "-e" "CARGO_TARGET_DIR=/opt/rustwide/target" "-e" "CARGO_INCREMENTAL=0" "-e" "RUST_BACKTRACE=full" "-e" "RUSTFLAGS=--cap-lints=warn" "-e" "RUSTDOCFLAGS=--cap-lints=warn" "-w" "/opt/rustwide/workdir" "--user" "0:0" "28980113538b26cf1f2a7e907e1aff1ea1a51135c6aa67f4f17bb77127272081" "/opt/rustwide/cargo-home/bin/cargo" "+1.100.0-beta.1" "test" "--frozen" "--no-run" "--message-format=json" "--release", kill_on_drop: false }`
[INFO] [stdout] warning: use of deprecated constant `std::f64::NAN`: replaced by the `NAN` associated constant on `f64`
[INFO] [stdout]    --> src/eos/association.rs:145:47
[INFO] [stdout]     |
[INFO] [stdout] 145 |         .unwrap_or_else(|_| D::from(std::f64::NAN))
[INFO] [stdout]     |                                               ^^^
[INFO] [stdout]     |
[INFO] [stdout]     = note: `#[warn(deprecated)]` on by default
[INFO] [stdout] 
[INFO] [stdout] 
[INFO] [stdout] warning: hiding a lifetime that's elided elsewhere is confusing
[INFO] [stdout]   --> src/dft/mod.rs:79:23
[INFO] [stdout]    |
[INFO] [stdout] 79 |     fn molecule_shape(&self) -> MoleculeShape {
[INFO] [stdout]    |                       ^^^^^     ^^^^^^^^^^^^^ the same lifetime is hidden here
[INFO] [stdout]    |                       |
[INFO] [stdout]    |                       the lifetime is elided here
[INFO] [stdout]    |
[INFO] [stdout]    = help: the same lifetime is referred to in inconsistent ways, making the signature confusing
[INFO] [stdout]    = note: `#[warn(mismatched_lifetime_syntaxes)]` on by default
[INFO] [stdout] help: use `'_` for type paths
[INFO] [stdout]    |
[INFO] [stdout] 79 |     fn molecule_shape(&self) -> MoleculeShape<'_> {
[INFO] [stdout]    |                                              ++++
[INFO] [stdout] 
[INFO] [stdout] 
[INFO] [stderr]    Compiling feos-gc-pcsaft v0.1.1 (/opt/rustwide/workdir)
[INFO] [stdout] warning: use of deprecated constant `std::f64::NAN`: replaced by the `NAN` associated constant on `f64`
[INFO] [stdout]    --> src/eos/association.rs:145:47
[INFO] [stdout]     |
[INFO] [stdout] 145 |         .unwrap_or_else(|_| D::from(std::f64::NAN))
[INFO] [stdout]     |                                               ^^^
[INFO] [stdout]     |
[INFO] [stdout]     = note: `#[warn(deprecated)]` on by default
[INFO] [stdout] 
[INFO] [stdout] 
[INFO] [stdout] warning: hiding a lifetime that's elided elsewhere is confusing
[INFO] [stdout]   --> src/dft/mod.rs:79:23
[INFO] [stdout]    |
[INFO] [stdout] 79 |     fn molecule_shape(&self) -> MoleculeShape {
[INFO] [stdout]    |                       ^^^^^     ^^^^^^^^^^^^^ the same lifetime is hidden here
[INFO] [stdout]    |                       |
[INFO] [stdout]    |                       the lifetime is elided here
[INFO] [stdout]    |
[INFO] [stdout]    = help: the same lifetime is referred to in inconsistent ways, making the signature confusing
[INFO] [stdout]    = note: `#[warn(mismatched_lifetime_syntaxes)]` on by default
[INFO] [stdout] help: use `'_` for type paths
[INFO] [stdout]    |
[INFO] [stdout] 79 |     fn molecule_shape(&self) -> MoleculeShape<'_> {
[INFO] [stdout]    |                                              ++++
[INFO] [stdout] 
[INFO] [stdout] 
[INFO] [stderr] warning: unused dependency `num`
[INFO] [stderr]   --> Cargo.toml:17:15
[INFO] [stderr]    |
[INFO] [stderr] 17 | [dependencies.num]
[INFO] [stderr]    |               ^^^^
[INFO] [stderr]    |
[INFO] [stderr]    = note: `cargo::unused_dependencies` is set to `warn` by default
[INFO] [stderr] help: consider removing the dependency on `num`
[INFO] [stderr] warning: `feos-gc-pcsaft` (manifest) generated 1 warning
[INFO] [stderr]     Finished `release` profile [optimized] target(s) in 40.63s
[INFO] running `Command { std: "docker" "inspect" "28980113538b26cf1f2a7e907e1aff1ea1a51135c6aa67f4f17bb77127272081", kill_on_drop: false }`
[INFO] running `Command { std: "docker" "exec" "-e" "SOURCE_DIR=/opt/rustwide/workdir" "-e" "CARGO_HOME=/opt/rustwide/cargo-home" "-e" "RUSTUP_HOME=/opt/rustwide/rustup-home" "-e" "CARGO_TARGET_DIR=/opt/rustwide/target" "-e" "CARGO_INCREMENTAL=0" "-e" "RUST_BACKTRACE=full" "-e" "RUSTFLAGS=--cap-lints=warn" "-e" "RUSTDOCFLAGS=--cap-lints=warn" "-w" "/opt/rustwide/workdir" "--user" "0:0" "28980113538b26cf1f2a7e907e1aff1ea1a51135c6aa67f4f17bb77127272081" "/opt/rustwide/cargo-home/bin/cargo" "+1.100.0-beta.1" "test" "--frozen" "--release", kill_on_drop: false }`
[INFO] [stderr] warning: use of deprecated constant `std::f64::NAN`: replaced by the `NAN` associated constant on `f64`
[INFO] [stderr]    --> src/eos/association.rs:145:47
[INFO] [stderr]     |
[INFO] [stderr] 145 |         .unwrap_or_else(|_| D::from(std::f64::NAN))
[INFO] [stderr]     |                                               ^^^
[INFO] [stderr]     |
[INFO] [stderr]     = note: `#[warn(deprecated)]` on by default
[INFO] [stderr] 
[INFO] [stderr] warning: hiding a lifetime that's elided elsewhere is confusing
[INFO] [stderr]   --> src/dft/mod.rs:79:23
[INFO] [stderr]    |
[INFO] [stderr] 79 |     fn molecule_shape(&self) -> MoleculeShape {
[INFO] [stderr]    |                       ^^^^^     ^^^^^^^^^^^^^ the same lifetime is hidden here
[INFO] [stderr]    |                       |
[INFO] [stderr]    |                       the lifetime is elided here
[INFO] [stderr]    |
[INFO] [stderr]    = help: the same lifetime is referred to in inconsistent ways, making the signature confusing
[INFO] [stderr]    = note: `#[warn(mismatched_lifetime_syntaxes)]` on by default
[INFO] [stderr] help: use `'_` for type paths
[INFO] [stderr]    |
[INFO] [stderr] 79 |     fn molecule_shape(&self) -> MoleculeShape<'_> {
[INFO] [stderr]    |                                              ++++
[INFO] [stderr] 
[INFO] [stderr] warning: `feos-gc-pcsaft` (lib) generated 2 warnings (run `cargo fix --lib -p feos-gc-pcsaft` to apply 1 suggestion)
[INFO] [stderr] warning: `feos-gc-pcsaft` (lib test) generated 2 warnings (2 duplicates)
[INFO] [stderr] warning: unused dependency `num`
[INFO] [stderr]   --> Cargo.toml:17:15
[INFO] [stderr]    |
[INFO] [stderr] 17 | [dependencies.num]
[INFO] [stderr]    |               ^^^^
[INFO] [stderr]    |
[INFO] [stderr]    = note: `cargo::unused_dependencies` is set to `warn` by default
[INFO] [stderr] help: consider removing the dependency on `num`
[INFO] [stderr] warning: `feos-gc-pcsaft` (manifest) generated 1 warning
[INFO] [stderr]     Finished `release` profile [optimized] target(s) in 0.11s
[INFO] [stderr]      Running unittests src/lib.rs (/opt/rustwide/target/release/build/feos-gc-pcsaft/32ff87565406bb84/out/feos_gc_pcsaft-32ff87565406bb84)
[INFO] [stdout] 
[INFO] [stdout] running 10 tests
[INFO] [stdout] test eos::hard_sphere::test::test_hs_propane ... ok
[INFO] [stdout] test eos::hard_chain::test::test_hc_propane ... ok
[INFO] [stdout] test eos::dispersion::test::test_dispersion_propanol ... ok
[INFO] [stdout] test eos::hard_sphere::test::test_hs_propanol ... ok
[INFO] [stdout] test eos::association::test::test_cross_assoc_propanol ... ok
[INFO] [stdout] test eos::association::test::test_assoc_propanol ... ok
[INFO] [stdout] test eos::parameter::test::test_kij ... ok
[INFO] [stdout] test eos::hard_chain::test::test_hc_propanol ... ok
[INFO] [stdout] test eos::dispersion::test::test_dispersion_propane ... ok
[INFO] [stdout] test eos::association::test::test_cross_assoc_ethanol_propanol ... ok
[INFO] [stderr]      Running tests/binary.rs (/opt/rustwide/target/release/build/feos-gc-pcsaft/e49611692a093cb0/out/binary-e49611692a093cb0)
[INFO] [stdout] 
[INFO] [stdout] test result: ok. 10 passed; 0 failed; 0 ignored; 0 measured; 0 filtered out; finished in 0.02s
[INFO] [stdout] 
[INFO] [stdout] 
[INFO] [stdout] running 1 test
[INFO] [stderr] error: test failed, to rerun pass `--test binary`
[INFO] [stdout] test test_binary ... FAILED
[INFO] [stdout] 
[INFO] [stdout] failures:
[INFO] [stdout] 
[INFO] [stdout] ---- test_binary stdout ----
[INFO] [stdout] 
[INFO] [stdout] thread 'test_binary' (1367) panicked at tests/binary.rs:20:6:
[INFO] [stdout] called `Result::unwrap()` on an `Err` value: FileIO(Os { code: 2, kind: NotFound, message: "No such file or directory" })
[INFO] [stdout] stack backtrace:
[INFO] [stdout]    0:     0x55a6a059c1e1 - <<std[617be2ca0a6fd877]::sys::backtrace::BacktraceLock>::print::DisplayBacktrace as core[a373ad73a504971]::fmt::Display>::fmt
[INFO] [stdout]    1:     0x55a6a05b20ca - core[a373ad73a504971]::fmt::write
[INFO] [stdout]    2:     0x55a6a05a04ac - <alloc[2e1b2a31b91974c5]::vec::Vec<u8> as core[a373ad73a504971]::io::write::Write>::write_fmt
[INFO] [stdout]    3:     0x55a6a05785c6 - std[617be2ca0a6fd877]::panicking::default_hook::{closure#0}
[INFO] [stdout]    4:     0x55a6a05947f9 - std[617be2ca0a6fd877]::panicking::default_hook
[INFO] [stdout]    5:     0x55a6a0038eb0 - test[aada8e7e76ba119b]::test_main_inner::{closure#0}
[INFO] [stdout]    6:     0x55a6a05949b2 - std[617be2ca0a6fd877]::panicking::panic_with_hook
[INFO] [stdout]    7:     0x55a6a0578672 - std[617be2ca0a6fd877]::panicking::panic_handler::{closure#0}
[INFO] [stdout]    8:     0x55a6a0571359 - std[617be2ca0a6fd877]::sys::backtrace::__rust_end_short_backtrace::<std[617be2ca0a6fd877]::panicking::panic_handler::{closure#0}, !>
[INFO] [stdout]    9:     0x55a6a057927d - __rustc[ea4f61d10b84890b]::rust_begin_unwind
[INFO] [stdout]   10:     0x55a6a05b28ac - core[a373ad73a504971]::panicking::panic_fmt
[INFO] [stdout]   11:     0x55a6a05b2682 - core[a373ad73a504971]::result::unwrap_failed
[INFO] [stdout]   12:     0x55a6a002b16a - <binary[1973b516fa4d01e5]::test_binary::{closure#0} as core[a373ad73a504971]::ops::function::FnOnce<()>>::call_once
[INFO] [stdout]   13:     0x55a6a002c2fb - test[aada8e7e76ba119b]::__rust_begin_short_backtrace::<core[a373ad73a504971]::result::Result<(), alloc[2e1b2a31b91974c5]::string::String>, fn() -> core[a373ad73a504971]::result::Result<(), alloc[2e1b2a31b91974c5]::string::String>>
[INFO] [stdout]   14:     0x55a6a00394d5 - test[aada8e7e76ba119b]::run_test::{closure#0}
[INFO] [stdout]   15:     0x55a6a0032dc4 - std[617be2ca0a6fd877]::sys::backtrace::__rust_begin_short_backtrace::<test[aada8e7e76ba119b]::run_test::{closure#1}, ()>
[INFO] [stdout]   16:     0x55a6a003c562 - <std[617be2ca0a6fd877]::thread::lifecycle::spawn_unchecked<test[aada8e7e76ba119b]::run_test::{closure#1}, ()>::{closure#1} as core[a373ad73a504971]::ops::function::FnOnce<()>>::call_once::{shim:vtable#0}
[INFO] [stdout]   17:     0x55a6a059ba3f - <std[617be2ca0a6fd877]::sys::thread::unix::Thread>::new::thread_start
[INFO] [stdout]   18:     0x7bfffb9c2dfa - <unknown>
[INFO] [stdout]   19:     0x7bfffba563d4 - clone
[INFO] [stdout]   20:                0x0 - <unknown>
[INFO] [stdout] 
[INFO] [stdout] 
[INFO] [stdout] failures:
[INFO] [stdout]     test_binary
[INFO] [stdout] 
[INFO] [stdout] test result: FAILED. 0 passed; 1 failed; 0 ignored; 0 measured; 0 filtered out; finished in 0.02s
[INFO] [stdout] 
[INFO] running `Command { std: "docker" "inspect" "28980113538b26cf1f2a7e907e1aff1ea1a51135c6aa67f4f17bb77127272081", kill_on_drop: false }`
[INFO] running `Command { std: "docker" "rm" "-f" "28980113538b26cf1f2a7e907e1aff1ea1a51135c6aa67f4f17bb77127272081", kill_on_drop: false }`
[INFO] [stdout] 28980113538b26cf1f2a7e907e1aff1ea1a51135c6aa67f4f17bb77127272081
