[INFO] fetching crate fensu-structure-checker 0.15.0...
[INFO] testing fensu-structure-checker-0.15.0 against 1.100.0-beta.1+cargoflags=--release for beta-release-1.100-2
[INFO] extracting crate fensu-structure-checker 0.15.0 into /workspace/builds/worker-6-tc2/source
[INFO] started tweaking crates.io crate fensu-structure-checker 0.15.0
[INFO] removed 0 missing tests
[INFO] finished tweaking crates.io crate fensu-structure-checker 0.15.0
[INFO] tweaked toml for crates.io crate fensu-structure-checker 0.15.0 written to /workspace/builds/worker-6-tc2/source/Cargo.toml
[INFO] validating manifest of crates.io crate fensu-structure-checker 0.15.0 on toolchain 1.100.0-beta.1
[INFO] running `Command { std: CARGO_HOME="/workspace/cargo-home" RUSTUP_HOME="/workspace/rustup-home" "/workspace/cargo-home/bin/cargo" "+1.100.0-beta.1" "metadata" "--manifest-path" "Cargo.toml" "--no-deps", kill_on_drop: false }`
[INFO] crate crates.io crate fensu-structure-checker 0.15.0 already has a lockfile, it will not be regenerated
[INFO] running `Command { std: CARGO_HOME="/workspace/cargo-home" RUSTUP_HOME="/workspace/rustup-home" "/workspace/cargo-home/bin/cargo" "+1.100.0-beta.1" "fetch" "--manifest-path" "Cargo.toml", kill_on_drop: false }`
[INFO] running `Command { std: "docker" "create" "-v" "/var/lib/crater-agent-workspace/builds/worker-6-tc2/source:/opt/rustwide/workdir:ro,Z" "-v" "/var/lib/crater-agent-workspace/builds/worker-6-tc2/target:/opt/rustwide/target:rw,Z" "-v" "/var/lib/crater-agent-workspace/cargo-home:/opt/rustwide/cargo-home:ro,Z" "-v" "/var/lib/crater-agent-workspace/rustup-home:/opt/rustwide/rustup-home:ro,Z" "-m" "1610612736" "--network" "none" "ghcr.io/rust-lang/crates-build-env/linux@sha256:77db811e55d90add9212f6832c23229e3de5f1c1f9905e8cb07319ea15df73ac" "sleep" "infinity", kill_on_drop: false }`
[INFO] [stdout] 0da43d474e180835032503c07f2ad03244f6396c75eefd27c313cbdf3db2a6a5
[INFO] running `Command { std: "docker" "start" "0da43d474e180835032503c07f2ad03244f6396c75eefd27c313cbdf3db2a6a5", kill_on_drop: false }`
[INFO] running `Command { std: "docker" "inspect" "0da43d474e180835032503c07f2ad03244f6396c75eefd27c313cbdf3db2a6a5", kill_on_drop: false }`
[INFO] running `Command { std: "docker" "exec" "-e" "SOURCE_DIR=/opt/rustwide/workdir" "-e" "CARGO_HOME=/opt/rustwide/cargo-home" "-e" "RUSTUP_HOME=/opt/rustwide/rustup-home" "-e" "CARGO_TARGET_DIR=/opt/rustwide/target" "-w" "/opt/rustwide/workdir" "--user" "0:0" "0da43d474e180835032503c07f2ad03244f6396c75eefd27c313cbdf3db2a6a5" "/opt/rustwide/cargo-home/bin/cargo" "+1.100.0-beta.1" "metadata" "--no-deps" "--format-version=1", kill_on_drop: false }`
[INFO] running `Command { std: "docker" "inspect" "0da43d474e180835032503c07f2ad03244f6396c75eefd27c313cbdf3db2a6a5", kill_on_drop: false }`
[INFO] running `Command { std: "docker" "exec" "-e" "SOURCE_DIR=/opt/rustwide/workdir" "-e" "CARGO_HOME=/opt/rustwide/cargo-home" "-e" "RUSTUP_HOME=/opt/rustwide/rustup-home" "-e" "CARGO_TARGET_DIR=/opt/rustwide/target" "-e" "CARGO_INCREMENTAL=0" "-e" "RUST_BACKTRACE=full" "-e" "RUSTFLAGS=--cap-lints=warn" "-e" "RUSTDOCFLAGS=--cap-lints=warn" "-w" "/opt/rustwide/workdir" "--user" "0:0" "0da43d474e180835032503c07f2ad03244f6396c75eefd27c313cbdf3db2a6a5" "/opt/rustwide/cargo-home/bin/cargo" "+1.100.0-beta.1" "build" "--frozen" "--message-format=json" "--release", kill_on_drop: false }`
[INFO] [stderr]    Compiling serde_core v1.0.228
[INFO] [stderr]    Compiling camino v1.2.5
[INFO] [stderr]    Compiling serde_json v1.0.150
[INFO] [stderr]    Compiling quote v1.0.46
[INFO] [stderr]    Compiling winnow v1.0.4
[INFO] [stderr]    Compiling winnow v0.7.15
[INFO] [stderr]    Compiling proc-macro2 v1.0.106
[INFO] [stderr]    Compiling toml_writer v1.1.2+spec-1.1.0
[INFO] [stderr]    Compiling syn v2.0.118
[INFO] [stderr]    Compiling toml_parser v1.1.2+spec-1.1.0
[INFO] [stderr]    Compiling serde_derive v1.0.228
[INFO] [stderr]    Compiling thiserror-impl v2.0.18
[INFO] [stderr]    Compiling serde_spanned v1.1.1
[INFO] [stderr]    Compiling semver v1.0.28
[INFO] [stderr]    Compiling toml_datetime v0.7.5+spec-1.1.0
[INFO] [stderr]    Compiling toml v0.9.12+spec-1.1.0
[INFO] [stderr]    Compiling thiserror v2.0.18
[INFO] [stderr]    Compiling serde v1.0.228
[INFO] [stderr]    Compiling cargo-platform v0.1.9
[INFO] [stderr]    Compiling cargo_metadata v0.19.2
[INFO] [stderr]    Compiling fensu-structure-checker v0.15.0 (/opt/rustwide/workdir)
[INFO] [stderr]     Finished `release` profile [optimized] target(s) in 1m 35s
[INFO] running `Command { std: "docker" "inspect" "0da43d474e180835032503c07f2ad03244f6396c75eefd27c313cbdf3db2a6a5", kill_on_drop: false }`
[INFO] running `Command { std: "docker" "exec" "-e" "SOURCE_DIR=/opt/rustwide/workdir" "-e" "CARGO_HOME=/opt/rustwide/cargo-home" "-e" "RUSTUP_HOME=/opt/rustwide/rustup-home" "-e" "CARGO_TARGET_DIR=/opt/rustwide/target" "-e" "CARGO_INCREMENTAL=0" "-e" "RUST_BACKTRACE=full" "-e" "RUSTFLAGS=--cap-lints=warn" "-e" "RUSTDOCFLAGS=--cap-lints=warn" "-w" "/opt/rustwide/workdir" "--user" "0:0" "0da43d474e180835032503c07f2ad03244f6396c75eefd27c313cbdf3db2a6a5" "/opt/rustwide/cargo-home/bin/cargo" "+1.100.0-beta.1" "test" "--frozen" "--no-run" "--message-format=json" "--release", kill_on_drop: false }`
[INFO] [stderr]    Compiling fensu-structure-checker v0.15.0 (/opt/rustwide/workdir)
[INFO] [stderr]     Finished `release` profile [optimized] target(s) in 6.25s
[INFO] running `Command { std: "docker" "inspect" "0da43d474e180835032503c07f2ad03244f6396c75eefd27c313cbdf3db2a6a5", kill_on_drop: false }`
[INFO] running `Command { std: "docker" "exec" "-e" "SOURCE_DIR=/opt/rustwide/workdir" "-e" "CARGO_HOME=/opt/rustwide/cargo-home" "-e" "RUSTUP_HOME=/opt/rustwide/rustup-home" "-e" "CARGO_TARGET_DIR=/opt/rustwide/target" "-e" "CARGO_INCREMENTAL=0" "-e" "RUST_BACKTRACE=full" "-e" "RUSTFLAGS=--cap-lints=warn" "-e" "RUSTDOCFLAGS=--cap-lints=warn" "-w" "/opt/rustwide/workdir" "--user" "0:0" "0da43d474e180835032503c07f2ad03244f6396c75eefd27c313cbdf3db2a6a5" "/opt/rustwide/cargo-home/bin/cargo" "+1.100.0-beta.1" "test" "--frozen" "--release", kill_on_drop: false }`
[INFO] [stderr]     Finished `release` profile [optimized] target(s) in 0.05s
[INFO] [stderr]      Running unittests src/lib.rs (/opt/rustwide/target/release/build/fensu-structure-checker/2df1f283eaf656a9/out/fensu_structure_checker-2df1f283eaf656a9)
[INFO] [stdout] 
[INFO] [stdout] running 0 tests
[INFO] [stdout] 
[INFO] [stdout] test result: ok. 0 passed; 0 failed; 0 ignored; 0 measured; 0 filtered out; finished in 0.00s
[INFO] [stdout] 
[INFO] [stderr]      Running unittests src/main.rs (/opt/rustwide/target/release/build/fensu-structure-checker/d29a34e176a1f6bb/out/fensu_structure_checker-d29a34e176a1f6bb)
[INFO] [stderr]      Running tests/command.rs (/opt/rustwide/target/release/build/fensu-structure-checker/46b17b7b10371080/out/command-46b17b7b10371080)
[INFO] [stdout] 
[INFO] [stdout] running 0 tests
[INFO] [stdout] 
[INFO] [stdout] test result: ok. 0 passed; 0 failed; 0 ignored; 0 measured; 0 filtered out; finished in 0.00s
[INFO] [stdout] 
[INFO] [stdout] 
[INFO] [stdout] running 3 tests
[INFO] [stdout] test cli::given_config_symlink_escape_when_running_then_rejects_it_before_loading ... ok
[INFO] [stdout] test cli::given_command_cases_when_running_then_returns_documented_streams_and_statuses ... ok
[INFO] [stdout] test cli::given_explicit_consumer_config_when_running_then_applies_configured_boundary ... ok
[INFO] [stdout] 
[INFO] [stdout] test result: ok. 3 passed; 0 failed; 0 ignored; 0 measured; 0 filtered out; finished in 0.07s
[INFO] [stdout] 
[INFO] [stderr]      Running tests/rules.rs (/opt/rustwide/target/release/build/fensu-structure-checker/ecede44cdd1d4b3d/out/rules-ecede44cdd1d4b3d)
[INFO] [stdout] 
[INFO] [stdout] running 39 tests
[INFO] [stdout] test configuration::given_invalid_config_when_validating_then_fails_closed ... ok
[INFO] [stdout] test configuration::given_fensu_defaults_when_checking_then_reports_the_legacy_parser_scope ... ok
[INFO] [stdout] test configuration::given_directory_named_like_role_file_when_checking_then_role_path_is_rejected ... ok
[INFO] [stdout] test configuration::given_included_and_excluded_targets_share_entry_when_checking_then_included_target_wins ... ok
[INFO] [stdout] test configuration::given_custom_parser_scope_when_checking_then_all_rust_reference_forms_are_blocked ... ok
[INFO] [stdout] test configuration::given_fixture_repository_policy_when_checking_then_paths_and_thresholds_are_applied ... ok
[INFO] [stderr]     Updating crates.io index
[INFO] [stdout] test configuration::given_nested_role_files_and_role_free_domain_when_inventory_is_closed_then_types_are_exact ... ok
[INFO] [stderr] warning: spurious network error (3 tries remaining): [6] Could not resolve hostname (Could not resolve host: index.crates.io)
[INFO] [stdout] test configuration::given_test_topic_without_cargo_harness_when_checking_then_file_is_not_invisible ... ok
[INFO] [stdout] test configuration::given_renamed_parser_dependency_when_checking_then_source_alias_is_blocked ... ok
[INFO] [stdout] test configuration::given_consumer_tooling_dependencies_when_checking_then_honors_runtime_allowlist ... ok
[INFO] [stdout] test configuration::given_custom_library_or_binary_path_when_checking_then_target_fails_closed ... ok
[INFO] [stdout] test configuration::given_nonempty_structural_inventories_when_checking_then_undeclared_paths_fail_closed ... ok
[INFO] [stdout] test configuration::given_custom_parser_boundary_when_checking_then_uses_configured_policy ... ok
[INFO] [stdout] test configuration::given_excluded_target_under_source_tree_when_checking_then_fails_closed_and_scans_file ... ok
[INFO] [stdout] test configuration::given_workspace_member_path_contains_src_when_checking_then_actual_source_root_is_preserved ... ok
[INFO] [stdout] test configuration::given_root_implicit_and_custom_target_packages_when_checking_then_cargo_inventory_is_used ... ok
[INFO] [stdout] test configuration::given_source_root_as_intentional_layout_when_checking_then_broad_exclusion_is_rejected ... ok
[INFO] [stdout] test shape_policy::given_nested_iterator_in_checker_when_checking_then_reports_tooling_code ... ok
[INFO] [stdout] test ownership::given_helper_consumers_when_checking_then_reports_misowned_modules ... ok
[INFO] [stdout] test configuration::given_renamed_workspace_library_when_checking_then_project_graph_uses_source_identity ... ok
[INFO] [stdout] test tests_layout::given_missing_runtime_anchors_when_checking_then_reports_layout_codes ... ok
[INFO] [stdout] test tests_layout::given_harness_area_modules_when_checking_then_reports_undeclared_modules ... ok
[INFO] [stdout] test role_files::given_reserved_role_names_in_helpers_when_checking_then_reports_misplacement ... ok
[INFO] [stdout] test containers::given_helper_prefix_families_when_checking_then_reports_ungrouped_families ... ok
[INFO] [stdout] test configuration::given_symlink_escapes_when_checking_then_configured_source_and_dependency_paths_fail_closed ... ok
[INFO] [stdout] test containers::given_container_fixtures_when_checking_then_reports_expected_codes ... ok
[INFO] [stdout] test naming::given_naming_fixtures_when_checking_then_reports_expected_codes ... ok
[INFO] [stdout] test tooling_roles::given_tooling_role_fixtures_when_checking_then_reports_expected_codes ... ok
[INFO] [stdout] test domains::given_domain_shape_fixtures_when_checking_then_reports_expected_codes ... ok
[INFO] [stdout] test shape::given_shape_fixtures_when_checking_then_reports_expected_codes ... ok
[INFO] [stderr] warning: spurious network error (2 tries remaining): [6] Could not resolve hostname (Could not resolve host: index.crates.io)
[INFO] [stdout] test role_files::given_role_file_fixtures_when_checking_then_reports_expected_codes ... ok
[INFO] [stdout] test layers::given_layer_fixtures_when_checking_then_reports_expected_codes ... ok
[INFO] [stdout] test shape_policy::given_rust_shape_policy_fixtures_when_checking_then_reports_expected_codes ... ok
[INFO] [stdout] test tests_shape::given_test_shape_fixtures_when_checking_then_reports_expected_codes ... ok
[INFO] [stdout] test visibility::given_visibility_fixtures_when_checking_then_reports_expected_codes ... ok
[INFO] [stdout] test tests_layout::given_test_layout_fixtures_when_checking_then_reports_expected_codes ... ok
[INFO] [stdout] test roles::given_role_fixtures_when_checking_then_reports_expected_codes ... ok
[INFO] [stdout] test hygiene::given_hygiene_fixtures_when_checking_then_reports_expected_codes ... ok
[INFO] [stderr] warning: spurious network error (1 try remaining): [6] Could not resolve hostname (Could not resolve host: index.crates.io)
[INFO] [stderr] error: failed to get `shared` as a dependency of package `consumer v0.1.0 (/tmp/fensu-structure-checker-804-8/crates/consumer)`
[INFO] [stderr] 
[INFO] [stderr] Caused by:
[INFO] [stderr]   failed to load source for dependency `shared`
[INFO] [stderr] 
[INFO] [stderr] Caused by:
[INFO] [stderr]   unable to update registry `crates-io`
[INFO] [stderr] 
[INFO] [stderr] Caused by:
[INFO] [stderr]   download of config.json failed
[INFO] [stderr] 
[INFO] [stderr] Caused by:
[INFO] [stderr]   [6] Could not resolve hostname (Could not resolve host: index.crates.io)
[INFO] [stdout] test configuration::given_same_named_external_dependency_when_checking_then_workspace_graph_stays_distinct ... FAILED
[INFO] [stdout] 
[INFO] [stdout] failures:
[INFO] [stdout] 
[INFO] [stdout] ---- configuration::given_same_named_external_dependency_when_checking_then_workspace_graph_stays_distinct stdout ----
[INFO] [stdout] 
[INFO] [stdout] thread 'configuration::given_same_named_external_dependency_when_checking_then_workspace_graph_stays_distinct' (820) panicked at tests/rules/helpers.rs:21:5:
[INFO] [stdout] fixture Cargo lock generation succeeds
[INFO] [stdout] stack backtrace:
[INFO] [stdout]    0:     0x583383281921 - <<std[617be2ca0a6fd877]::sys::backtrace::BacktraceLock>::print::DisplayBacktrace as core[a373ad73a504971]::fmt::Display>::fmt
[INFO] [stdout]    1:     0x58338329748a - core[a373ad73a504971]::fmt::write
[INFO] [stdout]    2:     0x583383285e7c - <alloc[2e1b2a31b91974c5]::vec::Vec<u8> as core[a373ad73a504971]::io::write::Write>::write_fmt
[INFO] [stdout]    3:     0x58338325abb6 - std[617be2ca0a6fd877]::panicking::default_hook::{closure#0}
[INFO] [stdout]    4:     0x583383278b69 - std[617be2ca0a6fd877]::panicking::default_hook
[INFO] [stdout]    5:     0x583382d21ae0 - test[aada8e7e76ba119b]::test_main_inner::{closure#0}
[INFO] [stdout]    6:     0x583383278e92 - std[617be2ca0a6fd877]::panicking::panic_with_hook
[INFO] [stdout]    7:     0x58338325ac94 - std[617be2ca0a6fd877]::panicking::panic_handler::{closure#0}
[INFO] [stdout]    8:     0x5833832535c9 - std[617be2ca0a6fd877]::sys::backtrace::__rust_end_short_backtrace::<std[617be2ca0a6fd877]::panicking::panic_handler::{closure#0}, !>
[INFO] [stdout]    9:     0x58338325b95d - __rustc[ea4f61d10b84890b]::rust_begin_unwind
[INFO] [stdout]   10:     0x583383297c2c - core[a373ad73a504971]::panicking::panic_fmt
[INFO] [stdout]   11:     0x583382ce969f - rules[5106f8cfda34749b]::helpers::generate_lockfile
[INFO] [stdout]   12:     0x583382cdcd75 - <rules[5106f8cfda34749b]::configuration::given_same_named_external_dependency_when_checking_then_workspace_graph_stays_distinct::{closure#0} as core[a373ad73a504971]::ops::function::FnOnce<()>>::call_once
[INFO] [stdout]   13:     0x583382d14f2b - test[aada8e7e76ba119b]::__rust_begin_short_backtrace::<core[a373ad73a504971]::result::Result<(), alloc[2e1b2a31b91974c5]::string::String>, fn() -> core[a373ad73a504971]::result::Result<(), alloc[2e1b2a31b91974c5]::string::String>>
[INFO] [stdout]   14:     0x583382d22105 - test[aada8e7e76ba119b]::run_test::{closure#0}
[INFO] [stdout]   15:     0x583382d1b9f4 - std[617be2ca0a6fd877]::sys::backtrace::__rust_begin_short_backtrace::<test[aada8e7e76ba119b]::run_test::{closure#1}, ()>
[INFO] [stdout]   16:     0x583382d25192 - <std[617be2ca0a6fd877]::thread::lifecycle::spawn_unchecked<test[aada8e7e76ba119b]::run_test::{closure#1}, ()>::{closure#1} as core[a373ad73a504971]::ops::function::FnOnce<()>>::call_once::{shim:vtable#0}
[INFO] [stdout]   17:     0x583383280c2f - <std[617be2ca0a6fd877]::sys::thread::unix::Thread>::new::thread_start
[INFO] [stdout]   18:     0x7ae267717dfa - <unknown>
[INFO] [stdout]   19:     0x7ae2677ab3d4 - clone
[INFO] [stdout]   20:                0x0 - <unknown>
[INFO] [stdout] 
[INFO] [stdout] 
[INFO] [stdout] failures:
[INFO] [stdout]     configuration::given_same_named_external_dependency_when_checking_then_workspace_graph_stays_distinct
[INFO] [stdout] 
[INFO] [stdout] test result: FAILED. 38 passed; 1 failed; 0 ignored; 0 measured; 0 filtered out; finished in 11.39s
[INFO] [stdout] 
[INFO] [stderr] error: test failed, to rerun pass `--test rules`
[INFO] running `Command { std: "docker" "inspect" "0da43d474e180835032503c07f2ad03244f6396c75eefd27c313cbdf3db2a6a5", kill_on_drop: false }`
[INFO] running `Command { std: "docker" "rm" "-f" "0da43d474e180835032503c07f2ad03244f6396c75eefd27c313cbdf3db2a6a5", kill_on_drop: false }`
[INFO] [stdout] 0da43d474e180835032503c07f2ad03244f6396c75eefd27c313cbdf3db2a6a5
