[INFO] fetching crate fennel-plugins 0.1.0...
[INFO] testing fennel-plugins-0.1.0 against 1.99.0-beta.8+cargoflags=--release for beta-release-1.100-2
[INFO] extracting crate fennel-plugins 0.1.0 into /workspace/builds/worker-6-tc1/source
[INFO] started tweaking crates.io crate fennel-plugins 0.1.0
[INFO] finished tweaking crates.io crate fennel-plugins 0.1.0
[INFO] tweaked toml for crates.io crate fennel-plugins 0.1.0 written to /workspace/builds/worker-6-tc1/source/Cargo.toml
[INFO] validating manifest of crates.io crate fennel-plugins 0.1.0 on toolchain 1.99.0-beta.8
[INFO] running `Command { std: CARGO_HOME="/workspace/cargo-home" RUSTUP_HOME="/workspace/rustup-home" "/workspace/cargo-home/bin/cargo" "+1.99.0-beta.8" "metadata" "--manifest-path" "Cargo.toml" "--no-deps", kill_on_drop: false }`
[INFO] crate crates.io crate fennel-plugins 0.1.0 already has a lockfile, it will not be regenerated
[INFO] running `Command { std: CARGO_HOME="/workspace/cargo-home" RUSTUP_HOME="/workspace/rustup-home" "/workspace/cargo-home/bin/cargo" "+1.99.0-beta.8" "fetch" "--manifest-path" "Cargo.toml", kill_on_drop: false }`
[INFO] [stderr]     Updating crates.io index
[INFO] [stderr]  Downloading crates ...
[INFO] [stderr]   Downloaded shrev v1.1.3
[INFO] [stderr]   Downloaded tuple_utils v0.4.0
[INFO] [stderr]   Downloaded tynm v0.1.10
[INFO] [stderr]   Downloaded atomic_refcell v0.1.13
[INFO] [stderr]   Downloaded specs v0.20.0
[INFO] [stderr]   Downloaded macro_rules_attribute v0.1.3
[INFO] [stderr]   Downloaded nougat-proc_macros v0.2.4
[INFO] [stderr]   Downloaded nougat v0.2.4
[INFO] [stderr]   Downloaded macro_rules_attribute-proc_macro v0.1.3
[INFO] [stderr]   Downloaded hibitset v0.6.4
[INFO] [stderr]   Downloaded shred v0.15.0
[INFO] running `Command { std: "docker" "create" "-v" "/var/lib/crater-agent-workspace/builds/worker-6-tc1/source:/opt/rustwide/workdir:ro,Z" "-v" "/var/lib/crater-agent-workspace/builds/worker-6-tc1/target:/opt/rustwide/target:rw,Z" "-v" "/var/lib/crater-agent-workspace/cargo-home:/opt/rustwide/cargo-home:ro,Z" "-v" "/var/lib/crater-agent-workspace/rustup-home:/opt/rustwide/rustup-home:ro,Z" "-m" "1610612736" "--network" "none" "ghcr.io/rust-lang/crates-build-env/linux@sha256:77db811e55d90add9212f6832c23229e3de5f1c1f9905e8cb07319ea15df73ac" "sleep" "infinity", kill_on_drop: false }`
[INFO] [stdout] 6ee7415f4f625d57977e9d9bb5012601857573cde15562eae676146345e93abe
[INFO] running `Command { std: "docker" "start" "6ee7415f4f625d57977e9d9bb5012601857573cde15562eae676146345e93abe", kill_on_drop: false }`
[INFO] running `Command { std: "docker" "inspect" "6ee7415f4f625d57977e9d9bb5012601857573cde15562eae676146345e93abe", kill_on_drop: false }`
[INFO] running `Command { std: "docker" "exec" "-e" "SOURCE_DIR=/opt/rustwide/workdir" "-e" "CARGO_HOME=/opt/rustwide/cargo-home" "-e" "RUSTUP_HOME=/opt/rustwide/rustup-home" "-e" "CARGO_TARGET_DIR=/opt/rustwide/target" "-w" "/opt/rustwide/workdir" "--user" "0:0" "6ee7415f4f625d57977e9d9bb5012601857573cde15562eae676146345e93abe" "/opt/rustwide/cargo-home/bin/cargo" "+1.99.0-beta.8" "metadata" "--no-deps" "--format-version=1", kill_on_drop: false }`
[INFO] running `Command { std: "docker" "inspect" "6ee7415f4f625d57977e9d9bb5012601857573cde15562eae676146345e93abe", kill_on_drop: false }`
[INFO] running `Command { std: "docker" "exec" "-e" "SOURCE_DIR=/opt/rustwide/workdir" "-e" "CARGO_HOME=/opt/rustwide/cargo-home" "-e" "RUSTUP_HOME=/opt/rustwide/rustup-home" "-e" "CARGO_TARGET_DIR=/opt/rustwide/target" "-e" "CARGO_INCREMENTAL=0" "-e" "RUST_BACKTRACE=full" "-e" "RUSTFLAGS=--cap-lints=warn" "-e" "RUSTDOCFLAGS=--cap-lints=warn" "-w" "/opt/rustwide/workdir" "--user" "0:0" "6ee7415f4f625d57977e9d9bb5012601857573cde15562eae676146345e93abe" "/opt/rustwide/cargo-home/bin/cargo" "+1.99.0-beta.8" "build" "--frozen" "--message-format=json" "--release", kill_on_drop: false }`
[INFO] [stderr]    Compiling proc-macro2 v1.0.103
[INFO] [stderr]    Compiling libc v0.2.177
[INFO] [stderr]    Compiling quote v1.0.41
[INFO] [stderr]    Compiling syn v1.0.109
[INFO] [stderr]    Compiling memchr v2.7.6
[INFO] [stderr]    Compiling either v1.15.0
[INFO] [stderr]    Compiling minimal-lexical v0.2.1
[INFO] [stderr]    Compiling macro_rules_attribute-proc_macro v0.1.3
[INFO] [stderr]    Compiling atomic_refcell v0.1.13
[INFO] [stderr]    Compiling ahash v0.7.8
[INFO] [stderr]    Compiling anyhow v1.0.100
[INFO] [stderr]    Compiling arrayvec v0.7.6
[INFO] [stderr]    Compiling crossbeam-queue v0.3.12
[INFO] [stderr]    Compiling shrev v1.1.3
[INFO] [stderr]    Compiling tuple_utils v0.4.0
[INFO] [stderr]    Compiling log v0.4.28
[INFO] [stderr]    Compiling rayon v1.11.0
[INFO] [stderr]    Compiling macro_rules_attribute v0.1.3
[INFO] [stderr]    Compiling nom v7.1.3
[INFO] [stderr]    Compiling getrandom v0.2.16
[INFO] [stderr]    Compiling hibitset v0.6.4
[INFO] [stderr]    Compiling tynm v0.1.10
[INFO] [stderr]    Compiling shred v0.15.0
[INFO] [stderr]    Compiling nougat-proc_macros v0.2.4
[INFO] [stderr]    Compiling nougat v0.2.4
[INFO] [stderr]    Compiling specs v0.20.0
[INFO] [stderr]    Compiling fennel-plugins v0.1.0 (/opt/rustwide/workdir)
[INFO] [stderr]     Finished `release` profile [optimized] target(s) in 14.85s
[INFO] running `Command { std: "docker" "inspect" "6ee7415f4f625d57977e9d9bb5012601857573cde15562eae676146345e93abe", kill_on_drop: false }`
[INFO] running `Command { std: "docker" "exec" "-e" "SOURCE_DIR=/opt/rustwide/workdir" "-e" "CARGO_HOME=/opt/rustwide/cargo-home" "-e" "RUSTUP_HOME=/opt/rustwide/rustup-home" "-e" "CARGO_TARGET_DIR=/opt/rustwide/target" "-e" "CARGO_INCREMENTAL=0" "-e" "RUST_BACKTRACE=full" "-e" "RUSTFLAGS=--cap-lints=warn" "-e" "RUSTDOCFLAGS=--cap-lints=warn" "-w" "/opt/rustwide/workdir" "--user" "0:0" "6ee7415f4f625d57977e9d9bb5012601857573cde15562eae676146345e93abe" "/opt/rustwide/cargo-home/bin/cargo" "+1.99.0-beta.8" "test" "--frozen" "--no-run" "--message-format=json" "--release", kill_on_drop: false }`
[INFO] [stderr]    Compiling fennel-plugins v0.1.0 (/opt/rustwide/workdir)
[INFO] [stderr]     Finished `release` profile [optimized] target(s) in 0.27s
[INFO] running `Command { std: "docker" "inspect" "6ee7415f4f625d57977e9d9bb5012601857573cde15562eae676146345e93abe", kill_on_drop: false }`
[INFO] running `Command { std: "docker" "exec" "-e" "SOURCE_DIR=/opt/rustwide/workdir" "-e" "CARGO_HOME=/opt/rustwide/cargo-home" "-e" "RUSTUP_HOME=/opt/rustwide/rustup-home" "-e" "CARGO_TARGET_DIR=/opt/rustwide/target" "-e" "CARGO_INCREMENTAL=0" "-e" "RUST_BACKTRACE=full" "-e" "RUSTFLAGS=--cap-lints=warn" "-e" "RUSTDOCFLAGS=--cap-lints=warn" "-w" "/opt/rustwide/workdir" "--user" "0:0" "6ee7415f4f625d57977e9d9bb5012601857573cde15562eae676146345e93abe" "/opt/rustwide/cargo-home/bin/cargo" "+1.99.0-beta.8" "test" "--frozen" "--release", kill_on_drop: false }`
[INFO] [stderr]     Finished `release` profile [optimized] target(s) in 0.05s
[INFO] [stderr]      Running unittests src/lib.rs (/opt/rustwide/target/release/deps/fennel_plugins-ea078a1f9b25f1be)
[INFO] [stdout] 
[INFO] [stdout] running 0 tests
[INFO] [stdout] 
[INFO] [stdout] test result: ok. 0 passed; 0 failed; 0 ignored; 0 measured; 0 filtered out; finished in 0.00s
[INFO] [stderr]    Doc-tests fennel_plugins
[INFO] [stdout] 
[INFO] [stdout] 
[INFO] [stdout] running 1 test
[INFO] [stdout] test src/lib.rs - Plugin (line 16) ... FAILED
[INFO] [stdout] 
[INFO] [stdout] failures:
[INFO] [stdout] 
[INFO] [stdout] ---- src/lib.rs - Plugin (line 16) stdout ----
[INFO] [stdout] error[E0053]: method `prepare` has an incompatible type for trait
[INFO] [stdout]   --> src/lib.rs:23:32
[INFO] [stdout]    |
[INFO] [stdout] 23 |     fn prepare(&mut self, _world: *mut World) -> anyhow::Result<()> {
[INFO] [stdout]    |                                   ^^^^^^^^^^ expected `HashMap<String, &AtomicRefCell<Box<_>>>`, found `*mut World`
[INFO] [stdout]    |
[INFO] [stdout]    = note: expected signature `fn(&mut MyCoolPlugin, HashMap<String, &AtomicRefCell<Box<(dyn Resource + 'static)>>>) -> Result<_, _>`
[INFO] [stdout]               found signature `fn(&mut MyCoolPlugin, *mut World) -> Result<_, _>`
[INFO] [stdout] help: change the parameter type to match the trait
[INFO] [stdout]    |
[INFO] [stdout] 23 -     fn prepare(&mut self, _world: *mut World) -> anyhow::Result<()> {
[INFO] [stdout] 23 +     fn prepare(&mut self, _world: HashMap<String, &AtomicRefCell<Box<(dyn Resource + 'static)>>>) -> anyhow::Result<()> {
[INFO] [stdout]    |
[INFO] [stdout] 
[INFO] [stdout] error[E0046]: not all trait items implemented, missing: `resource_dependencies`
[INFO] [stdout]   --> src/lib.rs:22:1
[INFO] [stdout]    |
[INFO] [stdout] 22 | impl Plugin for MyCoolPlugin {
[INFO] [stdout]    | ^^^^^^^^^^^^^^^^^^^^^^^^^^^^ missing `resource_dependencies` in implementation
[INFO] [stdout]    |
[INFO] [stdout]    = help: implement the missing item: `fn resource_dependencies(&mut self) -> HashMap<String, ResourceId> { todo!() }`
[INFO] [stdout] 
[INFO] [stdout] error: aborting due to 2 previous errors
[INFO] [stdout] 
[INFO] [stdout] Some errors have detailed explanations: E0046, E0053.
[INFO] [stdout] For more information about an error, try `rustc --explain E0046`.
[INFO] [stdout] Couldn't compile the test.
[INFO] [stdout] 
[INFO] [stdout] failures:
[INFO] [stdout]     src/lib.rs - Plugin (line 16)
[INFO] [stdout] 
[INFO] [stdout] test result: FAILED. 0 passed; 1 failed; 0 ignored; 0 measured; 0 filtered out; finished in 0.14s
[INFO] [stdout] 
[INFO] [stdout] all doctests ran in 0.23s; merged doctests compilation took 0.09s
[INFO] [stderr] error: doctest failed, to rerun pass `--doc`
[INFO] running `Command { std: "docker" "inspect" "6ee7415f4f625d57977e9d9bb5012601857573cde15562eae676146345e93abe", kill_on_drop: false }`
[INFO] running `Command { std: "docker" "rm" "-f" "6ee7415f4f625d57977e9d9bb5012601857573cde15562eae676146345e93abe", kill_on_drop: false }`
[INFO] [stdout] 6ee7415f4f625d57977e9d9bb5012601857573cde15562eae676146345e93abe
