[INFO] fetching crate feign-testkit 1.0.0...
[INFO] testing feign-testkit-1.0.0 against 1.100.0-beta.1+cargoflags=--release for beta-release-1.100-2
[INFO] extracting crate feign-testkit 1.0.0 into /workspace/builds/worker-0-tc2/source
[INFO] started tweaking crates.io crate feign-testkit 1.0.0
[INFO] finished tweaking crates.io crate feign-testkit 1.0.0
[INFO] tweaked toml for crates.io crate feign-testkit 1.0.0 written to /workspace/builds/worker-0-tc2/source/Cargo.toml
[INFO] validating manifest of crates.io crate feign-testkit 1.0.0 on toolchain 1.100.0-beta.1
[INFO] running `Command { std: CARGO_HOME="/workspace/cargo-home" RUSTUP_HOME="/workspace/rustup-home" "/workspace/cargo-home/bin/cargo" "+1.100.0-beta.1" "metadata" "--manifest-path" "Cargo.toml" "--no-deps", kill_on_drop: false }`
[INFO] crate crates.io crate feign-testkit 1.0.0 already has a lockfile, it will not be regenerated
[INFO] running `Command { std: CARGO_HOME="/workspace/cargo-home" RUSTUP_HOME="/workspace/rustup-home" "/workspace/cargo-home/bin/cargo" "+1.100.0-beta.1" "fetch" "--manifest-path" "Cargo.toml", kill_on_drop: false }`
[INFO] running `Command { std: "docker" "create" "-v" "/var/lib/crater-agent-workspace/builds/worker-0-tc2/source:/opt/rustwide/workdir:ro,Z" "-v" "/var/lib/crater-agent-workspace/builds/worker-0-tc2/target:/opt/rustwide/target:rw,Z" "-v" "/var/lib/crater-agent-workspace/cargo-home:/opt/rustwide/cargo-home:ro,Z" "-v" "/var/lib/crater-agent-workspace/rustup-home:/opt/rustwide/rustup-home:ro,Z" "-m" "1610612736" "--network" "none" "ghcr.io/rust-lang/crates-build-env/linux@sha256:77db811e55d90add9212f6832c23229e3de5f1c1f9905e8cb07319ea15df73ac" "sleep" "infinity", kill_on_drop: false }`
[INFO] [stdout] c023361932c77258a757c803324bd3df7affc6cc54cb5ae9ef9ab670e1f62001
[INFO] running `Command { std: "docker" "start" "c023361932c77258a757c803324bd3df7affc6cc54cb5ae9ef9ab670e1f62001", kill_on_drop: false }`
[INFO] running `Command { std: "docker" "inspect" "c023361932c77258a757c803324bd3df7affc6cc54cb5ae9ef9ab670e1f62001", kill_on_drop: false }`
[INFO] running `Command { std: "docker" "exec" "-e" "SOURCE_DIR=/opt/rustwide/workdir" "-e" "CARGO_HOME=/opt/rustwide/cargo-home" "-e" "RUSTUP_HOME=/opt/rustwide/rustup-home" "-e" "CARGO_TARGET_DIR=/opt/rustwide/target" "-w" "/opt/rustwide/workdir" "--user" "0:0" "c023361932c77258a757c803324bd3df7affc6cc54cb5ae9ef9ab670e1f62001" "/opt/rustwide/cargo-home/bin/cargo" "+1.100.0-beta.1" "metadata" "--no-deps" "--format-version=1", kill_on_drop: false }`
[INFO] running `Command { std: "docker" "inspect" "c023361932c77258a757c803324bd3df7affc6cc54cb5ae9ef9ab670e1f62001", kill_on_drop: false }`
[INFO] running `Command { std: "docker" "exec" "-e" "SOURCE_DIR=/opt/rustwide/workdir" "-e" "CARGO_HOME=/opt/rustwide/cargo-home" "-e" "RUSTUP_HOME=/opt/rustwide/rustup-home" "-e" "CARGO_TARGET_DIR=/opt/rustwide/target" "-e" "CARGO_INCREMENTAL=0" "-e" "RUST_BACKTRACE=full" "-e" "RUSTFLAGS=--cap-lints=warn" "-e" "RUSTDOCFLAGS=--cap-lints=warn" "-w" "/opt/rustwide/workdir" "--user" "0:0" "c023361932c77258a757c803324bd3df7affc6cc54cb5ae9ef9ab670e1f62001" "/opt/rustwide/cargo-home/bin/cargo" "+1.100.0-beta.1" "build" "--frozen" "--message-format=json" "--release", kill_on_drop: false }`
[INFO] [stderr]    Compiling syn v2.0.119
[INFO] [stderr]    Compiling tokio-macros v2.7.2
[INFO] [stderr]    Compiling mio v1.2.3
[INFO] [stderr]    Compiling serde v1.0.229
[INFO] [stderr]    Compiling tokio v1.53.1
[INFO] [stderr]    Compiling tracing-attributes v0.1.31
[INFO] [stderr]    Compiling tracing v0.1.44
[INFO] [stderr]    Compiling feign-testkit v1.0.0 (/opt/rustwide/workdir)
[INFO] [stderr]     Finished `release` profile [optimized] target(s) in 20.77s
[INFO] running `Command { std: "docker" "inspect" "c023361932c77258a757c803324bd3df7affc6cc54cb5ae9ef9ab670e1f62001", kill_on_drop: false }`
[INFO] running `Command { std: "docker" "exec" "-e" "SOURCE_DIR=/opt/rustwide/workdir" "-e" "CARGO_HOME=/opt/rustwide/cargo-home" "-e" "RUSTUP_HOME=/opt/rustwide/rustup-home" "-e" "CARGO_TARGET_DIR=/opt/rustwide/target" "-e" "CARGO_INCREMENTAL=0" "-e" "RUST_BACKTRACE=full" "-e" "RUSTFLAGS=--cap-lints=warn" "-e" "RUSTDOCFLAGS=--cap-lints=warn" "-w" "/opt/rustwide/workdir" "--user" "0:0" "c023361932c77258a757c803324bd3df7affc6cc54cb5ae9ef9ab670e1f62001" "/opt/rustwide/cargo-home/bin/cargo" "+1.100.0-beta.1" "test" "--frozen" "--no-run" "--message-format=json" "--release", kill_on_drop: false }`
[INFO] [stderr]    Compiling feign-testkit v1.0.0 (/opt/rustwide/workdir)
[INFO] [stderr]     Finished `release` profile [optimized] target(s) in 4.73s
[INFO] running `Command { std: "docker" "inspect" "c023361932c77258a757c803324bd3df7affc6cc54cb5ae9ef9ab670e1f62001", kill_on_drop: false }`
[INFO] running `Command { std: "docker" "exec" "-e" "SOURCE_DIR=/opt/rustwide/workdir" "-e" "CARGO_HOME=/opt/rustwide/cargo-home" "-e" "RUSTUP_HOME=/opt/rustwide/rustup-home" "-e" "CARGO_TARGET_DIR=/opt/rustwide/target" "-e" "CARGO_INCREMENTAL=0" "-e" "RUST_BACKTRACE=full" "-e" "RUSTFLAGS=--cap-lints=warn" "-e" "RUSTDOCFLAGS=--cap-lints=warn" "-w" "/opt/rustwide/workdir" "--user" "0:0" "c023361932c77258a757c803324bd3df7affc6cc54cb5ae9ef9ab670e1f62001" "/opt/rustwide/cargo-home/bin/cargo" "+1.100.0-beta.1" "test" "--frozen" "--release", kill_on_drop: false }`
[INFO] [stderr]     Finished `release` profile [optimized] target(s) in 0.07s
[INFO] [stderr]      Running unittests src/lib.rs (/opt/rustwide/target/release/build/feign-testkit/08a03cecc812e5bb/out/feign_testkit-08a03cecc812e5bb)
[INFO] [stdout] 
[INFO] [stdout] running 4 tests
[INFO] [stdout] test tests::injects_failures_and_streams_chunks ... ok
[INFO] [stdout] test tests::custom_handler_overrides_routes ... ok
[INFO] [stdout] test tests::keeps_connection_alive_for_multiple_requests ... FAILED
[INFO] [stdout] test tests::serves_default_routes_and_records_requests ... ok
[INFO] [stdout] 
[INFO] [stdout] failures:
[INFO] [stdout] 
[INFO] [stdout] ---- tests::keeps_connection_alive_for_multiple_requests stdout ----
[INFO] [stdout] 
[INFO] [stdout] thread 'tests::keeps_connection_alive_for_multiple_requests' (309) panicked at src/lib.rs:705:13:
[INFO] [stdout] {"status":"ok"}
[INFO] [stdout] stack backtrace:
[INFO] [stdout]    0:     0x60fa33ee88f1 - <<std[617be2ca0a6fd877]::sys::backtrace::BacktraceLock>::print::DisplayBacktrace as core[a373ad73a504971]::fmt::Display>::fmt
[INFO] [stdout]    1:     0x60fa33efdcda - core[a373ad73a504971]::fmt::write
[INFO] [stdout]    2:     0x60fa33eecfec - <alloc[2e1b2a31b91974c5]::vec::Vec<u8> as core[a373ad73a504971]::io::write::Write>::write_fmt
[INFO] [stdout]    3:     0x60fa33ec3e76 - std[617be2ca0a6fd877]::panicking::default_hook::{closure#0}
[INFO] [stdout]    4:     0x60fa33ee0909 - std[617be2ca0a6fd877]::panicking::default_hook
[INFO] [stdout]    5:     0x60fa33e60ac0 - test[aada8e7e76ba119b]::test_main_inner::{closure#0}
[INFO] [stdout]    6:     0x60fa33ee0c32 - std[617be2ca0a6fd877]::panicking::panic_with_hook
[INFO] [stdout]    7:     0x60fa33ec3f22 - std[617be2ca0a6fd877]::panicking::panic_handler::{closure#0}
[INFO] [stdout]    8:     0x60fa33ebcb89 - std[617be2ca0a6fd877]::sys::backtrace::__rust_end_short_backtrace::<std[617be2ca0a6fd877]::panicking::panic_handler::{closure#0}, !>
[INFO] [stdout]    9:     0x60fa33ec4d1d - __rustc[ea4f61d10b84890b]::rust_begin_unwind
[INFO] [stdout]   10:     0x60fa33efe43c - core[a373ad73a504971]::panicking::panic_fmt
[INFO] [stdout]   11:     0x60fa33e3b70e - feign_testkit[76409ff6433eac9b]::tests::keeps_connection_alive_for_multiple_requests::{closure#0}
[INFO] [stdout]   12:     0x60fa33e46603 - <tokio[7595b0a6d6e42dfc]::runtime::scheduler::current_thread::Context>::enter::<core[a373ad73a504971]::task::poll::Poll<()>, <tokio[7595b0a6d6e42dfc]::runtime::scheduler::current_thread::CoreGuard>::block_on<core[a373ad73a504971]::pin::Pin<&mut core[a373ad73a504971]::pin::Pin<&mut dyn core[a373ad73a504971]::future::future::Future<Output = ()>>>>::{closure#0}::{closure#0}>
[INFO] [stdout]   13:     0x60fa33e4b4a9 - <std[617be2ca0a6fd877]::thread::local::LocalKey<tokio[7595b0a6d6e42dfc]::runtime::context::Context>>::with::<tokio[7595b0a6d6e42dfc]::runtime::context::set_scheduler<(alloc[2e1b2a31b91974c5]::boxed::Box<tokio[7595b0a6d6e42dfc]::runtime::scheduler::current_thread::Core>, core[a373ad73a504971]::option::Option<()>), <tokio[7595b0a6d6e42dfc]::runtime::scheduler::current_thread::CoreGuard>::enter<<tokio[7595b0a6d6e42dfc]::runtime::scheduler::current_thread::CoreGuard>::block_on<core[a373ad73a504971]::pin::Pin<&mut core[a373ad73a504971]::pin::Pin<&mut dyn core[a373ad73a504971]::future::future::Future<Output = ()>>>>::{closure#0}, core[a373ad73a504971]::option::Option<()>>::{closure#0}>::{closure#0}, (alloc[2e1b2a31b91974c5]::boxed::Box<tokio[7595b0a6d6e42dfc]::runtime::scheduler::current_thread::Core>, core[a373ad73a504971]::option::Option<()>)>
[INFO] [stdout]   14:     0x60fa33e46b75 - <tokio[7595b0a6d6e42dfc]::runtime::scheduler::current_thread::CoreGuard>::block_on::<core[a373ad73a504971]::pin::Pin<&mut core[a373ad73a504971]::pin::Pin<&mut dyn core[a373ad73a504971]::future::future::Future<Output = ()>>>>
[INFO] [stdout]   15:     0x60fa33e4bfa0 - tokio[7595b0a6d6e42dfc]::runtime::context::runtime::enter_runtime::<<tokio[7595b0a6d6e42dfc]::runtime::scheduler::current_thread::CurrentThread>::block_on<core[a373ad73a504971]::pin::Pin<&mut dyn core[a373ad73a504971]::future::future::Future<Output = ()>>>::{closure#0}, ()>
[INFO] [stdout]   16:     0x60fa33e4649b - <tokio[7595b0a6d6e42dfc]::runtime::runtime::Runtime>::block_on::<core[a373ad73a504971]::pin::Pin<&mut dyn core[a373ad73a504971]::future::future::Future<Output = ()>>>
[INFO] [stdout]   17:     0x60fa33e3c74b - <feign_testkit[76409ff6433eac9b]::tests::keeps_connection_alive_for_multiple_requests::{closure#0} as core[a373ad73a504971]::ops::function::FnOnce<()>>::call_once
[INFO] [stdout]   18:     0x60fa33e53f0b - test[aada8e7e76ba119b]::__rust_begin_short_backtrace::<core[a373ad73a504971]::result::Result<(), alloc[2e1b2a31b91974c5]::string::String>, fn() -> core[a373ad73a504971]::result::Result<(), alloc[2e1b2a31b91974c5]::string::String>>
[INFO] [stdout]   19:     0x60fa33e610e5 - test[aada8e7e76ba119b]::run_test::{closure#0}
[INFO] [stdout]   20:     0x60fa33e5a9d4 - std[617be2ca0a6fd877]::sys::backtrace::__rust_begin_short_backtrace::<test[aada8e7e76ba119b]::run_test::{closure#1}, ()>
[INFO] [stdout]   21:     0x60fa33e64172 - <std[617be2ca0a6fd877]::thread::lifecycle::spawn_unchecked<test[aada8e7e76ba119b]::run_test::{closure#1}, ()>::{closure#1} as core[a373ad73a504971]::ops::function::FnOnce<()>>::call_once::{shim:vtable#0}
[INFO] [stdout]   22:     0x60fa33ee7d9f - <std[617be2ca0a6fd877]::sys::thread::unix::Thread>::new::thread_start
[INFO] [stdout]   23:     0x7c099f86edfa - <unknown>
[INFO] [stdout]   24:     0x7c099f9023d4 - clone
[INFO] [stdout]   25:                0x0 - <unknown>
[INFO] [stdout] 
[INFO] [stdout] 
[INFO] [stdout] failures:
[INFO] [stdout]     tests::keeps_connection_alive_for_multiple_requests
[INFO] [stdout] 
[INFO] [stderr] error: test failed, to rerun pass `--lib`
[INFO] [stdout] test result: FAILED. 3 passed; 1 failed; 0 ignored; 0 measured; 0 filtered out; finished in 0.02s
[INFO] [stdout] 
[INFO] running `Command { std: "docker" "inspect" "c023361932c77258a757c803324bd3df7affc6cc54cb5ae9ef9ab670e1f62001", kill_on_drop: false }`
[INFO] running `Command { std: "docker" "rm" "-f" "c023361932c77258a757c803324bd3df7affc6cc54cb5ae9ef9ab670e1f62001", kill_on_drop: false }`
[INFO] [stdout] c023361932c77258a757c803324bd3df7affc6cc54cb5ae9ef9ab670e1f62001
