[INFO] fetching crate feedme 0.4.0...
[INFO] testing feedme-0.4.0 against 1.100.0-beta.1+cargoflags=--release for beta-release-1.100-2
[INFO] extracting crate feedme 0.4.0 into /workspace/builds/worker-3-tc2/source
[INFO] started tweaking crates.io crate feedme 0.4.0
[INFO] removed 0 missing examples
[INFO] finished tweaking crates.io crate feedme 0.4.0
[INFO] tweaked toml for crates.io crate feedme 0.4.0 written to /workspace/builds/worker-3-tc2/source/Cargo.toml
[INFO] validating manifest of crates.io crate feedme 0.4.0 on toolchain 1.100.0-beta.1
[INFO] running `Command { std: CARGO_HOME="/workspace/cargo-home" RUSTUP_HOME="/workspace/rustup-home" "/workspace/cargo-home/bin/cargo" "+1.100.0-beta.1" "metadata" "--manifest-path" "Cargo.toml" "--no-deps", kill_on_drop: false }`
[INFO] crate crates.io crate feedme 0.4.0 already has a lockfile, it will not be regenerated
[INFO] running `Command { std: CARGO_HOME="/workspace/cargo-home" RUSTUP_HOME="/workspace/rustup-home" "/workspace/cargo-home/bin/cargo" "+1.100.0-beta.1" "fetch" "--manifest-path" "Cargo.toml", kill_on_drop: false }`
[INFO] [stderr] warning: `package.homepage` is redundant with `package.repository`
[INFO] [stderr]    --> Cargo.toml:147:12
[INFO] [stderr]     |
[INFO] [stderr] 147 | homepage = "https://github.com/Michael-A-Kuykendall/feedme"
[INFO] [stderr]     |            ^^^^^^^^^^^^^^^^^^^^^^^^^^^^^^^^^^^^^^^^^^^^^^^^
[INFO] [stderr] ...
[INFO] [stderr] 151 | repository = "https://github.com/Michael-A-Kuykendall/feedme"
[INFO] [stderr]     |              ------------------------------------------------
[INFO] [stderr]     |
[INFO] [stderr]     = note: `cargo::redundant_homepage` is set to `warn` by default
[INFO] [stderr] help: consider removing `package.homepage`
[INFO] [stderr] warning: `feedme` (manifest) generated 1 warning
[INFO] running `Command { std: "docker" "create" "-v" "/var/lib/crater-agent-workspace/builds/worker-3-tc2/source:/opt/rustwide/workdir:ro,Z" "-v" "/var/lib/crater-agent-workspace/builds/worker-3-tc2/target:/opt/rustwide/target:rw,Z" "-v" "/var/lib/crater-agent-workspace/cargo-home:/opt/rustwide/cargo-home:ro,Z" "-v" "/var/lib/crater-agent-workspace/rustup-home:/opt/rustwide/rustup-home:ro,Z" "-m" "1610612736" "--network" "none" "ghcr.io/rust-lang/crates-build-env/linux@sha256:77db811e55d90add9212f6832c23229e3de5f1c1f9905e8cb07319ea15df73ac" "sleep" "infinity", kill_on_drop: false }`
[INFO] [stdout] d274ce09680a2b220449fa8d6db78edec7ffd900db2276dd36f0271829bc9110
[INFO] running `Command { std: "docker" "start" "d274ce09680a2b220449fa8d6db78edec7ffd900db2276dd36f0271829bc9110", kill_on_drop: false }`
[INFO] running `Command { std: "docker" "inspect" "d274ce09680a2b220449fa8d6db78edec7ffd900db2276dd36f0271829bc9110", kill_on_drop: false }`
[INFO] running `Command { std: "docker" "exec" "-e" "SOURCE_DIR=/opt/rustwide/workdir" "-e" "CARGO_HOME=/opt/rustwide/cargo-home" "-e" "RUSTUP_HOME=/opt/rustwide/rustup-home" "-e" "CARGO_TARGET_DIR=/opt/rustwide/target" "-w" "/opt/rustwide/workdir" "--user" "0:0" "d274ce09680a2b220449fa8d6db78edec7ffd900db2276dd36f0271829bc9110" "/opt/rustwide/cargo-home/bin/cargo" "+1.100.0-beta.1" "metadata" "--no-deps" "--format-version=1", kill_on_drop: false }`
[INFO] running `Command { std: "docker" "inspect" "d274ce09680a2b220449fa8d6db78edec7ffd900db2276dd36f0271829bc9110", kill_on_drop: false }`
[INFO] running `Command { std: "docker" "exec" "-e" "SOURCE_DIR=/opt/rustwide/workdir" "-e" "CARGO_HOME=/opt/rustwide/cargo-home" "-e" "RUSTUP_HOME=/opt/rustwide/rustup-home" "-e" "CARGO_TARGET_DIR=/opt/rustwide/target" "-e" "CARGO_INCREMENTAL=0" "-e" "RUST_BACKTRACE=full" "-e" "RUSTFLAGS=--cap-lints=warn" "-e" "RUSTDOCFLAGS=--cap-lints=warn" "-w" "/opt/rustwide/workdir" "--user" "0:0" "d274ce09680a2b220449fa8d6db78edec7ffd900db2276dd36f0271829bc9110" "/opt/rustwide/cargo-home/bin/cargo" "+1.100.0-beta.1" "build" "--frozen" "--message-format=json" "--release", kill_on_drop: false }`
[INFO] [stderr] warning: `package.homepage` is redundant with `package.repository`
[INFO] [stderr]    --> Cargo.toml:147:12
[INFO] [stderr]     |
[INFO] [stderr] 147 | homepage = "https://github.com/Michael-A-Kuykendall/feedme"
[INFO] [stderr]     |            ^^^^^^^^^^^^^^^^^^^^^^^^^^^^^^^^^^^^^^^^^^^^^^^^
[INFO] [stderr] ...
[INFO] [stderr] 151 | repository = "https://github.com/Michael-A-Kuykendall/feedme"
[INFO] [stderr]     |              ------------------------------------------------
[INFO] [stderr]     |
[INFO] [stderr]     = note: `cargo::redundant_homepage` is set to `warn` by default
[INFO] [stderr] help: consider removing `package.homepage`
[INFO] [stderr] warning: `feedme` (manifest) generated 1 warning
[INFO] [stderr]    Compiling syn v3.0.3
[INFO] [stderr]    Compiling aho-corasick v1.1.4
[INFO] [stderr]    Compiling crypto-common v0.1.7
[INFO] [stderr]    Compiling clap_builder v4.6.2
[INFO] [stderr]    Compiling digest v0.10.7
[INFO] [stderr]    Compiling sha2 v0.10.9
[INFO] [stderr]    Compiling regex-automata v0.4.16
[INFO] [stderr]    Compiling serde_derive v1.0.229
[INFO] [stderr]    Compiling clap_derive v4.6.4
[INFO] [stderr]    Compiling clap v4.6.4
[INFO] [stderr]    Compiling regex v1.13.1
[INFO] [stderr]    Compiling serde v1.0.229
[INFO] [stderr]    Compiling serde_yaml v0.9.34+deprecated
[INFO] [stderr]    Compiling feedme v0.4.0 (/opt/rustwide/workdir)
[INFO] [stderr]     Finished `release` profile [optimized] target(s) in 35.46s
[INFO] running `Command { std: "docker" "inspect" "d274ce09680a2b220449fa8d6db78edec7ffd900db2276dd36f0271829bc9110", kill_on_drop: false }`
[INFO] running `Command { std: "docker" "exec" "-e" "SOURCE_DIR=/opt/rustwide/workdir" "-e" "CARGO_HOME=/opt/rustwide/cargo-home" "-e" "RUSTUP_HOME=/opt/rustwide/rustup-home" "-e" "CARGO_TARGET_DIR=/opt/rustwide/target" "-e" "CARGO_INCREMENTAL=0" "-e" "RUST_BACKTRACE=full" "-e" "RUSTFLAGS=--cap-lints=warn" "-e" "RUSTDOCFLAGS=--cap-lints=warn" "-w" "/opt/rustwide/workdir" "--user" "0:0" "d274ce09680a2b220449fa8d6db78edec7ffd900db2276dd36f0271829bc9110" "/opt/rustwide/cargo-home/bin/cargo" "+1.100.0-beta.1" "test" "--frozen" "--no-run" "--message-format=json" "--release", kill_on_drop: false }`
[INFO] [stderr] warning: `package.homepage` is redundant with `package.repository`
[INFO] [stderr]    --> Cargo.toml:147:12
[INFO] [stderr]     |
[INFO] [stderr] 147 | homepage = "https://github.com/Michael-A-Kuykendall/feedme"
[INFO] [stderr]     |            ^^^^^^^^^^^^^^^^^^^^^^^^^^^^^^^^^^^^^^^^^^^^^^^^
[INFO] [stderr] ...
[INFO] [stderr] 151 | repository = "https://github.com/Michael-A-Kuykendall/feedme"
[INFO] [stderr]     |              ------------------------------------------------
[INFO] [stderr]     |
[INFO] [stderr]     = note: `cargo::redundant_homepage` is set to `warn` by default
[INFO] [stderr] help: consider removing `package.homepage`
[INFO] [stderr] warning: `feedme` (manifest) generated 1 warning
[INFO] [stderr]    Compiling zerocopy v0.8.55
[INFO] [stderr]    Compiling crossbeam-deque v0.8.7
[INFO] [stderr]    Compiling syn v2.0.119
[INFO] [stderr]    Compiling crossbeam-epoch v0.9.20
[INFO] [stderr]    Compiling either v1.17.0
[INFO] [stderr]    Compiling alloca v0.4.0
[INFO] [stderr]    Compiling serde_json v1.0.151
[INFO] [stderr]    Compiling serde v1.0.229
[INFO] [stderr]    Compiling rustix v1.1.4
[INFO] [stderr]    Compiling getrandom v0.4.3
[INFO] [stderr]    Compiling page_size v0.6.0
[INFO] [stderr]    Compiling once_cell v1.21.4
[INFO] [stderr]    Compiling itertools v0.13.0
[INFO] [stderr]    Compiling rayon-core v1.13.0
[INFO] [stderr]    Compiling rayon v1.12.0
[INFO] [stderr]    Compiling serde_yaml v0.9.34+deprecated
[INFO] [stderr]    Compiling tinytemplate v1.2.1
[INFO] [stderr]    Compiling criterion-plot v0.8.2
[INFO] [stderr]    Compiling tempfile v3.27.0
[INFO] [stderr]    Compiling feedme v0.4.0 (/opt/rustwide/workdir)
[INFO] [stderr]    Compiling zerocopy-derive v0.8.55
[INFO] [stderr]    Compiling half v2.7.1
[INFO] [stderr]    Compiling ciborium-ll v0.2.2
[INFO] [stderr]    Compiling ciborium v0.2.2
[INFO] [stderr]    Compiling criterion v0.8.2
[INFO] [stderr]     Finished `release` profile [optimized] target(s) in 59.01s
[INFO] running `Command { std: "docker" "inspect" "d274ce09680a2b220449fa8d6db78edec7ffd900db2276dd36f0271829bc9110", kill_on_drop: false }`
[INFO] running `Command { std: "docker" "exec" "-e" "SOURCE_DIR=/opt/rustwide/workdir" "-e" "CARGO_HOME=/opt/rustwide/cargo-home" "-e" "RUSTUP_HOME=/opt/rustwide/rustup-home" "-e" "CARGO_TARGET_DIR=/opt/rustwide/target" "-e" "CARGO_INCREMENTAL=0" "-e" "RUST_BACKTRACE=full" "-e" "RUSTFLAGS=--cap-lints=warn" "-e" "RUSTDOCFLAGS=--cap-lints=warn" "-w" "/opt/rustwide/workdir" "--user" "0:0" "d274ce09680a2b220449fa8d6db78edec7ffd900db2276dd36f0271829bc9110" "/opt/rustwide/cargo-home/bin/cargo" "+1.100.0-beta.1" "test" "--frozen" "--release", kill_on_drop: false }`
[INFO] [stderr] warning: `package.homepage` is redundant with `package.repository`
[INFO] [stderr]    --> Cargo.toml:147:12
[INFO] [stderr]     |
[INFO] [stderr] 147 | homepage = "https://github.com/Michael-A-Kuykendall/feedme"
[INFO] [stderr]     |            ^^^^^^^^^^^^^^^^^^^^^^^^^^^^^^^^^^^^^^^^^^^^^^^^
[INFO] [stderr] ...
[INFO] [stderr] 151 | repository = "https://github.com/Michael-A-Kuykendall/feedme"
[INFO] [stderr]     |              ------------------------------------------------
[INFO] [stderr]     |
[INFO] [stderr]     = note: `cargo::redundant_homepage` is set to `warn` by default
[INFO] [stderr] help: consider removing `package.homepage`
[INFO] [stderr] warning: `feedme` (manifest) generated 1 warning
[INFO] [stderr]     Finished `release` profile [optimized] target(s) in 0.13s
[INFO] [stderr]      Running unittests src/lib.rs (/opt/rustwide/target/release/build/feedme/490edc727d2d7497/out/feedme-490edc727d2d7497)
[INFO] [stdout] 
[INFO] [stdout] running 160 tests
[INFO] [stdout] test audit::tests::test_add_and_run_compliance_policy ... ok
[INFO] [stdout] test audit::tests::test_compliance_check_max_error_rate_fail ... ok
[INFO] [stdout] test audit::tests::test_compliance_report_empty_manager ... ok
[INFO] [stdout] test audit::tests::test_export_json ... ok
[INFO] [stdout] test audit::tests::test_regulatory_evidence ... ok
[INFO] [stdout] test audit::tests::test_compliance_check_max_error_rate_pass ... ok
[INFO] [stdout] test audit::tests::test_audit_manager_creation ... ok
[INFO] [stdout] test audit::tests::test_attestation_generation ... ok
[INFO] [stdout] test fault_injection::tests::test_failure_fault_fires_then_auto_clears ... ok
[INFO] [stdout] test fault_injection::tests::test_injector_activate_failure_via_api ... ok
[INFO] [stdout] test fault_injection::tests::test_resource_exhaustion_fault ... ok
[INFO] [stdout] test fused::fse_architectural_properties::broadcast_independent_pass_fail_tracking_per_rule ... ok
[INFO] [stdout] test fault_injection::tests::test_no_fault_passes_through ... ok
[INFO] [stdout] test fused::fse_architectural_properties::trie_visit_flat_rules_one_visit_per_selector ... ok
[INFO] [stdout] test fault_injection::tests::test_injector_clear_all ... ok
[INFO] [stdout] test fused::fse_architectural_properties::determinism_same_result_regardless_of_registration_order ... ok
[INFO] [stdout] test fused::fse_architectural_properties::broadcast_all_violations_reported_not_just_first ... ok
[INFO] [stdout] test fused::fse_architectural_properties::fail_closed_missing_intermediate_node_fails_entire_subtree ... ok
[INFO] [stdout] test fault_injection::tests::test_wrap_and_register ... ok
[INFO] [stdout] test fault_injection::tests::test_fault_aware_in_pipeline ... ok
[INFO] [stdout] test fused::tests::test_empty_rules_passes_all_events ... ok
[INFO] [stdout] test fused::tests::test_exists_rule_fails_when_field_missing ... ok
[INFO] [stdout] test fused::fse_architectural_properties::dedup_selector_count_is_unique_paths_not_rule_count ... ok
[INFO] [stdout] test fused::fse_architectural_properties::trie_visit_two_level_shared_prefix ... ok
[INFO] [stdout] test fused::fse_architectural_properties::fail_closed_null_intermediate_node_fails_children ... ok
[INFO] [stdout] test fused::tests::test_custom_predicate ... ok
[INFO] [stdout] test fused::fse_architectural_properties::broadcast_many_rules_any_single_failure_drops_event ... ok
[INFO] [stdout] test fused::tests::test_fused_engine_in_pipeline ... ok
[INFO] [stdout] test fused::tests::test_greater_than_rule ... ok
[INFO] [stdout] test fault_injection::tests::test_network_partition_fault ... ok
[INFO] [stdout] test fused::tests::test_early_exit_when_all_rules_resolved ... ok
[INFO] [stdout] test fused::tests::test_multiple_selectors_correct ... ok
[INFO] [stdout] test fused::tests::test_nested_path_extraction ... ok
[INFO] [stdout] test fused::tests::test_nested_path_missing ... ok
[INFO] [stdout] test fused::tests::test_null_field_fails_exists ... ok
[INFO] [stdout] test fused::tests::test_fail_action_passthrough ... ok
[INFO] [stdout] test fused::tests::test_equals_and_not_equals ... ok
[INFO] [stdout] test fused::fse_architectural_properties::trie_visit_n_rules_same_selector_still_one_visit ... ok
[INFO] [stdout] test fused::tests::test_exists_rule_passes_when_field_present ... ok
[INFO] [stdout] test fused::tests::test_deep_shared_prefix ... ok
[INFO] [stdout] test fused::tests::test_one_of_rule ... ok
[INFO] [stdout] test fused::tests::test_fail_action_error ... ok
[INFO] [stdout] test fused::tests::test_fse_replaces_multiple_stages ... ok
[INFO] [stdout] test invariant_contracts::contract_no_output_after_drop ... ok
[INFO] [stdout] test invariant_contracts::contract_pipeline_metrics_laws_exercised ... ok
[INFO] [stdout] test fused::tests::test_selector_deduplication_correctness ... ok
[INFO] [stdout] test invariant_contracts::metrics_export_is_pure ... ok
[INFO] [stdout] test fused::tests::test_selector_deduplication_reduces_selector_count ... ok
[INFO] [stdout] test invariant_contracts::performance_regression_detection ... ok
[INFO] [stdout] test fused::tests::test_shared_prefix_trie_correctness ... ok
[INFO] [stdout] test fused::tests::test_shared_prefix_trie_selector_count ... ok
[INFO] [stdout] test fused::tests::test_type_rule_fails_on_wrong_type ... ok
[INFO] [stdout] test fused::tests::test_unresolved_rules_default_to_false ... ok
[INFO] [stdout] test invariant_contracts::pipeline_composition_analysis ... ok
[INFO] [stdout] test invariant_contracts::contract_directory_determinism ... ok
[INFO] [stdout] test invariant_contracts::pipeline_health_check ... ok
[INFO] [stdout] test invariant_contracts::contract_drop_only_counts_for_non_output_stage ... ok
[INFO] [stdout] test invariant_contracts::replay_from_pipeline_roundtrip_unified ... ok
[INFO] [stdout] test invariant_contracts::replay_spec_deterministic_hash ... ok
[INFO] [stdout] test fused::tests::test_fail_action_drop ... ok
[INFO] [stdout] test invariant_contracts::replay_spec_diff ... ok
[INFO] [stdout] test fault_injection::tests::test_unknown_stage_returns_error ... ok
[INFO] [stdout] test invariant_contracts::replay_spec_serialization_roundtrip ... ok
[INFO] [stdout] test fused::tests::test_type_rule_passes ... ok
[INFO] [stdout] test replay::replay_manager_tests::test_compare_specs_empty ... ok
[INFO] [stdout] test replay::replay_manager_tests::test_diff_detects_added_stage ... ok
[INFO] [stdout] test replay::replay_manager_tests::test_generate_replay_report_missing_spec ... ok
[INFO] [stdout] test replay::replay_manager_tests::test_generate_replay_report_ok ... ok
[INFO] [stdout] test tests::test_complete_pipeline_with_transforms_and_validators ... ok
[INFO] [stdout] test replay::replay_manager_tests::test_serialize_pipeline ... ok
[INFO] [stdout] test fused::fse_architectural_properties::trie_visit_shared_prefix_traversed_once ... ok
[INFO] [stdout] test fault_injection::tests::test_injector_new ... ok
[INFO] [stdout] test tests::test_all_pipeline_error_display_variants ... ok
[INFO] [stdout] test fused::fse_architectural_properties::trie_visit_three_siblings_same_parent ... ok
[INFO] [stdout] test invariant_contracts::replayable_stage_trait ... ok
[INFO] [stdout] test invariant_contracts::stage_registry_functionality ... ok
[INFO] [stdout] test replay::replay_manager_tests::test_replay_manager_creation ... ok
[INFO] [stdout] test tests::test_drop_reason_display ... ok
[INFO] [stdout] test tests::test_derived_fields_non_object ... ok
[INFO] [stdout] test tests::test_error_code_display_implementations ... ok
[INFO] [stdout] test tests::test_derived_fields_stage ... ok
[INFO] [stdout] test tests::test_event_creation ... ok
[INFO] [stdout] test tests::test_error_taxonomy ... ok
[INFO] [stdout] test tests::test_event_get_number ... ok
[INFO] [stdout] test tests::test_event_from_raw_input ... ok
[INFO] [stdout] test tests::test_field_select_stage ... ok
[INFO] [stdout] test tests::test_event_with_metadata ... ok
[INFO] [stdout] test tests::test_complete_input_output_cycle ... ok
[INFO] [stdout] test tests::test_field_remap_stage ... ok
[INFO] [stdout] test tests::test_deadletter_attribution ... FAILED
[INFO] [stdout] test tests::test_deadletter_serialization_error ... FAILED
[INFO] [stdout] test tests::test_deadletter_stage ... FAILED
[INFO] [stdout] test tests::test_file_output_serialization_error ... FAILED
[INFO] [stdout] test tests::test_input_source_directory ... FAILED
[INFO] [stdout] test tests::test_input_source_directory_error ... ok
[INFO] [stdout] test tests::test_input_source_directory_with_deadletter ... ok
[INFO] [stdout] test tests::test_file_output_stage ... FAILED
[INFO] [stdout] test tests::test_directory_ingest_determinism ... ok
[INFO] [stdout] test tests::test_directory_io_error_during_iteration ... ok
[INFO] [stdout] test tests::test_input_source_file ... FAILED
[INFO] [stdout] test tests::test_input_source_file_parse_error ... FAILED
[INFO] [stdout] test tests::test_filter_stage ... ok
[INFO] [stdout] test tests::test_input_file_io_error ... ok
[INFO] [stdout] test tests::test_deadletter_io_errors ... ok
[INFO] [stdout] test tests::test_metrics_increment ... ok
[INFO] [stdout] test tests::test_file_output_io_errors ... ok
[INFO] [stdout] test tests::test_metrics_record_latency_new_stage ... ok
[INFO] [stdout] test tests::test_input_source_stdin_processing ... ok
[INFO] [stdout] test tests::test_input_source_file_with_deadletter ... FAILED
[INFO] [stdout] test tests::test_ndjson_parser ... ok
[INFO] [stdout] test tests::test_complete_error_handling_pipeline ... ok
[INFO] [stdout] test tests::test_config_from_yaml ... ok
[INFO] [stdout] test tests::test_pii_redaction_idempotent ... ok
[INFO] [stdout] test tests::test_input_source_stdin ... ok
[INFO] [stdout] test tests::test_pii_redaction_nested_values ... ok
[INFO] [stdout] test tests::test_pii_redaction_non_object ... ok
[INFO] [stdout] test tests::test_json_array_parser ... ok
[INFO] [stdout] test tests::test_pii_redaction_field_targeting ... ok
[INFO] [stdout] test tests::test_pipeline_export_json_metrics ... ok
[INFO] [stdout] test tests::test_pipeline_execution_success ... ok
[INFO] [stdout] test tests::test_latency_stats ... ok
[INFO] [stdout] test tests::test_latency_stats_edge_cases ... ok
[INFO] [stdout] test tests::test_metrics_drop_reasons ... ok
[INFO] [stdout] test tests::test_pipeline_export_prometheus_metrics ... ok
[INFO] [stdout] test tests::test_pipeline_stage_filtering ... ok
[INFO] [stdout] test tests::test_pipeline_metrics_export ... ok
[INFO] [stdout] test tests::test_metrics_dropped ... ok
[INFO] [stdout] test tests::test_metrics_empty_latency_stats ... ok
[INFO] [stdout] test tests::test_pipeline_with_error_in_middle_stage ... ok
[INFO] [stdout] test tests::test_pipeline_stage_latency_measurement ... ok
[INFO] [stdout] test tests::test_metrics_export_formats ... ok
[INFO] [stdout] test tests::test_pipeline_add_stage ... ok
[INFO] [stdout] test tests::test_pipeline_creation ... ok
[INFO] [stdout] test tests::test_input_source_with_io_error_during_read ... FAILED
[INFO] [stdout] test tests::test_pipeline_error_display ... ok
[INFO] [stdout] test tests::test_pipeline_error_serialization ... ok
[INFO] [stdout] test tests::test_pipeline_error_std_error_trait ... ok
[INFO] [stdout] test tests::test_pipeline_metrics_json_export ... ok
[INFO] [stdout] test tests::test_plugin_registry ... ok
[INFO] [stdout] test tests::test_require_validation_fails_closed_without_validator ... ok
[INFO] [stdout] test tests::test_require_validation_passes_with_validator ... ok
[INFO] [stdout] test tests::test_stage_names ... ok
[INFO] [stdout] test tests::test_stages_is_output ... ok
[INFO] [stdout] test tests::test_type_checking_stage ... ok
[INFO] [stdout] test tests::test_required_fields_non_object ... ok
[INFO] [stdout] test tests::test_value_constraints_missing_field ... ok
[INFO] [stdout] test tests::test_required_fields_stage ... ok
[INFO] [stdout] test tests::test_std_output_stage ... ok
[INFO] [stdout] test tests::test_stdin_input_mock ... ok
[INFO] [stdout] test tests::test_type_checking_non_object ... ok
[INFO] [stdout] test tests::test_pipeline_execution_error ... ok
[INFO] [stdout] test tests::test_stage_is_output_default ... ok
[INFO] [stdout] test tests::test_value_constraints_non_object ... ok
[INFO] [stdout] test tests::test_pii_redaction_stage ... ok
[INFO] [stdout] test tests::test_replay_execution ... ok
[INFO] [stdout] test tests::test_value_constraints_stage ... ok
[INFO] [stdout] test tests::test_stdout_output_serialization_error ... ok
[INFO] [stdout] test tests::test_syslog_parser ... ok
[INFO] [stdout] test tests::test_type_checking_all_types ... ok
[INFO] [stderr] error: test failed, to rerun pass `--lib`
[INFO] [stdout] test tests::test_type_checking_missing_field ... ok
[INFO] [stdout] 
[INFO] [stdout] failures:
[INFO] [stdout] 
[INFO] [stdout] ---- tests::test_deadletter_attribution stdout ----
[INFO] [stdout] 
[INFO] [stdout] thread 'tests::test_deadletter_attribution' (1796) panicked at src/tests.rs:284:41:
[INFO] [stdout] called `Result::unwrap()` on an `Err` value: Output(OutputError { stage: "Deadletter", code: IoError, message: "Read-only file system (os error 30)" })
[INFO] [stdout] stack backtrace:
[INFO] [stdout]    0:     0x5fc5c8de7481 - <<std[617be2ca0a6fd877]::sys::backtrace::BacktraceLock>::print::DisplayBacktrace as core[a373ad73a504971]::fmt::Display>::fmt
[INFO] [stdout]    1:     0x5fc5c8dfe45a - core[a373ad73a504971]::fmt::write
[INFO] [stdout]    2:     0x5fc5c8debfcc - <alloc[2e1b2a31b91974c5]::vec::Vec<u8> as core[a373ad73a504971]::io::write::Write>::write_fmt
[INFO] [stdout]    3:     0x5fc5c8dc10e6 - std[617be2ca0a6fd877]::panicking::default_hook::{closure#0}
[INFO] [stdout]    4:     0x5fc5c8dde9d9 - std[617be2ca0a6fd877]::panicking::default_hook
[INFO] [stdout]    5:     0x5fc5c8c8ebd0 - test[aada8e7e76ba119b]::test_main_inner::{closure#0}
[INFO] [stdout]    6:     0x5fc5c8ddeb92 - std[617be2ca0a6fd877]::panicking::panic_with_hook
[INFO] [stdout]    7:     0x5fc5c8dc1192 - std[617be2ca0a6fd877]::panicking::panic_handler::{closure#0}
[INFO] [stdout]    8:     0x5fc5c8db9549 - std[617be2ca0a6fd877]::sys::backtrace::__rust_end_short_backtrace::<std[617be2ca0a6fd877]::panicking::panic_handler::{closure#0}, !>
[INFO] [stdout]    9:     0x5fc5c8dc1f2d - __rustc[ea4f61d10b84890b]::rust_begin_unwind
[INFO] [stdout]   10:     0x5fc5c8dfec3c - core[a373ad73a504971]::panicking::panic_fmt
[INFO] [stdout]   11:     0x5fc5c8dfea12 - core[a373ad73a504971]::result::unwrap_failed
[INFO] [stdout]   12:     0x5fc5c8bf590d - <feedme[c76de5780dbccb4d]::tests::test_deadletter_attribution::{closure#0} as core[a373ad73a504971]::ops::function::FnOnce<()>>::call_once
[INFO] [stdout]   13:     0x5fc5c8c8201b - test[aada8e7e76ba119b]::__rust_begin_short_backtrace::<core[a373ad73a504971]::result::Result<(), alloc[2e1b2a31b91974c5]::string::String>, fn() -> core[a373ad73a504971]::result::Result<(), alloc[2e1b2a31b91974c5]::string::String>>
[INFO] [stdout]   14:     0x5fc5c8c8f1f5 - test[aada8e7e76ba119b]::run_test::{closure#0}
[INFO] [stdout]   15:     0x5fc5c8c88ae4 - std[617be2ca0a6fd877]::sys::backtrace::__rust_begin_short_backtrace::<test[aada8e7e76ba119b]::run_test::{closure#1}, ()>
[INFO] [stdout]   16:     0x5fc5c8c92282 - <std[617be2ca0a6fd877]::thread::lifecycle::spawn_unchecked<test[aada8e7e76ba119b]::run_test::{closure#1}, ()>::{closure#1} as core[a373ad73a504971]::ops::function::FnOnce<()>>::call_once::{shim:vtable#0}
[INFO] [stdout]   17:     0x5fc5c8de679f - <std[617be2ca0a6fd877]::sys::thread::unix::Thread>::new::thread_start
[INFO] [stdout]   18:     0x71f7e9c4adfa - <unknown>
[INFO] [stdout]   19:     0x71f7e9cde3d4 - clone
[INFO] [stdout]   20:                0x0 - <unknown>
[INFO] [stdout] 
[INFO] [stdout] ---- tests::test_deadletter_serialization_error stdout ----
[INFO] [stdout] 
[INFO] [stdout] thread 'tests::test_deadletter_serialization_error' (1798) panicked at src/tests.rs:1261:5:
[INFO] [stdout] assertion failed: result.is_ok()
[INFO] [stdout] stack backtrace:
[INFO] [stdout]    0:     0x5fc5c8de7481 - <<std[617be2ca0a6fd877]::sys::backtrace::BacktraceLock>::print::DisplayBacktrace as core[a373ad73a504971]::fmt::Display>::fmt
[INFO] [stdout]    1:     0x5fc5c8dfe45a - core[a373ad73a504971]::fmt::write
[INFO] [stdout]    2:     0x5fc5c8debfcc - <alloc[2e1b2a31b91974c5]::vec::Vec<u8> as core[a373ad73a504971]::io::write::Write>::write_fmt
[INFO] [stdout]    3:     0x5fc5c8dc10e6 - std[617be2ca0a6fd877]::panicking::default_hook::{closure#0}
[INFO] [stdout]    4:     0x5fc5c8dde9d9 - std[617be2ca0a6fd877]::panicking::default_hook
[INFO] [stdout]    5:     0x5fc5c8c8ebd0 - test[aada8e7e76ba119b]::test_main_inner::{closure#0}
[INFO] [stdout]    6:     0x5fc5c8ddeb92 - std[617be2ca0a6fd877]::panicking::panic_with_hook
[INFO] [stdout]    7:     0x5fc5c8dc11c4 - std[617be2ca0a6fd877]::panicking::panic_handler::{closure#0}
[INFO] [stdout]    8:     0x5fc5c8db9549 - std[617be2ca0a6fd877]::sys::backtrace::__rust_end_short_backtrace::<std[617be2ca0a6fd877]::panicking::panic_handler::{closure#0}, !>
[INFO] [stdout]    9:     0x5fc5c8dc1f2d - __rustc[ea4f61d10b84890b]::rust_begin_unwind
[INFO] [stdout]   10:     0x5fc5c8dfec3c - core[a373ad73a504971]::panicking::panic_fmt
[INFO] [stdout]   11:     0x5fc5c8dfec02 - core[a373ad73a504971]::panicking::panic
[INFO] [stdout]   12:     0x5fc5c8c00713 - <feedme[c76de5780dbccb4d]::tests::test_deadletter_serialization_error::{closure#0} as core[a373ad73a504971]::ops::function::FnOnce<()>>::call_once
[INFO] [stdout]   13:     0x5fc5c8c8201b - test[aada8e7e76ba119b]::__rust_begin_short_backtrace::<core[a373ad73a504971]::result::Result<(), alloc[2e1b2a31b91974c5]::string::String>, fn() -> core[a373ad73a504971]::result::Result<(), alloc[2e1b2a31b91974c5]::string::String>>
[INFO] [stdout]   14:     0x5fc5c8c8f1f5 - test[aada8e7e76ba119b]::run_test::{closure#0}
[INFO] [stdout]   15:     0x5fc5c8c88ae4 - std[617be2ca0a6fd877]::sys::backtrace::__rust_begin_short_backtrace::<test[aada8e7e76ba119b]::run_test::{closure#1}, ()>
[INFO] [stdout]   16:     0x5fc5c8c92282 - <std[617be2ca0a6fd877]::thread::lifecycle::spawn_unchecked<test[aada8e7e76ba119b]::run_test::{closure#1}, ()>::{closure#1} as core[a373ad73a504971]::ops::function::FnOnce<()>>::call_once::{shim:vtable#0}
[INFO] [stdout]   17:     0x5fc5c8de679f - <std[617be2ca0a6fd877]::sys::thread::unix::Thread>::new::thread_start
[INFO] [stdout]   18:     0x71f7e9c4adfa - <unknown>
[INFO] [stdout]   19:     0x71f7e9cde3d4 - clone
[INFO] [stdout]   20:                0x0 - <unknown>
[INFO] [stdout] 
[INFO] [stdout] ---- tests::test_deadletter_stage stdout ----
[INFO] [stdout] 
[INFO] [stdout] thread 'tests::test_deadletter_stage' (1799) panicked at src/tests.rs:202:39:
[INFO] [stdout] called `Result::unwrap()` on an `Err` value: Output(OutputError { stage: "Deadletter", code: IoError, message: "Read-only file system (os error 30)" })
[INFO] [stdout] stack backtrace:
[INFO] [stdout]    0:     0x5fc5c8de7481 - <<std[617be2ca0a6fd877]::sys::backtrace::BacktraceLock>::print::DisplayBacktrace as core[a373ad73a504971]::fmt::Display>::fmt
[INFO] [stdout]    1:     0x5fc5c8dfe45a - core[a373ad73a504971]::fmt::write
[INFO] [stdout]    2:     0x5fc5c8debfcc - <alloc[2e1b2a31b91974c5]::vec::Vec<u8> as core[a373ad73a504971]::io::write::Write>::write_fmt
[INFO] [stdout]    3:     0x5fc5c8dc10e6 - std[617be2ca0a6fd877]::panicking::default_hook::{closure#0}
[INFO] [stdout]    4:     0x5fc5c8dde9d9 - std[617be2ca0a6fd877]::panicking::default_hook
[INFO] [stdout]    5:     0x5fc5c8c8ebd0 - test[aada8e7e76ba119b]::test_main_inner::{closure#0}
[INFO] [stdout]    6:     0x5fc5c8ddeb92 - std[617be2ca0a6fd877]::panicking::panic_with_hook
[INFO] [stdout]    7:     0x5fc5c8dc1192 - std[617be2ca0a6fd877]::panicking::panic_handler::{closure#0}
[INFO] [stdout]    8:     0x5fc5c8db9549 - std[617be2ca0a6fd877]::sys::backtrace::__rust_end_short_backtrace::<std[617be2ca0a6fd877]::panicking::panic_handler::{closure#0}, !>
[INFO] [stdout]    9:     0x5fc5c8dc1f2d - __rustc[ea4f61d10b84890b]::rust_begin_unwind
[INFO] [stdout]   10:     0x5fc5c8dfec3c - core[a373ad73a504971]::panicking::panic_fmt
[INFO] [stdout]   11:     0x5fc5c8dfea12 - core[a373ad73a504971]::result::unwrap_failed
[INFO] [stdout]   12:     0x5fc5c8bed094 - <feedme[c76de5780dbccb4d]::tests::test_deadletter_stage::{closure#0} as core[a373ad73a504971]::ops::function::FnOnce<()>>::call_once
[INFO] [stdout]   13:     0x5fc5c8c8201b - test[aada8e7e76ba119b]::__rust_begin_short_backtrace::<core[a373ad73a504971]::result::Result<(), alloc[2e1b2a31b91974c5]::string::String>, fn() -> core[a373ad73a504971]::result::Result<(), alloc[2e1b2a31b91974c5]::string::String>>
[INFO] [stdout]   14:     0x5fc5c8c8f1f5 - test[aada8e7e76ba119b]::run_test::{closure#0}
[INFO] [stdout]   15:     0x5fc5c8c88ae4 - std[617be2ca0a6fd877]::sys::backtrace::__rust_begin_short_backtrace::<test[aada8e7e76ba119b]::run_test::{closure#1}, ()>
[INFO] [stdout]   16:     0x5fc5c8c92282 - <std[617be2ca0a6fd877]::thread::lifecycle::spawn_unchecked<test[aada8e7e76ba119b]::run_test::{closure#1}, ()>::{closure#1} as core[a373ad73a504971]::ops::function::FnOnce<()>>::call_once::{shim:vtable#0}
[INFO] [stdout]   17:     0x5fc5c8de679f - <std[617be2ca0a6fd877]::sys::thread::unix::Thread>::new::thread_start
[INFO] [stdout]   18:     0x71f7e9c4adfa - <unknown>
[INFO] [stdout]   19:     0x71f7e9cde3d4 - clone
[INFO] [stdout]   20:                0x0 - <unknown>
[INFO] [stdout] 
[INFO] [stdout] ---- tests::test_file_output_serialization_error stdout ----
[INFO] [stdout] 
[INFO] [stdout] thread 'tests::test_file_output_serialization_error' (1814) panicked at src/tests.rs:1239:5:
[INFO] [stdout] assertion failed: result.is_ok()
[INFO] [stdout] stack backtrace:
[INFO] [stdout]    0:     0x5fc5c8de7481 - <<std[617be2ca0a6fd877]::sys::backtrace::BacktraceLock>::print::DisplayBacktrace as core[a373ad73a504971]::fmt::Display>::fmt
[INFO] [stdout]    1:     0x5fc5c8dfe45a - core[a373ad73a504971]::fmt::write
[INFO] [stdout]    2:     0x5fc5c8debfcc - <alloc[2e1b2a31b91974c5]::vec::Vec<u8> as core[a373ad73a504971]::io::write::Write>::write_fmt
[INFO] [stdout]    3:     0x5fc5c8dc10e6 - std[617be2ca0a6fd877]::panicking::default_hook::{closure#0}
[INFO] [stdout]    4:     0x5fc5c8dde9d9 - std[617be2ca0a6fd877]::panicking::default_hook
[INFO] [stdout]    5:     0x5fc5c8c8ebd0 - test[aada8e7e76ba119b]::test_main_inner::{closure#0}
[INFO] [stdout]    6:     0x5fc5c8ddeb92 - std[617be2ca0a6fd877]::panicking::panic_with_hook
[INFO] [stdout]    7:     0x5fc5c8dc11c4 - std[617be2ca0a6fd877]::panicking::panic_handler::{closure#0}
[INFO] [stdout]    8:     0x5fc5c8db9549 - std[617be2ca0a6fd877]::sys::backtrace::__rust_end_short_backtrace::<std[617be2ca0a6fd877]::panicking::panic_handler::{closure#0}, !>
[INFO] [stdout]    9:     0x5fc5c8dc1f2d - __rustc[ea4f61d10b84890b]::rust_begin_unwind
[INFO] [stdout]   10:     0x5fc5c8dfec3c - core[a373ad73a504971]::panicking::panic_fmt
[INFO] [stdout]   11:     0x5fc5c8dfec02 - core[a373ad73a504971]::panicking::panic
[INFO] [stdout]   12:     0x5fc5c8c00b05 - <feedme[c76de5780dbccb4d]::tests::test_file_output_serialization_error::{closure#0} as core[a373ad73a504971]::ops::function::FnOnce<()>>::call_once
[INFO] [stdout]   13:     0x5fc5c8c8201b - test[aada8e7e76ba119b]::__rust_begin_short_backtrace::<core[a373ad73a504971]::result::Result<(), alloc[2e1b2a31b91974c5]::string::String>, fn() -> core[a373ad73a504971]::result::Result<(), alloc[2e1b2a31b91974c5]::string::String>>
[INFO] [stdout]   14:     0x5fc5c8c8f1f5 - test[aada8e7e76ba119b]::run_test::{closure#0}
[INFO] [stdout]   15:     0x5fc5c8c88ae4 - std[617be2ca0a6fd877]::sys::backtrace::__rust_begin_short_backtrace::<test[aada8e7e76ba119b]::run_test::{closure#1}, ()>
[INFO] [stdout]   16:     0x5fc5c8c92282 - <std[617be2ca0a6fd877]::thread::lifecycle::spawn_unchecked<test[aada8e7e76ba119b]::run_test::{closure#1}, ()>::{closure#1} as core[a373ad73a504971]::ops::function::FnOnce<()>>::call_once::{shim:vtable#0}
[INFO] [stdout]   17:     0x5fc5c8de679f - <std[617be2ca0a6fd877]::sys::thread::unix::Thread>::new::thread_start
[INFO] [stdout]   18:     0x71f7e9c4adfa - <unknown>
[INFO] [stdout]   19:     0x71f7e9cde3d4 - clone
[INFO] [stdout]   20:                0x0 - <unknown>
[INFO] [stdout] 
[INFO] [stdout] ---- tests::test_input_source_directory stdout ----
[INFO] [stdout] 
[INFO] [stdout] thread 'tests::test_input_source_directory' (1818) panicked at src/tests.rs:603:30:
[INFO] [stdout] called `Result::unwrap()` on an `Err` value: Os { code: 30, kind: ReadOnlyFilesystem, message: "Read-only file system" }
[INFO] [stdout] stack backtrace:
[INFO] [stdout]    0:     0x5fc5c8de7481 - <<std[617be2ca0a6fd877]::sys::backtrace::BacktraceLock>::print::DisplayBacktrace as core[a373ad73a504971]::fmt::Display>::fmt
[INFO] [stdout]    1:     0x5fc5c8dfe45a - core[a373ad73a504971]::fmt::write
[INFO] [stdout]    2:     0x5fc5c8debfcc - <alloc[2e1b2a31b91974c5]::vec::Vec<u8> as core[a373ad73a504971]::io::write::Write>::write_fmt
[INFO] [stdout]    3:     0x5fc5c8dc10e6 - std[617be2ca0a6fd877]::panicking::default_hook::{closure#0}
[INFO] [stdout]    4:     0x5fc5c8dde9d9 - std[617be2ca0a6fd877]::panicking::default_hook
[INFO] [stdout]    5:     0x5fc5c8c8ebd0 - test[aada8e7e76ba119b]::test_main_inner::{closure#0}
[INFO] [stdout]    6:     0x5fc5c8ddeb92 - std[617be2ca0a6fd877]::panicking::panic_with_hook
[INFO] [stdout]    7:     0x5fc5c8dc1192 - std[617be2ca0a6fd877]::panicking::panic_handler::{closure#0}
[INFO] [stdout]    8:     0x5fc5c8db9549 - std[617be2ca0a6fd877]::sys::backtrace::__rust_end_short_backtrace::<std[617be2ca0a6fd877]::panicking::panic_handler::{closure#0}, !>
[INFO] [stdout]    9:     0x5fc5c8dc1f2d - __rustc[ea4f61d10b84890b]::rust_begin_unwind
[INFO] [stdout]   10:     0x5fc5c8dfec3c - core[a373ad73a504971]::panicking::panic_fmt
[INFO] [stdout]   11:     0x5fc5c8dfea12 - core[a373ad73a504971]::result::unwrap_failed
[INFO] [stdout]   12:     0x5fc5c8bf6030 - <feedme[c76de5780dbccb4d]::tests::test_input_source_directory::{closure#0} as core[a373ad73a504971]::ops::function::FnOnce<()>>::call_once
[INFO] [stdout]   13:     0x5fc5c8c8201b - test[aada8e7e76ba119b]::__rust_begin_short_backtrace::<core[a373ad73a504971]::result::Result<(), alloc[2e1b2a31b91974c5]::string::String>, fn() -> core[a373ad73a504971]::result::Result<(), alloc[2e1b2a31b91974c5]::string::String>>
[INFO] [stdout]   14:     0x5fc5c8c8f1f5 - test[aada8e7e76ba119b]::run_test::{closure#0}
[INFO] [stdout]   15:     0x5fc5c8c88ae4 - std[617be2ca0a6fd877]::sys::backtrace::__rust_begin_short_backtrace::<test[aada8e7e76ba119b]::run_test::{closure#1}, ()>
[INFO] [stdout]   16:     0x5fc5c8c92282 - <std[617be2ca0a6fd877]::thread::lifecycle::spawn_unchecked<test[aada8e7e76ba119b]::run_test::{closure#1}, ()>::{closure#1} as core[a373ad73a504971]::ops::function::FnOnce<()>>::call_once::{shim:vtable#0}
[INFO] [stdout]   17:     0x5fc5c8de679f - <std[617be2ca0a6fd877]::sys::thread::unix::Thread>::new::thread_start
[INFO] [stdout]   18:     0x71f7e9c4adfa - <unknown>
[INFO] [stdout]   19:     0x71f7e9cde3d4 - clone
[INFO] [stdout]   20:                0x0 - <unknown>
[INFO] [stdout] 
[INFO] [stdout] ---- tests::test_file_output_stage stdout ----
[INFO] [stdout] 
[INFO] [stdout] thread 'tests::test_file_output_stage' (1815) panicked at src/tests.rs:181:39:
[INFO] [stdout] called `Result::unwrap()` on an `Err` value: Output(OutputError { stage: "File", code: IoError, message: "Read-only file system (os error 30)" })
[INFO] [stdout] stack backtrace:
[INFO] [stdout]    0:     0x5fc5c8de7481 - <<std[617be2ca0a6fd877]::sys::backtrace::BacktraceLock>::print::DisplayBacktrace as core[a373ad73a504971]::fmt::Display>::fmt
[INFO] [stdout]    1:     0x5fc5c8dfe45a - core[a373ad73a504971]::fmt::write
[INFO] [stdout]    2:     0x5fc5c8debfcc - <alloc[2e1b2a31b91974c5]::vec::Vec<u8> as core[a373ad73a504971]::io::write::Write>::write_fmt
[INFO] [stdout]    3:     0x5fc5c8dc10e6 - std[617be2ca0a6fd877]::panicking::default_hook::{closure#0}
[INFO] [stdout]    4:     0x5fc5c8dde9d9 - std[617be2ca0a6fd877]::panicking::default_hook
[INFO] [stdout]    5:     0x5fc5c8c8ebd0 - test[aada8e7e76ba119b]::test_main_inner::{closure#0}
[INFO] [stdout]    6:     0x5fc5c8ddeb92 - std[617be2ca0a6fd877]::panicking::panic_with_hook
[INFO] [stdout]    7:     0x5fc5c8dc1192 - std[617be2ca0a6fd877]::panicking::panic_handler::{closure#0}
[INFO] [stdout]    8:     0x5fc5c8db9549 - std[617be2ca0a6fd877]::sys::backtrace::__rust_end_short_backtrace::<std[617be2ca0a6fd877]::panicking::panic_handler::{closure#0}, !>
[INFO] [stdout]    9:     0x5fc5c8dc1f2d - __rustc[ea4f61d10b84890b]::rust_begin_unwind
[INFO] [stdout]   10:     0x5fc5c8dfec3c - core[a373ad73a504971]::panicking::panic_fmt
[INFO] [stdout]   11:     0x5fc5c8dfea12 - core[a373ad73a504971]::result::unwrap_failed
[INFO] [stdout]   12:     0x5fc5c8befad8 - <feedme[c76de5780dbccb4d]::tests::test_file_output_stage::{closure#0} as core[a373ad73a504971]::ops::function::FnOnce<()>>::call_once
[INFO] [stdout]   13:     0x5fc5c8c8201b - test[aada8e7e76ba119b]::__rust_begin_short_backtrace::<core[a373ad73a504971]::result::Result<(), alloc[2e1b2a31b91974c5]::string::String>, fn() -> core[a373ad73a504971]::result::Result<(), alloc[2e1b2a31b91974c5]::string::String>>
[INFO] [stdout]   14:     0x5fc5c8c8f1f5 - test[aada8e7e76ba119b]::run_test::{closure#0}
[INFO] [stdout]   15:     0x5fc5c8c88ae4 - std[617be2ca0a6fd877]::sys::backtrace::__rust_begin_short_backtrace::<test[aada8e7e76ba119b]::run_test::{closure#1}, ()>
[INFO] [stdout]   16:     0x5fc5c8c92282 - <std[617be2ca0a6fd877]::thread::lifecycle::spawn_unchecked<test[aada8e7e76ba119b]::run_test::{closure#1}, ()>::{closure#1} as core[a373ad73a504971]::ops::function::FnOnce<()>>::call_once::{shim:vtable#0}
[INFO] [stdout]   17:     0x5fc5c8de679f - <std[617be2ca0a6fd877]::sys::thread::unix::Thread>::new::thread_start
[INFO] [stdout]   18:     0x71f7e9c4adfa - <unknown>
[INFO] [stdout]   19:     0x71f7e9cde3d4 - clone
[INFO] [stdout]   20:                0x0 - <unknown>
[INFO] [stdout] 
[INFO] [stdout] ---- tests::test_input_source_file stdout ----
[INFO] [stdout] 
[INFO] [stdout] thread 'tests::test_input_source_file' (1821) panicked at src/tests.rs:381:48:
[INFO] [stdout] called `Result::unwrap()` on an `Err` value: Os { code: 30, kind: ReadOnlyFilesystem, message: "Read-only file system" }
[INFO] [stdout] stack backtrace:
[INFO] [stdout]    0:     0x5fc5c8de7481 - <<std[617be2ca0a6fd877]::sys::backtrace::BacktraceLock>::print::DisplayBacktrace as core[a373ad73a504971]::fmt::Display>::fmt
[INFO] [stdout]    1:     0x5fc5c8dfe45a - core[a373ad73a504971]::fmt::write
[INFO] [stdout]    2:     0x5fc5c8debfcc - <alloc[2e1b2a31b91974c5]::vec::Vec<u8> as core[a373ad73a504971]::io::write::Write>::write_fmt
[INFO] [stdout]    3:     0x5fc5c8dc10e6 - std[617be2ca0a6fd877]::panicking::default_hook::{closure#0}
[INFO] [stdout]    4:     0x5fc5c8dde9d9 - std[617be2ca0a6fd877]::panicking::default_hook
[INFO] [stdout]    5:     0x5fc5c8c8ebd0 - test[aada8e7e76ba119b]::test_main_inner::{closure#0}
[INFO] [stdout]    6:     0x5fc5c8ddeb92 - std[617be2ca0a6fd877]::panicking::panic_with_hook
[INFO] [stdout]    7:     0x5fc5c8dc1192 - std[617be2ca0a6fd877]::panicking::panic_handler::{closure#0}
[INFO] [stdout]    8:     0x5fc5c8db9549 - std[617be2ca0a6fd877]::sys::backtrace::__rust_end_short_backtrace::<std[617be2ca0a6fd877]::panicking::panic_handler::{closure#0}, !>
[INFO] [stdout]    9:     0x5fc5c8dc1f2d - __rustc[ea4f61d10b84890b]::rust_begin_unwind
[INFO] [stdout]   10:     0x5fc5c8dfec3c - core[a373ad73a504971]::panicking::panic_fmt
[INFO] [stdout]   11:     0x5fc5c8dfea12 - core[a373ad73a504971]::result::unwrap_failed
[INFO] [stdout]   12:     0x5fc5c8befee2 - <feedme[c76de5780dbccb4d]::tests::test_input_source_file::{closure#0} as core[a373ad73a504971]::ops::function::FnOnce<()>>::call_once
[INFO] [stdout]   13:     0x5fc5c8c8201b - test[aada8e7e76ba119b]::__rust_begin_short_backtrace::<core[a373ad73a504971]::result::Result<(), alloc[2e1b2a31b91974c5]::string::String>, fn() -> core[a373ad73a504971]::result::Result<(), alloc[2e1b2a31b91974c5]::string::String>>
[INFO] [stdout]   14:     0x5fc5c8c8f1f5 - test[aada8e7e76ba119b]::run_test::{closure#0}
[INFO] [stdout]   15:     0x5fc5c8c88ae4 - std[617be2ca0a6fd877]::sys::backtrace::__rust_begin_short_backtrace::<test[aada8e7e76ba119b]::run_test::{closure#1}, ()>
[INFO] [stdout]   16:     0x5fc5c8c92282 - <std[617be2ca0a6fd877]::thread::lifecycle::spawn_unchecked<test[aada8e7e76ba119b]::run_test::{closure#1}, ()>::{closure#1} as core[a373ad73a504971]::ops::function::FnOnce<()>>::call_once::{shim:vtable#0}
[INFO] [stdout]   17:     0x5fc5c8de679f - <std[617be2ca0a6fd877]::sys::thread::unix::Thread>::new::thread_start
[INFO] [stdout]   18:     0x71f7e9c4adfa - <unknown>
[INFO] [stdout]   19:     0x71f7e9cde3d4 - clone
[INFO] [stdout]   20:                0x0 - <unknown>
[INFO] [stdout] 
[INFO] [stdout] ---- tests::test_input_source_file_parse_error stdout ----
[INFO] [stdout] 
[INFO] [stdout] thread 'tests::test_input_source_file_parse_error' (1822) panicked at src/tests.rs:401:48:
[INFO] [stdout] called `Result::unwrap()` on an `Err` value: Os { code: 30, kind: ReadOnlyFilesystem, message: "Read-only file system" }
[INFO] [stdout] stack backtrace:
[INFO] [stdout]    0:     0x5fc5c8de7481 - <<std[617be2ca0a6fd877]::sys::backtrace::BacktraceLock>::print::DisplayBacktrace as core[a373ad73a504971]::fmt::Display>::fmt
[INFO] [stdout]    1:     0x5fc5c8dfe45a - core[a373ad73a504971]::fmt::write
[INFO] [stdout]    2:     0x5fc5c8debfcc - <alloc[2e1b2a31b91974c5]::vec::Vec<u8> as core[a373ad73a504971]::io::write::Write>::write_fmt
[INFO] [stdout]    3:     0x5fc5c8dc10e6 - std[617be2ca0a6fd877]::panicking::default_hook::{closure#0}
[INFO] [stdout]    4:     0x5fc5c8dde9d9 - std[617be2ca0a6fd877]::panicking::default_hook
[INFO] [stdout]    5:     0x5fc5c8c8ebd0 - test[aada8e7e76ba119b]::test_main_inner::{closure#0}
[INFO] [stdout]    6:     0x5fc5c8ddeb92 - std[617be2ca0a6fd877]::panicking::panic_with_hook
[INFO] [stdout]    7:     0x5fc5c8dc1192 - std[617be2ca0a6fd877]::panicking::panic_handler::{closure#0}
[INFO] [stdout]    8:     0x5fc5c8db9549 - std[617be2ca0a6fd877]::sys::backtrace::__rust_end_short_backtrace::<std[617be2ca0a6fd877]::panicking::panic_handler::{closure#0}, !>
[INFO] [stdout]    9:     0x5fc5c8dc1f2d - __rustc[ea4f61d10b84890b]::rust_begin_unwind
[INFO] [stdout]   10:     0x5fc5c8dfec3c - core[a373ad73a504971]::panicking::panic_fmt
[INFO] [stdout]   11:     0x5fc5c8dfea12 - core[a373ad73a504971]::result::unwrap_failed
[INFO] [stdout]   12:     0x5fc5c8bff57e - <feedme[c76de5780dbccb4d]::tests::test_input_source_file_parse_error::{closure#0} as core[a373ad73a504971]::ops::function::FnOnce<()>>::call_once
[INFO] [stdout]   13:     0x5fc5c8c8201b - test[aada8e7e76ba119b]::__rust_begin_short_backtrace::<core[a373ad73a504971]::result::Result<(), alloc[2e1b2a31b91974c5]::string::String>, fn() -> core[a373ad73a504971]::result::Result<(), alloc[2e1b2a31b91974c5]::string::String>>
[INFO] [stdout]   14:     0x5fc5c8c8f1f5 - test[aada8e7e76ba119b]::run_test::{closure#0}
[INFO] [stdout]   15:     0x5fc5c8c88ae4 - std[617be2ca0a6fd877]::sys::backtrace::__rust_begin_short_backtrace::<test[aada8e7e76ba119b]::run_test::{closure#1}, ()>
[INFO] [stdout]   16:     0x5fc5c8c92282 - <std[617be2ca0a6fd877]::thread::lifecycle::spawn_unchecked<test[aada8e7e76ba119b]::run_test::{closure#1}, ()>::{closure#1} as core[a373ad73a504971]::ops::function::FnOnce<()>>::call_once::{shim:vtable#0}
[INFO] [stdout]   17:     0x5fc5c8de679f - <std[617be2ca0a6fd877]::sys::thread::unix::Thread>::new::thread_start
[INFO] [stdout]   18:     0x71f7e9c4adfa - <unknown>
[INFO] [stdout]   19:     0x71f7e9cde3d4 - clone
[INFO] [stdout]   20:                0x0 - <unknown>
[INFO] [stdout] 
[INFO] [stdout] ---- tests::test_input_source_file_with_deadletter stdout ----
[INFO] [stdout] 
[INFO] [stdout] thread 'tests::test_input_source_file_with_deadletter' (1823) panicked at src/tests.rs:774:48:
[INFO] [stdout] called `Result::unwrap()` on an `Err` value: Os { code: 30, kind: ReadOnlyFilesystem, message: "Read-only file system" }
[INFO] [stdout] stack backtrace:
[INFO] [stdout]    0:     0x5fc5c8de7481 - <<std[617be2ca0a6fd877]::sys::backtrace::BacktraceLock>::print::DisplayBacktrace as core[a373ad73a504971]::fmt::Display>::fmt
[INFO] [stdout]    1:     0x5fc5c8dfe45a - core[a373ad73a504971]::fmt::write
[INFO] [stdout]    2:     0x5fc5c8debfcc - <alloc[2e1b2a31b91974c5]::vec::Vec<u8> as core[a373ad73a504971]::io::write::Write>::write_fmt
[INFO] [stdout]    3:     0x5fc5c8dc10e6 - std[617be2ca0a6fd877]::panicking::default_hook::{closure#0}
[INFO] [stdout]    4:     0x5fc5c8dde9d9 - std[617be2ca0a6fd877]::panicking::default_hook
[INFO] [stdout]    5:     0x5fc5c8c8ebd0 - test[aada8e7e76ba119b]::test_main_inner::{closure#0}
[INFO] [stdout]    6:     0x5fc5c8ddeb92 - std[617be2ca0a6fd877]::panicking::panic_with_hook
[INFO] [stdout]    7:     0x5fc5c8dc1192 - std[617be2ca0a6fd877]::panicking::panic_handler::{closure#0}
[INFO] [stdout]    8:     0x5fc5c8db9549 - std[617be2ca0a6fd877]::sys::backtrace::__rust_end_short_backtrace::<std[617be2ca0a6fd877]::panicking::panic_handler::{closure#0}, !>
[INFO] [stdout]    9:     0x5fc5c8dc1f2d - __rustc[ea4f61d10b84890b]::rust_begin_unwind
[INFO] [stdout]   10:     0x5fc5c8dfec3c - core[a373ad73a504971]::panicking::panic_fmt
[INFO] [stdout]   11:     0x5fc5c8dfea12 - core[a373ad73a504971]::result::unwrap_failed
[INFO] [stdout]   12:     0x5fc5c8c022cd - <feedme[c76de5780dbccb4d]::tests::test_input_source_file_with_deadletter::{closure#0} as core[a373ad73a504971]::ops::function::FnOnce<()>>::call_once
[INFO] [stdout]   13:     0x5fc5c8c8201b - test[aada8e7e76ba119b]::__rust_begin_short_backtrace::<core[a373ad73a504971]::result::Result<(), alloc[2e1b2a31b91974c5]::string::String>, fn() -> core[a373ad73a504971]::result::Result<(), alloc[2e1b2a31b91974c5]::string::String>>
[INFO] [stdout]   14:     0x5fc5c8c8f1f5 - test[aada8e7e76ba119b]::run_test::{closure#0}
[INFO] [stdout]   15:     0x5fc5c8c88ae4 - std[617be2ca0a6fd877]::sys::backtrace::__rust_begin_short_backtrace::<test[aada8e7e76ba119b]::run_test::{closure#1}, ()>
[INFO] [stdout]   16:     0x5fc5c8c92282 - <std[617be2ca0a6fd877]::thread::lifecycle::spawn_unchecked<test[aada8e7e76ba119b]::run_test::{closure#1}, ()>::{closure#1} as core[a373ad73a504971]::ops::function::FnOnce<()>>::call_once::{shim:vtable#0}
[INFO] [stdout]   17:     0x5fc5c8de679f - <std[617be2ca0a6fd877]::sys::thread::unix::Thread>::new::thread_start
[INFO] [stdout]   18:     0x71f7e9c4adfa - <unknown>
[INFO] [stdout]   19:     0x71f7e9cde3d4 - clone
[INFO] [stdout]   20:                0x0 - <unknown>
[INFO] [stdout] 
[INFO] [stdout] ---- tests::test_input_source_with_io_error_during_read stdout ----
[INFO] [stdout] 
[INFO] [stdout] thread 'tests::test_input_source_with_io_error_during_read' (1826) panicked at src/tests.rs:1499:48:
[INFO] [stdout] called `Result::unwrap()` on an `Err` value: Os { code: 30, kind: ReadOnlyFilesystem, message: "Read-only file system" }
[INFO] [stdout] stack backtrace:
[INFO] [stdout]    0:     0x5fc5c8de7481 - <<std[617be2ca0a6fd877]::sys::backtrace::BacktraceLock>::print::DisplayBacktrace as core[a373ad73a504971]::fmt::Display>::fmt
[INFO] [stdout]    1:     0x5fc5c8dfe45a - core[a373ad73a504971]::fmt::write
[INFO] [stdout]    2:     0x5fc5c8debfcc - <alloc[2e1b2a31b91974c5]::vec::Vec<u8> as core[a373ad73a504971]::io::write::Write>::write_fmt
[INFO] [stdout]    3:     0x5fc5c8dc10e6 - std[617be2ca0a6fd877]::panicking::default_hook::{closure#0}
[INFO] [stdout]    4:     0x5fc5c8dde9d9 - std[617be2ca0a6fd877]::panicking::default_hook
[INFO] [stdout]    5:     0x5fc5c8c8ebd0 - test[aada8e7e76ba119b]::test_main_inner::{closure#0}
[INFO] [stdout]    6:     0x5fc5c8ddeb92 - std[617be2ca0a6fd877]::panicking::panic_with_hook
[INFO] [stdout]    7:     0x5fc5c8dc1192 - std[617be2ca0a6fd877]::panicking::panic_handler::{closure#0}
[INFO] [stdout]    8:     0x5fc5c8db9549 - std[617be2ca0a6fd877]::sys::backtrace::__rust_end_short_backtrace::<std[617be2ca0a6fd877]::panicking::panic_handler::{closure#0}, !>
[INFO] [stdout]    9:     0x5fc5c8dc1f2d - __rustc[ea4f61d10b84890b]::rust_begin_unwind
[INFO] [stdout]   10:     0x5fc5c8dfec3c - core[a373ad73a504971]::panicking::panic_fmt
[INFO] [stdout]   11:     0x5fc5c8dfea12 - core[a373ad73a504971]::result::unwrap_failed
[INFO] [stdout]   12:     0x5fc5c8c05935 - <feedme[c76de5780dbccb4d]::tests::test_input_source_with_io_error_during_read::{closure#0} as core[a373ad73a504971]::ops::function::FnOnce<()>>::call_once
[INFO] [stdout]   13:     0x5fc5c8c8201b - test[aada8e7e76ba119b]::__rust_begin_short_backtrace::<core[a373ad73a504971]::result::Result<(), alloc[2e1b2a31b91974c5]::string::String>, fn() -> core[a373ad73a504971]::result::Result<(), alloc[2e1b2a31b91974c5]::string::String>>
[INFO] [stdout]   14:     0x5fc5c8c8f1f5 - test[aada8e7e76ba119b]::run_test::{closure#0}
[INFO] [stdout]   15:     0x5fc5c8c88ae4 - std[617be2ca0a6fd877]::sys::backtrace::__rust_begin_short_backtrace::<test[aada8e7e76ba119b]::run_test::{closure#1}, ()>
[INFO] [stdout]   16:     0x5fc5c8c92282 - <std[617be2ca0a6fd877]::thread::lifecycle::spawn_unchecked<test[aada8e7e76ba119b]::run_test::{closure#1}, ()>::{closure#1} as core[a373ad73a504971]::ops::function::FnOnce<()>>::call_once::{shim:vtable#0}
[INFO] [stdout]   17:     0x5fc5c8de679f - <std[617be2ca0a6fd877]::sys::thread::unix::Thread>::new::thread_start
[INFO] [stdout]   18:     0x71f7e9c4adfa - <unknown>
[INFO] [stdout]   19:     0x71f7e9cde3d4 - clone
[INFO] [stdout]   20:                0x0 - <unknown>
[INFO] [stdout] 
[INFO] [stdout] 
[INFO] [stdout] failures:
[INFO] [stdout]     tests::test_deadletter_attribution
[INFO] [stdout]     tests::test_deadletter_serialization_error
[INFO] [stdout]     tests::test_deadletter_stage
[INFO] [stdout]     tests::test_file_output_serialization_error
[INFO] [stdout]     tests::test_file_output_stage
[INFO] [stdout]     tests::test_input_source_directory
[INFO] [stdout]     tests::test_input_source_file
[INFO] [stdout]     tests::test_input_source_file_parse_error
[INFO] [stdout]     tests::test_input_source_file_with_deadletter
[INFO] [stdout]     tests::test_input_source_with_io_error_during_read
[INFO] [stdout] 
[INFO] [stdout] test result: FAILED. 150 passed; 10 failed; 0 ignored; 0 measured; 0 filtered out; finished in 0.03s
[INFO] [stdout] 
[INFO] running `Command { std: "docker" "inspect" "d274ce09680a2b220449fa8d6db78edec7ffd900db2276dd36f0271829bc9110", kill_on_drop: false }`
[INFO] running `Command { std: "docker" "rm" "-f" "d274ce09680a2b220449fa8d6db78edec7ffd900db2276dd36f0271829bc9110", kill_on_drop: false }`
[INFO] [stdout] d274ce09680a2b220449fa8d6db78edec7ffd900db2276dd36f0271829bc9110
