[INFO] fetching crate federated-settlement 0.1.0...
[INFO] testing federated-settlement-0.1.0 against 1.100.0-beta.1+cargoflags=--release for beta-release-1.100-2
[INFO] extracting crate federated-settlement 0.1.0 into /workspace/builds/worker-5-tc2/source
[INFO] started tweaking crates.io crate federated-settlement 0.1.0
[INFO] removed 0 missing tests
[INFO] finished tweaking crates.io crate federated-settlement 0.1.0
[INFO] tweaked toml for crates.io crate federated-settlement 0.1.0 written to /workspace/builds/worker-5-tc2/source/Cargo.toml
[INFO] validating manifest of crates.io crate federated-settlement 0.1.0 on toolchain 1.100.0-beta.1
[INFO] running `Command { std: CARGO_HOME="/workspace/cargo-home" RUSTUP_HOME="/workspace/rustup-home" "/workspace/cargo-home/bin/cargo" "+1.100.0-beta.1" "metadata" "--manifest-path" "Cargo.toml" "--no-deps", kill_on_drop: false }`
[INFO] crate crates.io crate federated-settlement 0.1.0 already has a lockfile, it will not be regenerated
[INFO] running `Command { std: CARGO_HOME="/workspace/cargo-home" RUSTUP_HOME="/workspace/rustup-home" "/workspace/cargo-home/bin/cargo" "+1.100.0-beta.1" "fetch" "--manifest-path" "Cargo.toml", kill_on_drop: false }`
[INFO] running `Command { std: "docker" "create" "-v" "/var/lib/crater-agent-workspace/builds/worker-5-tc2/source:/opt/rustwide/workdir:ro,Z" "-v" "/var/lib/crater-agent-workspace/builds/worker-5-tc2/target:/opt/rustwide/target:rw,Z" "-v" "/var/lib/crater-agent-workspace/cargo-home:/opt/rustwide/cargo-home:ro,Z" "-v" "/var/lib/crater-agent-workspace/rustup-home:/opt/rustwide/rustup-home:ro,Z" "-m" "1610612736" "--network" "none" "ghcr.io/rust-lang/crates-build-env/linux@sha256:77db811e55d90add9212f6832c23229e3de5f1c1f9905e8cb07319ea15df73ac" "sleep" "infinity", kill_on_drop: false }`
[INFO] [stdout] c72d41095b979892a00e911c7d97c9f9c3f446bcbb8ba1218fd7471735e72ca5
[INFO] running `Command { std: "docker" "start" "c72d41095b979892a00e911c7d97c9f9c3f446bcbb8ba1218fd7471735e72ca5", kill_on_drop: false }`
[INFO] running `Command { std: "docker" "inspect" "c72d41095b979892a00e911c7d97c9f9c3f446bcbb8ba1218fd7471735e72ca5", kill_on_drop: false }`
[INFO] running `Command { std: "docker" "exec" "-e" "SOURCE_DIR=/opt/rustwide/workdir" "-e" "CARGO_HOME=/opt/rustwide/cargo-home" "-e" "RUSTUP_HOME=/opt/rustwide/rustup-home" "-e" "CARGO_TARGET_DIR=/opt/rustwide/target" "-w" "/opt/rustwide/workdir" "--user" "0:0" "c72d41095b979892a00e911c7d97c9f9c3f446bcbb8ba1218fd7471735e72ca5" "/opt/rustwide/cargo-home/bin/cargo" "+1.100.0-beta.1" "metadata" "--no-deps" "--format-version=1", kill_on_drop: false }`
[INFO] running `Command { std: "docker" "inspect" "c72d41095b979892a00e911c7d97c9f9c3f446bcbb8ba1218fd7471735e72ca5", kill_on_drop: false }`
[INFO] running `Command { std: "docker" "exec" "-e" "SOURCE_DIR=/opt/rustwide/workdir" "-e" "CARGO_HOME=/opt/rustwide/cargo-home" "-e" "RUSTUP_HOME=/opt/rustwide/rustup-home" "-e" "CARGO_TARGET_DIR=/opt/rustwide/target" "-e" "CARGO_INCREMENTAL=0" "-e" "RUST_BACKTRACE=full" "-e" "RUSTFLAGS=--cap-lints=warn" "-e" "RUSTDOCFLAGS=--cap-lints=warn" "-w" "/opt/rustwide/workdir" "--user" "0:0" "c72d41095b979892a00e911c7d97c9f9c3f446bcbb8ba1218fd7471735e72ca5" "/opt/rustwide/cargo-home/bin/cargo" "+1.100.0-beta.1" "build" "--frozen" "--message-format=json" "--release", kill_on_drop: false }`
[INFO] [stderr]    Compiling libc v0.2.183
[INFO] [stderr]    Compiling schemars v0.8.22
[INFO] [stderr]    Compiling cc v1.2.56
[INFO] [stderr]    Compiling syn v2.0.117
[INFO] [stderr]    Compiling blake3 v1.8.5
[INFO] [stderr]    Compiling getrandom v0.4.2
[INFO] [stderr]    Compiling uuid v1.22.0
[INFO] [stderr]    Compiling serde_derive_internals v0.29.1
[INFO] [stderr]    Compiling serde_derive v1.0.228
[INFO] [stderr]    Compiling schemars_derive v0.8.22
[INFO] [stderr]    Compiling serde v1.0.228
[INFO] [stderr]    Compiling chrono v0.4.44
[INFO] [stderr]    Compiling stack-ids v0.1.1
[INFO] [stderr]    Compiling federated-settlement v0.1.0 (/opt/rustwide/workdir)
[INFO] [stderr]     Finished `release` profile [optimized] target(s) in 21.11s
[INFO] running `Command { std: "docker" "inspect" "c72d41095b979892a00e911c7d97c9f9c3f446bcbb8ba1218fd7471735e72ca5", kill_on_drop: false }`
[INFO] running `Command { std: "docker" "exec" "-e" "SOURCE_DIR=/opt/rustwide/workdir" "-e" "CARGO_HOME=/opt/rustwide/cargo-home" "-e" "RUSTUP_HOME=/opt/rustwide/rustup-home" "-e" "CARGO_TARGET_DIR=/opt/rustwide/target" "-e" "CARGO_INCREMENTAL=0" "-e" "RUST_BACKTRACE=full" "-e" "RUSTFLAGS=--cap-lints=warn" "-e" "RUSTDOCFLAGS=--cap-lints=warn" "-w" "/opt/rustwide/workdir" "--user" "0:0" "c72d41095b979892a00e911c7d97c9f9c3f446bcbb8ba1218fd7471735e72ca5" "/opt/rustwide/cargo-home/bin/cargo" "+1.100.0-beta.1" "test" "--frozen" "--no-run" "--message-format=json" "--release", kill_on_drop: false }`
[INFO] [stderr]    Compiling federated-settlement v0.1.0 (/opt/rustwide/workdir)
[INFO] [stderr]     Finished `release` profile [optimized] target(s) in 3.90s
[INFO] running `Command { std: "docker" "inspect" "c72d41095b979892a00e911c7d97c9f9c3f446bcbb8ba1218fd7471735e72ca5", kill_on_drop: false }`
[INFO] running `Command { std: "docker" "exec" "-e" "SOURCE_DIR=/opt/rustwide/workdir" "-e" "CARGO_HOME=/opt/rustwide/cargo-home" "-e" "RUSTUP_HOME=/opt/rustwide/rustup-home" "-e" "CARGO_TARGET_DIR=/opt/rustwide/target" "-e" "CARGO_INCREMENTAL=0" "-e" "RUST_BACKTRACE=full" "-e" "RUSTFLAGS=--cap-lints=warn" "-e" "RUSTDOCFLAGS=--cap-lints=warn" "-w" "/opt/rustwide/workdir" "--user" "0:0" "c72d41095b979892a00e911c7d97c9f9c3f446bcbb8ba1218fd7471735e72ca5" "/opt/rustwide/cargo-home/bin/cargo" "+1.100.0-beta.1" "test" "--frozen" "--release", kill_on_drop: false }`
[INFO] [stderr]     Finished `release` profile [optimized] target(s) in 0.07s
[INFO] [stderr]      Running unittests src/lib.rs (/opt/rustwide/target/release/build/federated-settlement/801edb1d1d5a3490/out/federated_settlement-801edb1d1d5a3490)
[INFO] [stdout] 
[INFO] [stdout] running 0 tests
[INFO] [stdout] 
[INFO] [stdout] test result: ok. 0 passed; 0 failed; 0 ignored; 0 measured; 0 filtered out; finished in 0.00s
[INFO] [stdout] 
[INFO] [stderr]      Running tests/divergence_and_suspension_slice.rs (/opt/rustwide/target/release/build/federated-settlement/01198ea69da3190e/out/divergence_and_suspension_slice-01198ea69da3190e)
[INFO] [stdout] 
[INFO] [stdout] running 2 tests
[INFO] [stdout] test divergence_report_keeps_blocking_runtime_and_local_dissent_visible ... FAILED
[INFO] [stdout] test treaty_suspension_demands_resumption_requirements ... FAILED
[INFO] [stdout] 
[INFO] [stdout] failures:
[INFO] [stdout] 
[INFO] [stdout] ---- divergence_report_keeps_blocking_runtime_and_local_dissent_visible stdout ----
[INFO] [stdout] 
[INFO] [stdout] thread 'divergence_report_keeps_blocking_runtime_and_local_dissent_visible' (676) panicked at tests/divergence_and_suspension_slice.rs:18:57:
[INFO] [stdout] called `Result::unwrap()` on an `Err` value: Os { code: 2, kind: NotFound, message: "No such file or directory" }
[INFO] [stdout] stack backtrace:
[INFO] [stdout]    0:     0x6195c567b8e1 - <<std[617be2ca0a6fd877]::sys::backtrace::BacktraceLock>::print::DisplayBacktrace as core[a373ad73a504971]::fmt::Display>::fmt
[INFO] [stdout]    1:     0x6195c568ff4a - core[a373ad73a504971]::fmt::write
[INFO] [stdout]    2:     0x6195c567fafc - <alloc[2e1b2a31b91974c5]::vec::Vec<u8> as core[a373ad73a504971]::io::write::Write>::write_fmt
[INFO] [stdout]    3:     0x6195c56579e6 - std[617be2ca0a6fd877]::panicking::default_hook::{closure#0}
[INFO] [stdout]    4:     0x6195c5673c19 - std[617be2ca0a6fd877]::panicking::default_hook
[INFO] [stdout]    5:     0x6195c56098b0 - test[aada8e7e76ba119b]::test_main_inner::{closure#0}
[INFO] [stdout]    6:     0x6195c5673dd2 - std[617be2ca0a6fd877]::panicking::panic_with_hook
[INFO] [stdout]    7:     0x6195c5657a92 - std[617be2ca0a6fd877]::panicking::panic_handler::{closure#0}
[INFO] [stdout]    8:     0x6195c5650619 - std[617be2ca0a6fd877]::sys::backtrace::__rust_end_short_backtrace::<std[617be2ca0a6fd877]::panicking::panic_handler::{closure#0}, !>
[INFO] [stdout]    9:     0x6195c565869d - __rustc[ea4f61d10b84890b]::rust_begin_unwind
[INFO] [stdout]   10:     0x6195c569067c - core[a373ad73a504971]::panicking::panic_fmt
[INFO] [stdout]   11:     0x6195c5690452 - core[a373ad73a504971]::result::unwrap_failed
[INFO] [stdout]   12:     0x6195c55fbe0e - divergence_and_suspension_slice[392c3aee24a22960]::load_fixture
[INFO] [stdout]   13:     0x6195c55fca26 - <divergence_and_suspension_slice[392c3aee24a22960]::divergence_report_keeps_blocking_runtime_and_local_dissent_visible::{closure#0} as core[a373ad73a504971]::ops::function::FnOnce<()>>::call_once
[INFO] [stdout]   14:     0x6195c55fccfb - test[aada8e7e76ba119b]::__rust_begin_short_backtrace::<core[a373ad73a504971]::result::Result<(), alloc[2e1b2a31b91974c5]::string::String>, fn() -> core[a373ad73a504971]::result::Result<(), alloc[2e1b2a31b91974c5]::string::String>>
[INFO] [stdout]   15:     0x6195c5609ed5 - test[aada8e7e76ba119b]::run_test::{closure#0}
[INFO] [stdout]   16:     0x6195c56037c4 - std[617be2ca0a6fd877]::sys::backtrace::__rust_begin_short_backtrace::<test[aada8e7e76ba119b]::run_test::{closure#1}, ()>
[INFO] [stdout]   17:     0x6195c560cf62 - <std[617be2ca0a6fd877]::thread::lifecycle::spawn_unchecked<test[aada8e7e76ba119b]::run_test::{closure#1}, ()>::{closure#1} as core[a373ad73a504971]::ops::function::FnOnce<()>>::call_once::{shim:vtable#0}
[INFO] [stdout]   18:     0x6195c567addf - <std[617be2ca0a6fd877]::sys::thread::unix::Thread>::new::thread_start
[INFO] [stdout]   19:     0x7a50499bcdfa - <unknown>
[INFO] [stdout]   20:     0x7a5049a503d4 - clone
[INFO] [stdout]   21:                0x0 - <unknown>
[INFO] [stdout] 
[INFO] [stdout] ---- treaty_suspension_demands_resumption_requirements stdout ----
[INFO] [stdout] 
[INFO] [stdout] thread 'treaty_suspension_demands_resumption_requirements' (677) panicked at tests/divergence_and_suspension_slice.rs:18:57:
[INFO] [stdout] called `Result::unwrap()` on an `Err` value: Os { code: 2, kind: NotFound, message: "No such file or directory" }
[INFO] [stdout] stack backtrace:
[INFO] [stdout]    0:     0x6195c567b8e1 - <<std[617be2ca0a6fd877]::sys::backtrace::BacktraceLock>::print::DisplayBacktrace as core[a373ad73a504971]::fmt::Display>::fmt
[INFO] [stdout]    1:     0x6195c568ff4a - core[a373ad73a504971]::fmt::write
[INFO] [stdout]    2:     0x6195c567fafc - <alloc[2e1b2a31b91974c5]::vec::Vec<u8> as core[a373ad73a504971]::io::write::Write>::write_fmt
[INFO] [stdout]    3:     0x6195c56579e6 - std[617be2ca0a6fd877]::panicking::default_hook::{closure#0}
[INFO] [stdout]    4:     0x6195c5673c19 - std[617be2ca0a6fd877]::panicking::default_hook
[INFO] [stdout]    5:     0x6195c56098b0 - test[aada8e7e76ba119b]::test_main_inner::{closure#0}
[INFO] [stdout]    6:     0x6195c5673dd2 - std[617be2ca0a6fd877]::panicking::panic_with_hook
[INFO] [stdout]    7:     0x6195c5657a92 - std[617be2ca0a6fd877]::panicking::panic_handler::{closure#0}
[INFO] [stdout]    8:     0x6195c5650619 - std[617be2ca0a6fd877]::sys::backtrace::__rust_end_short_backtrace::<std[617be2ca0a6fd877]::panicking::panic_handler::{closure#0}, !>
[INFO] [stdout]    9:     0x6195c565869d - __rustc[ea4f61d10b84890b]::rust_begin_unwind
[INFO] [stdout]   10:     0x6195c569067c - core[a373ad73a504971]::panicking::panic_fmt
[INFO] [stdout]   11:     0x6195c5690452 - core[a373ad73a504971]::result::unwrap_failed
[INFO] [stdout]   12:     0x6195c55fbe0e - divergence_and_suspension_slice[392c3aee24a22960]::load_fixture
[INFO] [stdout]   13:     0x6195c55fc874 - <divergence_and_suspension_slice[392c3aee24a22960]::treaty_suspension_demands_resumption_requirements::{closure#0} as core[a373ad73a504971]::ops::function::FnOnce<()>>::call_once
[INFO] [stdout]   14:     0x6195c55fccfb - test[aada8e7e76ba119b]::__rust_begin_short_backtrace::<core[a373ad73a504971]::result::Result<(), alloc[2e1b2a31b91974c5]::string::String>, fn() -> core[a373ad73a504971]::result::Result<(), alloc[2e1b2a31b91974c5]::string::String>>
[INFO] [stdout]   15:     0x6195c5609ed5 - test[aada8e7e76ba119b]::run_test::{closure#0}
[INFO] [stdout]   16:     0x6195c56037c4 - std[617be2ca0a6fd877]::sys::backtrace::__rust_begin_short_backtrace::<test[aada8e7e76ba119b]::run_test::{closure#1}, ()>
[INFO] [stdout]   17:     0x6195c560cf62 - <std[617be2ca0a6fd877]::thread::lifecycle::spawn_unchecked<test[aada8e7e76ba119b]::run_test::{closure#1}, ()>::{closure#1} as core[a373ad73a504971]::ops::function::FnOnce<()>>::call_once::{shim:vtable#0}
[INFO] [stdout]   18:     0x6195c567addf - <std[617be2ca0a6fd877]::sys::thread::unix::Thread>::new::thread_start
[INFO] [stdout]   19:     0x7a50499bcdfa - <unknown>
[INFO] [stdout]   20:     0x7a5049a503d4 - clone
[INFO] [stdout]   21:                0x0 - <unknown>
[INFO] [stdout] 
[INFO] [stdout] 
[INFO] [stdout] failures:
[INFO] [stdout]     divergence_report_keeps_blocking_runtime_and_local_dissent_visible
[INFO] [stdout]     treaty_suspension_demands_resumption_requirements
[INFO] [stdout] 
[INFO] [stdout] test result: FAILED. 0 passed; 2 failed; 0 ignored; 0 measured; 0 filtered out; finished in 0.01s
[INFO] [stdout] 
[INFO] [stderr] error: test failed, to rerun pass `--test divergence_and_suspension_slice`
[INFO] running `Command { std: "docker" "inspect" "c72d41095b979892a00e911c7d97c9f9c3f446bcbb8ba1218fd7471735e72ca5", kill_on_drop: false }`
[INFO] running `Command { std: "docker" "rm" "-f" "c72d41095b979892a00e911c7d97c9f9c3f446bcbb8ba1218fd7471735e72ca5", kill_on_drop: false }`
[INFO] [stdout] c72d41095b979892a00e911c7d97c9f9c3f446bcbb8ba1218fd7471735e72ca5
