[INFO] fetching crate feagi-state-manager 0.0.43...
[INFO] testing feagi-state-manager-0.0.43 against 1.99.0-beta.8+cargoflags=--release for beta-release-1.100-2
[INFO] extracting crate feagi-state-manager 0.0.43 into /workspace/builds/worker-6-tc1/source
[INFO] started tweaking crates.io crate feagi-state-manager 0.0.43
[INFO] finished tweaking crates.io crate feagi-state-manager 0.0.43
[INFO] tweaked toml for crates.io crate feagi-state-manager 0.0.43 written to /workspace/builds/worker-6-tc1/source/Cargo.toml
[INFO] validating manifest of crates.io crate feagi-state-manager 0.0.43 on toolchain 1.99.0-beta.8
[INFO] running `Command { std: CARGO_HOME="/workspace/cargo-home" RUSTUP_HOME="/workspace/rustup-home" "/workspace/cargo-home/bin/cargo" "+1.99.0-beta.8" "metadata" "--manifest-path" "Cargo.toml" "--no-deps", kill_on_drop: false }`
[INFO] crate crates.io crate feagi-state-manager 0.0.43 already has a lockfile, it will not be regenerated
[INFO] running `Command { std: CARGO_HOME="/workspace/cargo-home" RUSTUP_HOME="/workspace/rustup-home" "/workspace/cargo-home/bin/cargo" "+1.99.0-beta.8" "fetch" "--manifest-path" "Cargo.toml", kill_on_drop: false }`
[INFO] [stderr]  Downloading crates ...
[INFO] [stderr]   Downloaded heapless v0.8.0
[INFO] running `Command { std: "docker" "create" "-v" "/var/lib/crater-agent-workspace/builds/worker-6-tc1/source:/opt/rustwide/workdir:ro,Z" "-v" "/var/lib/crater-agent-workspace/builds/worker-6-tc1/target:/opt/rustwide/target:rw,Z" "-v" "/var/lib/crater-agent-workspace/cargo-home:/opt/rustwide/cargo-home:ro,Z" "-v" "/var/lib/crater-agent-workspace/rustup-home:/opt/rustwide/rustup-home:ro,Z" "-m" "1610612736" "--network" "none" "ghcr.io/rust-lang/crates-build-env/linux@sha256:77db811e55d90add9212f6832c23229e3de5f1c1f9905e8cb07319ea15df73ac" "sleep" "infinity", kill_on_drop: false }`
[INFO] [stdout] 6d0fe14199b2663e814e397203b316ea846db82a3086b9940cbd220e5076fb9f
[INFO] running `Command { std: "docker" "start" "6d0fe14199b2663e814e397203b316ea846db82a3086b9940cbd220e5076fb9f", kill_on_drop: false }`
[INFO] running `Command { std: "docker" "inspect" "6d0fe14199b2663e814e397203b316ea846db82a3086b9940cbd220e5076fb9f", kill_on_drop: false }`
[INFO] running `Command { std: "docker" "exec" "-e" "SOURCE_DIR=/opt/rustwide/workdir" "-e" "CARGO_HOME=/opt/rustwide/cargo-home" "-e" "RUSTUP_HOME=/opt/rustwide/rustup-home" "-e" "CARGO_TARGET_DIR=/opt/rustwide/target" "-w" "/opt/rustwide/workdir" "--user" "0:0" "6d0fe14199b2663e814e397203b316ea846db82a3086b9940cbd220e5076fb9f" "/opt/rustwide/cargo-home/bin/cargo" "+1.99.0-beta.8" "metadata" "--no-deps" "--format-version=1", kill_on_drop: false }`
[INFO] running `Command { std: "docker" "inspect" "6d0fe14199b2663e814e397203b316ea846db82a3086b9940cbd220e5076fb9f", kill_on_drop: false }`
[INFO] running `Command { std: "docker" "exec" "-e" "SOURCE_DIR=/opt/rustwide/workdir" "-e" "CARGO_HOME=/opt/rustwide/cargo-home" "-e" "RUSTUP_HOME=/opt/rustwide/rustup-home" "-e" "CARGO_TARGET_DIR=/opt/rustwide/target" "-e" "CARGO_INCREMENTAL=0" "-e" "RUST_BACKTRACE=full" "-e" "RUSTFLAGS=--cap-lints=warn" "-e" "RUSTDOCFLAGS=--cap-lints=warn" "-w" "/opt/rustwide/workdir" "--user" "0:0" "6d0fe14199b2663e814e397203b316ea846db82a3086b9940cbd220e5076fb9f" "/opt/rustwide/cargo-home/bin/cargo" "+1.99.0-beta.8" "build" "--frozen" "--message-format=json" "--release", kill_on_drop: false }`
[INFO] [stderr]    Compiling proc-macro2 v1.0.106
[INFO] [stderr]    Compiling quote v1.0.45
[INFO] [stderr]    Compiling crunchy v0.2.4
[INFO] [stderr]    Compiling libc v0.2.184
[INFO] [stderr]    Compiling tiny-keccak v2.0.2
[INFO] [stderr]    Compiling once_cell v1.21.4
[INFO] [stderr]    Compiling ahash v0.8.12
[INFO] [stderr]    Compiling atomic-polyfill v1.0.3
[INFO] [stderr]    Compiling crossbeam-deque v0.8.6
[INFO] [stderr]    Compiling zerocopy v0.8.48
[INFO] [stderr]    Compiling crossbeam-queue v0.3.12
[INFO] [stderr]    Compiling crossbeam-channel v0.5.15
[INFO] [stderr]    Compiling parking_lot_core v0.9.12
[INFO] [stderr]    Compiling memmap2 v0.9.10
[INFO] [stderr]    Compiling parking_lot v0.12.5
[INFO] [stderr]    Compiling crossbeam v0.8.4
[INFO] [stderr]    Compiling syn v2.0.117
[INFO] [stderr]    Compiling getrandom v0.2.17
[INFO] [stderr]    Compiling const-random-macro v0.1.16
[INFO] [stderr]    Compiling const-random v0.1.18
[INFO] [stderr]    Compiling serde_derive v1.0.228
[INFO] [stderr]    Compiling serde v1.0.228
[INFO] [stderr]    Compiling bincode v1.3.3
[INFO] [stderr]    Compiling feagi-state-manager v0.0.43 (/opt/rustwide/workdir)
[INFO] [stderr]     Finished `release` profile [optimized] target(s) in 13.26s
[INFO] running `Command { std: "docker" "inspect" "6d0fe14199b2663e814e397203b316ea846db82a3086b9940cbd220e5076fb9f", kill_on_drop: false }`
[INFO] running `Command { std: "docker" "exec" "-e" "SOURCE_DIR=/opt/rustwide/workdir" "-e" "CARGO_HOME=/opt/rustwide/cargo-home" "-e" "RUSTUP_HOME=/opt/rustwide/rustup-home" "-e" "CARGO_TARGET_DIR=/opt/rustwide/target" "-e" "CARGO_INCREMENTAL=0" "-e" "RUST_BACKTRACE=full" "-e" "RUSTFLAGS=--cap-lints=warn" "-e" "RUSTDOCFLAGS=--cap-lints=warn" "-w" "/opt/rustwide/workdir" "--user" "0:0" "6d0fe14199b2663e814e397203b316ea846db82a3086b9940cbd220e5076fb9f" "/opt/rustwide/cargo-home/bin/cargo" "+1.99.0-beta.8" "test" "--frozen" "--no-run" "--message-format=json" "--release", kill_on_drop: false }`
[INFO] [stderr]    Compiling feagi-state-manager v0.0.43 (/opt/rustwide/workdir)
[INFO] [stderr]     Finished `release` profile [optimized] target(s) in 1.48s
[INFO] running `Command { std: "docker" "inspect" "6d0fe14199b2663e814e397203b316ea846db82a3086b9940cbd220e5076fb9f", kill_on_drop: false }`
[INFO] running `Command { std: "docker" "exec" "-e" "SOURCE_DIR=/opt/rustwide/workdir" "-e" "CARGO_HOME=/opt/rustwide/cargo-home" "-e" "RUSTUP_HOME=/opt/rustwide/rustup-home" "-e" "CARGO_TARGET_DIR=/opt/rustwide/target" "-e" "CARGO_INCREMENTAL=0" "-e" "RUST_BACKTRACE=full" "-e" "RUSTFLAGS=--cap-lints=warn" "-e" "RUSTDOCFLAGS=--cap-lints=warn" "-w" "/opt/rustwide/workdir" "--user" "0:0" "6d0fe14199b2663e814e397203b316ea846db82a3086b9940cbd220e5076fb9f" "/opt/rustwide/cargo-home/bin/cargo" "+1.99.0-beta.8" "test" "--frozen" "--release", kill_on_drop: false }`
[INFO] [stderr]     Finished `release` profile [optimized] target(s) in 0.09s
[INFO] [stderr]      Running unittests src/lib.rs (/opt/rustwide/target/release/deps/feagi_state_manager-28960294c922052c)
[INFO] [stdout] 
[INFO] [stdout] running 34 tests
[INFO] [stdout] test agent_registry::tests::test_agent_registry_deregister ... ok
[INFO] [stdout] test core_state::tests::test_agent_count ... ok
[INFO] [stdout] test core_state::tests::test_brain_readiness ... ok
[INFO] [stdout] test agent_registry::tests::test_agent_registry_get ... ok
[INFO] [stdout] test agent_registry::tests::test_agent_registry_get_all ... ok
[INFO] [stdout] test agent_registry::tests::test_agent_registry_duplicate ... ok
[INFO] [stdout] test agent_registry::tests::test_agent_registry_register ... ok
[INFO] [stdout] test core_state::tests::test_burst_engine_state ... ok
[INFO] [stdout] test core_state::tests::test_statistics ... ok
[INFO] [stdout] test core_state::tests::test_fatigue_index_clamping ... ok
[INFO] [stdout] test cortical_locks::tests::test_lock_unlock ... ok
[INFO] [stdout] test core_state::tests::test_subtract_underflow_saturates ... ok
[INFO] [stdout] test core_state::tests::test_fatigue_utilization ... ok
[INFO] [stdout] test core_state::tests::test_genome_validity_tri_state ... ok
[INFO] [stdout] test core_state::tests::test_version_increment ... ok
[INFO] [stdout] test cortical_locks::tests::test_duplicate_lock ... ok
[INFO] [stdout] test fcl_cache::tests::test_set_and_get ... ok
[INFO] [stdout] test core_state::tests::test_state_alignment ... ok
[INFO] [stdout] test core_state::tests::test_burst_frequency ... ok
[INFO] [stdout] test hash_state::tests::synaptic_plasticity_generation_advances_only_when_noted ... ok
[INFO] [stdout] test cortical_locks::tests::test_multiple_areas ... ok
[INFO] [stdout] test fcl_cache::tests::test_default_window_size ... ok
[INFO] [stdout] test core_state::tests::test_fatigue_state ... ok
[INFO] [stdout] test tests::test_state_manager_agent_registration ... ok
[INFO] [stdout] test core_state::tests::test_state_size ... ok
[INFO] [stdout] test core_state::tests::test_genome_state ... ok
[INFO] [stdout] test fcl_cache::tests::test_remove ... ok
[INFO] [stdout] test tests::test_state_manager_creation ... ok
[INFO] [stdout] test tests::test_state_manager_fcl_cache ... ok
[INFO] [stdout] test tests::test_state_manager_persistence ... ok
[INFO] [stdout] test tests::test_state_manager_state_transitions ... ok
[INFO] [stdout] test hash_state::tests::classifiers_hash_roundtrip ... ok
[INFO] [stdout] test persistence::tests::test_snapshot_roundtrip ... ok
[INFO] [stdout] test tests::test_state_manager_cortical_locks ... ok
[INFO] [stdout] 
[INFO] [stdout] test result: ok. 34 passed; 0 failed; 0 ignored; 0 measured; 0 filtered out; finished in 0.01s
[INFO] [stdout] 
[INFO] [stderr]    Doc-tests feagi_state_manager
[INFO] [stdout] 
[INFO] [stdout] running 2 tests
[INFO] [stdout] test src/lib.rs - (line 32) ... ignored
[INFO] [stdout] test src/lib.rs - StateManager::instance (line 645) ... FAILED
[INFO] [stdout] 
[INFO] [stdout] failures:
[INFO] [stdout] 
[INFO] [stdout] ---- src/lib.rs - StateManager::instance (line 645) stdout ----
[INFO] [stdout] error[E0599]: no method named `set_fatigue_index` found for struct `lock_api::rwlock::RwLockReadGuard<'_, parking_lot::raw_rwlock::RawRwLock, StateManager>` in the current scope
[INFO] [stdout]    --> src/lib.rs:651:9
[INFO] [stdout]     |
[INFO] [stdout] 651 | manager.set_fatigue_index(85);
[INFO] [stdout]     |         ^^^^^^^^^^^^^^^^^ method not found in `lock_api::rwlock::RwLockReadGuard<'_, parking_lot::raw_rwlock::RawRwLock, StateManager>`
[INFO] [stdout] 
[INFO] [stdout] error: aborting due to 1 previous error
[INFO] [stdout] 
[INFO] [stdout] For more information about this error, try `rustc --explain E0599`.
[INFO] [stdout] Couldn't compile the test.
[INFO] [stdout] 
[INFO] [stdout] failures:
[INFO] [stdout]     src/lib.rs - StateManager::instance (line 645)
[INFO] [stdout] 
[INFO] [stdout] test result: FAILED. 0 passed; 1 failed; 1 ignored; 0 measured; 0 filtered out; finished in 0.14s
[INFO] [stdout] 
[INFO] [stderr] error: doctest failed, to rerun pass `--doc`
[INFO] running `Command { std: "docker" "inspect" "6d0fe14199b2663e814e397203b316ea846db82a3086b9940cbd220e5076fb9f", kill_on_drop: false }`
[INFO] running `Command { std: "docker" "rm" "-f" "6d0fe14199b2663e814e397203b316ea846db82a3086b9940cbd220e5076fb9f", kill_on_drop: false }`
[INFO] [stdout] 6d0fe14199b2663e814e397203b316ea846db82a3086b9940cbd220e5076fb9f
