[INFO] fetching crate feagi-npu-neural 0.0.43...
[INFO] testing feagi-npu-neural-0.0.43 against 1.100.0-beta.1+cargoflags=--release for beta-release-1.100-2
[INFO] extracting crate feagi-npu-neural 0.0.43 into /workspace/builds/worker-7-tc2/source
[INFO] started tweaking crates.io crate feagi-npu-neural 0.0.43
[INFO] finished tweaking crates.io crate feagi-npu-neural 0.0.43
[INFO] tweaked toml for crates.io crate feagi-npu-neural 0.0.43 written to /workspace/builds/worker-7-tc2/source/Cargo.toml
[INFO] validating manifest of crates.io crate feagi-npu-neural 0.0.43 on toolchain 1.100.0-beta.1
[INFO] running `Command { std: CARGO_HOME="/workspace/cargo-home" RUSTUP_HOME="/workspace/rustup-home" "/workspace/cargo-home/bin/cargo" "+1.100.0-beta.1" "metadata" "--manifest-path" "Cargo.toml" "--no-deps", kill_on_drop: false }`
[INFO] crate crates.io crate feagi-npu-neural 0.0.43 already has a lockfile, it will not be regenerated
[INFO] running `Command { std: CARGO_HOME="/workspace/cargo-home" RUSTUP_HOME="/workspace/rustup-home" "/workspace/cargo-home/bin/cargo" "+1.100.0-beta.1" "fetch" "--manifest-path" "Cargo.toml", kill_on_drop: false }`
[INFO] running `Command { std: "docker" "create" "-v" "/var/lib/crater-agent-workspace/builds/worker-7-tc2/source:/opt/rustwide/workdir:ro,Z" "-v" "/var/lib/crater-agent-workspace/builds/worker-7-tc2/target:/opt/rustwide/target:rw,Z" "-v" "/var/lib/crater-agent-workspace/cargo-home:/opt/rustwide/cargo-home:ro,Z" "-v" "/var/lib/crater-agent-workspace/rustup-home:/opt/rustwide/rustup-home:ro,Z" "-m" "1610612736" "--network" "none" "ghcr.io/rust-lang/crates-build-env/linux@sha256:77db811e55d90add9212f6832c23229e3de5f1c1f9905e8cb07319ea15df73ac" "sleep" "infinity", kill_on_drop: false }`
[INFO] [stdout] df4459ebbe1cf119b98ea2e5557b0a041b6739c2e7f1253a1f0f35a593a15a70
[INFO] running `Command { std: "docker" "start" "df4459ebbe1cf119b98ea2e5557b0a041b6739c2e7f1253a1f0f35a593a15a70", kill_on_drop: false }`
[INFO] running `Command { std: "docker" "inspect" "df4459ebbe1cf119b98ea2e5557b0a041b6739c2e7f1253a1f0f35a593a15a70", kill_on_drop: false }`
[INFO] running `Command { std: "docker" "exec" "-e" "SOURCE_DIR=/opt/rustwide/workdir" "-e" "CARGO_HOME=/opt/rustwide/cargo-home" "-e" "RUSTUP_HOME=/opt/rustwide/rustup-home" "-e" "CARGO_TARGET_DIR=/opt/rustwide/target" "-w" "/opt/rustwide/workdir" "--user" "0:0" "df4459ebbe1cf119b98ea2e5557b0a041b6739c2e7f1253a1f0f35a593a15a70" "/opt/rustwide/cargo-home/bin/cargo" "+1.100.0-beta.1" "metadata" "--no-deps" "--format-version=1", kill_on_drop: false }`
[INFO] running `Command { std: "docker" "inspect" "df4459ebbe1cf119b98ea2e5557b0a041b6739c2e7f1253a1f0f35a593a15a70", kill_on_drop: false }`
[INFO] running `Command { std: "docker" "exec" "-e" "SOURCE_DIR=/opt/rustwide/workdir" "-e" "CARGO_HOME=/opt/rustwide/cargo-home" "-e" "RUSTUP_HOME=/opt/rustwide/rustup-home" "-e" "CARGO_TARGET_DIR=/opt/rustwide/target" "-e" "CARGO_INCREMENTAL=0" "-e" "RUST_BACKTRACE=full" "-e" "RUSTFLAGS=--cap-lints=warn" "-e" "RUSTDOCFLAGS=--cap-lints=warn" "-w" "/opt/rustwide/workdir" "--user" "0:0" "df4459ebbe1cf119b98ea2e5557b0a041b6739c2e7f1253a1f0f35a593a15a70" "/opt/rustwide/cargo-home/bin/cargo" "+1.100.0-beta.1" "build" "--frozen" "--message-format=json" "--release", kill_on_drop: false }`
[INFO] [stderr]    Compiling libc v0.2.184
[INFO] [stderr]    Compiling cfg-if v1.0.4
[INFO] [stderr]    Compiling once_cell v1.21.4
[INFO] [stderr]    Compiling ahash v0.8.12
[INFO] [stderr]    Compiling syn v2.0.117
[INFO] [stderr]    Compiling zerocopy v0.8.48
[INFO] [stderr]    Compiling zmij v1.0.21
[INFO] [stderr]    Compiling serde_json v1.0.149
[INFO] [stderr]    Compiling getrandom v0.2.17
[INFO] [stderr]    Compiling const-random-macro v0.1.16
[INFO] [stderr]    Compiling const-random v0.1.18
[INFO] [stderr]    Compiling serde_derive v1.0.228
[INFO] [stderr]    Compiling thiserror-impl v1.0.69
[INFO] [stderr]    Compiling thiserror v1.0.69
[INFO] [stderr]    Compiling serde v1.0.228
[INFO] [stderr]    Compiling feagi-npu-neural v0.0.43 (/opt/rustwide/workdir)
[INFO] [stderr] warning: unused dependency `serde_json`
[INFO] [stderr]   --> Cargo.toml:12:15
[INFO] [stderr]    |
[INFO] [stderr] 12 | [dependencies.serde_json]
[INFO] [stderr]    |               ^^^^^^^^^^^
[INFO] [stderr]    |
[INFO] [stderr]    = note: `cargo::unused_dependencies` is set to `warn` by default
[INFO] [stderr] help: consider removing the dependency on `serde_json`
[INFO] [stderr] warning: unused dependency `thiserror`
[INFO] [stderr]   --> Cargo.toml:16:15
[INFO] [stderr]    |
[INFO] [stderr] 16 | [dependencies.thiserror]
[INFO] [stderr]    |               ^^^^^^^^^^
[INFO] [stderr]    |
[INFO] [stderr] help: consider removing the dependency on `thiserror`
[INFO] [stderr] warning: `feagi-npu-neural` (manifest) generated 2 warnings
[INFO] [stderr]     Finished `release` profile [optimized] target(s) in 13.04s
[INFO] running `Command { std: "docker" "inspect" "df4459ebbe1cf119b98ea2e5557b0a041b6739c2e7f1253a1f0f35a593a15a70", kill_on_drop: false }`
[INFO] running `Command { std: "docker" "exec" "-e" "SOURCE_DIR=/opt/rustwide/workdir" "-e" "CARGO_HOME=/opt/rustwide/cargo-home" "-e" "RUSTUP_HOME=/opt/rustwide/rustup-home" "-e" "CARGO_TARGET_DIR=/opt/rustwide/target" "-e" "CARGO_INCREMENTAL=0" "-e" "RUST_BACKTRACE=full" "-e" "RUSTFLAGS=--cap-lints=warn" "-e" "RUSTDOCFLAGS=--cap-lints=warn" "-w" "/opt/rustwide/workdir" "--user" "0:0" "df4459ebbe1cf119b98ea2e5557b0a041b6739c2e7f1253a1f0f35a593a15a70" "/opt/rustwide/cargo-home/bin/cargo" "+1.100.0-beta.1" "test" "--frozen" "--no-run" "--message-format=json" "--release", kill_on_drop: false }`
[INFO] [stderr]    Compiling feagi-npu-neural v0.0.43 (/opt/rustwide/workdir)
[INFO] [stderr] warning: unused dependency `serde_json`
[INFO] [stderr]   --> Cargo.toml:12:15
[INFO] [stderr]    |
[INFO] [stderr] 12 | [dependencies.serde_json]
[INFO] [stderr]    |               ^^^^^^^^^^^
[INFO] [stderr]    |
[INFO] [stderr]    = note: `cargo::unused_dependencies` is set to `warn` by default
[INFO] [stderr] help: consider removing the dependency on `serde_json`
[INFO] [stderr] warning: unused dependency `thiserror`
[INFO] [stderr]   --> Cargo.toml:16:15
[INFO] [stderr]    |
[INFO] [stderr] 16 | [dependencies.thiserror]
[INFO] [stderr]    |               ^^^^^^^^^^
[INFO] [stderr]    |
[INFO] [stderr] help: consider removing the dependency on `thiserror`
[INFO] [stderr] warning: `feagi-npu-neural` (manifest) generated 2 warnings
[INFO] [stderr]     Finished `release` profile [optimized] target(s) in 2.89s
[INFO] running `Command { std: "docker" "inspect" "df4459ebbe1cf119b98ea2e5557b0a041b6739c2e7f1253a1f0f35a593a15a70", kill_on_drop: false }`
[INFO] running `Command { std: "docker" "exec" "-e" "SOURCE_DIR=/opt/rustwide/workdir" "-e" "CARGO_HOME=/opt/rustwide/cargo-home" "-e" "RUSTUP_HOME=/opt/rustwide/rustup-home" "-e" "CARGO_TARGET_DIR=/opt/rustwide/target" "-e" "CARGO_INCREMENTAL=0" "-e" "RUST_BACKTRACE=full" "-e" "RUSTFLAGS=--cap-lints=warn" "-e" "RUSTDOCFLAGS=--cap-lints=warn" "-w" "/opt/rustwide/workdir" "--user" "0:0" "df4459ebbe1cf119b98ea2e5557b0a041b6739c2e7f1253a1f0f35a593a15a70" "/opt/rustwide/cargo-home/bin/cargo" "+1.100.0-beta.1" "test" "--frozen" "--release", kill_on_drop: false }`
[INFO] [stderr] warning: unused dependency `serde_json`
[INFO] [stderr]   --> Cargo.toml:12:15
[INFO] [stderr]    |
[INFO] [stderr] 12 | [dependencies.serde_json]
[INFO] [stderr]    |               ^^^^^^^^^^^
[INFO] [stderr]    |
[INFO] [stderr]    = note: `cargo::unused_dependencies` is set to `warn` by default
[INFO] [stderr] help: consider removing the dependency on `serde_json`
[INFO] [stderr] warning: unused dependency `thiserror`
[INFO] [stderr]   --> Cargo.toml:16:15
[INFO] [stderr]    |
[INFO] [stderr] 16 | [dependencies.thiserror]
[INFO] [stderr]    |               ^^^^^^^^^^
[INFO] [stderr]    |
[INFO] [stderr] help: consider removing the dependency on `thiserror`
[INFO] [stderr] warning: `feagi-npu-neural` (manifest) generated 2 warnings
[INFO] [stderr]     Finished `release` profile [optimized] target(s) in 0.06s
[INFO] [stderr]      Running unittests src/lib.rs (/opt/rustwide/target/release/build/feagi-npu-neural/3d6acf4e3877d84b/out/feagi_npu_neural-3d6acf4e3877d84b)
[INFO] [stdout] 
[INFO] [stdout] running 55 tests
[INFO] [stdout] test dynamics::tests::test_int8_inhibition_reaches_the_membrane ... ok
[INFO] [stdout] test dynamics::tests::test_int8_sub_byte_psp_is_not_dropped ... ok
[INFO] [stdout] test dynamics::tests::test_int8_batch_update ... ok
[INFO] [stdout] test dynamics::tests::test_probabilistic_firing ... ok
[INFO] [stdout] test dynamics::tests::test_leak_decay ... ok
[INFO] [stdout] test firing::tests::test_apply_normal_refractory ... ok
[INFO] [stdout] test dynamics::tests::test_neuron_does_not_fire_below_threshold ... ok
[INFO] [stdout] test firing::tests::test_refractory_expires ... ok
[INFO] [stdout] test dynamics::tests::test_int8_neuron_fires_when_above_threshold ... ok
[INFO] [stdout] test dynamics::tests::test_should_fire_above_threshold ... ok
[INFO] [stdout] test dynamics::tests::test_int8_neuron_does_not_fire_below_threshold ... ok
[INFO] [stdout] test dynamics::tests::test_batch_update ... ok
[INFO] [stdout] test dynamics::tests::test_neuron_fires_when_above_threshold ... ok
[INFO] [stdout] test firing::tests::test_consecutive_limit ... ok
[INFO] [stdout] test synapse::contribution::tests::test_inhibitory_contribution ... ok
[INFO] [stdout] test models::lif::tests::test_lif_membrane_potential_update ... ok
[INFO] [stdout] test dynamics::tests::test_int8_leak_application ... ok
[INFO] [stdout] test firing::tests::test_apply_extended_refractory ... ok
[INFO] [stdout] test dynamics::tests::test_should_not_fire_below_threshold ... ok
[INFO] [stdout] test models::lif::tests::test_lif_firing_condition ... ok
[INFO] [stdout] test synapse::contribution::tests::test_batch_computation ... ok
[INFO] [stdout] test firing::tests::test_refractory_blocks ... ok
[INFO] [stdout] test synapse::weight::tests::test_apply_weight_change_clamp ... ok
[INFO] [stdout] test synapse::contribution::tests::test_excitatory_contribution ... ok
[INFO] [stdout] test synapse::weight::tests::test_weight_to_float ... ok
[INFO] [stdout] test types::connectome::tests::filter_to_cortical_idx_keeps_architecture_and_area_synapses ... ok
[INFO] [stdout] test types::connectome::tests::lite_snapshot_allows_empty_payload_when_genome_present ... ok
[INFO] [stdout] test types::connectome::tests::lite_snapshot_rejects_legacy_raw_id_encoding ... ok
[INFO] [stdout] test synapse::weight::tests::test_batch_apply ... ok
[INFO] [stdout] test synapse::weight::tests::test_float_to_weight ... ok
[INFO] [stdout] test types::connectome::tests::lite_snapshot_validation_requires_genome_json ... ok
[INFO] [stdout] test types::numeric::tests::byte_levels_round_trip ... ok
[INFO] [stdout] test types::numeric::tests::add_saturates_at_255 ... ok
[INFO] [stdout] test types::numeric::tests::threshold_inside_the_byte_range_compares_against_the_pixel ... ok
[INFO] [stdout] test types::numeric::tests::inhibition_lowers_the_byte ... ok
[INFO] [stdout] test types::numeric::tests::zero_is_level_zero_not_raw_zero ... ok
[INFO] [stdout] test types::numeric::tests::values_above_255_saturate_to_white ... ok
[INFO] [stdout] test utils::tests::test_excitability_random_changes_per_burst ... ok
[INFO] [stdout] test types::numeric::tests::sub_byte_charge_survives_beside_the_byte ... ok
[INFO] [stdout] test utils::tests::test_pcg_hash_deterministic ... ok
[INFO] [stdout] test utils::tests::test_pcg_hash_different ... ok
[INFO] [stdout] test synapse::contribution::tests::test_partial_psp ... ok
[INFO] [stdout] test utils::tests::test_pcg_hash_to_float_range ... ok
[INFO] [stdout] test synapse::contribution::tests::test_partial_weight ... ok
[INFO] [stdout] test types::connectome::tests::validate_accepts_used_length_below_npu_capacity ... ok
[INFO] [stdout] test utils::tests::test_excitability_random_different_neurons ... ok
[INFO] [stdout] test synapse::weight::tests::test_float_to_weight_clamp ... ok
[INFO] [stdout] test types::connectome::tests::retain_regular_and_ltm_synapses_drops_stm_keeps_plastic_weights ... ok
[INFO] [stdout] test types::connectome::tests::replace_cortical_idx_swaps_only_that_area ... ok
[INFO] [stdout] test types::connectome::tests::retain_replay_frames_keeps_ltm_drops_stm ... ok
[INFO] [stdout] test types::numeric::tests::add_onto_zero_preserves_the_byte ... ok
[INFO] [stdout] test models::lif::tests::test_lif_parameters_validation ... ok
[INFO] [stdout] test models::lif::tests::test_lif_synaptic_contribution ... ok
[INFO] [stdout] test models::traits::tests::test_trait_object_safety ... ok
[INFO] [stdout] test synapse::weight::tests::test_apply_weight_change ... ok
[INFO] [stdout] 
[INFO] [stderr]    Doc-tests feagi_npu_neural
[INFO] [stdout] test result: ok. 55 passed; 0 failed; 0 ignored; 0 measured; 0 filtered out; finished in 0.02s
[INFO] [stdout] 
[INFO] [stdout] 
[INFO] [stdout] running 11 tests
[INFO] [stdout] test src/models/traits.rs - models::traits::NeuronModel (line 29) ... ignored
[INFO] [stdout] test src/utils.rs - utils::pcg_hash_to_float (line 38) ... ok
[INFO] [stdout] test src/utils.rs - utils::pcg_hash (line 21) ... ok
[INFO] [stdout] test src/synapse/contribution.rs - synapse::contribution::compute_synaptic_contributions_batch (line 75) ... FAILED
[INFO] [stdout] test src/synapse/weight.rs - synapse::weight::apply_weight_change (line 62) ... ok
[INFO] [stdout] test src/utils.rs - utils::excitability_random (line 61) ... ok
[INFO] [stdout] test src/synapse/contribution.rs - synapse::contribution::compute_synaptic_contribution (line 43) ... ok
[INFO] [stdout] test src/dynamics.rs - dynamics::update_neuron_lif (line 47) ... ok
[INFO] [stdout] test src/dynamics.rs - dynamics::should_fire (line 115) ... ok
[INFO] [stdout] test src/synapse/weight.rs - synapse::weight::float_to_weight (line 35) ... FAILED
[INFO] [stdout] test src/synapse/weight.rs - synapse::weight::weight_to_float (line 18) ... ok
[INFO] [stdout] 
[INFO] [stdout] failures:
[INFO] [stdout] 
[INFO] [stdout] ---- src/synapse/contribution.rs - synapse::contribution::compute_synaptic_contributions_batch (line 75) stdout ----
[INFO] [stdout] error[E0308]: arguments to this function are incorrect
[INFO] [stdout]   --> src/synapse/contribution.rs:84:1
[INFO] [stdout]    |
[INFO] [stdout] 84 | compute_synaptic_contributions_batch(&weights, &psps, &types, &mut contributions);
[INFO] [stdout]    | ^^^^^^^^^^^^^^^^^^^^^^^^^^^^^^^^^^^^ --------  ----- expected `&[f32]`, found `&[{integer}; 3]`
[INFO] [stdout]    |                                      |
[INFO] [stdout]    |                                      expected `&[f32]`, found `&[{integer}; 3]`
[INFO] [stdout]    |
[INFO] [stdout]    = note: expected reference `&[f32]`
[INFO] [stdout]               found reference `&[{integer}; 3]`
[INFO] [stdout]    = note: expected reference `&[f32]`
[INFO] [stdout]               found reference `&[{integer}; 3]`
[INFO] [stdout] note: function defined here
[INFO] [stdout]   --> src/synapse/contribution.rs:90:8
[INFO] [stdout]    |
[INFO] [stdout] 90 | pub fn compute_synaptic_contributions_batch(
[INFO] [stdout]    |        ^^^^^^^^^^^^^^^^^^^^^^^^^^^^^^^^^^^^
[INFO] [stdout] 
[INFO] [stdout] error: aborting due to 1 previous error
[INFO] [stdout] 
[INFO] [stdout] For more information about this error, try `rustc --explain E0308`.
[INFO] [stdout] Couldn't compile the test.
[INFO] [stdout] ---- src/synapse/weight.rs - synapse::weight::float_to_weight (line 35) stdout ----
[INFO] [stdout] Test executable failed (exit status: 101).
[INFO] [stdout] 
[INFO] [stdout] stderr:
[INFO] [stdout] 
[INFO] [stdout] thread 'main' (749) panicked at src/synapse/weight.rs:9:1:
[INFO] [stdout] assertion `left == right` failed
[INFO] [stdout]   left: 127
[INFO] [stdout]  right: 128
[INFO] [stdout] stack backtrace:
[INFO] [stdout]    0:     0x6473fe7989b1 - std[617be2ca0a6fd877]::backtrace_rs::backtrace::libunwind::trace
[INFO] [stdout]                                at /rustc/e3feeb59cd1bdd011a2bfcc0747b55125d9b8527/library/std/src/../../backtrace/src/backtrace/libunwind.rs:117:9
[INFO] [stdout]    1:     0x6473fe7989b1 - std[617be2ca0a6fd877]::backtrace_rs::backtrace::trace_unsynchronized::<std[617be2ca0a6fd877]::sys::backtrace::_print_fmt::{closure#1}>
[INFO] [stdout]                                at /rustc/e3feeb59cd1bdd011a2bfcc0747b55125d9b8527/library/std/src/../../backtrace/src/backtrace/mod.rs:66:14
[INFO] [stdout]    2:     0x6473fe7989b1 - std[617be2ca0a6fd877]::sys::backtrace::_print_fmt
[INFO] [stdout]                                at /rustc/e3feeb59cd1bdd011a2bfcc0747b55125d9b8527/library/std/src/sys/backtrace.rs:74:9
[INFO] [stdout]    3:     0x6473fe7989b1 - <<std[617be2ca0a6fd877]::sys::backtrace::BacktraceLock>::print::DisplayBacktrace as core[a373ad73a504971]::fmt::Display>::fmt
[INFO] [stdout]                                at /rustc/e3feeb59cd1bdd011a2bfcc0747b55125d9b8527/library/std/src/sys/backtrace.rs:44:26
[INFO] [stdout]    4:     0x6473fe7aa0fa - <core[a373ad73a504971]::fmt::rt::Argument>::fmt
[INFO] [stdout]                                at /rustc/e3feeb59cd1bdd011a2bfcc0747b55125d9b8527/library/core/src/fmt/rt.rs:152:76
[INFO] [stdout]    5:     0x6473fe7aa0fa - core[a373ad73a504971]::fmt::write
[INFO] [stdout]    6:     0x6473fe79ba1c - core[a373ad73a504971]::io::write::default_write_fmt::<std[617be2ca0a6fd877]::sys::stdio::unix::Stderr>
[INFO] [stdout]                                at /rustc/e3feeb59cd1bdd011a2bfcc0747b55125d9b8527/library/core/src/io/write.rs:402:11
[INFO] [stdout]    7:     0x6473fe79ba1c - <std[617be2ca0a6fd877]::sys::stdio::unix::Stderr as core[a373ad73a504971]::io::write::Write>::write_fmt
[INFO] [stdout]                                at /rustc/e3feeb59cd1bdd011a2bfcc0747b55125d9b8527/library/core/src/io/write.rs:335:13
[INFO] [stdout]    8:     0x6473fe782d56 - <std[617be2ca0a6fd877]::sys::backtrace::BacktraceLock>::print
[INFO] [stdout]                                at /rustc/e3feeb59cd1bdd011a2bfcc0747b55125d9b8527/library/std/src/sys/backtrace.rs:47:9
[INFO] [stdout]    9:     0x6473fe782d56 - std[617be2ca0a6fd877]::panicking::default_hook::{closure#0}
[INFO] [stdout]                                at /rustc/e3feeb59cd1bdd011a2bfcc0747b55125d9b8527/library/std/src/panicking.rs:289:27
[INFO] [stdout]   10:     0x6473fe7953d1 - std[617be2ca0a6fd877]::panicking::default_hook
[INFO] [stdout]                                at /rustc/e3feeb59cd1bdd011a2bfcc0747b55125d9b8527/library/std/src/panicking.rs:316:9
[INFO] [stdout]   11:     0x6473fe79558b - std[617be2ca0a6fd877]::panicking::panic_with_hook
[INFO] [stdout]                                at /rustc/e3feeb59cd1bdd011a2bfcc0747b55125d9b8527/library/std/src/panicking.rs:811:13
[INFO] [stdout]   12:     0x6473fe782e02 - std[617be2ca0a6fd877]::panicking::panic_handler::{closure#0}
[INFO] [stdout]                                at /rustc/e3feeb59cd1bdd011a2bfcc0747b55125d9b8527/library/std/src/panicking.rs:685:13
[INFO] [stdout]   13:     0x6473fe77c009 - std[617be2ca0a6fd877]::sys::backtrace::__rust_end_short_backtrace::<std[617be2ca0a6fd877]::panicking::panic_handler::{closure#0}, !>
[INFO] [stdout]                                at /rustc/e3feeb59cd1bdd011a2bfcc0747b55125d9b8527/library/std/src/sys/backtrace.rs:182:18
[INFO] [stdout]   14:     0x6473fe78354d - __rustc[ea4f61d10b84890b]::rust_begin_unwind
[INFO] [stdout]                                at /rustc/e3feeb59cd1bdd011a2bfcc0747b55125d9b8527/library/std/src/panicking.rs:676:5
[INFO] [stdout]   15:     0x6473fe7aa7ec - core[a373ad73a504971]::panicking::panic_fmt
[INFO] [stdout]                                at /rustc/e3feeb59cd1bdd011a2bfcc0747b55125d9b8527/library/core/src/panicking.rs:80:14
[INFO] [stdout]   16:     0x6473fe7aa703 - core[a373ad73a504971]::panicking::assert_failed_inner
[INFO] [stdout]                                at /rustc/e3feeb59cd1bdd011a2bfcc0747b55125d9b8527/library/core/src/panicking.rs:452:17
[INFO] [stdout]   17:     0x6473fe771be6 - core[a373ad73a504971]::panicking::assert_failed::<u8, u8>
[INFO] [stdout]   18:     0x6473fe771e3d - rust_out[72a830746f8703f]::main::_doctest_main_src_synapse_weight_rs_35_0
[INFO] [stdout]   19:     0x6473fe771c26 - rust_out[72a830746f8703f]::main
[INFO] [stdout]   20:     0x6473fe771ec3 - <fn() as core[a373ad73a504971]::ops::function::FnOnce<()>>::call_once
[INFO] [stdout]   21:     0x6473fe771bee - std[617be2ca0a6fd877]::sys::backtrace::__rust_begin_short_backtrace::<fn(), ()>
[INFO] [stdout]   22:     0x6473fe771bf9 - std[617be2ca0a6fd877]::rt::lang_start::<()>::{closure#0}
[INFO] [stdout]   23:     0x6473fe794b78 - <&dyn core[a373ad73a504971]::ops::function::Fn<(), Output = i32> + core[a373ad73a504971]::marker::Sync + core[a373ad73a504971]::panic::unwind_safe::RefUnwindSafe as core[a373ad73a504971]::ops::function::FnOnce<()>>::call_once
[INFO] [stdout]                                at /rustc/e3feeb59cd1bdd011a2bfcc0747b55125d9b8527/library/core/src/ops/function.rs:287:21
[INFO] [stdout]   24:     0x6473fe794b78 - std[617be2ca0a6fd877]::panicking::catch_unwind::do_call::<&dyn core[a373ad73a504971]::ops::function::Fn<(), Output = i32> + core[a373ad73a504971]::marker::Sync + core[a373ad73a504971]::panic::unwind_safe::RefUnwindSafe, i32>
[INFO] [stdout]                                at /rustc/e3feeb59cd1bdd011a2bfcc0747b55125d9b8527/library/std/src/panicking.rs:573:43
[INFO] [stdout]   25:     0x6473fe794b78 - std[617be2ca0a6fd877]::panicking::catch_unwind::<i32, &dyn core[a373ad73a504971]::ops::function::Fn<(), Output = i32> + core[a373ad73a504971]::marker::Sync + core[a373ad73a504971]::panic::unwind_safe::RefUnwindSafe>
[INFO] [stdout]                                at /rustc/e3feeb59cd1bdd011a2bfcc0747b55125d9b8527/library/std/src/panicking.rs:541:19
[INFO] [stdout]   26:     0x6473fe794b78 - std[617be2ca0a6fd877]::panic::catch_unwind::<&dyn core[a373ad73a504971]::ops::function::Fn<(), Output = i32> + core[a373ad73a504971]::marker::Sync + core[a373ad73a504971]::panic::unwind_safe::RefUnwindSafe, i32>
[INFO] [stdout]                                at /rustc/e3feeb59cd1bdd011a2bfcc0747b55125d9b8527/library/std/src/panic.rs:359:14
[INFO] [stdout]   27:     0x6473fe794b78 - std[617be2ca0a6fd877]::rt::lang_start_internal::{closure#0}
[INFO] [stdout]                                at /rustc/e3feeb59cd1bdd011a2bfcc0747b55125d9b8527/library/std/src/rt.rs:175:24
[INFO] [stdout]   28:     0x6473fe794b78 - std[617be2ca0a6fd877]::panicking::catch_unwind::do_call::<std[617be2ca0a6fd877]::rt::lang_start_internal::{closure#0}, isize>
[INFO] [stdout]                                at /rustc/e3feeb59cd1bdd011a2bfcc0747b55125d9b8527/library/std/src/panicking.rs:573:43
[INFO] [stdout]   29:     0x6473fe794b78 - std[617be2ca0a6fd877]::panicking::catch_unwind::<isize, std[617be2ca0a6fd877]::rt::lang_start_internal::{closure#0}>
[INFO] [stdout]                                at /rustc/e3feeb59cd1bdd011a2bfcc0747b55125d9b8527/library/std/src/panicking.rs:541:19
[INFO] [stdout]   30:     0x6473fe794b78 - std[617be2ca0a6fd877]::panic::catch_unwind::<std[617be2ca0a6fd877]::rt::lang_start_internal::{closure#0}, isize>
[INFO] [stdout]                                at /rustc/e3feeb59cd1bdd011a2bfcc0747b55125d9b8527/library/std/src/panic.rs:359:14
[INFO] [stdout]   31:     0x6473fe794b78 - std[617be2ca0a6fd877]::rt::lang_start_internal
[INFO] [stdout]                                at /rustc/e3feeb59cd1bdd011a2bfcc0747b55125d9b8527/library/std/src/rt.rs:171:5
[INFO] [stdout]   32:     0x6473fe771ba1 - std[617be2ca0a6fd877]::rt::lang_start::<()>
[INFO] [stdout]   33:     0x6473fe771f05 - main
[INFO] [stdout]   34:     0x7e0f89ba9601 - <unknown>
[INFO] [stdout]   35:     0x7e0f89ba9718 - __libc_start_main
[INFO] [stdout]   36:     0x6473fe771ab5 - _start
[INFO] [stdout]   37:                0x0 - <unknown>
[INFO] [stdout] 
[INFO] [stdout] 
[INFO] [stdout] 
[INFO] [stdout] failures:
[INFO] [stdout]     src/synapse/contribution.rs - synapse::contribution::compute_synaptic_contributions_batch (line 75)
[INFO] [stdout]     src/synapse/weight.rs - synapse::weight::float_to_weight (line 35)
[INFO] [stdout] 
[INFO] [stdout] test result: FAILED. 8 passed; 2 failed; 1 ignored; 0 measured; 0 filtered out; finished in 0.48s
[INFO] [stdout] 
[INFO] [stderr] error: doctest failed, to rerun pass `--doc`
[INFO] running `Command { std: "docker" "inspect" "df4459ebbe1cf119b98ea2e5557b0a041b6739c2e7f1253a1f0f35a593a15a70", kill_on_drop: false }`
[INFO] running `Command { std: "docker" "rm" "-f" "df4459ebbe1cf119b98ea2e5557b0a041b6739c2e7f1253a1f0f35a593a15a70", kill_on_drop: false }`
[INFO] [stdout] df4459ebbe1cf119b98ea2e5557b0a041b6739c2e7f1253a1f0f35a593a15a70
