[INFO] fetching crate fdintercept 0.2.0...
[INFO] testing fdintercept-0.2.0 against 1.100.0-beta.1+cargoflags=--release for beta-release-1.100-2
[INFO] extracting crate fdintercept 0.2.0 into /workspace/builds/worker-0-tc2/source
[INFO] started tweaking crates.io crate fdintercept 0.2.0
[INFO] finished tweaking crates.io crate fdintercept 0.2.0
[INFO] tweaked toml for crates.io crate fdintercept 0.2.0 written to /workspace/builds/worker-0-tc2/source/Cargo.toml
[INFO] validating manifest of crates.io crate fdintercept 0.2.0 on toolchain 1.100.0-beta.1
[INFO] running `Command { std: CARGO_HOME="/workspace/cargo-home" RUSTUP_HOME="/workspace/rustup-home" "/workspace/cargo-home/bin/cargo" "+1.100.0-beta.1" "metadata" "--manifest-path" "Cargo.toml" "--no-deps", kill_on_drop: false }`
[INFO] crate crates.io crate fdintercept 0.2.0 already has a lockfile, it will not be regenerated
[INFO] running `Command { std: CARGO_HOME="/workspace/cargo-home" RUSTUP_HOME="/workspace/rustup-home" "/workspace/cargo-home/bin/cargo" "+1.100.0-beta.1" "fetch" "--manifest-path" "Cargo.toml", kill_on_drop: false }`
[INFO] [stderr] warning: Cargo.toml: `lints.clippy.manual-string-new` is deprecated in favor of `lints.clippy.manual_string_new` and will not work in a future edition
[INFO] [stderr] warning: Cargo.toml: `lints.clippy.multiple-crate-versions` is deprecated in favor of `lints.clippy.multiple_crate_versions` and will not work in a future edition
[INFO] [stderr] warning: Cargo.toml: `lints.clippy.needless-pass-by-value` is deprecated in favor of `lints.clippy.needless_pass_by_value` and will not work in a future edition
[INFO] [stderr] warning: Cargo.toml: `lints.clippy.option-if-let-else` is deprecated in favor of `lints.clippy.option_if_let_else` and will not work in a future edition
[INFO] [stderr] warning: Cargo.toml: `lints.clippy.too-many-lines` is deprecated in favor of `lints.clippy.too_many_lines` and will not work in a future edition
[INFO] [stderr] warning: `package.homepage` is redundant with `package.repository`
[INFO] [stderr]   --> Cargo.toml:86:12
[INFO] [stderr]    |
[INFO] [stderr] 86 | homepage = "https://github.com/jpmelos/fdintercept"
[INFO] [stderr]    |            ^^^^^^^^^^^^^^^^^^^^^^^^^^^^^^^^^^^^^^^^
[INFO] [stderr] ...
[INFO] [stderr] 92 | repository = "https://github.com/jpmelos/fdintercept"
[INFO] [stderr]    |              ----------------------------------------
[INFO] [stderr]    |
[INFO] [stderr]    = note: `cargo::redundant_homepage` is set to `warn` by default
[INFO] [stderr] help: consider removing `package.homepage`
[INFO] [stderr] warning: `fdintercept` (manifest) generated 6 warnings
[INFO] [stderr]     Blocking waiting for file lock on package cache
[INFO] [stderr]     Blocking waiting for file lock on package cache
[INFO] running `Command { std: "docker" "create" "-v" "/var/lib/crater-agent-workspace/builds/worker-0-tc2/source:/opt/rustwide/workdir:ro,Z" "-v" "/var/lib/crater-agent-workspace/builds/worker-0-tc2/target:/opt/rustwide/target:rw,Z" "-v" "/var/lib/crater-agent-workspace/cargo-home:/opt/rustwide/cargo-home:ro,Z" "-v" "/var/lib/crater-agent-workspace/rustup-home:/opt/rustwide/rustup-home:ro,Z" "-m" "1610612736" "--network" "none" "ghcr.io/rust-lang/crates-build-env/linux@sha256:77db811e55d90add9212f6832c23229e3de5f1c1f9905e8cb07319ea15df73ac" "sleep" "infinity", kill_on_drop: false }`
[INFO] [stdout] 733aa376b882e90443ee02a4892091a568ef71c85acf901aab2751416d725299
[INFO] running `Command { std: "docker" "start" "733aa376b882e90443ee02a4892091a568ef71c85acf901aab2751416d725299", kill_on_drop: false }`
[INFO] running `Command { std: "docker" "inspect" "733aa376b882e90443ee02a4892091a568ef71c85acf901aab2751416d725299", kill_on_drop: false }`
[INFO] running `Command { std: "docker" "exec" "-e" "SOURCE_DIR=/opt/rustwide/workdir" "-e" "CARGO_HOME=/opt/rustwide/cargo-home" "-e" "RUSTUP_HOME=/opt/rustwide/rustup-home" "-e" "CARGO_TARGET_DIR=/opt/rustwide/target" "-w" "/opt/rustwide/workdir" "--user" "0:0" "733aa376b882e90443ee02a4892091a568ef71c85acf901aab2751416d725299" "/opt/rustwide/cargo-home/bin/cargo" "+1.100.0-beta.1" "metadata" "--no-deps" "--format-version=1", kill_on_drop: false }`
[INFO] running `Command { std: "docker" "inspect" "733aa376b882e90443ee02a4892091a568ef71c85acf901aab2751416d725299", kill_on_drop: false }`
[INFO] running `Command { std: "docker" "exec" "-e" "SOURCE_DIR=/opt/rustwide/workdir" "-e" "CARGO_HOME=/opt/rustwide/cargo-home" "-e" "RUSTUP_HOME=/opt/rustwide/rustup-home" "-e" "CARGO_TARGET_DIR=/opt/rustwide/target" "-e" "CARGO_INCREMENTAL=0" "-e" "RUST_BACKTRACE=full" "-e" "RUSTFLAGS=--cap-lints=warn" "-e" "RUSTDOCFLAGS=--cap-lints=warn" "-w" "/opt/rustwide/workdir" "--user" "0:0" "733aa376b882e90443ee02a4892091a568ef71c85acf901aab2751416d725299" "/opt/rustwide/cargo-home/bin/cargo" "+1.100.0-beta.1" "build" "--frozen" "--message-format=json" "--release", kill_on_drop: false }`
[INFO] [stderr] warning: Cargo.toml: `lints.clippy.manual-string-new` is deprecated in favor of `lints.clippy.manual_string_new` and will not work in a future edition
[INFO] [stderr] warning: Cargo.toml: `lints.clippy.multiple-crate-versions` is deprecated in favor of `lints.clippy.multiple_crate_versions` and will not work in a future edition
[INFO] [stderr] warning: Cargo.toml: `lints.clippy.needless-pass-by-value` is deprecated in favor of `lints.clippy.needless_pass_by_value` and will not work in a future edition
[INFO] [stderr] warning: Cargo.toml: `lints.clippy.option-if-let-else` is deprecated in favor of `lints.clippy.option_if_let_else` and will not work in a future edition
[INFO] [stderr] warning: Cargo.toml: `lints.clippy.too-many-lines` is deprecated in favor of `lints.clippy.too_many_lines` and will not work in a future edition
[INFO] [stderr] warning: `package.homepage` is redundant with `package.repository`
[INFO] [stderr]   --> Cargo.toml:86:12
[INFO] [stderr]    |
[INFO] [stderr] 86 | homepage = "https://github.com/jpmelos/fdintercept"
[INFO] [stderr]    |            ^^^^^^^^^^^^^^^^^^^^^^^^^^^^^^^^^^^^^^^^
[INFO] [stderr] ...
[INFO] [stderr] 92 | repository = "https://github.com/jpmelos/fdintercept"
[INFO] [stderr]    |              ----------------------------------------
[INFO] [stderr]    |
[INFO] [stderr]    = note: `cargo::redundant_homepage` is set to `warn` by default
[INFO] [stderr] help: consider removing `package.homepage`
[INFO] [stderr] warning: `fdintercept` (manifest) generated 6 warnings
[INFO] [stderr]    Compiling libc v0.2.171
[INFO] [stderr]    Compiling syn v1.0.109
[INFO] [stderr]    Compiling anstyle v1.0.10
[INFO] [stderr]    Compiling colorchoice v1.0.3
[INFO] [stderr]    Compiling cfg_aliases v0.2.1
[INFO] [stderr]    Compiling anstyle-query v1.1.2
[INFO] [stderr]    Compiling clap_lex v0.7.4
[INFO] [stderr]    Compiling toml_write v0.1.1
[INFO] [stderr]    Compiling winnow v0.7.6
[INFO] [stderr]    Compiling anstyle-parse v0.2.6
[INFO] [stderr]    Compiling shlex v1.3.0
[INFO] [stderr]    Compiling nonempty v0.11.0
[INFO] [stderr]    Compiling serde_derive v1.0.219
[INFO] [stderr]    Compiling clap_derive v4.5.32
[INFO] [stderr]    Compiling nix v0.30.1
[INFO] [stderr]    Compiling anstream v0.6.18
[INFO] [stderr]    Compiling clap_builder v4.5.38
[INFO] [stderr]    Compiling signal-hook-registry v1.4.2
[INFO] [stderr]    Compiling mio v1.0.4
[INFO] [stderr]    Compiling wait-timeout v0.2.1
[INFO] [stderr]    Compiling signal-hook v0.3.18
[INFO] [stderr]    Compiling serde v1.0.219
[INFO] [stderr]    Compiling clap v4.5.38
[INFO] [stderr]    Compiling delegate v0.8.0
[INFO] [stderr]    Compiling non-empty-string v0.2.6
[INFO] [stderr]    Compiling serde_spanned v0.6.8
[INFO] [stderr]    Compiling toml_datetime v0.6.9
[INFO] [stderr]    Compiling toml_edit v0.22.26
[INFO] [stderr]    Compiling toml v0.8.22
[INFO] [stderr]    Compiling fdintercept v0.2.0 (/opt/rustwide/workdir)
[INFO] [stderr]     Finished `release` profile [optimized] target(s) in 31.59s
[INFO] [stderr] warning: the following packages contain code that will be rejected by a future version of Rust: nix v0.30.1
[INFO] [stderr] note: to see what the problems were, use the option `--future-incompat-report`, or run `cargo report future-incompatibilities --id 2`
[INFO] running `Command { std: "docker" "inspect" "733aa376b882e90443ee02a4892091a568ef71c85acf901aab2751416d725299", kill_on_drop: false }`
[INFO] running `Command { std: "docker" "exec" "-e" "SOURCE_DIR=/opt/rustwide/workdir" "-e" "CARGO_HOME=/opt/rustwide/cargo-home" "-e" "RUSTUP_HOME=/opt/rustwide/rustup-home" "-e" "CARGO_TARGET_DIR=/opt/rustwide/target" "-e" "CARGO_INCREMENTAL=0" "-e" "RUST_BACKTRACE=full" "-e" "RUSTFLAGS=--cap-lints=warn" "-e" "RUSTDOCFLAGS=--cap-lints=warn" "-w" "/opt/rustwide/workdir" "--user" "0:0" "733aa376b882e90443ee02a4892091a568ef71c85acf901aab2751416d725299" "/opt/rustwide/cargo-home/bin/cargo" "+1.100.0-beta.1" "test" "--frozen" "--no-run" "--message-format=json" "--release", kill_on_drop: false }`
[INFO] [stderr] warning: Cargo.toml: `lints.clippy.manual-string-new` is deprecated in favor of `lints.clippy.manual_string_new` and will not work in a future edition
[INFO] [stderr] warning: Cargo.toml: `lints.clippy.multiple-crate-versions` is deprecated in favor of `lints.clippy.multiple_crate_versions` and will not work in a future edition
[INFO] [stderr] warning: Cargo.toml: `lints.clippy.needless-pass-by-value` is deprecated in favor of `lints.clippy.needless_pass_by_value` and will not work in a future edition
[INFO] [stderr] warning: Cargo.toml: `lints.clippy.option-if-let-else` is deprecated in favor of `lints.clippy.option_if_let_else` and will not work in a future edition
[INFO] [stderr] warning: Cargo.toml: `lints.clippy.too-many-lines` is deprecated in favor of `lints.clippy.too_many_lines` and will not work in a future edition
[INFO] [stderr] warning: `package.homepage` is redundant with `package.repository`
[INFO] [stderr]   --> Cargo.toml:86:12
[INFO] [stderr]    |
[INFO] [stderr] 86 | homepage = "https://github.com/jpmelos/fdintercept"
[INFO] [stderr]    |            ^^^^^^^^^^^^^^^^^^^^^^^^^^^^^^^^^^^^^^^^
[INFO] [stderr] ...
[INFO] [stderr] 92 | repository = "https://github.com/jpmelos/fdintercept"
[INFO] [stderr]    |              ----------------------------------------
[INFO] [stderr]    |
[INFO] [stderr]    = note: `cargo::redundant_homepage` is set to `warn` by default
[INFO] [stderr] help: consider removing `package.homepage`
[INFO] [stderr] warning: `fdintercept` (manifest) generated 6 warnings
[INFO] [stderr]    Compiling rustix v1.0.5
[INFO] [stderr]    Compiling bitflags v2.9.0
[INFO] [stderr]    Compiling getrandom v0.3.2
[INFO] [stderr]    Compiling smallvec v1.15.0
[INFO] [stderr]    Compiling nix v0.30.1
[INFO] [stderr]    Compiling parking_lot_core v0.9.10
[INFO] [stderr]    Compiling parking_lot v0.12.3
[INFO] [stderr]    Compiling temp-env v0.3.6
[INFO] [stderr]    Compiling tempfile v3.20.0
[INFO] [stderr]    Compiling fdintercept v0.2.0 (/opt/rustwide/workdir)
[INFO] [stdout] warning: hiding a lifetime that's elided elsewhere is confusing
[INFO] [stdout]    --> src/fd.rs:399:18
[INFO] [stdout]     |
[INFO] [stdout] 399 |         fn as_fd(&self) -> BorrowedFd {
[INFO] [stdout]     |                  ^^^^^     ^^^^^^^^^^ the same lifetime is hidden here
[INFO] [stdout]     |                  |
[INFO] [stdout]     |                  the lifetime is elided here
[INFO] [stdout]     |
[INFO] [stdout]     = help: the same lifetime is referred to in inconsistent ways, making the signature confusing
[INFO] [stdout]     = note: `-D mismatched-lifetime-syntaxes` implied by `-D warnings`
[INFO] [stdout]     = help: to override `-D warnings` add `#[allow(mismatched_lifetime_syntaxes)]`
[INFO] [stdout]     = note: the `mismatched_lifetime_syntaxes` lint ignores `-D warnings`
[INFO] [stdout] help: use `'_` for type paths
[INFO] [stdout]     |
[INFO] [stdout] 399 |         fn as_fd(&self) -> BorrowedFd<'_> {
[INFO] [stdout]     |                                      ++++
[INFO] [stdout] 
[INFO] [stdout] 
[INFO] [stderr]     Finished `release` profile [optimized] target(s) in 12.12s
[INFO] [stderr] warning: the following packages contain code that will be rejected by a future version of Rust: nix v0.30.1
[INFO] [stderr] note: to see what the problems were, use the option `--future-incompat-report`, or run `cargo report future-incompatibilities --id 2`
[INFO] running `Command { std: "docker" "inspect" "733aa376b882e90443ee02a4892091a568ef71c85acf901aab2751416d725299", kill_on_drop: false }`
[INFO] running `Command { std: "docker" "exec" "-e" "SOURCE_DIR=/opt/rustwide/workdir" "-e" "CARGO_HOME=/opt/rustwide/cargo-home" "-e" "RUSTUP_HOME=/opt/rustwide/rustup-home" "-e" "CARGO_TARGET_DIR=/opt/rustwide/target" "-e" "CARGO_INCREMENTAL=0" "-e" "RUST_BACKTRACE=full" "-e" "RUSTFLAGS=--cap-lints=warn" "-e" "RUSTDOCFLAGS=--cap-lints=warn" "-w" "/opt/rustwide/workdir" "--user" "0:0" "733aa376b882e90443ee02a4892091a568ef71c85acf901aab2751416d725299" "/opt/rustwide/cargo-home/bin/cargo" "+1.100.0-beta.1" "test" "--frozen" "--release", kill_on_drop: false }`
[INFO] [stderr] warning: Cargo.toml: `lints.clippy.manual-string-new` is deprecated in favor of `lints.clippy.manual_string_new` and will not work in a future edition
[INFO] [stderr] warning: Cargo.toml: `lints.clippy.multiple-crate-versions` is deprecated in favor of `lints.clippy.multiple_crate_versions` and will not work in a future edition
[INFO] [stderr] warning: Cargo.toml: `lints.clippy.needless-pass-by-value` is deprecated in favor of `lints.clippy.needless_pass_by_value` and will not work in a future edition
[INFO] [stderr] warning: Cargo.toml: `lints.clippy.option-if-let-else` is deprecated in favor of `lints.clippy.option_if_let_else` and will not work in a future edition
[INFO] [stderr] warning: Cargo.toml: `lints.clippy.too-many-lines` is deprecated in favor of `lints.clippy.too_many_lines` and will not work in a future edition
[INFO] [stderr] warning: `package.homepage` is redundant with `package.repository`
[INFO] [stderr]   --> Cargo.toml:86:12
[INFO] [stderr]    |
[INFO] [stderr] 86 | homepage = "https://github.com/jpmelos/fdintercept"
[INFO] [stderr]    |            ^^^^^^^^^^^^^^^^^^^^^^^^^^^^^^^^^^^^^^^^
[INFO] [stderr] ...
[INFO] [stderr] 92 | repository = "https://github.com/jpmelos/fdintercept"
[INFO] [stderr]    |              ----------------------------------------
[INFO] [stderr]    |
[INFO] [stderr]    = note: `cargo::redundant_homepage` is set to `warn` by default
[INFO] [stderr] help: consider removing `package.homepage`
[INFO] [stderr] warning: `fdintercept` (manifest) generated 6 warnings
[INFO] [stderr] warning: hiding a lifetime that's elided elsewhere is confusing
[INFO] [stderr]    --> src/fd.rs:399:18
[INFO] [stderr]     |
[INFO] [stderr] 399 |         fn as_fd(&self) -> BorrowedFd {
[INFO] [stderr]     |                  ^^^^^     ^^^^^^^^^^ the same lifetime is hidden here
[INFO] [stderr]     |                  |
[INFO] [stderr]     |                  the lifetime is elided here
[INFO] [stderr]     |
[INFO] [stderr]     = help: the same lifetime is referred to in inconsistent ways, making the signature confusing
[INFO] [stderr]     = note: `-D mismatched-lifetime-syntaxes` implied by `-D warnings`
[INFO] [stderr]     = help: to override `-D warnings` add `#[allow(mismatched_lifetime_syntaxes)]`
[INFO] [stderr]     = note: the `mismatched_lifetime_syntaxes` lint ignores `-D warnings`
[INFO] [stderr] help: use `'_` for type paths
[INFO] [stderr]     |
[INFO] [stderr] 399 |         fn as_fd(&self) -> BorrowedFd<'_> {
[INFO] [stderr]     |                                      ++++
[INFO] [stderr] 
[INFO] [stderr] warning: `fdintercept` (bin "fdintercept" test) generated 1 warning (run `cargo fix --bin "fdintercept" -p fdintercept --tests` to apply 1 suggestion)
[INFO] [stderr]     Finished `release` profile [optimized] target(s) in 0.08s
[INFO] [stderr] warning: the following packages contain code that will be rejected by a future version of Rust: nix v0.30.1
[INFO] [stderr] note: to see what the problems were, use the option `--future-incompat-report`, or run `cargo report future-incompatibilities --id 2`
[INFO] [stderr]      Running unittests src/main.rs (/opt/rustwide/target/release/build/fdintercept/3de897ca28c4ee59/out/fdintercept-3de897ca28c4ee59)
[INFO] [stdout] 
[INFO] [stdout] running 100 tests
[INFO] [stdout] test fd::tests::inner_fd_event_readable::success_with_log ... ok
[INFO] [stdout] test fd::tests::inner_fd_event_readable::error_on_write ... ok
[INFO] [stdout] test fd::tests::process_events_for_fd::no_events ... ok
[INFO] [stdout] test fd::tests::inner_fd_event_readable::error_on_read ... ok
[INFO] [stdout] test fd::tests::inner_fd_event_readable::eof_on_read ... ok
[INFO] [stdout] test fd::tests::process_events_for_fd::both_events_signal_first ... ok
[INFO] [stdout] test fd::tests::inner_fd_event_readable::success_without_log ... ok
[INFO] [stdout] test fd::tests::process_events_for_fd::single_event_signal_ready ... ok
[INFO] [stdout] test fd::tests::set_up_poll::success_without_signal ... ok
[INFO] [stdout] test fd::tests::inner_fd_event_readable::error_on_log_write ... ok
[INFO] [stdout] test fd::tests::register_fd_into_poll::success ... ok
[INFO] [stdout] test fd::tests::create_log_file::none ... ok
[INFO] [stdout] test fd::tests::create_log_file::new_file_with_parent_dirs ... ok
[INFO] [stdout] test settings::tests::get_buffer_size::default ... ok
[INFO] [stdout] test settings::tests::get_buffer_size::from_config ... ok
[INFO] [stdout] test settings::tests::get_buffer_size::cli_args ... ok
[INFO] [stdout] test settings::tests::get_buffer_size::from_env_vars ... ok
[INFO] [stdout] test settings::tests::get_buffer_size::precedence_cli_args_over_config ... ok
[INFO] [stdout] test settings::tests::get_buffer_size::precedence_cli_args_over_env_vars ... ok
[INFO] [stdout] test settings::tests::get_config::from_cli_args_invalid_toml ... ok
[INFO] [stdout] test settings::tests::get_config::from_env_vars ... ok
[INFO] [stdout] test process::tests::kill_child_process_with_grace_period::child_ignores_signal ... ok
[INFO] [stdout] test settings::tests::get_config::from_cli_args_nonexistent_file ... ok
[INFO] [stdout] test settings::tests::get_config::from_env_vars_invalid_toml ... ok
[INFO] [stdout] test settings::tests::get_config::from_env_vars_nonexistent_file ... ok
[INFO] [stdout] test settings::tests::get_buffer_size::precedence_env_vars_over_config ... ok
[INFO] [stdout] test settings::tests::get_config::from_cli_args ... ok
[INFO] [stdout] test fd::tests::set_up_poll::success_with_signal ... ok
[INFO] [stdout] test fd::tests::process_events_for_fd::single_event_fd_ready ... ok
[INFO] [stdout] test settings::tests::get_config::no_config_found ... ok
[INFO] [stdout] test fd::tests::create_log_file::existing_file_appends ... ok
[INFO] [stdout] test fd::tests::inner_fd_event_readable::broken_pipe_on_write ... ok
[INFO] [stdout] test fd::tests::create_log_file::recreate ... ok
[INFO] [stdout] test fd::tests::process_events_for_fd::both_events_fd_first ... ok
[INFO] [stdout] test fd::tests::create_log_file::permission_error ... FAILED
[INFO] [stdout] test settings::tests::get_config::from_home_dir_invalid_toml ... ok
[INFO] [stdout] test settings::tests::get_config::if_xdg_config_home_dir_not_found_move_on ... ok
[INFO] [stdout] test settings::tests::get_config::from_xdg_config_home ... ok
[INFO] [stdout] test settings::tests::get_config::from_xdg_config_home_invalid_toml ... ok
[INFO] [stdout] test settings::tests::get_config::from_home_dir ... ok
[INFO] [stdout] test process::tests::kill_child_process_with_grace_period::kill_with_signal ... ok
[INFO] [stdout] test settings::tests::get_log_name::from_cli_args ... ok
[INFO] [stdout] test settings::tests::get_log_name::from_config ... ok
[INFO] [stdout] test settings::tests::get_log_name::from_default ... ok
[INFO] [stdout] test settings::tests::get_config::if_home_dir_not_found_move_on ... ok
[INFO] [stdout] test settings::tests::get_log_name::no_default_returns_none ... ok
[INFO] [stdout] test settings::tests::get_recreate_logs::cli_args_true ... ok
[INFO] [stdout] test settings::tests::get_recreate_logs::default_false ... ok
[INFO] [stdout] test settings::tests::get_log_name::cli_args_take_precedence_over_config ... ok
[INFO] [stdout] test settings::tests::get_env_vars::empty_environment ... ok
[INFO] [stdout] test settings::tests::get_env_vars::empty_conf ... ok
[INFO] [stdout] test settings::tests::get_env_vars::invalid_buffer_size ... ok
[INFO] [stdout] test settings::tests::get_env_vars::invalid_recreate_logs ... ok
[INFO] [stdout] test settings::tests::get_env_vars::all_valid_vars ... ok
[INFO] [stdout] test settings::tests::get_env_vars::valid_buffer_size ... ok
[INFO] [stdout] test settings::tests::get_env_vars::valid_recreate_logs ... ok
[INFO] [stdout] test settings::tests::get_env_vars::valid_conf ... ok
[INFO] [stdout] test settings::tests::get_recreate_logs::from_config_true ... ok
[INFO] [stdout] test settings::tests::get_recreate_logs::from_env_vars_true ... ok
[INFO] [stdout] test settings::tests::get_env_vars::valid_target ... ok
[INFO] [stdout] test settings::tests::get_recreate_logs::precedence_cli_args_over_config ... ok
[INFO] [stdout] test settings::tests::get_log_name::test_all_log_fd_variants ... ok
[INFO] [stdout] test settings::tests::get_settings_with_raw_cli_args::from_cli_args ... ok
[INFO] [stdout] test settings::tests::get_recreate_logs::precedence_cli_args_over_env_vars ... ok
[INFO] [stdout] test settings::tests::get_target::from_cli_args_invalid ... ok
[INFO] [stdout] test settings::tests::get_settings_with_raw_cli_args::with_invalid_env_var ... ok
[INFO] [stdout] test settings::tests::get_target::from_cli_args_success ... ok
[INFO] [stdout] test settings::tests::get_settings_with_raw_cli_args::from_env_vars ... ok
[INFO] [stdout] test settings::tests::get_settings_with_raw_cli_args::with_no_log_paths ... FAILED
[INFO] [stdout] test settings::tests::get_settings_with_raw_cli_args::from_config ... ok
[INFO] [stdout] test settings::tests::get_settings_with_raw_cli_args::test_settings_with_missing_target ... FAILED
[INFO] [stdout] test settings::tests::get_target::from_config_invalid ... ok
[INFO] [stdout] test settings::tests::get_target::from_config_success ... ok
[INFO] [stdout] test settings::tests::get_settings_with_raw_cli_args::with_invalid_config ... ok
[INFO] [stdout] test settings::tests::get_recreate_logs::precedence_env_vars_over_config ... ok
[INFO] [stdout] test settings::tests::get_target::from_env_vars_invalid ... ok
[INFO] [stdout] test settings::tests::get_target::from_env_vars_success ... ok
[INFO] [stdout] test settings::tests::get_target_from_cli_args::with_empty_executable ... ok
[INFO] [stdout] test settings::tests::get_target_from_string::empty ... ok
[INFO] [stdout] test settings::tests::get_target_from_string::with_wrongly_quoted_args ... ok
[INFO] [stdout] test settings::tests::get_target_from_string::with_empty_executable ... ok
[INFO] [stdout] test settings::tests::get_target::not_defined ... ok
[INFO] [stdout] test settings::tests::get_use_defaults::cli_stderr_log ... ok
[INFO] [stdout] test settings::tests::get_target_from_cli_args::valid ... ok
[INFO] [stdout] test settings::tests::get_use_defaults::cli_stdin_log ... ok
[INFO] [stdout] test settings::tests::get_target_from_string::valid ... ok
[INFO] [stdout] test settings::tests::get_target_from_string::with_quoted_args ... ok
[INFO] [stdout] test settings::tests::get_use_defaults::config_stdout_log ... ok
[INFO] [stdout] test settings::tests::get_use_defaults::cli_stdout_log ... ok
[INFO] [stdout] test settings::tests::get_target_from_cli_args::empty ... ok
[INFO] [stdout] test settings::tests::get_use_defaults::config_stdin_log ... ok
[INFO] [stdout] test settings::tests::get_use_defaults::config_stderr_log ... ok
[INFO] [stdout] test settings::tests::get_use_defaults::no_logs ... ok
[INFO] [stdout] test threads::tests::spawn_self_shipping_thread_in_scope::handles_panic ... ok
[INFO] [stdout] test threads::tests::spawn_self_shipping_thread_in_scope::basic ... ok
[INFO] [stdout] test signals::tests::process_signals::process_signal ... ok
[INFO] [stdout] test fd::tests::process_fd::success ... ok
[INFO] [stdout] test signals::tests::process_signals::process_signals_closed_pipe ... ok
[INFO] [stdout] test process::tests::kill_child_process_with_grace_period::child_already_dead ... ok
[INFO] [stdout] test process::tests::child_guard_trait_drop::drop ... ok
[INFO] [stdout] 
[INFO] [stdout] failures:
[INFO] [stdout] 
[INFO] [stderr] error: test failed, to rerun pass `--bin fdintercept`
[INFO] [stdout] ---- fd::tests::create_log_file::permission_error stdout ----
[INFO] [stdout] 
[INFO] [stdout] thread 'fd::tests::create_log_file::permission_error' (938) panicked at src/fd.rs:503:26:
[INFO] [stdout] Expected an error
[INFO] [stdout] stack backtrace:
[INFO] [stdout]    0:     0x645b37bffd41 - <<std[617be2ca0a6fd877]::sys::backtrace::BacktraceLock>::print::DisplayBacktrace as core[a373ad73a504971]::fmt::Display>::fmt
[INFO] [stdout]    1:     0x645b37c15fda - core[a373ad73a504971]::fmt::write
[INFO] [stdout]    2:     0x645b37c056fc - <alloc[2e1b2a31b91974c5]::vec::Vec<u8> as core[a373ad73a504971]::io::write::Write>::write_fmt
[INFO] [stdout]    3:     0x645b37bd8f56 - std[617be2ca0a6fd877]::panicking::default_hook::{closure#0}
[INFO] [stdout]    4:     0x645b37bf6cd9 - std[617be2ca0a6fd877]::panicking::default_hook
[INFO] [stdout]    5:     0x645b37b40ce0 - test[aada8e7e76ba119b]::test_main_inner::{closure#0}
[INFO] [stdout]    6:     0x645b37bf7002 - std[617be2ca0a6fd877]::panicking::panic_with_hook
[INFO] [stdout]    7:     0x645b37bd9034 - std[617be2ca0a6fd877]::panicking::panic_handler::{closure#0}
[INFO] [stdout]    8:     0x645b37bd1349 - std[617be2ca0a6fd877]::sys::backtrace::__rust_end_short_backtrace::<std[617be2ca0a6fd877]::panicking::panic_handler::{closure#0}, !>
[INFO] [stdout]    9:     0x645b37bd9ffd - __rustc[ea4f61d10b84890b]::rust_begin_unwind
[INFO] [stdout]   10:     0x645b37c1673c - core[a373ad73a504971]::panicking::panic_fmt
[INFO] [stdout]   11:     0x645b37ab8c25 - <fdintercept[ea58de9a8cbf5df9]::fd::tests::create_log_file::permission_error::{closure#0} as core[a373ad73a504971]::ops::function::FnOnce<()>>::call_once
[INFO] [stdout]   12:     0x645b37b3412b - test[aada8e7e76ba119b]::__rust_begin_short_backtrace::<core[a373ad73a504971]::result::Result<(), alloc[2e1b2a31b91974c5]::string::String>, fn() -> core[a373ad73a504971]::result::Result<(), alloc[2e1b2a31b91974c5]::string::String>>
[INFO] [stdout]   13:     0x645b37b41305 - test[aada8e7e76ba119b]::run_test::{closure#0}
[INFO] [stdout]   14:     0x645b37b3abf4 - std[617be2ca0a6fd877]::sys::backtrace::__rust_begin_short_backtrace::<test[aada8e7e76ba119b]::run_test::{closure#1}, ()>
[INFO] [stdout]   15:     0x645b37b44392 - <std[617be2ca0a6fd877]::thread::lifecycle::spawn_unchecked<test[aada8e7e76ba119b]::run_test::{closure#1}, ()>::{closure#1} as core[a373ad73a504971]::ops::function::FnOnce<()>>::call_once::{shim:vtable#0}
[INFO] [stdout]   16:     0x645b37bfebff - <std[617be2ca0a6fd877]::sys::thread::unix::Thread>::new::thread_start
[INFO] [stdout]   17:     0x7b77ad82bdfa - <unknown>
[INFO] [stdout]   18:     0x7b77ad8bf3d4 - clone
[INFO] [stdout]   19:                0x0 - <unknown>
[INFO] [stdout] 
[INFO] [stdout] ---- settings::tests::get_settings_with_raw_cli_args::with_no_log_paths stdout ----
[INFO] [stdout] 
[INFO] [stdout] thread 'settings::tests::get_settings_with_raw_cli_args::with_no_log_paths' (1013) panicked at src/settings.rs:839:13:
[INFO] [stdout] assertion failed: !settings.recreate_logs
[INFO] [stdout] stack backtrace:
[INFO] [stdout]    0:     0x645b37bffd41 - <<std[617be2ca0a6fd877]::sys::backtrace::BacktraceLock>::print::DisplayBacktrace as core[a373ad73a504971]::fmt::Display>::fmt
[INFO] [stdout]    1:     0x645b37c15fda - core[a373ad73a504971]::fmt::write
[INFO] [stdout]    2:     0x645b37c056fc - <alloc[2e1b2a31b91974c5]::vec::Vec<u8> as core[a373ad73a504971]::io::write::Write>::write_fmt
[INFO] [stdout]    3:     0x645b37bd8f56 - std[617be2ca0a6fd877]::panicking::default_hook::{closure#0}
[INFO] [stdout]    4:     0x645b37bf6cd9 - std[617be2ca0a6fd877]::panicking::default_hook
[INFO] [stdout]    5:     0x645b37b40ce0 - test[aada8e7e76ba119b]::test_main_inner::{closure#0}
[INFO] [stdout]    6:     0x645b37bf7002 - std[617be2ca0a6fd877]::panicking::panic_with_hook
[INFO] [stdout]    7:     0x645b37bd9034 - std[617be2ca0a6fd877]::panicking::panic_handler::{closure#0}
[INFO] [stdout]    8:     0x645b37bd1349 - std[617be2ca0a6fd877]::sys::backtrace::__rust_end_short_backtrace::<std[617be2ca0a6fd877]::panicking::panic_handler::{closure#0}, !>
[INFO] [stdout]    9:     0x645b37bd9ffd - __rustc[ea4f61d10b84890b]::rust_begin_unwind
[INFO] [stdout]   10:     0x645b37c1673c - core[a373ad73a504971]::panicking::panic_fmt
[INFO] [stdout]   11:     0x645b37c16702 - core[a373ad73a504971]::panicking::panic
[INFO] [stdout]   12:     0x645b37abfe74 - <fdintercept[ea58de9a8cbf5df9]::settings::tests::get_settings_with_raw_cli_args::with_no_log_paths::{closure#0} as core[a373ad73a504971]::ops::function::FnOnce<()>>::call_once
[INFO] [stdout]   13:     0x645b37b3412b - test[aada8e7e76ba119b]::__rust_begin_short_backtrace::<core[a373ad73a504971]::result::Result<(), alloc[2e1b2a31b91974c5]::string::String>, fn() -> core[a373ad73a504971]::result::Result<(), alloc[2e1b2a31b91974c5]::string::String>>
[INFO] [stdout]   14:     0x645b37b41305 - test[aada8e7e76ba119b]::run_test::{closure#0}
[INFO] [stdout]   15:     0x645b37b3abf4 - std[617be2ca0a6fd877]::sys::backtrace::__rust_begin_short_backtrace::<test[aada8e7e76ba119b]::run_test::{closure#1}, ()>
[INFO] [stdout]   16:     0x645b37b44392 - <std[617be2ca0a6fd877]::thread::lifecycle::spawn_unchecked<test[aada8e7e76ba119b]::run_test::{closure#1}, ()>::{closure#1} as core[a373ad73a504971]::ops::function::FnOnce<()>>::call_once::{shim:vtable#0}
[INFO] [stdout]   17:     0x645b37bfebff - <std[617be2ca0a6fd877]::sys::thread::unix::Thread>::new::thread_start
[INFO] [stdout]   18:     0x7b77ad82bdfa - <unknown>
[INFO] [stdout]   19:     0x7b77ad8bf3d4 - clone
[INFO] [stdout]   20:                0x0 - <unknown>
[INFO] [stdout] 
[INFO] [stdout] ---- settings::tests::get_settings_with_raw_cli_args::test_settings_with_missing_target stdout ----
[INFO] [stdout] 
[INFO] [stdout] thread 'settings::tests::get_settings_with_raw_cli_args::test_settings_with_missing_target' (1010) panicked at src/settings.rs:888:13:
[INFO] [stdout] assertion failed: get_settings_with_raw_cli_args(vec!["fdintercept".to_string()]).unwrap_err().to_string().contains("Error getting target")
[INFO] [stdout] stack backtrace:
[INFO] [stdout]    0:     0x645b37bffd41 - <<std[617be2ca0a6fd877]::sys::backtrace::BacktraceLock>::print::DisplayBacktrace as core[a373ad73a504971]::fmt::Display>::fmt
[INFO] [stdout]    1:     0x645b37c15fda - core[a373ad73a504971]::fmt::write
[INFO] [stdout]    2:     0x645b37c056fc - <alloc[2e1b2a31b91974c5]::vec::Vec<u8> as core[a373ad73a504971]::io::write::Write>::write_fmt
[INFO] [stdout]    3:     0x645b37bd8f56 - std[617be2ca0a6fd877]::panicking::default_hook::{closure#0}
[INFO] [stdout]    4:     0x645b37bf6cd9 - std[617be2ca0a6fd877]::panicking::default_hook
[INFO] [stdout]    5:     0x645b37b40ce0 - test[aada8e7e76ba119b]::test_main_inner::{closure#0}
[INFO] [stdout]    6:     0x645b37bf7002 - std[617be2ca0a6fd877]::panicking::panic_with_hook
[INFO] [stdout]    7:     0x645b37bd9034 - std[617be2ca0a6fd877]::panicking::panic_handler::{closure#0}
[INFO] [stdout]    8:     0x645b37bd1349 - std[617be2ca0a6fd877]::sys::backtrace::__rust_end_short_backtrace::<std[617be2ca0a6fd877]::panicking::panic_handler::{closure#0}, !>
[INFO] [stdout]    9:     0x645b37bd9ffd - __rustc[ea4f61d10b84890b]::rust_begin_unwind
[INFO] [stdout]   10:     0x645b37c1673c - core[a373ad73a504971]::panicking::panic_fmt
[INFO] [stdout]   11:     0x645b37c16702 - core[a373ad73a504971]::panicking::panic
[INFO] [stdout]   12:     0x645b37ac08ac - <fdintercept[ea58de9a8cbf5df9]::settings::tests::get_settings_with_raw_cli_args::test_settings_with_missing_target::{closure#0} as core[a373ad73a504971]::ops::function::FnOnce<()>>::call_once
[INFO] [stdout]   13:     0x645b37b3412b - test[aada8e7e76ba119b]::__rust_begin_short_backtrace::<core[a373ad73a504971]::result::Result<(), alloc[2e1b2a31b91974c5]::string::String>, fn() -> core[a373ad73a504971]::result::Result<(), alloc[2e1b2a31b91974c5]::string::String>>
[INFO] [stdout]   14:     0x645b37b41305 - test[aada8e7e76ba119b]::run_test::{closure#0}
[INFO] [stdout]   15:     0x645b37b3abf4 - std[617be2ca0a6fd877]::sys::backtrace::__rust_begin_short_backtrace::<test[aada8e7e76ba119b]::run_test::{closure#1}, ()>
[INFO] [stdout]   16:     0x645b37b44392 - <std[617be2ca0a6fd877]::thread::lifecycle::spawn_unchecked<test[aada8e7e76ba119b]::run_test::{closure#1}, ()>::{closure#1} as core[a373ad73a504971]::ops::function::FnOnce<()>>::call_once::{shim:vtable#0}
[INFO] [stdout]   17:     0x645b37bfebff - <std[617be2ca0a6fd877]::sys::thread::unix::Thread>::new::thread_start
[INFO] [stdout]   18:     0x7b77ad82bdfa - <unknown>
[INFO] [stdout]   19:     0x7b77ad8bf3d4 - clone
[INFO] [stdout]   20:                0x0 - <unknown>
[INFO] [stdout] 
[INFO] [stdout] 
[INFO] [stdout] failures:
[INFO] [stdout]     fd::tests::create_log_file::permission_error
[INFO] [stdout]     settings::tests::get_settings_with_raw_cli_args::test_settings_with_missing_target
[INFO] [stdout]     settings::tests::get_settings_with_raw_cli_args::with_no_log_paths
[INFO] [stdout] 
[INFO] [stdout] test result: FAILED. 97 passed; 3 failed; 0 ignored; 0 measured; 0 filtered out; finished in 0.13s
[INFO] [stdout] 
[INFO] running `Command { std: "docker" "inspect" "733aa376b882e90443ee02a4892091a568ef71c85acf901aab2751416d725299", kill_on_drop: false }`
[INFO] running `Command { std: "docker" "rm" "-f" "733aa376b882e90443ee02a4892091a568ef71c85acf901aab2751416d725299", kill_on_drop: false }`
[INFO] [stdout] 733aa376b882e90443ee02a4892091a568ef71c85acf901aab2751416d725299
