[INFO] fetching crate fcgi-client 0.12.0...
[INFO] testing fcgi-client-0.12.0 against 1.100.0-beta.1+cargoflags=--release for beta-release-1.100-2
[INFO] extracting crate fcgi-client 0.12.0 into /workspace/builds/worker-1-tc2/source
[INFO] started tweaking crates.io crate fcgi-client 0.12.0
[INFO] removed 0 missing tests
[INFO] finished tweaking crates.io crate fcgi-client 0.12.0
[INFO] tweaked toml for crates.io crate fcgi-client 0.12.0 written to /workspace/builds/worker-1-tc2/source/Cargo.toml
[INFO] validating manifest of crates.io crate fcgi-client 0.12.0 on toolchain 1.100.0-beta.1
[INFO] running `Command { std: CARGO_HOME="/workspace/cargo-home" RUSTUP_HOME="/workspace/rustup-home" "/workspace/cargo-home/bin/cargo" "+1.100.0-beta.1" "metadata" "--manifest-path" "Cargo.toml" "--no-deps", kill_on_drop: false }`
[INFO] crate crates.io crate fcgi-client 0.12.0 already has a lockfile, it will not be regenerated
[INFO] running `Command { std: CARGO_HOME="/workspace/cargo-home" RUSTUP_HOME="/workspace/rustup-home" "/workspace/cargo-home/bin/cargo" "+1.100.0-beta.1" "fetch" "--manifest-path" "Cargo.toml", kill_on_drop: false }`
[INFO] running `Command { std: "docker" "create" "-v" "/var/lib/crater-agent-workspace/builds/worker-1-tc2/source:/opt/rustwide/workdir:ro,Z" "-v" "/var/lib/crater-agent-workspace/builds/worker-1-tc2/target:/opt/rustwide/target:rw,Z" "-v" "/var/lib/crater-agent-workspace/cargo-home:/opt/rustwide/cargo-home:ro,Z" "-v" "/var/lib/crater-agent-workspace/rustup-home:/opt/rustwide/rustup-home:ro,Z" "-m" "1610612736" "--network" "none" "ghcr.io/rust-lang/crates-build-env/linux@sha256:77db811e55d90add9212f6832c23229e3de5f1c1f9905e8cb07319ea15df73ac" "sleep" "infinity", kill_on_drop: false }`
[INFO] [stdout] 4bdf65d5b87731eb046b2d37c19f3e93f9b87a04c9c8b947b2d8b386ddd5804b
[INFO] running `Command { std: "docker" "start" "4bdf65d5b87731eb046b2d37c19f3e93f9b87a04c9c8b947b2d8b386ddd5804b", kill_on_drop: false }`
[INFO] running `Command { std: "docker" "inspect" "4bdf65d5b87731eb046b2d37c19f3e93f9b87a04c9c8b947b2d8b386ddd5804b", kill_on_drop: false }`
[INFO] running `Command { std: "docker" "exec" "-e" "SOURCE_DIR=/opt/rustwide/workdir" "-e" "CARGO_HOME=/opt/rustwide/cargo-home" "-e" "RUSTUP_HOME=/opt/rustwide/rustup-home" "-e" "CARGO_TARGET_DIR=/opt/rustwide/target" "-w" "/opt/rustwide/workdir" "--user" "0:0" "4bdf65d5b87731eb046b2d37c19f3e93f9b87a04c9c8b947b2d8b386ddd5804b" "/opt/rustwide/cargo-home/bin/cargo" "+1.100.0-beta.1" "metadata" "--no-deps" "--format-version=1", kill_on_drop: false }`
[INFO] running `Command { std: "docker" "inspect" "4bdf65d5b87731eb046b2d37c19f3e93f9b87a04c9c8b947b2d8b386ddd5804b", kill_on_drop: false }`
[INFO] running `Command { std: "docker" "exec" "-e" "SOURCE_DIR=/opt/rustwide/workdir" "-e" "CARGO_HOME=/opt/rustwide/cargo-home" "-e" "RUSTUP_HOME=/opt/rustwide/rustup-home" "-e" "CARGO_TARGET_DIR=/opt/rustwide/target" "-e" "CARGO_INCREMENTAL=0" "-e" "RUST_BACKTRACE=full" "-e" "RUSTFLAGS=--cap-lints=warn" "-e" "RUSTDOCFLAGS=--cap-lints=warn" "-w" "/opt/rustwide/workdir" "--user" "0:0" "4bdf65d5b87731eb046b2d37c19f3e93f9b87a04c9c8b947b2d8b386ddd5804b" "/opt/rustwide/cargo-home/bin/cargo" "+1.100.0-beta.1" "build" "--frozen" "--message-format=json" "--release", kill_on_drop: false }`
[INFO] [stderr]    Compiling syn v2.0.104
[INFO] [stderr]    Compiling futures-task v0.3.31
[INFO] [stderr]    Compiling tokio v1.46.1
[INFO] [stderr]    Compiling futures-util v0.3.31
[INFO] [stderr]    Compiling tokio-util v0.7.15
[INFO] [stderr]    Compiling tracing-attributes v0.1.30
[INFO] [stderr]    Compiling thiserror-impl v2.0.12
[INFO] [stderr]    Compiling tracing v0.1.41
[INFO] [stderr]    Compiling thiserror v2.0.12
[INFO] [stderr]    Compiling fcgi-client v0.12.0 (/opt/rustwide/workdir)
[INFO] [stdout] warning: field `begin_request` is never read
[INFO] [stdout]    --> src/meta.rs:310:16
[INFO] [stdout]     |
[INFO] [stdout] 306 | pub(crate) struct BeginRequestRec {
[INFO] [stdout]     |                   --------------- field in this struct
[INFO] [stdout] ...
[INFO] [stdout] 310 |     pub(crate) begin_request: BeginRequest,
[INFO] [stdout]     |                ^^^^^^^^^^^^^
[INFO] [stdout]     |
[INFO] [stdout]     = note: `BeginRequestRec` has a derived impl for the trait `Debug`, but this is intentionally ignored during dead code analysis
[INFO] [stdout]     = note: `#[warn(dead_code)]` (part of `#[warn(unused)]`) on by default
[INFO] [stdout] 
[INFO] [stdout] 
[INFO] [stderr]     Finished `release` profile [optimized] target(s) in 9.45s
[INFO] running `Command { std: "docker" "inspect" "4bdf65d5b87731eb046b2d37c19f3e93f9b87a04c9c8b947b2d8b386ddd5804b", kill_on_drop: false }`
[INFO] running `Command { std: "docker" "exec" "-e" "SOURCE_DIR=/opt/rustwide/workdir" "-e" "CARGO_HOME=/opt/rustwide/cargo-home" "-e" "RUSTUP_HOME=/opt/rustwide/rustup-home" "-e" "CARGO_TARGET_DIR=/opt/rustwide/target" "-e" "CARGO_INCREMENTAL=0" "-e" "RUST_BACKTRACE=full" "-e" "RUSTFLAGS=--cap-lints=warn" "-e" "RUSTDOCFLAGS=--cap-lints=warn" "-w" "/opt/rustwide/workdir" "--user" "0:0" "4bdf65d5b87731eb046b2d37c19f3e93f9b87a04c9c8b947b2d8b386ddd5804b" "/opt/rustwide/cargo-home/bin/cargo" "+1.100.0-beta.1" "test" "--frozen" "--no-run" "--message-format=json" "--release", kill_on_drop: false }`
[INFO] [stderr]    Compiling half v2.6.0
[INFO] [stderr]    Compiling regex-syntax v0.8.5
[INFO] [stderr]    Compiling itertools v0.10.5
[INFO] [stderr]    Compiling parking_lot_core v0.9.11
[INFO] [stderr]    Compiling signal-hook-registry v1.4.5
[INFO] [stderr]    Compiling clap_builder v4.5.41
[INFO] [stderr]    Compiling overload v0.1.1
[INFO] [stderr]    Compiling serde_derive v1.0.219
[INFO] [stderr]    Compiling tokio-macros v2.5.0
[INFO] [stderr]    Compiling plotters v0.3.7
[INFO] [stderr]    Compiling tracing v0.1.41
[INFO] [stderr]    Compiling rayon v1.10.0
[INFO] [stderr]    Compiling itertools v0.13.0
[INFO] [stderr]    Compiling nu-ansi-term v0.46.0
[INFO] [stderr]    Compiling parking_lot v0.12.4
[INFO] [stderr]    Compiling tracing-subscriber v0.3.19
[INFO] [stderr]    Compiling ciborium-ll v0.2.2
[INFO] [stderr]    Compiling tokio v1.46.1
[INFO] [stderr]    Compiling regex-automata v0.4.9
[INFO] [stderr]    Compiling criterion-plot v0.5.0
[INFO] [stderr]    Compiling clap v4.5.41
[INFO] [stderr]    Compiling serde v1.0.219
[INFO] [stderr]    Compiling regex v1.11.1
[INFO] [stderr]    Compiling serde_json v1.0.141
[INFO] [stderr]    Compiling ciborium v0.2.2
[INFO] [stderr]    Compiling tokio-util v0.7.15
[INFO] [stderr]    Compiling fcgi-client v0.12.0 (/opt/rustwide/workdir)
[INFO] [stdout] warning: field `begin_request` is never read
[INFO] [stdout]    --> src/meta.rs:310:16
[INFO] [stdout]     |
[INFO] [stdout] 306 | pub(crate) struct BeginRequestRec {
[INFO] [stdout]     |                   --------------- field in this struct
[INFO] [stdout] ...
[INFO] [stdout] 310 |     pub(crate) begin_request: BeginRequest,
[INFO] [stdout]     |                ^^^^^^^^^^^^^
[INFO] [stdout]     |
[INFO] [stdout]     = note: `BeginRequestRec` has a derived impl for the trait `Debug`, but this is intentionally ignored during dead code analysis
[INFO] [stdout]     = note: `#[warn(dead_code)]` (part of `#[warn(unused)]`) on by default
[INFO] [stdout] 
[INFO] [stdout] 
[INFO] [stderr]    Compiling tinytemplate v1.2.1
[INFO] [stderr]    Compiling criterion v0.6.0
[INFO] [stdout] warning: field `begin_request` is never read
[INFO] [stdout]    --> src/meta.rs:310:16
[INFO] [stdout]     |
[INFO] [stdout] 306 | pub(crate) struct BeginRequestRec {
[INFO] [stdout]     |                   --------------- field in this struct
[INFO] [stdout] ...
[INFO] [stdout] 310 |     pub(crate) begin_request: BeginRequest,
[INFO] [stdout]     |                ^^^^^^^^^^^^^
[INFO] [stdout]     |
[INFO] [stdout]     = note: `BeginRequestRec` has a derived impl for the trait `Debug`, but this is intentionally ignored during dead code analysis
[INFO] [stdout]     = note: `#[warn(dead_code)]` (part of `#[warn(unused)]`) on by default
[INFO] [stdout] 
[INFO] [stdout] 
[INFO] [stderr]     Finished `release` profile [optimized] target(s) in 54.81s
[INFO] running `Command { std: "docker" "inspect" "4bdf65d5b87731eb046b2d37c19f3e93f9b87a04c9c8b947b2d8b386ddd5804b", kill_on_drop: false }`
[INFO] running `Command { std: "docker" "exec" "-e" "SOURCE_DIR=/opt/rustwide/workdir" "-e" "CARGO_HOME=/opt/rustwide/cargo-home" "-e" "RUSTUP_HOME=/opt/rustwide/rustup-home" "-e" "CARGO_TARGET_DIR=/opt/rustwide/target" "-e" "CARGO_INCREMENTAL=0" "-e" "RUST_BACKTRACE=full" "-e" "RUSTFLAGS=--cap-lints=warn" "-e" "RUSTDOCFLAGS=--cap-lints=warn" "-w" "/opt/rustwide/workdir" "--user" "0:0" "4bdf65d5b87731eb046b2d37c19f3e93f9b87a04c9c8b947b2d8b386ddd5804b" "/opt/rustwide/cargo-home/bin/cargo" "+1.100.0-beta.1" "test" "--frozen" "--release", kill_on_drop: false }`
[INFO] [stderr] warning: field `begin_request` is never read
[INFO] [stderr]    --> src/meta.rs:310:16
[INFO] [stderr]     |
[INFO] [stderr] 306 | pub(crate) struct BeginRequestRec {
[INFO] [stderr]     |                   --------------- field in this struct
[INFO] [stderr] ...
[INFO] [stderr] 310 |     pub(crate) begin_request: BeginRequest,
[INFO] [stderr]     |                ^^^^^^^^^^^^^
[INFO] [stderr]     |
[INFO] [stderr]     = note: `BeginRequestRec` has a derived impl for the trait `Debug`, but this is intentionally ignored during dead code analysis
[INFO] [stderr]     = note: `#[warn(dead_code)]` (part of `#[warn(unused)]`) on by default
[INFO] [stderr] 
[INFO] [stderr] warning: `fcgi-client` (lib) generated 1 warning
[INFO] [stderr] warning: `fcgi-client` (lib test) generated 1 warning (1 duplicate)
[INFO] [stderr]     Finished `release` profile [optimized] target(s) in 0.11s
[INFO] [stderr]      Running unittests src/lib.rs (/opt/rustwide/target/release/build/fcgi-client/a8e9672670304563/out/fcgi_client-a8e9672670304563)
[INFO] [stdout] 
[INFO] [stdout] running 0 tests
[INFO] [stdout] 
[INFO] [stdout] test result: ok. 0 passed; 0 failed; 0 ignored; 0 measured; 0 filtered out; finished in 0.00s
[INFO] [stdout] 
[INFO] [stderr]      Running tests/client_get.rs (/opt/rustwide/target/release/build/fcgi-client/3355c2009d5c61ba/out/client_get-3355c2009d5c61ba)
[INFO] [stdout] 
[INFO] [stdout] running 3 tests
[INFO] [stdout] test test ... FAILED
[INFO] [stdout] test test_stream ... FAILED
[INFO] [stdout] test test_big_response_stream ... FAILED
[INFO] [stdout] 
[INFO] [stdout] failures:
[INFO] [stdout] 
[INFO] [stdout] ---- test stdout ----
[INFO] [stdout] 
[INFO] [stdout] thread 'test' (996) panicked at tests/client_get.rs:30:64:
[INFO] [stdout] called `Result::unwrap()` on an `Err` value: Os { code: 111, kind: ConnectionRefused, message: "Connection refused" }
[INFO] [stdout] stack backtrace:
[INFO] [stdout]    0:     0x5cbbb53e1c81 - <<std[617be2ca0a6fd877]::sys::backtrace::BacktraceLock>::print::DisplayBacktrace as core[a373ad73a504971]::fmt::Display>::fmt
[INFO] [stdout]    1:     0x5cbbb53f775a - core[a373ad73a504971]::fmt::write
[INFO] [stdout]    2:     0x5cbbb53e63cc - <alloc[2e1b2a31b91974c5]::vec::Vec<u8> as core[a373ad73a504971]::io::write::Write>::write_fmt
[INFO] [stdout]    3:     0x5cbbb53bd496 - std[617be2ca0a6fd877]::panicking::default_hook::{closure#0}
[INFO] [stdout]    4:     0x5cbbb53d9e19 - std[617be2ca0a6fd877]::panicking::default_hook
[INFO] [stdout]    5:     0x5cbbb5342950 - test[aada8e7e76ba119b]::test_main_inner::{closure#0}
[INFO] [stdout]    6:     0x5cbbb53d9fd2 - std[617be2ca0a6fd877]::panicking::panic_with_hook
[INFO] [stdout]    7:     0x5cbbb53bd542 - std[617be2ca0a6fd877]::panicking::panic_handler::{closure#0}
[INFO] [stdout]    8:     0x5cbbb53b6179 - std[617be2ca0a6fd877]::sys::backtrace::__rust_end_short_backtrace::<std[617be2ca0a6fd877]::panicking::panic_handler::{closure#0}, !>
[INFO] [stdout]    9:     0x5cbbb53be33d - __rustc[ea4f61d10b84890b]::rust_begin_unwind
[INFO] [stdout]   10:     0x5cbbb53f7ebc - core[a373ad73a504971]::panicking::panic_fmt
[INFO] [stdout]   11:     0x5cbbb53f7c92 - core[a373ad73a504971]::result::unwrap_failed
[INFO] [stdout]   12:     0x5cbbb53261b8 - client_get[709e7521a6b9a936]::test::{closure#0}
[INFO] [stdout]   13:     0x5cbbb53332da - <tokio[4a4768d6b9d937b9]::runtime::park::CachedParkThread>::block_on::<core[a373ad73a504971]::pin::Pin<&mut dyn core[a373ad73a504971]::future::future::Future<Output = ()>>>
[INFO] [stdout]   14:     0x5cbbb5334eb0 - tokio[4a4768d6b9d937b9]::runtime::context::runtime::enter_runtime::<<tokio[4a4768d6b9d937b9]::runtime::scheduler::multi_thread::MultiThread>::block_on<core[a373ad73a504971]::pin::Pin<&mut dyn core[a373ad73a504971]::future::future::Future<Output = ()>>>::{closure#0}, ()>
[INFO] [stdout]   15:     0x5cbbb533316a - <tokio[4a4768d6b9d937b9]::runtime::runtime::Runtime>::block_on::<core[a373ad73a504971]::pin::Pin<&mut dyn core[a373ad73a504971]::future::future::Future<Output = ()>>>
[INFO] [stdout]   16:     0x5cbbb5328732 - <client_get[709e7521a6b9a936]::test::{closure#0} as core[a373ad73a504971]::ops::function::FnOnce<()>>::call_once
[INFO] [stdout]   17:     0x5cbbb5335d9b - test[aada8e7e76ba119b]::__rust_begin_short_backtrace::<core[a373ad73a504971]::result::Result<(), alloc[2e1b2a31b91974c5]::string::String>, fn() -> core[a373ad73a504971]::result::Result<(), alloc[2e1b2a31b91974c5]::string::String>>
[INFO] [stdout]   18:     0x5cbbb5342f75 - test[aada8e7e76ba119b]::run_test::{closure#0}
[INFO] [stdout]   19:     0x5cbbb533c864 - std[617be2ca0a6fd877]::sys::backtrace::__rust_begin_short_backtrace::<test[aada8e7e76ba119b]::run_test::{closure#1}, ()>
[INFO] [stdout]   20:     0x5cbbb5346002 - <std[617be2ca0a6fd877]::thread::lifecycle::spawn_unchecked<test[aada8e7e76ba119b]::run_test::{closure#1}, ()>::{closure#1} as core[a373ad73a504971]::ops::function::FnOnce<()>>::call_once::{shim:vtable#0}
[INFO] [stdout]   21:     0x5cbbb53e113f - <std[617be2ca0a6fd877]::sys::thread::unix::Thread>::new::thread_start
[INFO] [stdout]   22:     0x7775ad6b9dfa - <unknown>
[INFO] [stdout]   23:     0x7775ad74d3d4 - clone
[INFO] [stdout]   24:                0x0 - <unknown>
[INFO] [stdout] 
[INFO] [stdout] ---- test_stream stdout ----
[INFO] [stdout] 
[INFO] [stdout] thread 'test_stream' (998) panicked at tests/client_get.rs:75:64:
[INFO] [stdout] called `Result::unwrap()` on an `Err` value: Os { code: 111, kind: ConnectionRefused, message: "Connection refused" }
[INFO] [stdout] stack backtrace:
[INFO] [stdout]    0:     0x5cbbb53e1c81 - <<std[617be2ca0a6fd877]::sys::backtrace::BacktraceLock>::print::DisplayBacktrace as core[a373ad73a504971]::fmt::Display>::fmt
[INFO] [stdout]    1:     0x5cbbb53f775a - core[a373ad73a504971]::fmt::write
[INFO] [stdout]    2:     0x5cbbb53e63cc - <alloc[2e1b2a31b91974c5]::vec::Vec<u8> as core[a373ad73a504971]::io::write::Write>::write_fmt
[INFO] [stdout]    3:     0x5cbbb53bd496 - std[617be2ca0a6fd877]::panicking::default_hook::{closure#0}
[INFO] [stdout]    4:     0x5cbbb53d9e19 - std[617be2ca0a6fd877]::panicking::default_hook
[INFO] [stdout]    5:     0x5cbbb5342950 - test[aada8e7e76ba119b]::test_main_inner::{closure#0}
[INFO] [stdout]    6:     0x5cbbb53d9fd2 - std[617be2ca0a6fd877]::panicking::panic_with_hook
[INFO] [stdout]    7:     0x5cbbb53bd542 - std[617be2ca0a6fd877]::panicking::panic_handler::{closure#0}
[INFO] [stdout]    8:     0x5cbbb53b6179 - std[617be2ca0a6fd877]::sys::backtrace::__rust_end_short_backtrace::<std[617be2ca0a6fd877]::panicking::panic_handler::{closure#0}, !>
[INFO] [stdout]    9:     0x5cbbb53be33d - __rustc[ea4f61d10b84890b]::rust_begin_unwind
[INFO] [stdout]   10:     0x5cbbb53f7ebc - core[a373ad73a504971]::panicking::panic_fmt
[INFO] [stdout]   11:     0x5cbbb53f7c92 - core[a373ad73a504971]::result::unwrap_failed
[INFO] [stdout]   12:     0x5cbbb5323390 - client_get[709e7521a6b9a936]::test_stream::{closure#0}
[INFO] [stdout]   13:     0x5cbbb53332da - <tokio[4a4768d6b9d937b9]::runtime::park::CachedParkThread>::block_on::<core[a373ad73a504971]::pin::Pin<&mut dyn core[a373ad73a504971]::future::future::Future<Output = ()>>>
[INFO] [stdout]   14:     0x5cbbb5334eb0 - tokio[4a4768d6b9d937b9]::runtime::context::runtime::enter_runtime::<<tokio[4a4768d6b9d937b9]::runtime::scheduler::multi_thread::MultiThread>::block_on<core[a373ad73a504971]::pin::Pin<&mut dyn core[a373ad73a504971]::future::future::Future<Output = ()>>>::{closure#0}, ()>
[INFO] [stdout]   15:     0x5cbbb533316a - <tokio[4a4768d6b9d937b9]::runtime::runtime::Runtime>::block_on::<core[a373ad73a504971]::pin::Pin<&mut dyn core[a373ad73a504971]::future::future::Future<Output = ()>>>
[INFO] [stdout]   16:     0x5cbbb5328412 - <client_get[709e7521a6b9a936]::test_stream::{closure#0} as core[a373ad73a504971]::ops::function::FnOnce<()>>::call_once
[INFO] [stdout]   17:     0x5cbbb5335d9b - test[aada8e7e76ba119b]::__rust_begin_short_backtrace::<core[a373ad73a504971]::result::Result<(), alloc[2e1b2a31b91974c5]::string::String>, fn() -> core[a373ad73a504971]::result::Result<(), alloc[2e1b2a31b91974c5]::string::String>>
[INFO] [stdout]   18:     0x5cbbb5342f75 - test[aada8e7e76ba119b]::run_test::{closure#0}
[INFO] [stdout]   19:     0x5cbbb533c864 - std[617be2ca0a6fd877]::sys::backtrace::__rust_begin_short_backtrace::<test[aada8e7e76ba119b]::run_test::{closure#1}, ()>
[INFO] [stdout]   20:     0x5cbbb5346002 - <std[617be2ca0a6fd877]::thread::lifecycle::spawn_unchecked<test[aada8e7e76ba119b]::run_test::{closure#1}, ()>::{closure#1} as core[a373ad73a504971]::ops::function::FnOnce<()>>::call_once::{shim:vtable#0}
[INFO] [stdout]   21:     0x5cbbb53e113f - <std[617be2ca0a6fd877]::sys::thread::unix::Thread>::new::thread_start
[INFO] [stdout]   22:     0x7775ad6b9dfa - <unknown>
[INFO] [stdout]   23:     0x7775ad74d3d4 - clone
[INFO] [stdout]   24:                0x0 - <unknown>
[INFO] [stdout] 
[INFO] [stdout] ---- test_big_response_stream stdout ----
[INFO] [stdout] 
[INFO] [stdout] thread 'test_big_response_stream' (997) panicked at tests/client_get.rs:132:64:
[INFO] [stdout] called `Result::unwrap()` on an `Err` value: Os { code: 111, kind: ConnectionRefused, message: "Connection refused" }
[INFO] [stdout] stack backtrace:
[INFO] [stdout]    0:     0x5cbbb53e1c81 - <<std[617be2ca0a6fd877]::sys::backtrace::BacktraceLock>::print::DisplayBacktrace as core[a373ad73a504971]::fmt::Display>::fmt
[INFO] [stdout]    1:     0x5cbbb53f775a - core[a373ad73a504971]::fmt::write
[INFO] [stdout]    2:     0x5cbbb53e63cc - <alloc[2e1b2a31b91974c5]::vec::Vec<u8> as core[a373ad73a504971]::io::write::Write>::write_fmt
[INFO] [stdout]    3:     0x5cbbb53bd496 - std[617be2ca0a6fd877]::panicking::default_hook::{closure#0}
[INFO] [stdout]    4:     0x5cbbb53d9e19 - std[617be2ca0a6fd877]::panicking::default_hook
[INFO] [stdout]    5:     0x5cbbb5342950 - test[aada8e7e76ba119b]::test_main_inner::{closure#0}
[INFO] [stdout]    6:     0x5cbbb53d9fd2 - std[617be2ca0a6fd877]::panicking::panic_with_hook
[INFO] [stdout]    7:     0x5cbbb53bd542 - std[617be2ca0a6fd877]::panicking::panic_handler::{closure#0}
[INFO] [stdout]    8:     0x5cbbb53b6179 - std[617be2ca0a6fd877]::sys::backtrace::__rust_end_short_backtrace::<std[617be2ca0a6fd877]::panicking::panic_handler::{closure#0}, !>
[INFO] [stdout]    9:     0x5cbbb53be33d - __rustc[ea4f61d10b84890b]::rust_begin_unwind
[INFO] [stdout]   10:     0x5cbbb53f7ebc - core[a373ad73a504971]::panicking::panic_fmt
[INFO] [stdout]   11:     0x5cbbb53f7c92 - core[a373ad73a504971]::result::unwrap_failed
[INFO] [stdout]   12:     0x5cbbb5324873 - client_get[709e7521a6b9a936]::test_big_response_stream::{closure#0}
[INFO] [stdout]   13:     0x5cbbb53332da - <tokio[4a4768d6b9d937b9]::runtime::park::CachedParkThread>::block_on::<core[a373ad73a504971]::pin::Pin<&mut dyn core[a373ad73a504971]::future::future::Future<Output = ()>>>
[INFO] [stdout]   14:     0x5cbbb5334eb0 - tokio[4a4768d6b9d937b9]::runtime::context::runtime::enter_runtime::<<tokio[4a4768d6b9d937b9]::runtime::scheduler::multi_thread::MultiThread>::block_on<core[a373ad73a504971]::pin::Pin<&mut dyn core[a373ad73a504971]::future::future::Future<Output = ()>>>::{closure#0}, ()>
[INFO] [stdout]   15:     0x5cbbb533316a - <tokio[4a4768d6b9d937b9]::runtime::runtime::Runtime>::block_on::<core[a373ad73a504971]::pin::Pin<&mut dyn core[a373ad73a504971]::future::future::Future<Output = ()>>>
[INFO] [stdout]   16:     0x5cbbb53285a2 - <client_get[709e7521a6b9a936]::test_big_response_stream::{closure#0} as core[a373ad73a504971]::ops::function::FnOnce<()>>::call_once
[INFO] [stdout]   17:     0x5cbbb5335d9b - test[aada8e7e76ba119b]::__rust_begin_short_backtrace::<core[a373ad73a504971]::result::Result<(), alloc[2e1b2a31b91974c5]::string::String>, fn() -> core[a373ad73a504971]::result::Result<(), alloc[2e1b2a31b91974c5]::string::String>>
[INFO] [stdout]   18:     0x5cbbb5342f75 - test[aada8e7e76ba119b]::run_test::{closure#0}
[INFO] [stdout]   19:     0x5cbbb533c864 - std[617be2ca0a6fd877]::sys::backtrace::__rust_begin_short_backtrace::<test[aada8e7e76ba119b]::run_test::{closure#1}, ()>
[INFO] [stdout]   20:     0x5cbbb5346002 - <std[617be2ca0a6fd877]::thread::lifecycle::spawn_unchecked<test[aada8e7e76ba119b]::run_test::{closure#1}, ()>::{closure#1} as core[a373ad73a504971]::ops::function::FnOnce<()>>::call_once::{shim:vtable#0}
[INFO] [stdout]   21:     0x5cbbb53e113f - <std[617be2ca0a6fd877]::sys::thread::unix::Thread>::new::thread_start
[INFO] [stdout]   22:     0x7775ad6b9dfa - <unknown>
[INFO] [stdout]   23:     0x7775ad74d3d4 - clone
[INFO] [stdout]   24:                0x0 - <unknown>
[INFO] [stdout] 
[INFO] [stdout] 
[INFO] [stdout] failures:
[INFO] [stdout]     test
[INFO] [stdout]     test_big_response_stream
[INFO] [stdout]     test_stream
[INFO] [stdout] 
[INFO] [stdout] test result: FAILED. 0 passed; 3 failed; 0 ignored; 0 measured; 0 filtered out; finished in 0.00s
[INFO] [stdout] 
[INFO] [stderr] error: test failed, to rerun pass `--test client_get`
[INFO] running `Command { std: "docker" "inspect" "4bdf65d5b87731eb046b2d37c19f3e93f9b87a04c9c8b947b2d8b386ddd5804b", kill_on_drop: false }`
[INFO] running `Command { std: "docker" "rm" "-f" "4bdf65d5b87731eb046b2d37c19f3e93f9b87a04c9c8b947b2d8b386ddd5804b", kill_on_drop: false }`
[INFO] [stdout] 4bdf65d5b87731eb046b2d37c19f3e93f9b87a04c9c8b947b2d8b386ddd5804b
